66.249.76.52 - - [07/Apr/2013:10:15:53 +0900] "GET /ontolopedia/disp/word_show/97501 HTTP/1.1" 200 4813 "-" "Mozilla/5.0 (compatible; Googlebot/2.1; +http://www.google.com/bot.html)"
66.249.76.52 - - [07/Apr/2013:10:15:55 +0900] "GET /ontolopedia/disp/word_show/256947 HTTP/1.1" 200 5253 "-" "Mozilla/5.0 (compatible; Googlebot/2.1; +http://www.google.com/bot.html)"
66.249.76.52 - - [07/Apr/2013:10:15:59 +0900] "GET /ontolopedia/disp/word_show/32859 HTTP/1.1" 200 6424 "-" "Mozilla/5.0 (compatible; Googlebot/2.1; +http://www.google.com/bot.html)"
66.249.76.52 - - [07/Apr/2013:10:16:05 +0900] "GET /ontolopedia/disp/word_show/193718 HTTP/1.1" 200 9945 "-" "Mozilla/5.0 (compatible; Googlebot/2.1; +http://www.google.com/bot.html)"
72.14.199.52 - - [07/Apr/2013:10:16:10 +0900] "GET /~yosshi/blog/?feed=rss2 HTTP/1.1" 200 18920 "-" "Feedfetcher-Google; (+http://www.google.com/feedfetcher.html; 2 subscribers; feed-id=12397007534115446545)"
66.249.76.52 - - [07/Apr/2013:10:16:11 +0900] "GET /ontolopedia/disp/word_show/294949 HTTP/1.1" 200 6514 "-" "Mozilla/5.0 (compatible; Googlebot/2.1; +http://www.google.com/bot.html)"
66.249.76.52 - - [07/Apr/2013:10:16:13 +0900] "GET /ontolopedia/disp/word_show/135840 HTTP/1.1" 200 4452 "-" "Mozilla/5.0 (compatible; Googlebot/2.1; +http://www.google.com/bot.html)"
66.249.76.52 - - [07/Apr/2013:10:16:17 +0900] "GET /ontolopedia/disp/word_show/56676 HTTP/1.1" 200 10618 "-" "Mozilla/5.0 (compatible; Googlebot/2.1; +http://www.google.com/bot.html)"
66.249.76.52 - - [07/Apr/2013:10:16:23 +0900] "GET /ontolopedia/disp/word_show/279163 HTTP/1.1" 200 8740 "-" "Mozilla/5.0 (compatible; Googlebot/2.1; +http://www.google.com/bot.html)"
66.249.76.52 - - [07/Apr/2013:10:16:29 +0900] "GET /ontolopedia/disp/word_show/271627 HTTP/1.1" 200 5818 "-" "Mozilla/5.0 (compatible; Googlebot/2.1; +http://www.google.com/bot.html)"
66.249.76.52 - - [07/Apr/2013:10:16:31 +0900] "GET /ontolopedia/disp/word_show/217109 HTTP/1.1" 200 5350 "-" "Mozilla/5.0 (compatible; Googlebot/2.1; +http://www.google.com/bot.html)"
66.249.76.52 - - [07/Apr/2013:10:16:35 +0900] "GET /ontolopedia/disp/word_show/361390 HTTP/1.1" 200 5853 "-" "Mozilla/5.0 (compatible; Googlebot/2.1; +http://www.google.com/bot.html)"
66.249.76.52 - - [07/Apr/2013:10:16:41 +0900] "GET /ontolopedia/disp/word_show/333460 HTTP/1.1" 200 6598 "-" "Mozilla/5.0 (compatible; Googlebot/2.1; +http://www.google.com/bot.html)"
66.249.76.52 - - [07/Apr/2013:10:16:47 +0900] "GET /ontolopedia/disp/word_show/296310 HTTP/1.1" 200 6493 "-" "Mozilla/5.0 (compatible; Googlebot/2.1; +http://www.google.com/bot.html)"
66.249.76.52 - - [07/Apr/2013:10:16:48 +0900] "GET /ontolopedia/disp/word_show/199027 HTTP/1.1" 200 6133 "-" "Mozilla/5.0 (compatible; Googlebot/2.1; +http://www.google.com/bot.html)"
66.249.76.52 - - [07/Apr/2013:10:16:53 +0900] "GET /ontolopedia/disp/word_show/334119 HTTP/1.1" 200 8543 "-" "Mozilla/5.0 (compatible; Googlebot/2.1; +http://www.google.com/bot.html)"
66.249.76.52 - - [07/Apr/2013:10:16:58 +0900] "GET /~yosshi/wiki-old/index.php?cmd=edit&help=true&page=%C6%FC%B5%AD%2F2017-08-12 HTTP/1.1" 200 50 "-" "SAMSUNG-SGH-E250/1.0 Profile/MIDP-2.0 Configuration/CLDC-1.1 UP.Browser/6.2.3.3.c.1.101 (GUI) MMP/2.0 (compatible; Googlebot-Mobile/2.1; +http://www.google.com/bot.html)"
66.249.76.52 - - [07/Apr/2013:10:16:59 +0900] "GET /ontolopedia/disp/word_show/156837 HTTP/1.1" 200 4205 "-" "Mozilla/5.0 (compatible; Googlebot/2.1; +http://www.google.com/bot.html)"
66.249.76.52 - - [07/Apr/2013:10:17:05 +0900] "GET /ontolopedia/disp/word_show/484003 HTTP/1.1" 200 5722 "-" "Mozilla/5.0 (compatible; Googlebot/2.1; +http://www.google.com/bot.html)"
66.249.76.52 - - [07/Apr/2013:10:17:06 +0900] "GET /ontolopedia/disp/word_show/250125 HTTP/1.1" 200 5145 "-" "Mozilla/5.0 (compatible; Googlebot/2.1; +http://www.google.com/bot.html)"
66.249.76.52 - - [07/Apr/2013:10:17:11 +0900] "GET /ontolopedia/disp/word_show/431703 HTTP/1.1" 200 4182 "-" "Mozilla/5.0 (compatible; Googlebot/2.1; +http://www.google.com/bot.html)"
66.249.76.52 - - [07/Apr/2013:10:17:17 +0900] "GET /ontolopedia/disp/word_show/466144 HTTP/1.1" 200 5294 "-" "Mozilla/5.0 (compatible; Googlebot/2.1; +http://www.google.com/bot.html)"
66.249.76.52 - - [07/Apr/2013:10:17:23 +0900] "GET /ontolopedia/disp/word_show/306508 HTTP/1.1" 200 8815 "-" "Mozilla/5.0 (compatible; Googlebot/2.1; +http://www.google.com/bot.html)"
72.14.199.52 - - [07/Apr/2013:10:17:24 +0900] "GET /~yosshi/wiki-old/index.php?plugin=newpage&refer=%C6%FC%B5%AD%2F2021-05-11 HTTP/1.1" 200 795 "-" "DoCoMo/2.0 N905i(c100;TB;W24H16) (compatible; Googlebot-Mobile/2.1; +http://www.google.com/bot.html)"
66.249.76.52 - - [07/Apr/2013:10:17:25 +0900] "GET /ontolopedia/disp/word_show/425405 HTTP/1.1" 200 4221 "-" "Mozilla/5.0 (compatible; Googlebot/2.1; +http://www.google.com/bot.html)"
66.249.76.52 - - [07/Apr/2013:10:17:29 +0900] "GET /ontolopedia/disp/word_show/348545 HTTP/1.1" 200 4176 "-" "Mozilla/5.0 (compatible; Googlebot/2.1; +http://www.google.com/bot.html)"
66.249.76.52 - - [07/Apr/2013:10:17:35 +0900] "GET /ontolopedia/disp/word_show/411702 HTTP/1.1" 200 6690 "-" "Mozilla/5.0 (compatible; Googlebot/2.1; +http://www.google.com/bot.html)"
66.249.76.52 - - [07/Apr/2013:10:17:41 +0900] "GET /ontolopedia/disp/word_show/27975 HTTP/1.1" 200 10986 "-" "Mozilla/5.0 (compatible; Googlebot/2.1; +http://www.google.com/bot.html)"
66.249.76.52 - - [07/Apr/2013:10:17:47 +0900] "GET /ontolopedia/disp/word_show/100907 HTTP/1.1" 200 4275 "-" "Mozilla/5.0 (compatible; Googlebot/2.1; +http://www.google.com/bot.html)"
66.249.76.52 - - [07/Apr/2013:10:17:48 +0900] "GET /ontolopedia/disp/word_show/387024 HTTP/1.1" 200 26978 "-" "Mozilla/5.0 (compatible; Googlebot/2.1; +http://www.google.com/bot.html)"
66.249.76.52 - - [07/Apr/2013:10:17:53 +0900] "GET /ontolopedia/disp/word_show/295901 HTTP/1.1" 200 4252 "-" "Mozilla/5.0 (compatible; Googlebot/2.1; +http://www.google.com/bot.html)"
66.249.76.52 - - [07/Apr/2013:10:17:59 +0900] "GET /ontolopedia/disp/word_show/405182 HTTP/1.1" 200 7510 "-" "Mozilla/5.0 (compatible; Googlebot/2.1; +http://www.google.com/bot.html)"
66.249.76.52 - - [07/Apr/2013:10:18:05 +0900] "GET /ontolopedia/disp/word_show/396252 HTTP/1.1" 200 7564 "-" "Mozilla/5.0 (compatible; Googlebot/2.1; +http://www.google.com/bot.html)"
66.249.76.52 - - [07/Apr/2013:10:18:11 +0900] "GET /ontolopedia/disp/word_show/147920 HTTP/1.1" 200 10455 "-" "Mozilla/5.0 (compatible; Googlebot/2.1; +http://www.google.com/bot.html)"
66.249.76.52 - - [07/Apr/2013:10:18:12 +0900] "GET /ontolopedia/disp/word_show/470169 HTTP/1.1" 200 6541 "-" "Mozilla/5.0 (compatible; Googlebot/2.1; +http://www.google.com/bot.html)"
66.249.76.52 - - [07/Apr/2013:10:18:17 +0900] "GET /ontolopedia/disp/word_show/18478 HTTP/1.1" 200 8579 "-" "Mozilla/5.0 (compatible; Googlebot/2.1; +http://www.google.com/bot.html)"
66.249.76.52 - - [07/Apr/2013:10:18:23 +0900] "GET /ontolopedia/disp/word_show/193453 HTTP/1.1" 200 4214 "-" "Mozilla/5.0 (compatible; Googlebot/2.1; +http://www.google.com/bot.html)"
66.249.76.52 - - [07/Apr/2013:10:18:29 +0900] "GET /ontolopedia/disp/word_show/195682 HTTP/1.1" 200 6801 "-" "Mozilla/5.0 (compatible; Googlebot/2.1; +http://www.google.com/bot.html)"
66.249.76.52 - - [07/Apr/2013:10:18:35 +0900] "GET /ontolopedia/disp/word_show/117402 HTTP/1.1" 200 9418 "-" "Mozilla/5.0 (compatible; Googlebot/2.1; +http://www.google.com/bot.html)"
66.249.76.52 - - [07/Apr/2013:10:18:37 +0900] "GET /ontolopedia/disp/word_show/114479 HTTP/1.1" 200 9125 "-" "Mozilla/5.0 (compatible; Googlebot/2.1; +http://www.google.com/bot.html)"
66.249.76.52 - - [07/Apr/2013:10:18:38 +0900] "GET /ontolopedia/disp/word_show/107959 HTTP/1.1" 200 7049 "-" "Mozilla/5.0 (compatible; Googlebot/2.1; +http://www.google.com/bot.html)"
66.249.76.52 - - [07/Apr/2013:10:18:41 +0900] "GET /ontolopedia/disp/word_show/195644 HTTP/1.1" 200 5192 "-" "Mozilla/5.0 (compatible; Googlebot/2.1; +http://www.google.com/bot.html)"
66.249.76.52 - - [07/Apr/2013:10:18:47 +0900] "GET /ontolopedia/disp/word_show/450357 HTTP/1.1" 200 5004 "-" "Mozilla/5.0 (compatible; Googlebot/2.1; +http://www.google.com/bot.html)"
66.249.76.52 - - [07/Apr/2013:10:18:53 +0900] "GET /ontolopedia/disp/word_show/46289 HTTP/1.1" 200 5939 "-" "Mozilla/5.0 (compatible; Googlebot/2.1; +http://www.google.com/bot.html)"
66.249.76.52 - - [07/Apr/2013:10:18:59 +0900] "GET /ontolopedia/disp/word_show/144813 HTTP/1.1" 200 8646 "-" "Mozilla/5.0 (compatible; Googlebot/2.1; +http://www.google.com/bot.html)"
66.249.76.52 - - [07/Apr/2013:10:19:02 +0900] "GET /ontolopedia/disp/word_show/446769 HTTP/1.1" 200 4200 "-" "Mozilla/5.0 (compatible; Googlebot/2.1; +http://www.google.com/bot.html)"
66.249.76.52 - - [07/Apr/2013:10:19:05 +0900] "GET /ontolopedia/disp/word_show/221977 HTTP/1.1" 200 5192 "-" "Mozilla/5.0 (compatible; Googlebot/2.1; +http://www.google.com/bot.html)"
66.249.76.52 - - [07/Apr/2013:10:19:11 +0900] "GET /ontolopedia/disp/word_show/115020 HTTP/1.1" 200 5448 "-" "Mozilla/5.0 (compatible; Googlebot/2.1; +http://www.google.com/bot.html)"
66.249.76.52 - - [07/Apr/2013:10:19:17 +0900] "GET /ontolopedia/disp/word_show/422091 HTTP/1.1" 200 8646 "-" "Mozilla/5.0 (compatible; Googlebot/2.1; +http://www.google.com/bot.html)"
66.249.76.52 - - [07/Apr/2013:10:19:23 +0900] "GET /ontolopedia/disp/word_show/277198 HTTP/1.1" 200 7343 "-" "Mozilla/5.0 (compatible; Googlebot/2.1; +http://www.google.com/bot.html)"
66.249.76.52 - - [07/Apr/2013:10:19:26 +0900] "GET /ontolopedia/disp/word_show/164574 HTTP/1.1" 200 10200 "-" "Mozilla/5.0 (compatible; Googlebot/2.1; +http://www.google.com/bot.html)"
66.249.76.52 - - [07/Apr/2013:10:19:29 +0900] "GET /ontolopedia/disp/word_show/270740 HTTP/1.1" 200 6502 "-" "Mozilla/5.0 (compatible; Googlebot/2.1; +http://www.google.com/bot.html)"
66.249.76.52 - - [07/Apr/2013:10:19:35 +0900] "GET /ontolopedia/disp/word_show/103369 HTTP/1.1" 200 8467 "-" "Mozilla/5.0 (compatible; Googlebot/2.1; +http://www.google.com/bot.html)"
66.249.76.52 - - [07/Apr/2013:10:19:41 +0900] "GET /ontolopedia/disp/word_show/281103 HTTP/1.1" 200 5677 "-" "Mozilla/5.0 (compatible; Googlebot/2.1; +http://www.google.com/bot.html)"
66.249.76.52 - - [07/Apr/2013:10:19:47 +0900] "GET /ontolopedia/disp/word_show/422156 HTTP/1.1" 200 8063 "-" "Mozilla/5.0 (compatible; Googlebot/2.1; +http://www.google.com/bot.html)"
66.249.76.52 - - [07/Apr/2013:10:19:51 +0900] "GET /ontolopedia/disp/word_show/432403 HTTP/1.1" 200 6482 "-" "Mozilla/5.0 (compatible; Googlebot/2.1; +http://www.google.com/bot.html)"
66.249.76.52 - - [07/Apr/2013:10:19:52 +0900] "GET /~yosshi/wiki-old/index.php?cmd=edit&page=%C6%FC%B5%AD%2F2017-06-03&refer=%C6%FC%B5%AD HTTP/1.1" 200 1805 "-" "SAMSUNG-SGH-E250/1.0 Profile/MIDP-2.0 Configuration/CLDC-1.1 UP.Browser/6.2.3.3.c.1.101 (GUI) MMP/2.0 (compatible; Googlebot-Mobile/2.1; +http://www.google.com/bot.html)"
66.249.76.52 - - [07/Apr/2013:10:19:53 +0900] "GET /ontolopedia/disp/word_show/269881 HTTP/1.1" 200 9235 "-" "Mozilla/5.0 (compatible; Googlebot/2.1; +http://www.google.com/bot.html)"
66.249.76.52 - - [07/Apr/2013:10:19:59 +0900] "GET /ontolopedia/disp/word_show/353929 HTTP/1.1" 200 4162 "-" "Mozilla/5.0 (compatible; Googlebot/2.1; +http://www.google.com/bot.html)"
66.249.76.52 - - [07/Apr/2013:10:20:05 +0900] "GET /ontolopedia/disp/word_show/191535 HTTP/1.1" 200 6044 "-" "Mozilla/5.0 (compatible; Googlebot/2.1; +http://www.google.com/bot.html)"
157.55.33.109 - - [07/Apr/2013:10:20:10 +0900] "GET /~yosshi/blog/2007/09/30/tweets-on-2007-09-30/ HTTP/1.1" 404 243 "-" "Mozilla/5.0 (compatible; bingbot/2.0; +http://www.bing.com/bingbot.htm)"
66.249.76.52 - - [07/Apr/2013:10:20:11 +0900] "GET /ontolopedia/disp/word_show/426156 HTTP/1.1" 200 5951 "-" "Mozilla/5.0 (compatible; Googlebot/2.1; +http://www.google.com/bot.html)"
66.249.76.52 - - [07/Apr/2013:10:20:15 +0900] "GET /ontolopedia/disp/word_show/143645 HTTP/1.1" 200 12070 "-" "Mozilla/5.0 (compatible; Googlebot/2.1; +http://www.google.com/bot.html)"
66.249.76.52 - - [07/Apr/2013:10:20:17 +0900] "GET /ontolopedia/disp/word_show/412761 HTTP/1.1" 200 5648 "-" "Mozilla/5.0 (compatible; Googlebot/2.1; +http://www.google.com/bot.html)"
66.249.76.52 - - [07/Apr/2013:10:20:23 +0900] "GET /ontolopedia/disp/word_show/354392 HTTP/1.1" 200 4218 "-" "Mozilla/5.0 (compatible; Googlebot/2.1; +http://www.google.com/bot.html)"
66.249.76.52 - - [07/Apr/2013:10:20:25 +0900] "GET /~yosshi/wiki-old/index.php?plugin=newpage&refer=%C6%FC%B5%AD%2F1950-10-05 HTTP/1.1" 200 795 "-" "SAMSUNG-SGH-E250/1.0 Profile/MIDP-2.0 Configuration/CLDC-1.1 UP.Browser/6.2.3.3.c.1.101 (GUI) MMP/2.0 (compatible; Googlebot-Mobile/2.1; +http://www.google.com/bot.html)"
66.249.76.52 - - [07/Apr/2013:10:20:30 +0900] "GET /ontolopedia/disp/word_show/327688 HTTP/1.1" 200 12728 "-" "Mozilla/5.0 (compatible; Googlebot/2.1; +http://www.google.com/bot.html)"
66.249.76.52 - - [07/Apr/2013:10:20:36 +0900] "GET /ontolopedia/disp/word_show/197984 HTTP/1.1" 200 6352 "-" "Mozilla/5.0 (compatible; Googlebot/2.1; +http://www.google.com/bot.html)"
66.249.76.52 - - [07/Apr/2013:10:20:40 +0900] "GET /ontolopedia/disp/word_show/315792 HTTP/1.1" 200 5176 "-" "Mozilla/5.0 (compatible; Googlebot/2.1; +http://www.google.com/bot.html)"
66.249.76.52 - - [07/Apr/2013:10:20:42 +0900] "GET /ontolopedia/disp/word_show/195398 HTTP/1.1" 200 10011 "-" "Mozilla/5.0 (compatible; Googlebot/2.1; +http://www.google.com/bot.html)"
66.249.76.52 - - [07/Apr/2013:10:20:48 +0900] "GET /ontolopedia/disp/word_show/66002 HTTP/1.1" 200 6498 "-" "Mozilla/5.0 (compatible; Googlebot/2.1; +http://www.google.com/bot.html)"
72.14.199.52 - - [07/Apr/2013:10:20:52 +0900] "GET /~yosshi/wiki-old/index.php?cmd=edit&help=true&page=%C6%FC%B5%AD%2F2021-05-17 HTTP/1.1" 200 50 "-" "DoCoMo/2.0 N905i(c100;TB;W24H16) (compatible; Googlebot-Mobile/2.1; +http://www.google.com/bot.html)"
66.249.76.52 - - [07/Apr/2013:10:20:54 +0900] "GET /ontolopedia/disp/word_show/294325 HTTP/1.1" 200 8450 "-" "Mozilla/5.0 (compatible; Googlebot/2.1; +http://www.google.com/bot.html)"
119.63.196.28 - - [07/Apr/2013:10:20:57 +0900] "GET /note/note_detail/2221/ HTTP/1.1" 200 7750 "-" "Mozilla/5.0 (compatible; Baiduspider/2.0; +http://www.baidu.com/search/spider.html)"
66.249.76.52 - - [07/Apr/2013:10:21:00 +0900] "GET /ontolopedia/disp/word_show/360034 HTTP/1.1" 200 7308 "-" "Mozilla/5.0 (compatible; Googlebot/2.1; +http://www.google.com/bot.html)"
66.249.76.52 - - [07/Apr/2013:10:21:04 +0900] "GET /ontolopedia/disp/word_show/282970 HTTP/1.1" 200 6193 "-" "Mozilla/5.0 (compatible; Googlebot/2.1; +http://www.google.com/bot.html)"
66.249.76.52 - - [07/Apr/2013:10:21:06 +0900] "GET /ontolopedia/disp/word_show/29489 HTTP/1.1" 200 7157 "-" "Mozilla/5.0 (compatible; Googlebot/2.1; +http://www.google.com/bot.html)"
66.249.76.52 - - [07/Apr/2013:10:21:12 +0900] "GET /ontolopedia/disp/word_show/199266 HTTP/1.1" 200 13086 "-" "Mozilla/5.0 (compatible; Googlebot/2.1; +http://www.google.com/bot.html)"
66.249.76.52 - - [07/Apr/2013:10:21:18 +0900] "GET /ontolopedia/disp/word_show/2711 HTTP/1.1" 200 4168 "-" "Mozilla/5.0 (compatible; Googlebot/2.1; +http://www.google.com/bot.html)"
66.249.76.52 - - [07/Apr/2013:10:21:24 +0900] "GET /ontolopedia/disp/word_show/288983 HTTP/1.1" 200 5481 "-" "Mozilla/5.0 (compatible; Googlebot/2.1; +http://www.google.com/bot.html)"
66.249.76.52 - - [07/Apr/2013:10:21:29 +0900] "GET /ontolopedia/disp/word_show/389528 HTTP/1.1" 200 5960 "-" "Mozilla/5.0 (compatible; Googlebot/2.1; +http://www.google.com/bot.html)"
66.249.76.52 - - [07/Apr/2013:10:21:30 +0900] "GET /ontolopedia/disp/word_show/201525 HTTP/1.1" 200 5176 "-" "Mozilla/5.0 (compatible; Googlebot/2.1; +http://www.google.com/bot.html)"
66.249.76.52 - - [07/Apr/2013:10:21:36 +0900] "GET /ontolopedia/disp/word_show/478782 HTTP/1.1" 200 5383 "-" "Mozilla/5.0 (compatible; Googlebot/2.1; +http://www.google.com/bot.html)"
66.249.76.52 - - [07/Apr/2013:10:21:37 +0900] "GET /ontolopedia/disp/word_show/26387 HTTP/1.1" 200 30719 "-" "Mozilla/5.0 (compatible; Googlebot/2.1; +http://www.google.com/bot.html)"
157.55.32.103 - - [07/Apr/2013:10:21:39 +0900] "GET /~info3/wiki/index.php?plugin=attach&pcmd=list&refer=Level1 HTTP/1.1" 200 4070 "-" "Mozilla/5.0 (compatible; bingbot/2.0; +http://www.bing.com/bingbot.htm)"
157.55.32.103 - - [07/Apr/2013:10:21:39 +0900] "GET /~info3/wiki/index.php?plugin=attach&pcmd=info&file=Poker.zip&refer=%BE%E5%B8%B6%A1%F5%B6%CC%BE%EB HTTP/1.1" 200 5553 "-" "Mozilla/5.0 (compatible; bingbot/2.0; +http://www.bing.com/bingbot.htm)"
157.55.32.103 - - [07/Apr/2013:10:21:42 +0900] "GET /~info3/wiki/index.php?cmd=diff&page=2006%2Finfo3%2F%CD%A7%B4%F3%A1%F5%BE%E5%B8%B6%C8%C901 HTTP/1.1" 200 7347 "-" "Mozilla/5.0 (compatible; bingbot/2.0; +http://www.bing.com/bingbot.htm)"
66.249.76.52 - - [07/Apr/2013:10:21:42 +0900] "GET /ontolopedia/disp/word_show/281446 HTTP/1.1" 200 17961 "-" "Mozilla/5.0 (compatible; Googlebot/2.1; +http://www.google.com/bot.html)"
66.249.76.52 - - [07/Apr/2013:10:21:48 +0900] "GET /ontolopedia/disp/word_show/283262 HTTP/1.1" 200 5220 "-" "Mozilla/5.0 (compatible; Googlebot/2.1; +http://www.google.com/bot.html)"
66.249.76.52 - - [07/Apr/2013:10:21:53 +0900] "GET /ontolopedia/disp/word_show/158656 HTTP/1.1" 200 7163 "-" "Mozilla/5.0 (compatible; Googlebot/2.1; +http://www.google.com/bot.html)"
66.249.76.52 - - [07/Apr/2013:10:21:54 +0900] "GET /ontolopedia/disp/word_show/299319 HTTP/1.1" 200 5244 "-" "Mozilla/5.0 (compatible; Googlebot/2.1; +http://www.google.com/bot.html)"
66.249.76.52 - - [07/Apr/2013:10:22:00 +0900] "GET /ontolopedia/disp/word_show/111268 HTTP/1.1" 200 6602 "-" "Mozilla/5.0 (compatible; Googlebot/2.1; +http://www.google.com/bot.html)"
66.249.76.52 - - [07/Apr/2013:10:22:06 +0900] "GET /ontolopedia/disp/word_show/385870 HTTP/1.1" 200 7464 "-" "Mozilla/5.0 (compatible; Googlebot/2.1; +http://www.google.com/bot.html)"
157.55.32.76 - - [07/Apr/2013:10:22:09 +0900] "GET /~info3/wiki/index.php?plugin=template&refer=%BA%C2%B4%D6%CC%A3%A1%F5%BF%F9%B4%DD%C8%C9%2FLevel0%A5%AA%A1%BC%A5%D7%A5%F3%A5%BD%A1%BC%A5%B9%2F%BA%C2%B4%D6%CC%A3%A4%CE%C4%B4%BA%BA%B7%EB%B2%CC HTTP/1.1" 200 71344 "-" "Mozilla/5.0 (compatible; bingbot/2.0; +http://www.bing.com/bingbot.htm)"
66.249.76.52 - - [07/Apr/2013:10:22:12 +0900] "GET /ontolopedia/disp/word_show/243080 HTTP/1.1" 200 5195 "-" "Mozilla/5.0 (compatible; Googlebot/2.1; +http://www.google.com/bot.html)"
66.249.76.52 - - [07/Apr/2013:10:22:18 +0900] "GET /ontolopedia/disp/word_show/135359 HTTP/1.1" 200 4223 "-" "Mozilla/5.0 (compatible; Googlebot/2.1; +http://www.google.com/bot.html)"
66.249.76.52 - - [07/Apr/2013:10:22:19 +0900] "GET /ontolopedia/disp/word_show/309152 HTTP/1.1" 200 4315 "-" "Mozilla/5.0 (compatible; Googlebot/2.1; +http://www.google.com/bot.html)"
66.249.76.52 - - [07/Apr/2013:10:22:24 +0900] "GET /ontolopedia/disp/word_show/230342 HTTP/1.1" 200 4164 "-" "Mozilla/5.0 (compatible; Googlebot/2.1; +http://www.google.com/bot.html)"
66.249.76.52 - - [07/Apr/2013:10:22:30 +0900] "GET /ontolopedia/disp/word_show/268116 HTTP/1.1" 200 6272 "-" "Mozilla/5.0 (compatible; Googlebot/2.1; +http://www.google.com/bot.html)"
157.55.32.76 - - [07/Apr/2013:10:22:33 +0900] "GET /ontolopedia/disp/word_show/65030 HTTP/1.1" 403 234 "-" "Mozilla/5.0 (compatible; bingbot/2.0; +http://www.bing.com/bingbot.htm)"
66.249.76.52 - - [07/Apr/2013:10:22:36 +0900] "GET /ontolopedia/disp/word_show/702 HTTP/1.1" 200 5294 "-" "Mozilla/5.0 (compatible; Googlebot/2.1; +http://www.google.com/bot.html)"
66.249.76.52 - - [07/Apr/2013:10:22:42 +0900] "GET /ontolopedia/disp/word_show/318294 HTTP/1.1" 200 5709 "-" "Mozilla/5.0 (compatible; Googlebot/2.1; +http://www.google.com/bot.html)"
66.249.76.52 - - [07/Apr/2013:10:22:43 +0900] "GET /ontolopedia/disp/word_show/448693 HTTP/1.1" 200 10736 "-" "Mozilla/5.0 (compatible; Googlebot/2.1; +http://www.google.com/bot.html)"
66.249.76.52 - - [07/Apr/2013:10:22:44 +0900] "GET /~yosshi/wiki-old/index.php?cmd=edit&help=true&page=%C6%FC%B5%AD%2F2017-06-03 HTTP/1.1" 200 50 "-" "SAMSUNG-SGH-E250/1.0 Profile/MIDP-2.0 Configuration/CLDC-1.1 UP.Browser/6.2.3.3.c.1.101 (GUI) MMP/2.0 (compatible; Googlebot-Mobile/2.1; +http://www.google.com/bot.html)"
66.249.76.52 - - [07/Apr/2013:10:22:48 +0900] "GET /ontolopedia/disp/word_show/53684 HTTP/1.1" 200 9181 "-" "Mozilla/5.0 (compatible; Googlebot/2.1; +http://www.google.com/bot.html)"
66.249.76.52 - - [07/Apr/2013:10:22:54 +0900] "GET /ontolopedia/disp/word_show/111137 HTTP/1.1" 200 10147 "-" "Mozilla/5.0 (compatible; Googlebot/2.1; +http://www.google.com/bot.html)"
66.249.76.52 - - [07/Apr/2013:10:23:00 +0900] "GET /ontolopedia/disp/word_show/145216 HTTP/1.1" 200 7437 "-" "Mozilla/5.0 (compatible; Googlebot/2.1; +http://www.google.com/bot.html)"
66.249.76.52 - - [07/Apr/2013:10:23:06 +0900] "GET /ontolopedia/disp/word_show/201451 HTTP/1.1" 200 8154 "-" "Mozilla/5.0 (compatible; Googlebot/2.1; +http://www.google.com/bot.html)"
66.249.76.52 - - [07/Apr/2013:10:23:07 +0900] "GET /ontolopedia/disp/word_show/164500 HTTP/1.1" 500 309 "-" "Mozilla/5.0 (compatible; Googlebot/2.1; +http://www.google.com/bot.html)"
66.249.76.52 - - [07/Apr/2013:10:23:17 +0900] "GET /ontolopedia/disp/word_show/230129 HTTP/1.1" 200 5881 "-" "Mozilla/5.0 (compatible; Googlebot/2.1; +http://www.google.com/bot.html)"
66.249.76.52 - - [07/Apr/2013:10:23:18 +0900] "GET /ontolopedia/disp/word_show/354020 HTTP/1.1" 200 4251 "-" "Mozilla/5.0 (compatible; Googlebot/2.1; +http://www.google.com/bot.html)"
66.249.76.52 - - [07/Apr/2013:10:23:24 +0900] "GET /ontolopedia/disp/word_show/247792 HTTP/1.1" 200 6211 "-" "Mozilla/5.0 (compatible; Googlebot/2.1; +http://www.google.com/bot.html)"
66.249.76.52 - - [07/Apr/2013:10:23:30 +0900] "GET /ontolopedia/disp/word_show/266696 HTTP/1.1" 200 5428 "-" "Mozilla/5.0 (compatible; Googlebot/2.1; +http://www.google.com/bot.html)"
66.249.76.52 - - [07/Apr/2013:10:23:31 +0900] "GET /ontolopedia/disp/word_show/253011 HTTP/1.1" 200 6642 "-" "Mozilla/5.0 (compatible; Googlebot/2.1; +http://www.google.com/bot.html)"
66.249.76.52 - - [07/Apr/2013:10:23:36 +0900] "GET /ontolopedia/disp/word_show/331930 HTTP/1.1" 200 9165 "-" "Mozilla/5.0 (compatible; Googlebot/2.1; +http://www.google.com/bot.html)"
66.249.76.52 - - [07/Apr/2013:10:23:42 +0900] "GET /ontolopedia/disp/word_show/412639 HTTP/1.1" 200 5337 "-" "Mozilla/5.0 (compatible; Googlebot/2.1; +http://www.google.com/bot.html)"
66.249.76.52 - - [07/Apr/2013:10:23:48 +0900] "GET /ontolopedia/disp/word_show/243296 HTTP/1.1" 200 8228 "-" "Mozilla/5.0 (compatible; Googlebot/2.1; +http://www.google.com/bot.html)"
72.14.199.52 - - [07/Apr/2013:10:23:52 +0900] "GET /~yosshi/wiki-old/index.php?cmd=edit&help=true&page=%C6%FC%B5%AD%2F2004-11-13 HTTP/1.1" 200 50 "-" "DoCoMo/2.0 N905i(c100;TB;W24H16) (compatible; Googlebot-Mobile/2.1; +http://www.google.com/bot.html)"
66.249.76.52 - - [07/Apr/2013:10:23:54 +0900] "GET /ontolopedia/disp/word_show/74604 HTTP/1.1" 200 8198 "-" "Mozilla/5.0 (compatible; Googlebot/2.1; +http://www.google.com/bot.html)"
66.249.76.52 - - [07/Apr/2013:10:23:56 +0900] "GET /ontolopedia/disp/word_show/470414 HTTP/1.1" 500 309 "-" "Mozilla/5.0 (compatible; Googlebot/2.1; +http://www.google.com/bot.html)"
66.249.76.52 - - [07/Apr/2013:10:24:06 +0900] "GET /ontolopedia/disp/word_show/298574 HTTP/1.1" 200 4174 "-" "Mozilla/5.0 (compatible; Googlebot/2.1; +http://www.google.com/bot.html)"
66.249.76.52 - - [07/Apr/2013:10:24:07 +0900] "GET /ontolopedia/disp/word_show/195648 HTTP/1.1" 200 7442 "-" "Mozilla/5.0 (compatible; Googlebot/2.1; +http://www.google.com/bot.html)"
66.249.76.52 - - [07/Apr/2013:10:24:09 +0900] "GET /~yosshi/wiki-old/index.php?plugin=newpage&refer=%C6%FC%B5%AD%2F2032-04-03 HTTP/1.1" 200 795 "-" "SAMSUNG-SGH-E250/1.0 Profile/MIDP-2.0 Configuration/CLDC-1.1 UP.Browser/6.2.3.3.c.1.101 (GUI) MMP/2.0 (compatible; Googlebot-Mobile/2.1; +http://www.google.com/bot.html)"
66.249.76.52 - - [07/Apr/2013:10:24:12 +0900] "GET /ontolopedia/disp/word_show/147699 HTTP/1.1" 200 7072 "-" "Mozilla/5.0 (compatible; Googlebot/2.1; +http://www.google.com/bot.html)"
66.249.76.52 - - [07/Apr/2013:10:24:18 +0900] "GET /ontolopedia/disp/word_show/477753 HTTP/1.1" 200 5258 "-" "Mozilla/5.0 (compatible; Googlebot/2.1; +http://www.google.com/bot.html)"
66.249.76.52 - - [07/Apr/2013:10:24:21 +0900] "GET /ontolopedia/disp/word_show/281417 HTTP/1.1" 200 5256 "-" "Mozilla/5.0 (compatible; Googlebot/2.1; +http://www.google.com/bot.html)"
66.249.76.52 - - [07/Apr/2013:10:24:24 +0900] "GET /ontolopedia/disp/word_show/100312 HTTP/1.1" 200 8345 "-" "Mozilla/5.0 (compatible; Googlebot/2.1; +http://www.google.com/bot.html)"
66.249.76.52 - - [07/Apr/2013:10:24:30 +0900] "GET /ontolopedia/disp/word_show/141728 HTTP/1.1" 200 9938 "-" "Mozilla/5.0 (compatible; Googlebot/2.1; +http://www.google.com/bot.html)"
66.249.76.52 - - [07/Apr/2013:10:24:36 +0900] "GET /ontolopedia/disp/word_show/354539 HTTP/1.1" 200 8209 "-" "Mozilla/5.0 (compatible; Googlebot/2.1; +http://www.google.com/bot.html)"
157.56.93.196 - - [07/Apr/2013:10:24:38 +0900] "GET /ontolopedia/disp/word_show/250511 HTTP/1.1" 403 235 "-" "Mozilla/5.0 (compatible; bingbot/2.0; +http://www.bing.com/bingbot.htm)"
157.56.93.196 - - [07/Apr/2013:10:24:38 +0900] "GET /~info3/wiki/index.php?cmd=backup&page=2008%2Finfo4%2F%BF%B7%CE%A4%A1%F5%C3%A8%BB%B3%C8%C9%2Ftest1&age=1&action=diff HTTP/1.1" 200 5576 "-" "Mozilla/5.0 (compatible; bingbot/2.0; +http://www.bing.com/bingbot.htm)"
157.56.93.196 - - [07/Apr/2013:10:24:40 +0900] "GET /~info3/wiki/index.php?plugin=rename&refer=%CA%BF%C5%C4%A1%F5%B6%E2%BE%EB%2FLevel6 HTTP/1.1" 200 4541 "-" "Mozilla/5.0 (compatible; bingbot/2.0; +http://www.bing.com/bingbot.htm)"
66.249.76.52 - - [07/Apr/2013:10:24:42 +0900] "GET /ontolopedia/disp/word_show/269640 HTTP/1.1" 200 4206 "-" "Mozilla/5.0 (compatible; Googlebot/2.1; +http://www.google.com/bot.html)"
66.249.76.52 - - [07/Apr/2013:10:24:45 +0900] "GET /ontolopedia/disp/word_show/257247 HTTP/1.1" 200 4190 "-" "Mozilla/5.0 (compatible; Googlebot/2.1; +http://www.google.com/bot.html)"
66.249.76.52 - - [07/Apr/2013:10:24:48 +0900] "GET /ontolopedia/disp/word_show/221964 HTTP/1.1" 200 4194 "-" "Mozilla/5.0 (compatible; Googlebot/2.1; +http://www.google.com/bot.html)"
72.14.199.52 - - [07/Apr/2013:10:24:52 +0900] "GET /~yosshi/wiki-old/index.php?cmd=edit&help=true&page=%C6%FC%B5%AD%2F2021-05-01 HTTP/1.1" 200 50 "-" "DoCoMo/2.0 N905i(c100;TB;W24H16) (compatible; Googlebot-Mobile/2.1; +http://www.google.com/bot.html)"
66.249.76.52 - - [07/Apr/2013:10:24:54 +0900] "GET /ontolopedia/disp/word_show/200306 HTTP/1.1" 200 6475 "-" "Mozilla/5.0 (compatible; Googlebot/2.1; +http://www.google.com/bot.html)"
66.249.76.52 - - [07/Apr/2013:10:25:01 +0900] "GET /ontolopedia/disp/word_show/47780 HTTP/1.1" 200 5295 "-" "Mozilla/5.0 (compatible; Googlebot/2.1; +http://www.google.com/bot.html)"
66.249.76.52 - - [07/Apr/2013:10:25:07 +0900] "GET /ontolopedia/disp/word_show/76321 HTTP/1.1" 200 5123 "-" "Mozilla/5.0 (compatible; Googlebot/2.1; +http://www.google.com/bot.html)"
157.55.32.103 - - [07/Apr/2013:10:25:09 +0900] "GET /~info3/wiki/index.php?cmd=backup&action=source&page=%C0%C6%C6%A3%CD%B3%CD%F8%B3%A8&age=2 HTTP/1.1" 200 5277 "-" "Mozilla/5.0 (compatible; bingbot/2.0; +http://www.bing.com/bingbot.htm)"
66.249.76.52 - - [07/Apr/2013:10:25:10 +0900] "GET /ontolopedia/disp/word_show/163375 HTTP/1.1" 200 5607 "-" "Mozilla/5.0 (compatible; Googlebot/2.1; +http://www.google.com/bot.html)"
157.56.93.71 - - [07/Apr/2013:10:25:10 +0900] "GET /~info3/wiki/index.php?cmd=backup&action=diff&page=info3%20wiki&age=51 HTTP/1.1" 200 17503 "-" "Mozilla/5.0 (compatible; bingbot/2.0; +http://www.bing.com/bingbot.htm)"
66.249.76.52 - - [07/Apr/2013:10:25:13 +0900] "GET /ontolopedia/disp/word_show/29315 HTTP/1.1" 200 5399 "-" "Mozilla/5.0 (compatible; Googlebot/2.1; +http://www.google.com/bot.html)"
66.249.76.52 - - [07/Apr/2013:10:25:19 +0900] "GET /ontolopedia/disp/word_show/39368 HTTP/1.1" 200 4169 "-" "Mozilla/5.0 (compatible; Googlebot/2.1; +http://www.google.com/bot.html)"
66.249.76.52 - - [07/Apr/2013:10:25:25 +0900] "GET /ontolopedia/disp/word_show/198472 HTTP/1.1" 200 4184 "-" "Mozilla/5.0 (compatible; Googlebot/2.1; +http://www.google.com/bot.html)"
66.249.76.52 - - [07/Apr/2013:10:25:31 +0900] "GET /ontolopedia/disp/word_show/178414 HTTP/1.1" 200 4163 "-" "Mozilla/5.0 (compatible; Googlebot/2.1; +http://www.google.com/bot.html)"
66.249.76.52 - - [07/Apr/2013:10:25:34 +0900] "GET /ontolopedia/disp/word_show/287452 HTTP/1.1" 200 5101 "-" "Mozilla/5.0 (compatible; Googlebot/2.1; +http://www.google.com/bot.html)"
66.249.76.52 - - [07/Apr/2013:10:25:36 +0900] "GET /~yosshi/wiki-old/index.php?plugin=newpage&refer=%C6%FC%B5%AD%2F2017-06-03 HTTP/1.1" 200 795 "-" "SAMSUNG-SGH-E250/1.0 Profile/MIDP-2.0 Configuration/CLDC-1.1 UP.Browser/6.2.3.3.c.1.101 (GUI) MMP/2.0 (compatible; Googlebot-Mobile/2.1; +http://www.google.com/bot.html)"
66.249.76.52 - - [07/Apr/2013:10:25:37 +0900] "GET /ontolopedia/disp/word_show/423615 HTTP/1.1" 200 7949 "-" "Mozilla/5.0 (compatible; Googlebot/2.1; +http://www.google.com/bot.html)"
66.249.76.52 - - [07/Apr/2013:10:25:43 +0900] "GET /ontolopedia/disp/word_show/111243 HTTP/1.1" 200 5113 "-" "Mozilla/5.0 (compatible; Googlebot/2.1; +http://www.google.com/bot.html)"
66.249.76.52 - - [07/Apr/2013:10:25:49 +0900] "GET /ontolopedia/disp/word_show/73684 HTTP/1.1" 200 5337 "-" "Mozilla/5.0 (compatible; Googlebot/2.1; +http://www.google.com/bot.html)"
66.249.76.52 - - [07/Apr/2013:10:25:55 +0900] "GET /ontolopedia/disp/word_show/147835 HTTP/1.1" 200 6872 "-" "Mozilla/5.0 (compatible; Googlebot/2.1; +http://www.google.com/bot.html)"
66.249.76.52 - - [07/Apr/2013:10:25:59 +0900] "GET /~yosshi/wiki-old/index.php?plugin=newpage&refer=%C6%FC%B5%AD%2F1957-08-11 HTTP/1.1" 200 795 "-" "SAMSUNG-SGH-E250/1.0 Profile/MIDP-2.0 Configuration/CLDC-1.1 UP.Browser/6.2.3.3.c.1.101 (GUI) MMP/2.0 (compatible; Googlebot-Mobile/2.1; +http://www.google.com/bot.html)"
66.249.76.52 - - [07/Apr/2013:10:25:59 +0900] "GET /ontolopedia/disp/word_show/142562 HTTP/1.1" 500 309 "-" "Mozilla/5.0 (compatible; Googlebot/2.1; +http://www.google.com/bot.html)"
72.14.199.52 - - [07/Apr/2013:10:26:00 +0900] "GET /~yosshi/wiki-old/index.php?cmd=edit&help=true&page=%C6%FC%B5%AD%2F2021-05-08 HTTP/1.1" 200 50 "-" "DoCoMo/2.0 N905i(c100;TB;W24H16) (compatible; Googlebot-Mobile/2.1; +http://www.google.com/bot.html)"
66.249.76.52 - - [07/Apr/2013:10:26:10 +0900] "GET /ontolopedia/disp/word_show/283451 HTTP/1.1" 200 5364 "-" "Mozilla/5.0 (compatible; Googlebot/2.1; +http://www.google.com/bot.html)"
66.249.76.52 - - [07/Apr/2013:10:26:11 +0900] "GET /ontolopedia/disp/word_show/478499 HTTP/1.1" 200 5059 "-" "Mozilla/5.0 (compatible; Googlebot/2.1; +http://www.google.com/bot.html)"
66.249.76.52 - - [07/Apr/2013:10:26:13 +0900] "GET /ontolopedia/disp/word_show/233688 HTTP/1.1" 200 5123 "-" "Mozilla/5.0 (compatible; Googlebot/2.1; +http://www.google.com/bot.html)"
182.20.206.234 - - [07/Apr/2013:10:26:14 +0900] "GET /ontolopedia/disp/word_show/11749 HTTP/1.1" 200 22328 "http://search.yahoo.co.jp/search?p=%E3%81%9B%E3%81%88%E3%82%89%E3%81%82%E3%82%80%E3%82%93&tid=top_ga1_sa&ei=UTF-8&pstart=1&fr=top_ga1_sa&b=11" "Mozilla/5.0 (compatible; MSIE 9.0; Windows NT 6.1; Trident/5.0)"
182.20.206.234 - - [07/Apr/2013:10:26:15 +0900] "GET /ontolopedia/stylesheets/default.css?1195659978 HTTP/1.1" 200 7140 "http://www.nal.ie.u-ryukyu.ac.jp/ontolopedia/disp/word_show/11749" "Mozilla/5.0 (compatible; MSIE 9.0; Windows NT 6.1; Trident/5.0)"
182.20.206.234 - - [07/Apr/2013:10:26:15 +0900] "GET /ontolopedia/stylesheets/formstyle.css?1172129648 HTTP/1.1" 200 4389 "http://www.nal.ie.u-ryukyu.ac.jp/ontolopedia/disp/word_show/11749" "Mozilla/5.0 (compatible; MSIE 9.0; Windows NT 6.1; Trident/5.0)"
182.20.206.234 - - [07/Apr/2013:10:26:15 +0900] "GET /ontolopedia/javascripts/formstyle.js?1172130636 HTTP/1.1" 200 10047 "http://www.nal.ie.u-ryukyu.ac.jp/ontolopedia/disp/word_show/11749" "Mozilla/5.0 (compatible; MSIE 9.0; Windows NT 6.1; Trident/5.0)"
182.20.206.234 - - [07/Apr/2013:10:26:15 +0900] "GET /ontolopedia/img/bgfooter.gif HTTP/1.1" 200 598 "http://www.nal.ie.u-ryukyu.ac.jp/ontolopedia/disp/word_show/11749" "Mozilla/5.0 (compatible; MSIE 9.0; Windows NT 6.1; Trident/5.0)"
182.20.206.234 - - [07/Apr/2013:10:26:15 +0900] "GET /ontolopedia/img/bgmain.gif HTTP/1.1" 200 2248 "http://www.nal.ie.u-ryukyu.ac.jp/ontolopedia/disp/word_show/11749" "Mozilla/5.0 (compatible; MSIE 9.0; Windows NT 6.1; Trident/5.0)"
182.20.206.234 - - [07/Apr/2013:10:26:15 +0900] "GET /ontolopedia/img/bg.gif HTTP/1.1" 200 1383 "http://www.nal.ie.u-ryukyu.ac.jp/ontolopedia/disp/word_show/11749" "Mozilla/5.0 (compatible; MSIE 9.0; Windows NT 6.1; Trident/5.0)"
182.20.206.234 - - [07/Apr/2013:10:26:15 +0900] "GET /ontolopedia/img/topleft.gif HTTP/1.1" 200 2971 "http://www.nal.ie.u-ryukyu.ac.jp/ontolopedia/disp/word_show/11749" "Mozilla/5.0 (compatible; MSIE 9.0; Windows NT 6.1; Trident/5.0)"
182.20.206.234 - - [07/Apr/2013:10:26:15 +0900] "GET /ontolopedia/flash/spring/sgraph.swf HTTP/1.1" 200 247720 "http://www.nal.ie.u-ryukyu.ac.jp/ontolopedia/disp/word_show/11749" "Mozilla/5.0 (compatible; MSIE 9.0; Windows NT 6.1; Trident/5.0)"
182.20.206.234 - - [07/Apr/2013:10:26:16 +0900] "GET /favicon.ico HTTP/1.1" 200 3638 "-" "Mozilla/5.0 (compatible; MSIE 9.0; Windows NT 6.1; Trident/5.0)"
182.20.206.234 - - [07/Apr/2013:10:26:16 +0900] "GET /ontolopedia/springxml/spring11749.xml HTTP/1.1" 200 449 "http://www.nal.ie.u-ryukyu.ac.jp/ontolopedia/flash/spring/sgraph.swf" "Mozilla/5.0 (compatible; MSIE 9.0; Windows NT 6.1; Trident/5.0)"
66.249.76.52 - - [07/Apr/2013:10:26:19 +0900] "GET /ontolopedia/disp/word_show/27557 HTTP/1.1" 200 6242 "-" "Mozilla/5.0 (compatible; Googlebot/2.1; +http://www.google.com/bot.html)"
66.249.76.52 - - [07/Apr/2013:10:26:23 +0900] "GET /ontolopedia/disp/word_show/292358 HTTP/1.1" 200 4179 "-" "Mozilla/5.0 (compatible; Googlebot/2.1; +http://www.google.com/bot.html)"
66.249.76.52 - - [07/Apr/2013:10:26:25 +0900] "GET /ontolopedia/disp/word_show/61323 HTTP/1.1" 200 5122 "-" "Mozilla/5.0 (compatible; Googlebot/2.1; +http://www.google.com/bot.html)"
66.249.76.52 - - [07/Apr/2013:10:26:31 +0900] "GET /ontolopedia/disp/word_show/61699 HTTP/1.1" 200 4172 "-" "Mozilla/5.0 (compatible; Googlebot/2.1; +http://www.google.com/bot.html)"
66.249.76.52 - - [07/Apr/2013:10:26:37 +0900] "GET /ontolopedia/disp/word_show/424594 HTTP/1.1" 200 15732 "-" "Mozilla/5.0 (compatible; Googlebot/2.1; +http://www.google.com/bot.html)"
66.249.76.52 - - [07/Apr/2013:10:26:39 +0900] "GET /ontolopedia/disp/word_show/183104 HTTP/1.1" 200 10948 "-" "Mozilla/5.0 (compatible; Googlebot/2.1; +http://www.google.com/bot.html)"
66.249.76.52 - - [07/Apr/2013:10:26:43 +0900] "GET /ontolopedia/disp/word_show/355223 HTTP/1.1" 200 5186 "-" "Mozilla/5.0 (compatible; Googlebot/2.1; +http://www.google.com/bot.html)"
66.249.76.52 - - [07/Apr/2013:10:26:49 +0900] "GET /ontolopedia/disp/word_show/141897 HTTP/1.1" 200 4985 "-" "Mozilla/5.0 (compatible; Googlebot/2.1; +http://www.google.com/bot.html)"
66.249.76.52 - - [07/Apr/2013:10:26:55 +0900] "GET /ontolopedia/disp/word_show/207406 HTTP/1.1" 200 5708 "-" "Mozilla/5.0 (compatible; Googlebot/2.1; +http://www.google.com/bot.html)"
66.249.76.52 - - [07/Apr/2013:10:26:56 +0900] "GET /ontolopedia/disp/word_show/44126 HTTP/1.1" 200 4635 "-" "Mozilla/5.0 (compatible; Googlebot/2.1; +http://www.google.com/bot.html)"
66.249.76.52 - - [07/Apr/2013:10:27:01 +0900] "GET /ontolopedia/disp/word_show/190888 HTTP/1.1" 200 7812 "-" "Mozilla/5.0 (compatible; Googlebot/2.1; +http://www.google.com/bot.html)"
66.249.76.52 - - [07/Apr/2013:10:27:07 +0900] "GET /ontolopedia/disp/word_show/28915 HTTP/1.1" 200 5026 "-" "Mozilla/5.0 (compatible; Googlebot/2.1; +http://www.google.com/bot.html)"
157.55.32.76 - - [07/Apr/2013:10:27:08 +0900] "GET /~yosshi/blog/2008/09/19/tweets-on-2008-09-19/ HTTP/1.1" 404 243 "-" "Mozilla/5.0 (compatible; bingbot/2.0; +http://www.bing.com/bingbot.htm)"
157.55.32.76 - - [07/Apr/2013:10:27:09 +0900] "GET /~info3/wiki/index.php?cmd=backup&page=info3%20wiki&age=1 HTTP/1.1" 200 15377 "-" "Mozilla/5.0 (compatible; bingbot/2.0; +http://www.bing.com/bingbot.htm)"
66.249.76.52 - - [07/Apr/2013:10:27:10 +0900] "GET /ontolopedia/disp/word_show/262572 HTTP/1.1" 200 5452 "-" "Mozilla/5.0 (compatible; Googlebot/2.1; +http://www.google.com/bot.html)"
66.249.76.52 - - [07/Apr/2013:10:27:13 +0900] "GET /ontolopedia/disp/word_show/60201 HTTP/1.1" 200 7120 "-" "Mozilla/5.0 (compatible; Googlebot/2.1; +http://www.google.com/bot.html)"
66.249.76.52 - - [07/Apr/2013:10:27:19 +0900] "GET /ontolopedia/disp/word_show/204869 HTTP/1.1" 200 6774 "-" "Mozilla/5.0 (compatible; Googlebot/2.1; +http://www.google.com/bot.html)"
66.249.76.52 - - [07/Apr/2013:10:27:25 +0900] "GET /ontolopedia/disp/word_show/173291 HTTP/1.1" 200 4204 "-" "Mozilla/5.0 (compatible; Googlebot/2.1; +http://www.google.com/bot.html)"
66.249.76.52 - - [07/Apr/2013:10:27:26 +0900] "GET /ontolopedia/disp/word_show/443321 HTTP/1.1" 200 4215 "-" "Mozilla/5.0 (compatible; Googlebot/2.1; +http://www.google.com/bot.html)"
66.249.76.52 - - [07/Apr/2013:10:27:31 +0900] "GET /ontolopedia/disp/word_show/14371 HTTP/1.1" 200 5624 "-" "Mozilla/5.0 (compatible; Googlebot/2.1; +http://www.google.com/bot.html)"
72.14.199.52 - - [07/Apr/2013:10:27:33 +0900] "GET /~yosshi/wiki-old/index.php?cmd=edit&help=true&page=%C6%FC%B5%AD%2F2021-05-14 HTTP/1.1" 200 50 "-" "DoCoMo/2.0 N905i(c100;TB;W24H16) (compatible; Googlebot-Mobile/2.1; +http://www.google.com/bot.html)"
66.249.76.52 - - [07/Apr/2013:10:27:37 +0900] "GET /ontolopedia/disp/word_show/346601 HTTP/1.1" 200 5169 "-" "Mozilla/5.0 (compatible; Googlebot/2.1; +http://www.google.com/bot.html)"
157.55.35.82 - - [07/Apr/2013:10:27:38 +0900] "GET /~info3/wiki/index.php?cmd=backup&action=nowdiff&page=%B5%DC%BE%EB%A1%F5%CB%DC%C2%BC%C8%C9%2FLevel1&age=2 HTTP/1.1" 200 8016 "-" "Mozilla/5.0 (compatible; bingbot/2.0; +http://www.bing.com/bingbot.htm)"
66.249.76.52 - - [07/Apr/2013:10:27:42 +0900] "GET /ontolopedia/disp/word_show/452450 HTTP/1.1" 200 6870 "-" "Mozilla/5.0 (compatible; Googlebot/2.1; +http://www.google.com/bot.html)"
66.249.76.52 - - [07/Apr/2013:10:27:43 +0900] "GET /ontolopedia/disp/word_show/40520 HTTP/1.1" 200 4202 "-" "Mozilla/5.0 (compatible; Googlebot/2.1; +http://www.google.com/bot.html)"
66.249.76.52 - - [07/Apr/2013:10:27:49 +0900] "GET /ontolopedia/disp/word_show/212722 HTTP/1.1" 200 4188 "-" "Mozilla/5.0 (compatible; Googlebot/2.1; +http://www.google.com/bot.html)"
66.249.76.52 - - [07/Apr/2013:10:27:55 +0900] "GET /ontolopedia/disp/word_show/181388 HTTP/1.1" 200 5155 "-" "Mozilla/5.0 (compatible; Googlebot/2.1; +http://www.google.com/bot.html)"
66.249.76.52 - - [07/Apr/2013:10:27:58 +0900] "GET /ontolopedia/disp/word_show/168475 HTTP/1.1" 200 4190 "-" "Mozilla/5.0 (compatible; Googlebot/2.1; +http://www.google.com/bot.html)"
66.249.76.52 - - [07/Apr/2013:10:27:58 +0900] "GET /ontolopedia/disp/word_show/235531 HTTP/1.1" 200 5732 "-" "Mozilla/5.0 (compatible; Googlebot/2.1; +http://www.google.com/bot.html)"
66.249.76.52 - - [07/Apr/2013:10:28:01 +0900] "GET /ontolopedia/disp/word_show/104112 HTTP/1.1" 200 7307 "-" "Mozilla/5.0 (compatible; Googlebot/2.1; +http://www.google.com/bot.html)"
66.249.76.52 - - [07/Apr/2013:10:28:07 +0900] "GET /ontolopedia/disp/word_show/224023 HTTP/1.1" 200 4174 "-" "Mozilla/5.0 (compatible; Googlebot/2.1; +http://www.google.com/bot.html)"
66.249.76.52 - - [07/Apr/2013:10:28:13 +0900] "GET /ontolopedia/disp/word_show/292137 HTTP/1.1" 200 8530 "-" "Mozilla/5.0 (compatible; Googlebot/2.1; +http://www.google.com/bot.html)"
66.249.76.52 - - [07/Apr/2013:10:28:14 +0900] "GET /ontolopedia/disp/word_show/128502 HTTP/1.1" 200 5198 "-" "Mozilla/5.0 (compatible; Googlebot/2.1; +http://www.google.com/bot.html)"
66.249.76.52 - - [07/Apr/2013:10:28:19 +0900] "GET /ontolopedia/disp/word_show/103272 HTTP/1.1" 200 8509 "-" "Mozilla/5.0 (compatible; Googlebot/2.1; +http://www.google.com/bot.html)"
66.249.76.52 - - [07/Apr/2013:10:28:20 +0900] "GET /~yosshi/wiki-old/index.php?cmd=edit&page=%C6%FC%B5%AD%2F2032-04-06 HTTP/1.1" 200 1805 "-" "SAMSUNG-SGH-E250/1.0 Profile/MIDP-2.0 Configuration/CLDC-1.1 UP.Browser/6.2.3.3.c.1.101 (GUI) MMP/2.0 (compatible; Googlebot-Mobile/2.1; +http://www.google.com/bot.html)"
66.249.76.52 - - [07/Apr/2013:10:28:25 +0900] "GET /ontolopedia/disp/word_show/350110 HTTP/1.1" 200 6925 "-" "Mozilla/5.0 (compatible; Googlebot/2.1; +http://www.google.com/bot.html)"
66.249.76.52 - - [07/Apr/2013:10:28:29 +0900] "GET /ontolopedia/disp/word_show/196489 HTTP/1.1" 500 309 "-" "Mozilla/5.0 (compatible; Googlebot/2.1; +http://www.google.com/bot.html)"
66.249.76.52 - - [07/Apr/2013:10:28:30 +0900] "GET /~yosshi/wiki-old/index.php?cmd=edit&page=%C6%FC%B5%AD%2F2017-06-03 HTTP/1.1" 200 1805 "-" "SAMSUNG-SGH-E250/1.0 Profile/MIDP-2.0 Configuration/CLDC-1.1 UP.Browser/6.2.3.3.c.1.101 (GUI) MMP/2.0 (compatible; Googlebot-Mobile/2.1; +http://www.google.com/bot.html)"
66.249.76.52 - - [07/Apr/2013:10:28:39 +0900] "GET /ontolopedia/disp/word_show/443413 HTTP/1.1" 200 8639 "-" "Mozilla/5.0 (compatible; Googlebot/2.1; +http://www.google.com/bot.html)"
66.249.76.52 - - [07/Apr/2013:10:28:40 +0900] "GET /ontolopedia/disp/word_show/58204 HTTP/1.1" 200 14547 "-" "Mozilla/5.0 (compatible; Googlebot/2.1; +http://www.google.com/bot.html)"
66.249.76.52 - - [07/Apr/2013:10:28:43 +0900] "GET /ontolopedia/disp/word_show/154054 HTTP/1.1" 200 4184 "-" "Mozilla/5.0 (compatible; Googlebot/2.1; +http://www.google.com/bot.html)"
66.249.76.52 - - [07/Apr/2013:10:28:45 +0900] "GET /ontolopedia/disp/word_show/140204 HTTP/1.1" 200 10542 "-" "Mozilla/5.0 (compatible; Googlebot/2.1; +http://www.google.com/bot.html)"
66.249.76.52 - - [07/Apr/2013:10:28:49 +0900] "GET /ontolopedia/disp/word_show/92670 HTTP/1.1" 200 4199 "-" "Mozilla/5.0 (compatible; Googlebot/2.1; +http://www.google.com/bot.html)"
66.249.76.52 - - [07/Apr/2013:10:28:55 +0900] "GET /ontolopedia/disp/word_show/89614 HTTP/1.1" 200 5796 "-" "Mozilla/5.0 (compatible; Googlebot/2.1; +http://www.google.com/bot.html)"
66.249.76.52 - - [07/Apr/2013:10:29:01 +0900] "GET /ontolopedia/disp/word_show/468630 HTTP/1.1" 200 5416 "-" "Mozilla/5.0 (compatible; Googlebot/2.1; +http://www.google.com/bot.html)"
66.249.76.52 - - [07/Apr/2013:10:29:01 +0900] "GET /ontolopedia/disp/word_show/106818 HTTP/1.1" 200 19206 "-" "Mozilla/5.0 (compatible; Googlebot/2.1; +http://www.google.com/bot.html)"
66.249.76.52 - - [07/Apr/2013:10:29:07 +0900] "GET /ontolopedia/disp/word_show/433280 HTTP/1.1" 200 13029 "-" "Mozilla/5.0 (compatible; Googlebot/2.1; +http://www.google.com/bot.html)"
66.249.76.52 - - [07/Apr/2013:10:29:13 +0900] "GET /ontolopedia/disp/word_show/136860 HTTP/1.1" 200 4159 "-" "Mozilla/5.0 (compatible; Googlebot/2.1; +http://www.google.com/bot.html)"
66.249.76.52 - - [07/Apr/2013:10:29:16 +0900] "GET /ontolopedia/disp/word_show/199731 HTTP/1.1" 200 6827 "-" "Mozilla/5.0 (compatible; Googlebot/2.1; +http://www.google.com/bot.html)"
66.249.76.52 - - [07/Apr/2013:10:29:19 +0900] "GET /ontolopedia/disp/word_show/243807 HTTP/1.1" 200 5664 "-" "Mozilla/5.0 (compatible; Googlebot/2.1; +http://www.google.com/bot.html)"
66.249.76.52 - - [07/Apr/2013:10:29:25 +0900] "GET /ontolopedia/disp/word_show/38004 HTTP/1.1" 200 12060 "-" "Mozilla/5.0 (compatible; Googlebot/2.1; +http://www.google.com/bot.html)"
66.249.76.52 - - [07/Apr/2013:10:29:32 +0900] "GET /ontolopedia/disp/word_show/229783 HTTP/1.1" 200 17075 "-" "Mozilla/5.0 (compatible; Googlebot/2.1; +http://www.google.com/bot.html)"
66.249.76.52 - - [07/Apr/2013:10:29:33 +0900] "GET /ontolopedia/disp/word_show/394453 HTTP/1.1" 200 14987 "-" "Mozilla/5.0 (compatible; Googlebot/2.1; +http://www.google.com/bot.html)"
66.249.76.52 - - [07/Apr/2013:10:29:38 +0900] "GET /ontolopedia/disp/word_show/442608 HTTP/1.1" 200 4529 "-" "Mozilla/5.0 (compatible; Googlebot/2.1; +http://www.google.com/bot.html)"
157.56.93.196 - - [07/Apr/2013:10:29:38 +0900] "GET /~yosshi/blog/2009/07/02/ HTTP/1.1" 404 222 "-" "Mozilla/5.0 (compatible; bingbot/2.0; +http://www.bing.com/bingbot.htm)"
66.249.76.52 - - [07/Apr/2013:10:29:44 +0900] "GET /ontolopedia/disp/word_show/160921 HTTP/1.1" 200 4235 "-" "Mozilla/5.0 (compatible; Googlebot/2.1; +http://www.google.com/bot.html)"
66.249.76.52 - - [07/Apr/2013:10:29:48 +0900] "GET /ontolopedia/disp/word_show/254478 HTTP/1.1" 200 6813 "-" "Mozilla/5.0 (compatible; Googlebot/2.1; +http://www.google.com/bot.html)"
66.249.76.52 - - [07/Apr/2013:10:29:50 +0900] "GET /ontolopedia/disp/word_show/205559 HTTP/1.1" 200 4234 "-" "Mozilla/5.0 (compatible; Googlebot/2.1; +http://www.google.com/bot.html)"
66.249.76.52 - - [07/Apr/2013:10:29:56 +0900] "GET /ontolopedia/disp/word_show/135776 HTTP/1.1" 200 7465 "-" "Mozilla/5.0 (compatible; Googlebot/2.1; +http://www.google.com/bot.html)"
66.249.76.52 - - [07/Apr/2013:10:30:02 +0900] "GET /ontolopedia/disp/word_show/237957 HTTP/1.1" 200 5232 "-" "Mozilla/5.0 (compatible; Googlebot/2.1; +http://www.google.com/bot.html)"
66.249.76.52 - - [07/Apr/2013:10:30:03 +0900] "GET /ontolopedia/disp/word_show/238399 HTTP/1.1" 200 7259 "-" "Mozilla/5.0 (compatible; Googlebot/2.1; +http://www.google.com/bot.html)"
66.249.76.52 - - [07/Apr/2013:10:30:08 +0900] "GET /ontolopedia/disp/word_show/392565 HTTP/1.1" 200 13694 "-" "Mozilla/5.0 (compatible; Googlebot/2.1; +http://www.google.com/bot.html)"
66.249.76.52 - - [07/Apr/2013:10:30:14 +0900] "GET /ontolopedia/disp/word_show/119077 HTTP/1.1" 200 4172 "-" "Mozilla/5.0 (compatible; Googlebot/2.1; +http://www.google.com/bot.html)"
66.249.76.52 - - [07/Apr/2013:10:30:19 +0900] "GET /ontolopedia/disp/word_show/348070 HTTP/1.1" 200 22116 "-" "Mozilla/5.0 (compatible; Googlebot/2.1; +http://www.google.com/bot.html)"
66.249.76.52 - - [07/Apr/2013:10:30:21 +0900] "GET /ontolopedia/disp/word_show/151651 HTTP/1.1" 200 5180 "-" "Mozilla/5.0 (compatible; Googlebot/2.1; +http://www.google.com/bot.html)"
66.249.76.52 - - [07/Apr/2013:10:30:26 +0900] "GET /ontolopedia/disp/word_show/426557 HTTP/1.1" 200 11592 "-" "Mozilla/5.0 (compatible; Googlebot/2.1; +http://www.google.com/bot.html)"
72.14.199.52 - - [07/Apr/2013:10:30:27 +0900] "GET /~yosshi/wiki-old/index.php?cmd=edit&page=%C6%FC%B5%AD%2F2004-11-16 HTTP/1.1" 200 1805 "-" "DoCoMo/2.0 N905i(c100;TB;W24H16) (compatible; Googlebot-Mobile/2.1; +http://www.google.com/bot.html)"
66.249.76.52 - - [07/Apr/2013:10:30:32 +0900] "GET /ontolopedia/disp/word_show/333972 HTTP/1.1" 200 8195 "-" "Mozilla/5.0 (compatible; Googlebot/2.1; +http://www.google.com/bot.html)"
66.249.76.52 - - [07/Apr/2013:10:30:35 +0900] "GET /ontolopedia/disp/word_show/354607 HTTP/1.1" 200 5559 "-" "Mozilla/5.0 (compatible; Googlebot/2.1; +http://www.google.com/bot.html)"
66.249.76.52 - - [07/Apr/2013:10:30:36 +0900] "GET /~yosshi/wiki-old/index.php?cmd=edit&page=%C6%FC%B5%AD%2F1950-10-07 HTTP/1.1" 200 1805 "-" "SAMSUNG-SGH-E250/1.0 Profile/MIDP-2.0 Configuration/CLDC-1.1 UP.Browser/6.2.3.3.c.1.101 (GUI) MMP/2.0 (compatible; Googlebot-Mobile/2.1; +http://www.google.com/bot.html)"
66.249.76.52 - - [07/Apr/2013:10:30:38 +0900] "GET /ontolopedia/disp/word_show/139227 HTTP/1.1" 200 5249 "-" "Mozilla/5.0 (compatible; Googlebot/2.1; +http://www.google.com/bot.html)"
66.249.76.52 - - [07/Apr/2013:10:30:44 +0900] "GET /ontolopedia/disp/word_show/31850 HTTP/1.1" 200 10599 "-" "Mozilla/5.0 (compatible; Googlebot/2.1; +http://www.google.com/bot.html)"
66.249.76.52 - - [07/Apr/2013:10:30:50 +0900] "GET /ontolopedia/disp/word_show/297807 HTTP/1.1" 200 5280 "-" "Mozilla/5.0 (compatible; Googlebot/2.1; +http://www.google.com/bot.html)"
66.249.76.52 - - [07/Apr/2013:10:30:51 +0900] "GET /ontolopedia/disp/word_show/327536 HTTP/1.1" 200 5108 "-" "Mozilla/5.0 (compatible; Googlebot/2.1; +http://www.google.com/bot.html)"
66.249.76.52 - - [07/Apr/2013:10:30:56 +0900] "GET /ontolopedia/disp/word_show/357113 HTTP/1.1" 200 7442 "-" "Mozilla/5.0 (compatible; Googlebot/2.1; +http://www.google.com/bot.html)"
66.249.76.52 - - [07/Apr/2013:10:31:02 +0900] "GET /ontolopedia/disp/word_show/400963 HTTP/1.1" 200 7358 "-" "Mozilla/5.0 (compatible; Googlebot/2.1; +http://www.google.com/bot.html)"
66.249.76.52 - - [07/Apr/2013:10:31:06 +0900] "GET /ontolopedia/disp/word_show/340645 HTTP/1.1" 200 6564 "-" "Mozilla/5.0 (compatible; Googlebot/2.1; +http://www.google.com/bot.html)"
66.249.76.52 - - [07/Apr/2013:10:31:08 +0900] "GET /ontolopedia/disp/word_show/114505 HTTP/1.1" 200 12683 "-" "Mozilla/5.0 (compatible; Googlebot/2.1; +http://www.google.com/bot.html)"
66.249.76.52 - - [07/Apr/2013:10:31:14 +0900] "GET /ontolopedia/disp/word_show/358711 HTTP/1.1" 200 4167 "-" "Mozilla/5.0 (compatible; Googlebot/2.1; +http://www.google.com/bot.html)"
66.249.76.52 - - [07/Apr/2013:10:31:20 +0900] "GET /ontolopedia/disp/word_show/3067 HTTP/1.1" 200 6100 "-" "Mozilla/5.0 (compatible; Googlebot/2.1; +http://www.google.com/bot.html)"
66.249.76.52 - - [07/Apr/2013:10:31:22 +0900] "GET /ontolopedia/disp/word_show/256214 HTTP/1.1" 200 4840 "-" "Mozilla/5.0 (compatible; Googlebot/2.1; +http://www.google.com/bot.html)"
66.249.76.52 - - [07/Apr/2013:10:31:26 +0900] "GET /ontolopedia/disp/word_show/492925 HTTP/1.1" 200 5105 "-" "Mozilla/5.0 (compatible; Googlebot/2.1; +http://www.google.com/bot.html)"
66.249.76.52 - - [07/Apr/2013:10:31:27 +0900] "GET /~yosshi/wiki-old/index.php?plugin=newpage&refer=%C6%FC%B5%AD%2F2017-04-09 HTTP/1.1" 200 795 "-" "SAMSUNG-SGH-E250/1.0 Profile/MIDP-2.0 Configuration/CLDC-1.1 UP.Browser/6.2.3.3.c.1.101 (GUI) MMP/2.0 (compatible; Googlebot-Mobile/2.1; +http://www.google.com/bot.html)"
66.249.76.52 - - [07/Apr/2013:10:31:32 +0900] "GET /ontolopedia/disp/word_show/466893 HTTP/1.1" 200 7598 "-" "Mozilla/5.0 (compatible; Googlebot/2.1; +http://www.google.com/bot.html)"
66.249.76.52 - - [07/Apr/2013:10:31:38 +0900] "GET /ontolopedia/disp/word_show/425475 HTTP/1.1" 200 9157 "-" "Mozilla/5.0 (compatible; Googlebot/2.1; +http://www.google.com/bot.html)"
