66.249.76.52 - - [07/Apr/2013:12:24:48 +0900] "GET /ontolopedia/disp/word_show/162953 HTTP/1.1" 200 5537 "-" "Mozilla/5.0 (compatible; Googlebot/2.1; +http://www.google.com/bot.html)"
202.180.34.186 - - [07/Apr/2013:12:24:50 +0900] "GET /ontolopedia/disp/word_show/304755 HTTP/1.1" 200 5098 "-" "ICC-Crawler/2.0 (Mozilla-compatible; ; http://kc.nict.go.jp/project1/crawl.html)"
66.249.76.52 - - [07/Apr/2013:12:24:51 +0900] "GET /ontolopedia/disp/word_show/61794 HTTP/1.1" 200 7897 "-" "Mozilla/5.0 (compatible; Googlebot/2.1; +http://www.google.com/bot.html)"
202.180.34.186 - - [07/Apr/2013:12:24:55 +0900] "GET /ontolopedia/disp/word_show/186751 HTTP/1.1" 200 6991 "-" "ICC-Crawler/2.0 (Mozilla-compatible; ; http://kc.nict.go.jp/project1/crawl.html)"
66.249.76.52 - - [07/Apr/2013:12:24:57 +0900] "GET /ontolopedia/disp/word_show/482057 HTTP/1.1" 200 5971 "-" "Mozilla/5.0 (compatible; Googlebot/2.1; +http://www.google.com/bot.html)"
202.180.34.186 - - [07/Apr/2013:12:25:00 +0900] "GET /ontolopedia/disp/word_show/190811 HTTP/1.1" 200 11361 "-" "ICC-Crawler/2.0 (Mozilla-compatible; ; http://kc.nict.go.jp/project1/crawl.html)"
66.249.76.52 - - [07/Apr/2013:12:25:03 +0900] "GET /ontolopedia/disp/word_show/472578 HTTP/1.1" 200 6310 "-" "Mozilla/5.0 (compatible; Googlebot/2.1; +http://www.google.com/bot.html)"
66.249.76.52 - - [07/Apr/2013:12:25:04 +0900] "GET /ontolopedia/disp/word_show/281350 HTTP/1.1" 200 4299 "-" "Mozilla/5.0 (compatible; Googlebot/2.1; +http://www.google.com/bot.html)"
202.180.34.186 - - [07/Apr/2013:12:25:06 +0900] "GET /ontolopedia/disp/word_show/51907 HTTP/1.1" 200 4149 "-" "ICC-Crawler/2.0 (Mozilla-compatible; ; http://kc.nict.go.jp/project1/crawl.html)"
66.249.76.52 - - [07/Apr/2013:12:25:09 +0900] "GET /ontolopedia/disp/word_show/51572 HTTP/1.1" 200 6538 "-" "Mozilla/5.0 (compatible; Googlebot/2.1; +http://www.google.com/bot.html)"
202.180.34.186 - - [07/Apr/2013:12:25:11 +0900] "GET /ontolopedia/disp/word_show/163278 HTTP/1.1" 200 7312 "-" "ICC-Crawler/2.0 (Mozilla-compatible; ; http://kc.nict.go.jp/project1/crawl.html)"
66.249.76.52 - - [07/Apr/2013:12:25:13 +0900] "GET /~yosshi/wiki-old/index.php?cmd=edit&help=true&page=%C6%FC%B5%AD%2F2017-04-02 HTTP/1.1" 200 50 "-" "SAMSUNG-SGH-E250/1.0 Profile/MIDP-2.0 Configuration/CLDC-1.1 UP.Browser/6.2.3.3.c.1.101 (GUI) MMP/2.0 (compatible; Googlebot-Mobile/2.1; +http://www.google.com/bot.html)"
66.249.76.52 - - [07/Apr/2013:12:25:16 +0900] "GET /ontolopedia/disp/word_show/61792 HTTP/1.1" 200 6665 "-" "Mozilla/5.0 (compatible; Googlebot/2.1; +http://www.google.com/bot.html)"
202.180.34.186 - - [07/Apr/2013:12:25:17 +0900] "GET /ontolopedia/disp/word_show/170326 HTTP/1.1" 200 12583 "-" "ICC-Crawler/2.0 (Mozilla-compatible; ; http://kc.nict.go.jp/project1/crawl.html)"
66.249.76.52 - - [07/Apr/2013:12:25:20 +0900] "GET /ontolopedia/disp/word_show/485306 HTTP/1.1" 200 5685 "-" "Mozilla/5.0 (compatible; Googlebot/2.1; +http://www.google.com/bot.html)"
66.249.76.52 - - [07/Apr/2013:12:25:21 +0900] "GET /ontolopedia/disp/word_show/152595 HTTP/1.1" 500 309 "-" "Mozilla/5.0 (compatible; Googlebot/2.1; +http://www.google.com/bot.html)"
202.180.34.186 - - [07/Apr/2013:12:25:22 +0900] "GET /ontolopedia/disp/word_show/80789 HTTP/1.1" 200 7438 "-" "ICC-Crawler/2.0 (Mozilla-compatible; ; http://kc.nict.go.jp/project1/crawl.html)"
202.180.34.186 - - [07/Apr/2013:12:25:27 +0900] "GET /ontolopedia/disp/word_show/206463 HTTP/1.1" 200 7211 "-" "ICC-Crawler/2.0 (Mozilla-compatible; ; http://kc.nict.go.jp/project1/crawl.html)"
66.249.76.52 - - [07/Apr/2013:12:25:31 +0900] "GET /ontolopedia/disp/word_show/99868 HTTP/1.1" 200 7571 "-" "Mozilla/5.0 (compatible; Googlebot/2.1; +http://www.google.com/bot.html)"
66.249.76.52 - - [07/Apr/2013:12:25:32 +0900] "GET /ontolopedia/disp/word_show/103921 HTTP/1.1" 200 4196 "-" "Mozilla/5.0 (compatible; Googlebot/2.1; +http://www.google.com/bot.html)"
202.180.34.186 - - [07/Apr/2013:12:25:33 +0900] "GET /ontolopedia/disp/word_show/316043 HTTP/1.1" 200 8465 "-" "ICC-Crawler/2.0 (Mozilla-compatible; ; http://kc.nict.go.jp/project1/crawl.html)"
66.249.76.52 - - [07/Apr/2013:12:25:34 +0900] "GET /ontolopedia/disp/word_show/128117 HTTP/1.1" 200 6064 "-" "Mozilla/5.0 (compatible; Googlebot/2.1; +http://www.google.com/bot.html)"
66.249.76.52 - - [07/Apr/2013:12:25:37 +0900] "GET /ontolopedia/disp/word_show/101854 HTTP/1.1" 500 309 "-" "Mozilla/5.0 (compatible; Googlebot/2.1; +http://www.google.com/bot.html)"
72.14.199.52 - - [07/Apr/2013:12:25:38 +0900] "GET /~yosshi/wiki-old/index.php?cmd=edit&help=true&page=%C6%FC%B5%AD%2F2021-05-18 HTTP/1.1" 200 50 "-" "DoCoMo/2.0 N905i(c100;TB;W24H16) (compatible; Googlebot-Mobile/2.1; +http://www.google.com/bot.html)"
202.180.34.186 - - [07/Apr/2013:12:25:38 +0900] "GET /ontolopedia/disp/word_show/348196 HTTP/1.1" 200 4185 "-" "ICC-Crawler/2.0 (Mozilla-compatible; ; http://kc.nict.go.jp/project1/crawl.html)"
202.180.34.186 - - [07/Apr/2013:12:25:44 +0900] "GET /ontolopedia/disp/word_show/76777 HTTP/1.1" 200 5453 "-" "ICC-Crawler/2.0 (Mozilla-compatible; ; http://kc.nict.go.jp/project1/crawl.html)"
66.249.76.52 - - [07/Apr/2013:12:25:47 +0900] "GET /ontolopedia/disp/word_show/103772 HTTP/1.1" 200 5178 "-" "Mozilla/5.0 (compatible; Googlebot/2.1; +http://www.google.com/bot.html)"
202.180.34.186 - - [07/Apr/2013:12:25:49 +0900] "GET /ontolopedia/disp/word_show/168190 HTTP/1.1" 200 4214 "-" "ICC-Crawler/2.0 (Mozilla-compatible; ; http://kc.nict.go.jp/project1/crawl.html)"
66.249.76.52 - - [07/Apr/2013:12:25:52 +0900] "GET /ontolopedia/disp/word_show/165757 HTTP/1.1" 200 4193 "-" "Mozilla/5.0 (compatible; Googlebot/2.1; +http://www.google.com/bot.html)"
66.249.76.52 - - [07/Apr/2013:12:25:53 +0900] "GET /ontolopedia/disp/word_show/137758 HTTP/1.1" 200 7623 "-" "Mozilla/5.0 (compatible; Googlebot/2.1; +http://www.google.com/bot.html)"
202.180.34.186 - - [07/Apr/2013:12:25:54 +0900] "GET /ontolopedia/disp/word_show/134302 HTTP/1.1" 200 4199 "-" "ICC-Crawler/2.0 (Mozilla-compatible; ; http://kc.nict.go.jp/project1/crawl.html)"
66.249.76.52 - - [07/Apr/2013:12:25:58 +0900] "GET /ontolopedia/disp/word_show/113139 HTTP/1.1" 200 5583 "-" "Mozilla/5.0 (compatible; Googlebot/2.1; +http://www.google.com/bot.html)"
202.180.34.186 - - [07/Apr/2013:12:25:59 +0900] "GET /ontolopedia/disp/word_show/188040 HTTP/1.1" 200 4450 "-" "ICC-Crawler/2.0 (Mozilla-compatible; ; http://kc.nict.go.jp/project1/crawl.html)"
180.76.5.26 - - [07/Apr/2013:12:26:03 +0900] "GET /note/ HTTP/1.1" 200 81819 "-" "Mozilla/5.0 (compatible; Baiduspider/2.0; +http://www.baidu.com/search/spider.html)"
66.249.76.52 - - [07/Apr/2013:12:26:04 +0900] "GET /ontolopedia/disp/word_show/190184 HTTP/1.1" 200 6198 "-" "Mozilla/5.0 (compatible; Googlebot/2.1; +http://www.google.com/bot.html)"
202.180.34.186 - - [07/Apr/2013:12:26:05 +0900] "GET /ontolopedia/disp/word_show/24490 HTTP/1.1" 200 9100 "-" "ICC-Crawler/2.0 (Mozilla-compatible; ; http://kc.nict.go.jp/project1/crawl.html)"
66.249.76.52 - - [07/Apr/2013:12:26:10 +0900] "GET /ontolopedia/disp/word_show/320694 HTTP/1.1" 200 5725 "-" "Mozilla/5.0 (compatible; Googlebot/2.1; +http://www.google.com/bot.html)"
202.180.34.186 - - [07/Apr/2013:12:26:10 +0900] "GET /ontolopedia/disp/word_show/97385 HTTP/1.1" 200 10370 "-" "ICC-Crawler/2.0 (Mozilla-compatible; ; http://kc.nict.go.jp/project1/crawl.html)"
66.249.76.52 - - [07/Apr/2013:12:26:10 +0900] "GET /ontolopedia/disp/word_show/195536 HTTP/1.1" 200 7108 "-" "Mozilla/5.0 (compatible; Googlebot/2.1; +http://www.google.com/bot.html)"
202.180.34.186 - - [07/Apr/2013:12:26:16 +0900] "GET /ontolopedia/disp/word_show/240472 HTTP/1.1" 200 7787 "-" "ICC-Crawler/2.0 (Mozilla-compatible; ; http://kc.nict.go.jp/project1/crawl.html)"
66.249.76.52 - - [07/Apr/2013:12:26:16 +0900] "GET /ontolopedia/disp/word_show/141192 HTTP/1.1" 200 4178 "-" "Mozilla/5.0 (compatible; Googlebot/2.1; +http://www.google.com/bot.html)"
66.249.76.52 - - [07/Apr/2013:12:26:21 +0900] "GET /~yosshi/wiki-old/index.php?cmd=edit&page=%C6%FC%B5%AD%2F1957-08-17 HTTP/1.1" 200 1805 "-" "SAMSUNG-SGH-E250/1.0 Profile/MIDP-2.0 Configuration/CLDC-1.1 UP.Browser/6.2.3.3.c.1.101 (GUI) MMP/2.0 (compatible; Googlebot-Mobile/2.1; +http://www.google.com/bot.html)"
202.180.34.186 - - [07/Apr/2013:12:26:21 +0900] "GET /ontolopedia/disp/word_show/53714 HTTP/1.1" 200 6853 "-" "ICC-Crawler/2.0 (Mozilla-compatible; ; http://kc.nict.go.jp/project1/crawl.html)"
66.249.76.52 - - [07/Apr/2013:12:26:22 +0900] "GET /ontolopedia/disp/word_show/183587 HTTP/1.1" 200 8379 "-" "Mozilla/5.0 (compatible; Googlebot/2.1; +http://www.google.com/bot.html)"
66.249.76.52 - - [07/Apr/2013:12:26:26 +0900] "GET /ontolopedia/disp/word_show/169391 HTTP/1.1" 200 9071 "-" "Mozilla/5.0 (compatible; Googlebot/2.1; +http://www.google.com/bot.html)"
202.180.34.186 - - [07/Apr/2013:12:26:27 +0900] "GET /ontolopedia/disp/word_show/6484 HTTP/1.1" 200 5587 "-" "ICC-Crawler/2.0 (Mozilla-compatible; ; http://kc.nict.go.jp/project1/crawl.html)"
66.249.76.52 - - [07/Apr/2013:12:26:28 +0900] "GET /ontolopedia/disp/word_show/211664 HTTP/1.1" 200 6416 "-" "Mozilla/5.0 (compatible; Googlebot/2.1; +http://www.google.com/bot.html)"
202.180.34.186 - - [07/Apr/2013:12:26:32 +0900] "GET /ontolopedia/disp/word_show/401939 HTTP/1.1" 200 5611 "-" "ICC-Crawler/2.0 (Mozilla-compatible; ; http://kc.nict.go.jp/project1/crawl.html)"
66.249.76.52 - - [07/Apr/2013:12:26:34 +0900] "GET /ontolopedia/disp/word_show/155103 HTTP/1.1" 200 8785 "-" "Mozilla/5.0 (compatible; Googlebot/2.1; +http://www.google.com/bot.html)"
202.180.34.186 - - [07/Apr/2013:12:26:37 +0900] "GET /ontolopedia/disp/word_show/218321 HTTP/1.1" 200 4198 "-" "ICC-Crawler/2.0 (Mozilla-compatible; ; http://kc.nict.go.jp/project1/crawl.html)"
66.249.76.52 - - [07/Apr/2013:12:26:40 +0900] "GET /ontolopedia/disp/word_show/127200 HTTP/1.1" 200 6961 "-" "Mozilla/5.0 (compatible; Googlebot/2.1; +http://www.google.com/bot.html)"
66.249.76.52 - - [07/Apr/2013:12:26:42 +0900] "GET /ontolopedia/disp/word_show/204580 HTTP/1.1" 200 4676 "-" "Mozilla/5.0 (compatible; Googlebot/2.1; +http://www.google.com/bot.html)"
202.180.34.186 - - [07/Apr/2013:12:26:43 +0900] "GET /ontolopedia/disp/word_show/51898 HTTP/1.1" 200 11710 "-" "ICC-Crawler/2.0 (Mozilla-compatible; ; http://kc.nict.go.jp/project1/crawl.html)"
66.249.76.52 - - [07/Apr/2013:12:26:46 +0900] "GET /ontolopedia/disp/word_show/245636 HTTP/1.1" 200 6731 "-" "Mozilla/5.0 (compatible; Googlebot/2.1; +http://www.google.com/bot.html)"
202.180.34.186 - - [07/Apr/2013:12:26:48 +0900] "GET /ontolopedia/disp/word_show/20737 HTTP/1.1" 200 5333 "-" "ICC-Crawler/2.0 (Mozilla-compatible; ; http://kc.nict.go.jp/project1/crawl.html)"
66.249.76.52 - - [07/Apr/2013:12:26:52 +0900] "GET /ontolopedia/disp/word_show/255194 HTTP/1.1" 200 4294 "-" "Mozilla/5.0 (compatible; Googlebot/2.1; +http://www.google.com/bot.html)"
202.180.34.186 - - [07/Apr/2013:12:26:54 +0900] "GET /ontolopedia/disp/word_show/1698 HTTP/1.1" 200 17212 "-" "ICC-Crawler/2.0 (Mozilla-compatible; ; http://kc.nict.go.jp/project1/crawl.html)"
66.249.76.52 - - [07/Apr/2013:12:26:58 +0900] "GET /ontolopedia/disp/word_show/272907 HTTP/1.1" 200 5219 "-" "Mozilla/5.0 (compatible; Googlebot/2.1; +http://www.google.com/bot.html)"
66.249.76.52 - - [07/Apr/2013:12:26:59 +0900] "GET /ontolopedia/disp/word_show/285192 HTTP/1.1" 200 4188 "-" "Mozilla/5.0 (compatible; Googlebot/2.1; +http://www.google.com/bot.html)"
202.180.34.186 - - [07/Apr/2013:12:26:59 +0900] "GET /ontolopedia/disp/word_show/251216 HTTP/1.1" 200 7729 "-" "ICC-Crawler/2.0 (Mozilla-compatible; ; http://kc.nict.go.jp/project1/crawl.html)"
66.249.76.52 - - [07/Apr/2013:12:27:04 +0900] "GET /ontolopedia/disp/word_show/193070 HTTP/1.1" 200 9301 "-" "Mozilla/5.0 (compatible; Googlebot/2.1; +http://www.google.com/bot.html)"
202.180.34.186 - - [07/Apr/2013:12:27:05 +0900] "GET /ontolopedia/disp/word_show/233271 HTTP/1.1" 200 8522 "-" "ICC-Crawler/2.0 (Mozilla-compatible; ; http://kc.nict.go.jp/project1/crawl.html)"
66.249.76.52 - - [07/Apr/2013:12:27:10 +0900] "GET /ontolopedia/disp/word_show/344618 HTTP/1.1" 200 5815 "-" "Mozilla/5.0 (compatible; Googlebot/2.1; +http://www.google.com/bot.html)"
202.180.34.186 - - [07/Apr/2013:12:27:10 +0900] "GET /ontolopedia/disp/word_show/358453 HTTP/1.1" 200 20448 "-" "ICC-Crawler/2.0 (Mozilla-compatible; ; http://kc.nict.go.jp/project1/crawl.html)"
66.249.76.52 - - [07/Apr/2013:12:27:14 +0900] "GET /ontolopedia/disp/word_show/280709 HTTP/1.1" 200 6173 "-" "Mozilla/5.0 (compatible; Googlebot/2.1; +http://www.google.com/bot.html)"
202.180.34.186 - - [07/Apr/2013:12:27:16 +0900] "GET /ontolopedia/disp/word_show/336037 HTTP/1.1" 200 7910 "-" "ICC-Crawler/2.0 (Mozilla-compatible; ; http://kc.nict.go.jp/project1/crawl.html)"
66.249.76.52 - - [07/Apr/2013:12:27:16 +0900] "GET /ontolopedia/disp/word_show/248886 HTTP/1.1" 200 7241 "-" "Mozilla/5.0 (compatible; Googlebot/2.1; +http://www.google.com/bot.html)"
202.180.34.186 - - [07/Apr/2013:12:27:21 +0900] "GET /ontolopedia/disp/word_show/12882 HTTP/1.1" 200 9373 "-" "ICC-Crawler/2.0 (Mozilla-compatible; ; http://kc.nict.go.jp/project1/crawl.html)"
66.249.76.52 - - [07/Apr/2013:12:27:22 +0900] "GET /ontolopedia/disp/word_show/195367 HTTP/1.1" 200 7507 "-" "Mozilla/5.0 (compatible; Googlebot/2.1; +http://www.google.com/bot.html)"
202.180.34.186 - - [07/Apr/2013:12:27:27 +0900] "GET /ontolopedia/disp/word_show/199790 HTTP/1.1" 200 7486 "-" "ICC-Crawler/2.0 (Mozilla-compatible; ; http://kc.nict.go.jp/project1/crawl.html)"
66.249.76.52 - - [07/Apr/2013:12:27:28 +0900] "GET /ontolopedia/disp/word_show/296211 HTTP/1.1" 200 7606 "-" "Mozilla/5.0 (compatible; Googlebot/2.1; +http://www.google.com/bot.html)"
66.249.76.52 - - [07/Apr/2013:12:27:30 +0900] "GET /ontolopedia/disp/word_show/324266 HTTP/1.1" 200 10952 "-" "Mozilla/5.0 (compatible; Googlebot/2.1; +http://www.google.com/bot.html)"
66.249.76.52 - - [07/Apr/2013:12:27:32 +0900] "GET /ontolopedia/disp/word_show/56330 HTTP/1.1" 200 4514 "-" "Mozilla/5.0 (compatible; Googlebot/2.1; +http://www.google.com/bot.html)"
202.180.34.186 - - [07/Apr/2013:12:27:32 +0900] "GET /ontolopedia/disp/word_show/304644 HTTP/1.1" 200 9884 "-" "ICC-Crawler/2.0 (Mozilla-compatible; ; http://kc.nict.go.jp/project1/crawl.html)"
66.249.76.52 - - [07/Apr/2013:12:27:34 +0900] "GET /ontolopedia/disp/word_show/306344 HTTP/1.1" 200 6596 "-" "Mozilla/5.0 (compatible; Googlebot/2.1; +http://www.google.com/bot.html)"
202.180.34.186 - - [07/Apr/2013:12:27:38 +0900] "GET /ontolopedia/disp/word_show/154194 HTTP/1.1" 200 5181 "-" "ICC-Crawler/2.0 (Mozilla-compatible; ; http://kc.nict.go.jp/project1/crawl.html)"
66.249.76.52 - - [07/Apr/2013:12:27:41 +0900] "GET /ontolopedia/disp/word_show/298705 HTTP/1.1" 200 9520 "-" "Mozilla/5.0 (compatible; Googlebot/2.1; +http://www.google.com/bot.html)"
202.180.34.186 - - [07/Apr/2013:12:27:43 +0900] "GET /ontolopedia/disp/word_show/247130 HTTP/1.1" 200 4506 "-" "ICC-Crawler/2.0 (Mozilla-compatible; ; http://kc.nict.go.jp/project1/crawl.html)"
66.249.76.52 - - [07/Apr/2013:12:27:47 +0900] "GET /ontolopedia/disp/word_show/116958 HTTP/1.1" 500 309 "-" "Mozilla/5.0 (compatible; Googlebot/2.1; +http://www.google.com/bot.html)"
202.180.34.186 - - [07/Apr/2013:12:27:48 +0900] "GET /ontolopedia/disp/word_show/468214 HTTP/1.1" 200 8514 "-" "ICC-Crawler/2.0 (Mozilla-compatible; ; http://kc.nict.go.jp/project1/crawl.html)"
202.180.34.186 - - [07/Apr/2013:12:27:54 +0900] "GET /ontolopedia/disp/word_show/340701 HTTP/1.1" 200 4184 "-" "ICC-Crawler/2.0 (Mozilla-compatible; ; http://kc.nict.go.jp/project1/crawl.html)"
66.249.76.52 - - [07/Apr/2013:12:27:57 +0900] "GET /ontolopedia/disp/word_show/286142 HTTP/1.1" 200 6029 "-" "Mozilla/5.0 (compatible; Googlebot/2.1; +http://www.google.com/bot.html)"
66.249.76.52 - - [07/Apr/2013:12:27:59 +0900] "GET /ontolopedia/disp/word_show/307530 HTTP/1.1" 200 6384 "-" "Mozilla/5.0 (compatible; Googlebot/2.1; +http://www.google.com/bot.html)"
202.180.34.186 - - [07/Apr/2013:12:27:59 +0900] "GET /ontolopedia/disp/word_show/405761 HTTP/1.1" 200 4770 "-" "ICC-Crawler/2.0 (Mozilla-compatible; ; http://kc.nict.go.jp/project1/crawl.html)"
66.249.76.52 - - [07/Apr/2013:12:28:03 +0900] "GET /ontolopedia/disp/word_show/454551 HTTP/1.1" 200 5742 "-" "Mozilla/5.0 (compatible; Googlebot/2.1; +http://www.google.com/bot.html)"
202.180.34.186 - - [07/Apr/2013:12:28:05 +0900] "GET /ontolopedia/disp/word_show/112445 HTTP/1.1" 200 10027 "-" "ICC-Crawler/2.0 (Mozilla-compatible; ; http://kc.nict.go.jp/project1/crawl.html)"
66.249.76.52 - - [07/Apr/2013:12:28:05 +0900] "GET /ontolopedia/disp/word_show/31969 HTTP/1.1" 200 7568 "-" "Mozilla/5.0 (compatible; Googlebot/2.1; +http://www.google.com/bot.html)"
173.199.114.179 - - [07/Apr/2013:12:28:07 +0900] "GET /ontolopedia/disp/word_show/56250 HTTP/1.1" 200 16887 "-" "Mozilla/5.0 (compatible; AhrefsBot/4.0; +http://ahrefs.com/robot/)"
66.249.76.52 - - [07/Apr/2013:12:28:09 +0900] "GET /ontolopedia/disp/word_show/76227 HTTP/1.1" 200 7847 "-" "Mozilla/5.0 (compatible; Googlebot/2.1; +http://www.google.com/bot.html)"
202.180.34.186 - - [07/Apr/2013:12:28:10 +0900] "GET /ontolopedia/disp/word_show/483750 HTTP/1.1" 200 4179 "-" "ICC-Crawler/2.0 (Mozilla-compatible; ; http://kc.nict.go.jp/project1/crawl.html)"
157.55.35.82 - - [07/Apr/2013:12:28:11 +0900] "GET /~yosshi/blog/2008/10/04/tweets-on-2008-10-04/ HTTP/1.1" 404 243 "-" "Mozilla/5.0 (compatible; bingbot/2.0; +http://www.bing.com/bingbot.htm)"
66.249.76.52 - - [07/Apr/2013:12:28:11 +0900] "GET /ontolopedia/disp/word_show/279642 HTTP/1.1" 200 8110 "-" "Mozilla/5.0 (compatible; Googlebot/2.1; +http://www.google.com/bot.html)"
202.180.34.186 - - [07/Apr/2013:12:28:16 +0900] "GET /ontolopedia/disp/word_show/355440 HTTP/1.1" 200 4300 "-" "ICC-Crawler/2.0 (Mozilla-compatible; ; http://kc.nict.go.jp/project1/crawl.html)"
66.249.76.52 - - [07/Apr/2013:12:28:17 +0900] "GET /ontolopedia/disp/word_show/470930 HTTP/1.1" 200 7384 "-" "Mozilla/5.0 (compatible; Googlebot/2.1; +http://www.google.com/bot.html)"
66.249.76.52 - - [07/Apr/2013:12:28:19 +0900] "GET /ontolopedia/disp/word_show/170435 HTTP/1.1" 200 6036 "-" "Mozilla/5.0 (compatible; Googlebot/2.1; +http://www.google.com/bot.html)"
202.180.34.186 - - [07/Apr/2013:12:28:21 +0900] "GET /ontolopedia/disp/word_show/263024 HTTP/1.1" 200 12126 "-" "ICC-Crawler/2.0 (Mozilla-compatible; ; http://kc.nict.go.jp/project1/crawl.html)"
66.249.76.52 - - [07/Apr/2013:12:28:23 +0900] "GET /ontolopedia/disp/word_show/472470 HTTP/1.1" 200 6546 "-" "Mozilla/5.0 (compatible; Googlebot/2.1; +http://www.google.com/bot.html)"
66.249.76.52 - - [07/Apr/2013:12:28:24 +0900] "GET /~yosshi/wiki-old/index.php?plugin=newpage&refer=%C6%FC%B5%AD%2F2017-08-11 HTTP/1.1" 200 795 "-" "SAMSUNG-SGH-E250/1.0 Profile/MIDP-2.0 Configuration/CLDC-1.1 UP.Browser/6.2.3.3.c.1.101 (GUI) MMP/2.0 (compatible; Googlebot-Mobile/2.1; +http://www.google.com/bot.html)"
157.56.93.73 - - [07/Apr/2013:12:28:25 +0900] "GET /wiki/index.php?cmd=diff&page=%A5%BC%A5%DF%A5%ED%A5%B0%2F2006%2F%C2%E805%B2%F3 HTTP/1.1" 200 9404 "-" "Mozilla/5.0 (compatible; bingbot/2.0; +http://www.bing.com/bingbot.htm)"
157.56.93.73 - - [07/Apr/2013:12:28:26 +0900] "GET /wiki/index.php?cmd=diff&page=%A5%BC%A5%DF%A5%ED%A5%B0%2F2006%2F%C2%E820%B2%F3 HTTP/1.1" 200 9470 "-" "Mozilla/5.0 (compatible; bingbot/2.0; +http://www.bing.com/bingbot.htm)"
157.56.93.73 - - [07/Apr/2013:12:28:25 +0900] "GET /~info3/wiki/index.php?cmd=backup&action=&page=2006%2Finfo3%2F%C2%E7%BE%EB%A1%F5%C3%CE%C7%B0%C8%C9&age=6 HTTP/1.1" 200 7784 "-" "Mozilla/5.0 (compatible; bingbot/2.0; +http://www.bing.com/bingbot.htm)"
202.180.34.186 - - [07/Apr/2013:12:28:27 +0900] "GET /ontolopedia/disp/word_show/289813 HTTP/1.1" 200 8230 "-" "ICC-Crawler/2.0 (Mozilla-compatible; ; http://kc.nict.go.jp/project1/crawl.html)"
157.56.93.73 - - [07/Apr/2013:12:28:28 +0900] "GET /wiki/index.php?cmd=diff&page=%A5%E1%A5%E2%C4%A2%2FWeb%A5%ED%A5%B0%A5%DE%A5%A4%A5%CB%A5%F3%A5%B0 HTTP/1.1" 200 11412 "-" "Mozilla/5.0 (compatible; bingbot/2.0; +http://www.bing.com/bingbot.htm)"
157.56.93.73 - - [07/Apr/2013:12:28:28 +0900] "GET /wiki/index.php?cmd=edit&page=hogehoge&refer=%A5%D8%A5%EB%A5%D7 HTTP/1.1" 401 7759 "-" "Mozilla/5.0 (compatible; bingbot/2.0; +http://www.bing.com/bingbot.htm)"
157.56.93.73 - - [07/Apr/2013:12:28:28 +0900] "GET /wiki/index.php?cmd=edit&page=kazuki%2F%C3%E6%B4%D6%C8%AF%C9%BD HTTP/1.1" 401 8008 "-" "Mozilla/5.0 (compatible; bingbot/2.0; +http://www.bing.com/bingbot.htm)"
157.56.93.73 - - [07/Apr/2013:12:28:29 +0900] "GET /wiki/index.php?cmd=edit&page=nal%2F%C6%FC%BB%EF%28%A5%C8%A5%A6%A5%DE%A5%CA%A5%EB%A5%A2%A5%AD%29%2F2005-05-20 HTTP/1.1" 401 8492 "-" "Mozilla/5.0 (compatible; bingbot/2.0; +http://www.bing.com/bingbot.htm)"
157.56.93.73 - - [07/Apr/2013:12:28:29 +0900] "GET /wiki/index.php?cmd=edit&page=nal%2F%C6%FC%BB%EF%28%A5%C8%A5%A6%A5%DE%A5%CA%A5%EB%A5%A2%A5%AD%29%2F2005-06-10 HTTP/1.1" 401 8492 "-" "Mozilla/5.0 (compatible; bingbot/2.0; +http://www.bing.com/bingbot.htm)"
157.56.93.73 - - [07/Apr/2013:12:28:29 +0900] "GET /wiki/index.php?cmd=edit&page=nal%2F%C6%FC%BB%EF%28%A5%C8%A5%A6%A5%DE%A5%CA%A5%EB%A5%A2%A5%AD%29%2F2005-06-28 HTTP/1.1" 401 8492 "-" "Mozilla/5.0 (compatible; bingbot/2.0; +http://www.bing.com/bingbot.htm)"
66.249.76.52 - - [07/Apr/2013:12:28:29 +0900] "GET /ontolopedia/disp/word_show/369044 HTTP/1.1" 200 5459 "-" "Mozilla/5.0 (compatible; Googlebot/2.1; +http://www.google.com/bot.html)"
157.56.93.73 - - [07/Apr/2013:12:28:30 +0900] "GET /wiki/index.php?cmd=edit&page=nal%2Fworks%2F2008 HTTP/1.1" 401 7987 "-" "Mozilla/5.0 (compatible; bingbot/2.0; +http://www.bing.com/bingbot.htm)"
157.56.93.73 - - [07/Apr/2013:12:28:30 +0900] "GET /wiki/index.php?cmd=edit&page=qqpnr HTTP/1.1" 401 7729 "-" "Mozilla/5.0 (compatible; bingbot/2.0; +http://www.bing.com/bingbot.htm)"
157.56.93.73 - - [07/Apr/2013:12:28:30 +0900] "GET /wiki/index.php?cmd=edit&page=purchase%20viagra%20uk&refer=%A5%BC%A5%DF%A5%ED%A5%B0%2F%C2%E823%B2%F3%2F1.%BC%C2%C1%F5%B2%BD%28%BD%E9%B4%FC%BD%E8%CD%FD%29%28%B6%CC%BE%EB%B3%A8%C8%FE%29 HTTP/1.1" 401 7883 "-" "Mozilla/5.0 (compatible; bingbot/2.0; +http://www.bing.com/bingbot.htm)"
157.56.93.73 - - [07/Apr/2013:12:28:31 +0900] "GET /wiki/index.php?cmd=edit&page=zemi HTTP/1.1" 401 7719 "-" "Mozilla/5.0 (compatible; bingbot/2.0; +http://www.bing.com/bingbot.htm)"
157.56.93.73 - - [07/Apr/2013:12:28:31 +0900] "GET /wiki/index.php?cmd=freeze&page=%A5%BC%A5%DF%A5%ED%A5%B0%2F%C2%E823%B2%F3%2F5.%CE%D8%B3%D4%A4%F2%A4%C8%A4%EB%A5%D7%A5%ED%A5%B0%A5%E9%A5%E0%28%B6%CC%BE%EB%B3%A8%C8%FE%29 HTTP/1.1" 200 9077 "-" "Mozilla/5.0 (compatible; bingbot/2.0; +http://www.bing.com/bingbot.htm)"
157.56.93.73 - - [07/Apr/2013:12:28:31 +0900] "GET /wiki/index.php?cmd=freeze&page=%A5%BC%A5%DF%A5%ED%A5%B0%2F%C2%E823%B2%F3%2F6.%A5%C6%A5%F3%A5%D7%A5%EC%A1%BC%A5%C8%A4%F2%A4%A2%A4%C6%A4%CF%A4%E1%A4%EB%A5%D7%A5%ED%A5%B0%A5%E9%A5%E0%28%B6%CC%BE%EB%B3%A8%C8%FE%29 HTTP/1.1" 200 9343 "-" "Mozilla/5.0 (compatible; bingbot/2.0; +http://www.bing.com/bingbot.htm)"
202.180.34.186 - - [07/Apr/2013:12:28:32 +0900] "GET /ontolopedia/disp/word_show/469635 HTTP/1.1" 200 6691 "-" "ICC-Crawler/2.0 (Mozilla-compatible; ; http://kc.nict.go.jp/project1/crawl.html)"
157.56.93.73 - - [07/Apr/2013:12:28:32 +0900] "GET /wiki/index.php?cmd=freeze&page=%A5%BC%A5%DF%A5%ED%A5%B0%2F%C2%E827%B2%F3%2F%A5%A6%A5%A3%A5%F3%A5%C9%A5%A6%A4%C8%C7%D8%B7%CA%A4%C8JMyron HTTP/1.1" 200 9039 "-" "Mozilla/5.0 (compatible; bingbot/2.0; +http://www.bing.com/bingbot.htm)"
157.56.93.73 - - [07/Apr/2013:12:28:32 +0900] "GET /wiki/index.php?plugin=attach&pcmd=list&refer=daily%2Femi HTTP/1.1" 200 6497 "-" "Mozilla/5.0 (compatible; bingbot/2.0; +http://www.bing.com/bingbot.htm)"
157.56.93.73 - - [07/Apr/2013:12:28:32 +0900] "GET /wiki/index.php?plugin=attach&pcmd=list&refer=daily%2Fsho%2F2005-04-18 HTTP/1.1" 200 6519 "-" "Mozilla/5.0 (compatible; bingbot/2.0; +http://www.bing.com/bingbot.htm)"
66.249.76.52 - - [07/Apr/2013:12:28:33 +0900] "GET /~yosshi/wiki-old/index.php?cmd=edit&page=%C6%FC%B5%AD%2F2032-04-15 HTTP/1.1" 200 1805 "-" "SAMSUNG-SGH-E250/1.0 Profile/MIDP-2.0 Configuration/CLDC-1.1 UP.Browser/6.2.3.3.c.1.101 (GUI) MMP/2.0 (compatible; Googlebot-Mobile/2.1; +http://www.google.com/bot.html)"
157.56.93.73 - - [07/Apr/2013:12:28:33 +0900] "GET /wiki/index.php?plugin=attach&pcmd=list&refer=mako%2F%C2%B4%CF%C0%C6%FC%BB%EF%28%A5%AD%A5%F3%A5%B8%A5%E7%A5%A6%A5%DE%A5%B3%29-%A5%BF%A5%B9%A5%AF%C3%A3 HTTP/1.1" 200 6555 "-" "Mozilla/5.0 (compatible; bingbot/2.0; +http://www.bing.com/bingbot.htm)"
157.56.93.73 - - [07/Apr/2013:12:28:33 +0900] "GET /wiki/index.php?plugin=attach&pcmd=list&refer=nal%2F%C6%FC%BB%EF%28%A5%C8%A5%A6%A5%DE%A5%CA%A5%EB%A5%A2%A5%AD%29%2F2005-05-28 HTTP/1.1" 200 6549 "-" "Mozilla/5.0 (compatible; bingbot/2.0; +http://www.bing.com/bingbot.htm)"
157.56.93.73 - - [07/Apr/2013:12:28:33 +0900] "GET /wiki/index.php?plugin=attach&pcmd=list&refer=nal%2F%C6%FC%BB%EF%28%A5%C8%A5%A6%A5%DE%A5%CA%A5%EB%A5%A2%A5%AD%29%2F2005-06-02 HTTP/1.1" 200 6549 "-" "Mozilla/5.0 (compatible; bingbot/2.0; +http://www.bing.com/bingbot.htm)"
157.56.93.73 - - [07/Apr/2013:12:28:34 +0900] "GET /wiki/index.php?plugin=attach&pcmd=list&refer=nal%2F%C6%FC%BB%EF%28%A5%C8%A5%A6%A5%DE%A5%CA%A5%EB%A5%A2%A5%AD%29%2F2005-06-21 HTTP/1.1" 200 6549 "-" "Mozilla/5.0 (compatible; bingbot/2.0; +http://www.bing.com/bingbot.htm)"
157.56.93.73 - - [07/Apr/2013:12:28:34 +0900] "GET /wiki/index.php?plugin=attach&pcmd=list&refer=nal%2F%C6%FC%BB%EF%28%A5%C8%A5%A6%A5%DE%A5%CA%A5%EB%A5%A2%A5%AD%29%2F2005-06-30 HTTP/1.1" 200 6549 "-" "Mozilla/5.0 (compatible; bingbot/2.0; +http://www.bing.com/bingbot.htm)"
157.56.93.73 - - [07/Apr/2013:12:28:34 +0900] "GET /wiki/index.php?plugin=attach&pcmd=list&refer=nal%2Fworks%2F2008 HTTP/1.1" 200 6507 "-" "Mozilla/5.0 (compatible; bingbot/2.0; +http://www.bing.com/bingbot.htm)"
66.249.76.52 - - [07/Apr/2013:12:28:35 +0900] "GET /ontolopedia/disp/word_show/412848 HTTP/1.1" 200 5199 "-" "Mozilla/5.0 (compatible; Googlebot/2.1; +http://www.google.com/bot.html)"
157.56.93.73 - - [07/Apr/2013:12:28:35 +0900] "GET /wiki/index.php?plugin=attach&pcmd=list&refer=qqpnr HTTP/1.1" 200 6489 "-" "Mozilla/5.0 (compatible; bingbot/2.0; +http://www.bing.com/bingbot.htm)"
157.56.93.73 - - [07/Apr/2013:12:28:35 +0900] "GET /wiki/index.php?plugin=attach&pcmd=upload&page=%A5%B3%A5%E1%A5%F3%A5%C8%2F%A5%BC%A5%DF%A5%ED%A5%B0%2F%C2%E828%B2%F3%2F%C3%E6%B4%D6%C8%AF%C9%BD%B8%B6%B9%C62%28%B6%CC%BE%EB%B3%A8%C8%FE%29 HTTP/1.1" 200 10044 "-" "Mozilla/5.0 (compatible; bingbot/2.0; +http://www.bing.com/bingbot.htm)"
157.56.93.73 - - [07/Apr/2013:12:28:35 +0900] "GET /wiki/index.php?plugin=attach&pcmd=list&refer=yono%2F%C3%E6%B4%D6%C8%AF%C9%BD%C6%FC%CB%DC%B8%EC HTTP/1.1" 200 12070 "-" "Mozilla/5.0 (compatible; bingbot/2.0; +http://www.bing.com/bingbot.htm)"
66.249.76.52 - - [07/Apr/2013:12:28:36 +0900] "GET /ontolopedia/disp/word_show/449572 HTTP/1.1" 200 11453 "-" "Mozilla/5.0 (compatible; Googlebot/2.1; +http://www.google.com/bot.html)"
157.56.93.73 - - [07/Apr/2013:12:28:36 +0900] "GET /wiki/index.php?plugin=attach&pcmd=upload&page=%A5%BC%A5%DF%A5%ED%A5%B0%2F%C2%E80%B2%F3%2F%A1%D8%B5%EF%BD%BB%A5%BB%A5%F3%A5%B5%B6%F5%B4%D6%A4%AB%A4%E9%C6%C0%A4%E9%A4%EC%A4%EB%C4%B9%B4%FC%B9%D4%C6%B0%BE%F0%CA%F3%A4%CB%B4%F0%A4%C5%A4%AF%C0%B8%B3%E8%CD%D7%CC%F3%A5%B7%A5%B9%A5%C6%A5%E0%A1%D9%A4%CE%BE%D2%B2%F0%28%B6%CC%BE%EB%20%B3%A8%C8%FE%29 HTTP/1.1" 200 11178 "-" "Mozilla/5.0 (compatible; bingbot/2.0; +http://www.bing.com/bingbot.htm)"
157.56.93.73 - - [07/Apr/2013:12:28:36 +0900] "GET /wiki/index.php?plugin=rename&refer=Emi%2F%C2%B4%CF%C0%C6%FC%BB%EF%28%A5%BF%A5%DE%A5%AD%A5%A8%A5%DF%29%2F2005-10-07 HTTP/1.1" 200 7161 "-" "Mozilla/5.0 (compatible; bingbot/2.0; +http://www.bing.com/bingbot.htm)"
157.56.93.73 - - [07/Apr/2013:12:28:36 +0900] "GET /wiki/index.php?plugin=rename&refer=Emi%2F%C2%B4%CF%C0%C6%FC%BB%EF%28%A5%BF%A5%DE%A5%AD%A5%A8%A5%DF%29%2F2005-10-17 HTTP/1.1" 200 7161 "-" "Mozilla/5.0 (compatible; bingbot/2.0; +http://www.bing.com/bingbot.htm)"
157.56.93.73 - - [07/Apr/2013:12:28:37 +0900] "GET /wiki/index.php?plugin=rename&refer=Emi%2F%C2%B4%CF%C0%C6%FC%BB%EF%28%A5%BF%A5%DE%A5%AD%A5%A8%A5%DF%29%2F2005-10-24 HTTP/1.1" 200 7161 "-" "Mozilla/5.0 (compatible; bingbot/2.0; +http://www.bing.com/bingbot.htm)"
202.180.34.186 - - [07/Apr/2013:12:28:37 +0900] "GET /ontolopedia/disp/word_show/256002 HTTP/1.1" 200 8792 "-" "ICC-Crawler/2.0 (Mozilla-compatible; ; http://kc.nict.go.jp/project1/crawl.html)"
157.56.93.73 - - [07/Apr/2013:12:28:38 +0900] "GET /wiki/index.php?plugin=rename&refer=Emi%2FEnglish HTTP/1.1" 200 6999 "-" "Mozilla/5.0 (compatible; bingbot/2.0; +http://www.bing.com/bingbot.htm)"
157.56.93.73 - - [07/Apr/2013:12:28:38 +0900] "GET /wiki/index.php?plugin=rename&refer=PmbuToKal HTTP/1.1" 200 49721 "-" "Mozilla/5.0 (compatible; bingbot/2.0; +http://www.bing.com/bingbot.htm)"
157.56.93.73 - - [07/Apr/2013:12:28:38 +0900] "GET /wiki/index.php?plugin=rename&refer=Rimonabant HTTP/1.1" 200 49722 "-" "Mozilla/5.0 (compatible; bingbot/2.0; +http://www.bing.com/bingbot.htm)"
157.56.93.73 - - [07/Apr/2013:12:28:39 +0900] "GET /wiki/index.php?plugin=rename&refer=RrqjAbJn HTTP/1.1" 200 49720 "-" "Mozilla/5.0 (compatible; bingbot/2.0; +http://www.bing.com/bingbot.htm)"
157.56.93.73 - - [07/Apr/2013:12:28:40 +0900] "GET /wiki/index.php?plugin=rename&refer=SeniorsDetroit HTTP/1.1" 200 49726 "-" "Mozilla/5.0 (compatible; bingbot/2.0; +http://www.bing.com/bingbot.htm)"
157.56.93.73 - - [07/Apr/2013:12:28:40 +0900] "GET /wiki/index.php?plugin=rename&refer=Top%20Page%2F2005-07-11 HTTP/1.1" 200 7041 "-" "Mozilla/5.0 (compatible; bingbot/2.0; +http://www.bing.com/bingbot.htm)"
157.56.93.73 - - [07/Apr/2013:12:28:41 +0900] "GET /wiki/index.php?plugin=rename&refer=Top%20Page%2F2005-08-02 HTTP/1.1" 200 7041 "-" "Mozilla/5.0 (compatible; bingbot/2.0; +http://www.bing.com/bingbot.htm)"
157.56.93.73 - - [07/Apr/2013:12:28:41 +0900] "GET /~info3/wiki/index.php?cmd=backup&action=delete&page=%B4%EE%B2%B0%C9%F0%A1%F5%C2%BF%B2%EC%CC%EE%C8%C9 HTTP/1.1" 200 4712 "-" "Mozilla/5.0 (compatible; bingbot/2.0; +http://www.bing.com/bingbot.htm)"
66.249.76.52 - - [07/Apr/2013:12:28:41 +0900] "GET /ontolopedia/disp/word_show/71996 HTTP/1.1" 200 8294 "-" "Mozilla/5.0 (compatible; Googlebot/2.1; +http://www.google.com/bot.html)"
157.56.93.73 - - [07/Apr/2013:12:28:41 +0900] "GET /~info3/wiki/index.php?cmd=backup&action=delete&page=%B9%E2%C2%BC%A1%F5%C3%E7%B4%D6%C8%C9 HTTP/1.1" 200 4664 "-" "Mozilla/5.0 (compatible; bingbot/2.0; +http://www.bing.com/bingbot.htm)"
157.56.93.73 - - [07/Apr/2013:12:28:42 +0900] "GET /~info3/wiki/index.php?cmd=backup&action=delete&page=2006%2Finfo3%2F%B6%F1%BB%D6%B7%F8%A1%F5%BA%B4%B5%D7%CB%DC HTTP/1.1" 200 4766 "-" "Mozilla/5.0 (compatible; bingbot/2.0; +http://www.bing.com/bingbot.htm)"
157.56.93.73 - - [07/Apr/2013:12:28:42 +0900] "GET /~info3/wiki/index.php?cmd=backup&action=delete&page=week%204 HTTP/1.1" 200 4562 "-" "Mozilla/5.0 (compatible; bingbot/2.0; +http://www.bing.com/bingbot.htm)"
157.56.93.73 - - [07/Apr/2013:12:28:42 +0900] "GET /~info3/wiki/index.php?cmd=backup&action=diff&page=%B5%C4%BB%F6%CF%BF2007&age=10 HTTP/1.1" 200 11521 "-" "Mozilla/5.0 (compatible; bingbot/2.0; +http://www.bing.com/bingbot.htm)"
157.56.93.73 - - [07/Apr/2013:12:28:43 +0900] "GET /~info3/wiki/index.php?cmd=backup&action=diff&page=%B5%C4%BB%F6%CF%BF2007&age=2 HTTP/1.1" 200 7489 "-" "Mozilla/5.0 (compatible; bingbot/2.0; +http://www.bing.com/bingbot.htm)"
157.56.93.73 - - [07/Apr/2013:12:28:43 +0900] "GET /~info3/wiki/index.php?cmd=backup&action=diff&page=%B5%C4%BB%F6%CF%BF2007&age=8 HTTP/1.1" 200 12410 "-" "Mozilla/5.0 (compatible; bingbot/2.0; +http://www.bing.com/bingbot.htm)"
202.180.34.186 - - [07/Apr/2013:12:28:43 +0900] "GET /ontolopedia/disp/word_show/493817 HTTP/1.1" 200 26738 "-" "ICC-Crawler/2.0 (Mozilla-compatible; ; http://kc.nict.go.jp/project1/crawl.html)"
157.56.93.73 - - [07/Apr/2013:12:28:43 +0900] "GET /~info3/wiki/index.php?cmd=backup&action=diff&page=%B5%DC%BE%EB%A1%F5%CB%DC%C2%BC%C8%C9&age=6 HTTP/1.1" 200 6884 "-" "Mozilla/5.0 (compatible; bingbot/2.0; +http://www.bing.com/bingbot.htm)"
157.56.93.73 - - [07/Apr/2013:12:28:44 +0900] "GET /~info3/wiki/index.php?cmd=backup&action=diff&page=%B6%E2%BE%EB%A1%F5%C5%E7%B8%B6%C8%C9%2Flevel3&age=7 HTTP/1.1" 200 10328 "-" "Mozilla/5.0 (compatible; bingbot/2.0; +http://www.bing.com/bingbot.htm)"
157.56.93.73 - - [07/Apr/2013:12:28:44 +0900] "GET /~info3/wiki/index.php?cmd=backup&page=%B5%DC%CE%A4%A1%F5%CD%BF%B5%B7%C8%C9&age=7&action=source HTTP/1.1" 200 8707 "-" "Mozilla/5.0 (compatible; bingbot/2.0; +http://www.bing.com/bingbot.htm)"
157.56.93.73 - - [07/Apr/2013:12:28:44 +0900] "GET /~info3/wiki/index.php?cmd=backup&page=%B5%DC%CE%A4%A1%F5%CD%BF%B5%B7%C8%C9&age=8&action=source HTTP/1.1" 200 8790 "-" "Mozilla/5.0 (compatible; bingbot/2.0; +http://www.bing.com/bingbot.htm)"
157.56.93.73 - - [07/Apr/2013:12:28:45 +0900] "GET /~info3/wiki/index.php?cmd=backup&page=%B6%B6%CB%DC%A1%F5%B6%CC%C6%E1%C7%C6%C8%CB%B9%F1%2FLevel2&age=2 HTTP/1.1" 200 11670 "-" "Mozilla/5.0 (compatible; bingbot/2.0; +http://www.bing.com/bingbot.htm)"
157.56.93.73 - - [07/Apr/2013:12:28:45 +0900] "GET /~info3/wiki/index.php?cmd=backup&page=info3%20wiki&age=23 HTTP/1.1" 200 18671 "-" "Mozilla/5.0 (compatible; bingbot/2.0; +http://www.bing.com/bingbot.htm)"
157.56.93.73 - - [07/Apr/2013:12:28:45 +0900] "GET /~info3/wiki/index.php?cmd=backup&page=info3%20wiki&age=25 HTTP/1.1" 200 19577 "-" "Mozilla/5.0 (compatible; bingbot/2.0; +http://www.bing.com/bingbot.htm)"
157.56.93.73 - - [07/Apr/2013:12:28:46 +0900] "GET /~info3/wiki/index.php?cmd=backup&page=info3%20wiki&age=54&action=source HTTP/1.1" 200 17486 "-" "Mozilla/5.0 (compatible; bingbot/2.0; +http://www.bing.com/bingbot.htm)"
157.56.93.73 - - [07/Apr/2013:12:28:46 +0900] "GET /~info3/wiki/index.php?cmd=backup&page=info3%20wiki&age=55&action=diff HTTP/1.1" 200 17836 "-" "Mozilla/5.0 (compatible; bingbot/2.0; +http://www.bing.com/bingbot.htm)"
157.56.93.73 - - [07/Apr/2013:12:28:47 +0900] "GET /~info3/wiki/index.php?cmd=backup&page=info3%20wiki&age=59&action=source HTTP/1.1" 200 17773 "-" "Mozilla/5.0 (compatible; bingbot/2.0; +http://www.bing.com/bingbot.htm)"
157.56.93.73 - - [07/Apr/2013:12:28:47 +0900] "GET /~info3/wiki/index.php?plugin=attach&pcmd=upload&page=Level%203 HTTP/1.1" 200 7079 "-" "Mozilla/5.0 (compatible; bingbot/2.0; +http://www.bing.com/bingbot.htm)"
66.249.76.52 - - [07/Apr/2013:12:28:47 +0900] "GET /ontolopedia/disp/word_show/377471 HTTP/1.1" 200 4239 "-" "Mozilla/5.0 (compatible; Googlebot/2.1; +http://www.google.com/bot.html)"
157.56.93.73 - - [07/Apr/2013:12:28:48 +0900] "GET /~info3/wiki/index.php?plugin=attach&pcmd=upload&page=Level5 HTTP/1.1" 200 6345 "-" "Mozilla/5.0 (compatible; bingbot/2.0; +http://www.bing.com/bingbot.htm)"
157.56.93.73 - - [07/Apr/2013:12:28:48 +0900] "GET /~info3/wiki/index.php?plugin=attach&pcmd=upload&page=SoftComputing HTTP/1.1" 200 6485 "-" "Mozilla/5.0 (compatible; bingbot/2.0; +http://www.bing.com/bingbot.htm)"
157.56.93.73 - - [07/Apr/2013:12:28:48 +0900] "GET /~info3/wiki/index.php?plugin=attach&pcmd=upload&page=Xngbazin HTTP/1.1" 200 6385 "-" "Mozilla/5.0 (compatible; bingbot/2.0; +http://www.bing.com/bingbot.htm)"
202.180.34.186 - - [07/Apr/2013:12:28:48 +0900] "GET /ontolopedia/disp/word_show/165902 HTTP/1.1" 200 10000 "-" "ICC-Crawler/2.0 (Mozilla-compatible; ; http://kc.nict.go.jp/project1/crawl.html)"
157.56.93.73 - - [07/Apr/2013:12:28:49 +0900] "GET /~info3/wiki/index.php?plugin=attach&pcmd=upload&page=Zznuvmeh HTTP/1.1" 200 6385 "-" "Mozilla/5.0 (compatible; bingbot/2.0; +http://www.bing.com/bingbot.htm)"
157.56.93.73 - - [07/Apr/2013:12:28:49 +0900] "GET /~info3/wiki/index.php?plugin=attach&pcmd=upload&page=ekcmhj HTTP/1.1" 200 6345 "-" "Mozilla/5.0 (compatible; bingbot/2.0; +http://www.bing.com/bingbot.htm)"
157.56.93.73 - - [07/Apr/2013:12:28:49 +0900] "GET /~info3/wiki/index.php?plugin=attach&pcmd=upload&page=redtube HTTP/1.1" 200 6365 "-" "Mozilla/5.0 (compatible; bingbot/2.0; +http://www.bing.com/bingbot.htm)"
66.249.76.52 - - [07/Apr/2013:12:28:50 +0900] "GET /ontolopedia/disp/word_show/8252 HTTP/1.1" 200 9001 "-" "Mozilla/5.0 (iPhone; U; CPU iPhone OS 4_1 like Mac OS X; en-us) AppleWebKit/532.9 (KHTML, like Gecko) Version/4.0.5 Mobile/8B117 Safari/6531.22.7 (compatible; Googlebot-Mobile/2.1; +http://www.google.com/bot.html)"
157.56.93.73 - - [07/Apr/2013:12:28:50 +0900] "GET /~info3/wiki/index.php?plugin=attach&pcmd=upload&page=xtube HTTP/1.1" 200 6325 "-" "Mozilla/5.0 (compatible; bingbot/2.0; +http://www.bing.com/bingbot.htm)"
157.56.93.73 - - [07/Apr/2013:12:28:50 +0900] "GET /~yosshi/wiki-old/index.php?cmd=freeze&page=%C6%FC%B5%AD%2F2005-05-14 HTTP/1.1" 200 6519 "-" "Mozilla/5.0 (compatible; bingbot/2.0; +http://www.bing.com/bingbot.htm)"
157.56.93.73 - - [07/Apr/2013:12:28:50 +0900] "GET /ontolopedia/disp/word_show/25205 HTTP/1.1" 403 234 "-" "Mozilla/5.0 (compatible; bingbot/2.0; +http://www.bing.com/bingbot.htm)"
157.56.93.73 - - [07/Apr/2013:12:28:51 +0900] "GET /ontolopedia/disp/word_show/270880 HTTP/1.1" 403 235 "-" "Mozilla/5.0 (compatible; bingbot/2.0; +http://www.bing.com/bingbot.htm)"
157.56.93.73 - - [07/Apr/2013:12:28:51 +0900] "GET /ontolopedia/disp/word_show/27122 HTTP/1.1" 403 234 "-" "Mozilla/5.0 (compatible; bingbot/2.0; +http://www.bing.com/bingbot.htm)"
157.56.93.73 - - [07/Apr/2013:12:28:51 +0900] "GET /ontolopedia/disp/word_show/27134 HTTP/1.1" 403 234 "-" "Mozilla/5.0 (compatible; bingbot/2.0; +http://www.bing.com/bingbot.htm)"
157.56.93.73 - - [07/Apr/2013:12:28:52 +0900] "GET /ontolopedia/disp/word_show/27186 HTTP/1.1" 403 234 "-" "Mozilla/5.0 (compatible; bingbot/2.0; +http://www.bing.com/bingbot.htm)"
157.56.93.73 - - [07/Apr/2013:12:28:52 +0900] "GET /ontolopedia/disp/word_show/271950 HTTP/1.1" 403 235 "-" "Mozilla/5.0 (compatible; bingbot/2.0; +http://www.bing.com/bingbot.htm)"
157.56.93.73 - - [07/Apr/2013:12:28:52 +0900] "GET /ontolopedia/disp/word_show/271995 HTTP/1.1" 403 235 "-" "Mozilla/5.0 (compatible; bingbot/2.0; +http://www.bing.com/bingbot.htm)"
157.56.93.73 - - [07/Apr/2013:12:28:53 +0900] "GET /ontolopedia/disp/word_show/272506 HTTP/1.1" 403 235 "-" "Mozilla/5.0 (compatible; bingbot/2.0; +http://www.bing.com/bingbot.htm)"
157.56.93.73 - - [07/Apr/2013:12:28:53 +0900] "GET /ontolopedia/disp/word_show/272769 HTTP/1.1" 403 235 "-" "Mozilla/5.0 (compatible; bingbot/2.0; +http://www.bing.com/bingbot.htm)"
157.56.93.73 - - [07/Apr/2013:12:28:53 +0900] "GET /ontolopedia/disp/word_show/272896 HTTP/1.1" 403 235 "-" "Mozilla/5.0 (compatible; bingbot/2.0; +http://www.bing.com/bingbot.htm)"
66.249.76.52 - - [07/Apr/2013:12:28:53 +0900] "GET /ontolopedia/disp/word_show/300060 HTTP/1.1" 200 4182 "-" "Mozilla/5.0 (compatible; Googlebot/2.1; +http://www.google.com/bot.html)"
157.56.93.73 - - [07/Apr/2013:12:28:54 +0900] "GET /ontolopedia/disp/word_show/273335 HTTP/1.1" 403 235 "-" "Mozilla/5.0 (compatible; bingbot/2.0; +http://www.bing.com/bingbot.htm)"
66.249.76.52 - - [07/Apr/2013:12:28:54 +0900] "GET /ontolopedia/disp/word_show/63610 HTTP/1.1" 200 6545 "-" "Mozilla/5.0 (compatible; Googlebot/2.1; +http://www.google.com/bot.html)"
202.180.34.186 - - [07/Apr/2013:12:28:54 +0900] "GET /ontolopedia/disp/word_show/171814 HTTP/1.1" 200 8038 "-" "ICC-Crawler/2.0 (Mozilla-compatible; ; http://kc.nict.go.jp/project1/crawl.html)"
157.56.93.73 - - [07/Apr/2013:12:28:54 +0900] "GET /ontolopedia/disp/word_show/27385 HTTP/1.1" 403 234 "-" "Mozilla/5.0 (compatible; bingbot/2.0; +http://www.bing.com/bingbot.htm)"
157.56.93.73 - - [07/Apr/2013:12:28:54 +0900] "GET /ontolopedia/disp/word_show/291161 HTTP/1.1" 403 235 "-" "Mozilla/5.0 (compatible; bingbot/2.0; +http://www.bing.com/bingbot.htm)"
157.56.93.73 - - [07/Apr/2013:12:28:55 +0900] "GET /ontolopedia/disp/word_show/292297 HTTP/1.1" 403 235 "-" "Mozilla/5.0 (compatible; bingbot/2.0; +http://www.bing.com/bingbot.htm)"
157.56.93.73 - - [07/Apr/2013:12:28:55 +0900] "GET /ontolopedia/disp/word_show/293125 HTTP/1.1" 403 235 "-" "Mozilla/5.0 (compatible; bingbot/2.0; +http://www.bing.com/bingbot.htm)"
157.56.93.73 - - [07/Apr/2013:12:28:55 +0900] "GET /ontolopedia/disp/word_show/293202 HTTP/1.1" 403 235 "-" "Mozilla/5.0 (compatible; bingbot/2.0; +http://www.bing.com/bingbot.htm)"
66.249.76.52 - - [07/Apr/2013:12:28:59 +0900] "GET /ontolopedia/disp/word_show/449763 HTTP/1.1" 200 7769 "-" "Mozilla/5.0 (compatible; Googlebot/2.1; +http://www.google.com/bot.html)"
202.180.34.186 - - [07/Apr/2013:12:28:59 +0900] "GET /ontolopedia/disp/word_show/289970 HTTP/1.1" 200 6484 "-" "ICC-Crawler/2.0 (Mozilla-compatible; ; http://kc.nict.go.jp/project1/crawl.html)"
202.180.34.186 - - [07/Apr/2013:12:29:05 +0900] "GET /ontolopedia/disp/word_show/341346 HTTP/1.1" 200 4335 "-" "ICC-Crawler/2.0 (Mozilla-compatible; ; http://kc.nict.go.jp/project1/crawl.html)"
66.249.76.52 - - [07/Apr/2013:12:29:05 +0900] "GET /ontolopedia/disp/word_show/60732 HTTP/1.1" 200 8296 "-" "Mozilla/5.0 (compatible; Googlebot/2.1; +http://www.google.com/bot.html)"
2001:2f8:1c:a530:215:17ff:fed7:3777 - - [07/Apr/2013:12:29:05 +0900] "GET /note/rss/latest/ HTTP/1.0" 200 8675 "-" "-"
93.158.149.31 - - [07/Apr/2013:12:29:05 +0900] "GET / HTTP/1.1" 200 4658 "-" "Mozilla/5.0 (compatible; YandexBot/3.0; +http://yandex.com/bots)"
66.249.76.52 - - [07/Apr/2013:12:29:09 +0900] "GET /ontolopedia/disp/word_show/181536 HTTP/1.1" 500 309 "-" "Mozilla/5.0 (compatible; Googlebot/2.1; +http://www.google.com/bot.html)"
202.180.34.186 - - [07/Apr/2013:12:29:10 +0900] "GET /ontolopedia/disp/word_show/115403 HTTP/1.1" 200 6989 "-" "ICC-Crawler/2.0 (Mozilla-compatible; ; http://kc.nict.go.jp/project1/crawl.html)"
202.180.34.186 - - [07/Apr/2013:12:29:15 +0900] "GET /ontolopedia/disp/word_show/47612 HTTP/1.1" 200 6859 "-" "ICC-Crawler/2.0 (Mozilla-compatible; ; http://kc.nict.go.jp/project1/crawl.html)"
66.249.76.52 - - [07/Apr/2013:12:29:19 +0900] "GET /ontolopedia/disp/word_show/87983 HTTP/1.1" 200 7137 "-" "Mozilla/5.0 (compatible; Googlebot/2.1; +http://www.google.com/bot.html)"
66.249.76.52 - - [07/Apr/2013:12:29:20 +0900] "GET /ontolopedia/disp/word_show/92989 HTTP/1.1" 200 5138 "-" "Mozilla/5.0 (compatible; Googlebot/2.1; +http://www.google.com/bot.html)"
202.180.34.186 - - [07/Apr/2013:12:29:21 +0900] "GET /ontolopedia/disp/word_show/483211 HTTP/1.1" 200 6695 "-" "ICC-Crawler/2.0 (Mozilla-compatible; ; http://kc.nict.go.jp/project1/crawl.html)"
66.249.76.52 - - [07/Apr/2013:12:29:23 +0900] "GET /ontolopedia/disp/word_show/428008 HTTP/1.1" 200 9021 "-" "Mozilla/5.0 (compatible; Googlebot/2.1; +http://www.google.com/bot.html)"
202.180.34.186 - - [07/Apr/2013:12:29:26 +0900] "GET /ontolopedia/disp/word_show/162681 HTTP/1.1" 200 7035 "-" "ICC-Crawler/2.0 (Mozilla-compatible; ; http://kc.nict.go.jp/project1/crawl.html)"
66.249.76.52 - - [07/Apr/2013:12:29:29 +0900] "GET /ontolopedia/disp/word_show/494511 HTTP/1.1" 200 11071 "-" "Mozilla/5.0 (compatible; Googlebot/2.1; +http://www.google.com/bot.html)"
202.180.34.186 - - [07/Apr/2013:12:29:32 +0900] "GET /ontolopedia/disp/word_show/77293 HTTP/1.1" 200 8578 "-" "ICC-Crawler/2.0 (Mozilla-compatible; ; http://kc.nict.go.jp/project1/crawl.html)"
66.249.76.52 - - [07/Apr/2013:12:29:35 +0900] "GET /ontolopedia/disp/word_show/146000 HTTP/1.1" 200 10398 "-" "Mozilla/5.0 (compatible; Googlebot/2.1; +http://www.google.com/bot.html)"
202.180.34.186 - - [07/Apr/2013:12:29:37 +0900] "GET /ontolopedia/disp/word_show/217376 HTTP/1.1" 200 13134 "-" "ICC-Crawler/2.0 (Mozilla-compatible; ; http://kc.nict.go.jp/project1/crawl.html)"
66.249.76.52 - - [07/Apr/2013:12:29:41 +0900] "GET /ontolopedia/disp/word_show/56533 HTTP/1.1" 200 8246 "-" "Mozilla/5.0 (compatible; Googlebot/2.1; +http://www.google.com/bot.html)"
202.180.34.186 - - [07/Apr/2013:12:29:42 +0900] "GET /ontolopedia/disp/word_show/210645 HTTP/1.1" 200 10341 "-" "ICC-Crawler/2.0 (Mozilla-compatible; ; http://kc.nict.go.jp/project1/crawl.html)"
66.249.76.52 - - [07/Apr/2013:12:29:44 +0900] "GET /ontolopedia/disp/word_show/98478 HTTP/1.1" 200 7325 "-" "Mozilla/5.0 (compatible; Googlebot/2.1; +http://www.google.com/bot.html)"
66.249.76.52 - - [07/Apr/2013:12:29:47 +0900] "GET /ontolopedia/disp/word_show/270565 HTTP/1.1" 200 7211 "-" "Mozilla/5.0 (compatible; Googlebot/2.1; +http://www.google.com/bot.html)"
202.180.34.186 - - [07/Apr/2013:12:29:48 +0900] "GET /ontolopedia/disp/word_show/92615 HTTP/1.1" 200 10372 "-" "ICC-Crawler/2.0 (Mozilla-compatible; ; http://kc.nict.go.jp/project1/crawl.html)"
202.180.34.186 - - [07/Apr/2013:12:29:53 +0900] "GET /ontolopedia/disp/word_show/315359 HTTP/1.1" 200 7411 "-" "ICC-Crawler/2.0 (Mozilla-compatible; ; http://kc.nict.go.jp/project1/crawl.html)"
66.249.76.52 - - [07/Apr/2013:12:29:59 +0900] "GET /ontolopedia/disp/word_show/104393 HTTP/1.1" 200 17610 "-" "Mozilla/5.0 (compatible; Googlebot/2.1; +http://www.google.com/bot.html)"
202.180.34.186 - - [07/Apr/2013:12:29:59 +0900] "GET /ontolopedia/disp/word_show/471718 HTTP/1.1" 200 5753 "-" "ICC-Crawler/2.0 (Mozilla-compatible; ; http://kc.nict.go.jp/project1/crawl.html)"
66.249.76.52 - - [07/Apr/2013:12:30:00 +0900] "GET /ontolopedia/disp/word_show/477209 HTTP/1.1" 200 7144 "-" "Mozilla/5.0 (compatible; Googlebot/2.1; +http://www.google.com/bot.html)"
202.180.34.186 - - [07/Apr/2013:12:30:05 +0900] "GET /ontolopedia/disp/word_show/176344 HTTP/1.1" 200 4195 "-" "ICC-Crawler/2.0 (Mozilla-compatible; ; http://kc.nict.go.jp/project1/crawl.html)"
66.249.76.52 - - [07/Apr/2013:12:30:06 +0900] "GET /ontolopedia/disp/word_show/330599 HTTP/1.1" 200 6941 "-" "Mozilla/5.0 (compatible; Googlebot/2.1; +http://www.google.com/bot.html)"
66.249.76.52 - - [07/Apr/2013:12:30:06 +0900] "GET /ontolopedia/disp/word_show/202467 HTTP/1.1" 200 4181 "-" "Mozilla/5.0 (compatible; Googlebot/2.1; +http://www.google.com/bot.html)"
202.180.34.186 - - [07/Apr/2013:12:30:10 +0900] "GET /ontolopedia/disp/word_show/259800 HTTP/1.1" 200 5275 "-" "ICC-Crawler/2.0 (Mozilla-compatible; ; http://kc.nict.go.jp/project1/crawl.html)"
66.249.76.52 - - [07/Apr/2013:12:30:12 +0900] "GET /ontolopedia/disp/word_show/123819 HTTP/1.1" 200 13283 "-" "Mozilla/5.0 (compatible; Googlebot/2.1; +http://www.google.com/bot.html)"
202.180.34.186 - - [07/Apr/2013:12:30:15 +0900] "GET /ontolopedia/disp/word_show/212023 HTTP/1.1" 200 4241 "-" "ICC-Crawler/2.0 (Mozilla-compatible; ; http://kc.nict.go.jp/project1/crawl.html)"
66.249.76.52 - - [07/Apr/2013:12:30:18 +0900] "GET /ontolopedia/disp/word_show/92613 HTTP/1.1" 200 4166 "-" "Mozilla/5.0 (compatible; Googlebot/2.1; +http://www.google.com/bot.html)"
66.249.76.52 - - [07/Apr/2013:12:30:20 +0900] "GET /ontolopedia/disp/word_show/153714 HTTP/1.1" 200 5161 "-" "Mozilla/5.0 (compatible; Googlebot/2.1; +http://www.google.com/bot.html)"
202.180.34.186 - - [07/Apr/2013:12:30:21 +0900] "GET /ontolopedia/disp/word_show/106649 HTTP/1.1" 200 9052 "-" "ICC-Crawler/2.0 (Mozilla-compatible; ; http://kc.nict.go.jp/project1/crawl.html)"
66.249.76.52 - - [07/Apr/2013:12:30:24 +0900] "GET /ontolopedia/disp/word_show/334188 HTTP/1.1" 200 4173 "-" "Mozilla/5.0 (compatible; Googlebot/2.1; +http://www.google.com/bot.html)"
202.180.34.186 - - [07/Apr/2013:12:30:26 +0900] "GET /ontolopedia/disp/word_show/48605 HTTP/1.1" 200 7437 "-" "ICC-Crawler/2.0 (Mozilla-compatible; ; http://kc.nict.go.jp/project1/crawl.html)"
66.249.76.52 - - [07/Apr/2013:12:30:30 +0900] "GET /ontolopedia/disp/word_show/54143 HTTP/1.1" 200 11203 "-" "Mozilla/5.0 (compatible; Googlebot/2.1; +http://www.google.com/bot.html)"
202.180.34.186 - - [07/Apr/2013:12:30:31 +0900] "GET /ontolopedia/disp/word_show/365654 HTTP/1.1" 200 11207 "-" "ICC-Crawler/2.0 (Mozilla-compatible; ; http://kc.nict.go.jp/project1/crawl.html)"
66.249.76.52 - - [07/Apr/2013:12:30:35 +0900] "GET /ontolopedia/disp/word_show/386117 HTTP/1.1" 200 5177 "-" "Mozilla/5.0 (compatible; Googlebot/2.1; +http://www.google.com/bot.html)"
66.249.76.52 - - [07/Apr/2013:12:30:36 +0900] "GET /ontolopedia/disp/word_show/270581 HTTP/1.1" 200 7240 "-" "Mozilla/5.0 (compatible; Googlebot/2.1; +http://www.google.com/bot.html)"
202.180.34.186 - - [07/Apr/2013:12:30:37 +0900] "GET /ontolopedia/disp/word_show/454997 HTTP/1.1" 200 9909 "-" "ICC-Crawler/2.0 (Mozilla-compatible; ; http://kc.nict.go.jp/project1/crawl.html)"
72.14.199.52 - - [07/Apr/2013:12:30:39 +0900] "GET /~yosshi/wiki-old/index.php?cmd=edit&help=true&page=%C6%FC%B5%AD%2F2021-05-31 HTTP/1.1" 200 50 "-" "DoCoMo/2.0 N905i(c100;TB;W24H16) (compatible; Googlebot-Mobile/2.1; +http://www.google.com/bot.html)"
66.249.76.52 - - [07/Apr/2013:12:30:42 +0900] "GET /ontolopedia/disp/word_show/231604 HTTP/1.1" 200 4191 "-" "Mozilla/5.0 (compatible; Googlebot/2.1; +http://www.google.com/bot.html)"
202.180.34.186 - - [07/Apr/2013:12:30:42 +0900] "GET /ontolopedia/disp/word_show/205896 HTTP/1.1" 200 10858 "-" "ICC-Crawler/2.0 (Mozilla-compatible; ; http://kc.nict.go.jp/project1/crawl.html)"
66.249.76.52 - - [07/Apr/2013:12:30:48 +0900] "GET /ontolopedia/disp/word_show/287281 HTTP/1.1" 200 5216 "-" "Mozilla/5.0 (compatible; Googlebot/2.1; +http://www.google.com/bot.html)"
202.180.34.186 - - [07/Apr/2013:12:30:48 +0900] "GET /ontolopedia/disp/word_show/451954 HTTP/1.1" 200 12285 "-" "ICC-Crawler/2.0 (Mozilla-compatible; ; http://kc.nict.go.jp/project1/crawl.html)"
66.249.76.52 - - [07/Apr/2013:12:30:49 +0900] "GET /ontolopedia/disp/word_show/332037 HTTP/1.1" 200 5182 "-" "Mozilla/5.0 (compatible; Googlebot/2.1; +http://www.google.com/bot.html)"
202.180.34.186 - - [07/Apr/2013:12:30:53 +0900] "GET /ontolopedia/disp/word_show/343327 HTTP/1.1" 200 4221 "-" "ICC-Crawler/2.0 (Mozilla-compatible; ; http://kc.nict.go.jp/project1/crawl.html)"
66.249.76.52 - - [07/Apr/2013:12:30:54 +0900] "GET /ontolopedia/disp/word_show/241098 HTTP/1.1" 200 5546 "-" "Mozilla/5.0 (compatible; Googlebot/2.1; +http://www.google.com/bot.html)"
