157.55.32.61 - - [07/Apr/2013:12:13:11 +0900] "GET /wiki/index.php?cmd=diff&page=%A5%BC%A5%DF%A5%ED%A5%B0%2F%C2%E827%B2%F3%2F%C3%E6%B4%D6%C8%AF%C9%BD%A4%DE%A4%C7%A4%CB HTTP/1.1" 200 9331 "-" "Mozilla/5.0 (compatible; bingbot/2.0; +http://www.bing.com/bingbot.htm)"
157.55.32.61 - - [07/Apr/2013:12:13:11 +0900] "GET /wiki/index.php?cmd=diff&page=%A5%BC%A5%DF%A5%ED%A5%B0%2F%C2%E827%B2%F3%2F%A5%A6%A5%A3%A5%F3%A5%C9%A5%A6%A4%C8%C7%D8%B7%CA%A4%C8JMyron HTTP/1.1" 200 21285 "-" "Mozilla/5.0 (compatible; bingbot/2.0; +http://www.bing.com/bingbot.htm)"
157.55.32.77 - - [07/Apr/2013:12:13:11 +0900] "GET /ontolopedia/disp/word_show/66209 HTTP/1.1" 403 234 "-" "Mozilla/5.0 (compatible; bingbot/2.0; +http://www.bing.com/bingbot.htm)"
157.55.32.77 - - [07/Apr/2013:12:13:11 +0900] "GET /ontolopedia/disp/word_show/66285 HTTP/1.1" 403 234 "-" "Mozilla/5.0 (compatible; bingbot/2.0; +http://www.bing.com/bingbot.htm)"
157.55.32.76 - - [07/Apr/2013:12:13:11 +0900] "GET /wiki/index.php?cmd=edit&page=immesOresViaf HTTP/1.1" 401 7809 "-" "Mozilla/5.0 (compatible; bingbot/2.0; +http://www.bing.com/bingbot.htm)"
157.55.32.76 - - [07/Apr/2013:12:13:11 +0900] "GET /wiki/index.php?cmd=edit&page=life%20insurance%20types&refer=%A5%BC%A5%DF%A5%ED%A5%B0%2F%C2%E823%B2%F3%2F1.%BC%C2%C1%F5%B2%BD%28%BD%E9%B4%FC%BD%E8%CD%FD%29%28%B6%CC%BE%EB%B3%A8%C8%FE%29 HTTP/1.1" 401 7903 "-" "Mozilla/5.0 (compatible; bingbot/2.0; +http://www.bing.com/bingbot.htm)"
157.55.35.82 - - [07/Apr/2013:12:13:11 +0900] "GET /ontolopedia/disp/word_show/292619 HTTP/1.1" 403 235 "-" "Mozilla/5.0 (compatible; bingbot/2.0; +http://www.bing.com/bingbot.htm)"
157.55.35.82 - - [07/Apr/2013:12:13:11 +0900] "GET /ontolopedia/disp/word_show/292627 HTTP/1.1" 403 235 "-" "Mozilla/5.0 (compatible; bingbot/2.0; +http://www.bing.com/bingbot.htm)"
66.249.76.52 - - [07/Apr/2013:12:13:11 +0900] "GET /ontolopedia/disp/word_show/228907 HTTP/1.1" 200 4208 "-" "Mozilla/5.0 (compatible; Googlebot/2.1; +http://www.google.com/bot.html)"
157.55.32.103 - - [07/Apr/2013:12:13:12 +0900] "GET /~info3/wiki/index.php?plugin=attach&pcmd=upload&page=hq%20tube HTTP/1.1" 200 6401 "-" "Mozilla/5.0 (compatible; bingbot/2.0; +http://www.bing.com/bingbot.htm)"
157.55.32.103 - - [07/Apr/2013:12:13:12 +0900] "GET /~info3/wiki/index.php?plugin=attach&pcmd=upload&page=info3%20wiki%2F%B6%CC%BE%EB%20%BD%CA%B5%AA HTTP/1.1" 200 7021 "-" "Mozilla/5.0 (compatible; bingbot/2.0; +http://www.bing.com/bingbot.htm)"
157.55.32.61 - - [07/Apr/2013:12:13:12 +0900] "GET /wiki/index.php?cmd=diff&page=%A5%BC%A5%DF%A5%ED%A5%B0%2F%C2%E828%B2%F3%2F%C3%E6%B4%D6%C8%AF%C9%BD%B8%B6%B9%C6%28%B6%CC%BE%EB%B3%A8%C8%FE%29 HTTP/1.1" 200 16291 "-" "Mozilla/5.0 (compatible; bingbot/2.0; +http://www.bing.com/bingbot.htm)"
157.55.32.77 - - [07/Apr/2013:12:13:12 +0900] "GET /ontolopedia/disp/word_show/66341 HTTP/1.1" 403 234 "-" "Mozilla/5.0 (compatible; bingbot/2.0; +http://www.bing.com/bingbot.htm)"
157.55.32.76 - - [07/Apr/2013:12:13:12 +0900] "GET /wiki/index.php?cmd=edit&page=lipitor&refer=%A5%BC%A5%DF%A5%ED%A5%B0%2F%C2%E823%B2%F3%2F1.%BC%C2%C1%F5%B2%BD%28%BD%E9%B4%FC%BD%E8%CD%FD%29%28%B6%CC%BE%EB%B3%A8%C8%FE%29 HTTP/1.1" 401 7749 "-" "Mozilla/5.0 (compatible; bingbot/2.0; +http://www.bing.com/bingbot.htm)"
157.55.32.77 - - [07/Apr/2013:12:13:12 +0900] "GET /ontolopedia/disp/word_show/74947 HTTP/1.1" 403 234 "-" "Mozilla/5.0 (compatible; bingbot/2.0; +http://www.bing.com/bingbot.htm)"
202.180.34.186 - - [07/Apr/2013:12:13:12 +0900] "GET /ontolopedia/disp/word_show/392175 HTTP/1.1" 200 6010 "-" "ICC-Crawler/2.0 (Mozilla-compatible; ; http://kc.nict.go.jp/project1/crawl.html)"
157.55.32.61 - - [07/Apr/2013:12:13:12 +0900] "GET /wiki/index.php?cmd=diff&page=%A5%BC%A5%DF%A5%ED%A5%B0%2F%C2%E828%B2%F3%2FJMyron%A4%AB%A4%E9%A4%CE%C6%B0%B2%E8%A4%AB%A4%E9%C7%D8%B7%CA%A4%F2%BF%E4%C2%AC%A4%B9%A4%EB%28%B6%CC%BE%EB%B3%A8%C8%FE%29 HTTP/1.1" 200 593050 "-" "Mozilla/5.0 (compatible; bingbot/2.0; +http://www.bing.com/bingbot.htm)"
157.55.32.76 - - [07/Apr/2013:12:13:12 +0900] "GET /wiki/index.php?cmd=edit&page=mako%2F%C2%B4%CF%C0%C6%FC%BB%EF%28%A5%AD%A5%F3%A5%B8%A5%E7%A5%A6%A5%DE%A5%B3%29-%A5%BF%A5%B9%A5%AF%C3%A3 HTTP/1.1" 401 8524 "-" "Mozilla/5.0 (compatible; bingbot/2.0; +http://www.bing.com/bingbot.htm)"
157.55.35.82 - - [07/Apr/2013:12:13:12 +0900] "GET /ontolopedia/disp/word_show/29296 HTTP/1.1" 403 234 "-" "Mozilla/5.0 (compatible; bingbot/2.0; +http://www.bing.com/bingbot.htm)"
157.55.35.82 - - [07/Apr/2013:12:13:12 +0900] "GET /ontolopedia/disp/word_show/295340 HTTP/1.1" 403 235 "-" "Mozilla/5.0 (compatible; bingbot/2.0; +http://www.bing.com/bingbot.htm)"
157.55.32.61 - - [07/Apr/2013:12:13:13 +0900] "GET /wiki/index.php?cmd=diff&page=%A5%BC%A5%DF%A5%ED%A5%B0%2F%C2%E83%B2%F3%2F%C2%B4%CF%C0%C6%FC%BB%EF%A4%F2%BB%C4%A4%B9%CA%FD%CB%A1%A4%C8wiki%A5%DA%A1%BC%A5%B8%28%B6%CC%BE%EB%20%B3%A8%C8%FE%29 HTTP/1.1" 200 10050 "-" "Mozilla/5.0 (compatible; bingbot/2.0; +http://www.bing.com/bingbot.htm)"
157.55.32.77 - - [07/Apr/2013:12:13:13 +0900] "GET /ontolopedia/disp/word_show/75000 HTTP/1.1" 403 234 "-" "Mozilla/5.0 (compatible; bingbot/2.0; +http://www.bing.com/bingbot.htm)"
157.55.32.77 - - [07/Apr/2013:12:13:13 +0900] "GET /ontolopedia/disp/word_show/75096 HTTP/1.1" 403 234 "-" "Mozilla/5.0 (compatible; bingbot/2.0; +http://www.bing.com/bingbot.htm)"
157.55.32.103 - - [07/Apr/2013:12:13:13 +0900] "GET /~info3/wiki/index.php?plugin=attach&pcmd=upload&page=nexxx HTTP/1.1" 200 6325 "-" "Mozilla/5.0 (compatible; bingbot/2.0; +http://www.bing.com/bingbot.htm)"
157.55.32.103 - - [07/Apr/2013:12:13:13 +0900] "GET /~info3/wiki/index.php?plugin=attach&pcmd=upload&page=nude%20tube HTTP/1.1" 200 6441 "-" "Mozilla/5.0 (compatible; bingbot/2.0; +http://www.bing.com/bingbot.htm)"
157.55.32.76 - - [07/Apr/2013:12:13:13 +0900] "GET /wiki/index.php?cmd=edit&page=mako%2F%C2%B4%CF%C0%C6%FC%BB%EF%28%A5%AD%A5%F3%A5%B8%A5%E7%A5%A6%A5%DE%A5%B3%29-%BB%FE%B4%D6%C9%BD HTTP/1.1" 401 8480 "-" "Mozilla/5.0 (compatible; bingbot/2.0; +http://www.bing.com/bingbot.htm)"
157.55.32.76 - - [07/Apr/2013:12:13:13 +0900] "GET /wiki/index.php?cmd=edit&page=nal%2F%A5%C8%A5%A6%A5%DE%A5%CA%A5%EB%A5%A2%A5%AD-%A5%BF%A5%B9%A5%AF%C3%A3 HTTP/1.1" 401 8293 "-" "Mozilla/5.0 (compatible; bingbot/2.0; +http://www.bing.com/bingbot.htm)"
157.55.35.82 - - [07/Apr/2013:12:13:14 +0900] "GET /ontolopedia/disp/word_show/29547 HTTP/1.1" 403 234 "-" "Mozilla/5.0 (compatible; bingbot/2.0; +http://www.bing.com/bingbot.htm)"
157.55.35.82 - - [07/Apr/2013:12:13:14 +0900] "GET /ontolopedia/disp/word_show/295545 HTTP/1.1" 403 235 "-" "Mozilla/5.0 (compatible; bingbot/2.0; +http://www.bing.com/bingbot.htm)"
157.55.32.61 - - [07/Apr/2013:12:13:14 +0900] "GET /wiki/index.php?cmd=diff&page=%A5%BC%A5%DF%A5%ED%A5%B0%2F%C2%E831%B2%F3%2FHQV%28%B6%CC%BE%EB%B3%A8%C8%FE%29 HTTP/1.1" 200 9099 "-" "Mozilla/5.0 (compatible; bingbot/2.0; +http://www.bing.com/bingbot.htm)"
157.55.32.76 - - [07/Apr/2013:12:13:14 +0900] "GET /wiki/index.php?cmd=edit&page=nal%2F%C6%FC%BB%EF%28%A5%C8%A5%A6%A5%DE%A5%CA%A5%EB%A5%A2%A5%AD%29%2F2005-05-09 HTTP/1.1" 401 8492 "-" "Mozilla/5.0 (compatible; bingbot/2.0; +http://www.bing.com/bingbot.htm)"
157.55.32.103 - - [07/Apr/2013:12:13:14 +0900] "GET /~info3/wiki/index.php?plugin=attach&pcmd=upload&page=pornohub HTTP/1.1" 200 6385 "-" "Mozilla/5.0 (compatible; bingbot/2.0; +http://www.bing.com/bingbot.htm)"
66.249.76.52 - - [07/Apr/2013:12:13:14 +0900] "GET /ontolopedia/disp/word_show/325334 HTTP/1.1" 200 7009 "-" "Mozilla/5.0 (compatible; Googlebot/2.1; +http://www.google.com/bot.html)"
157.55.32.103 - - [07/Apr/2013:12:13:14 +0900] "GET /~info3/wiki/index.php?plugin=attach&pcmd=upload&page=pornotube HTTP/1.1" 200 6405 "-" "Mozilla/5.0 (compatible; bingbot/2.0; +http://www.bing.com/bingbot.htm)"
157.55.32.76 - - [07/Apr/2013:12:13:14 +0900] "GET /wiki/index.php?cmd=edit&page=nal%2F%C6%FC%BB%EF%28%A5%C8%A5%A6%A5%DE%A5%CA%A5%EB%A5%A2%A5%AD%29%2F2005-05-27 HTTP/1.1" 401 8492 "-" "Mozilla/5.0 (compatible; bingbot/2.0; +http://www.bing.com/bingbot.htm)"
157.55.35.82 - - [07/Apr/2013:12:13:15 +0900] "GET /ontolopedia/disp/word_show/295727 HTTP/1.1" 403 235 "-" "Mozilla/5.0 (compatible; bingbot/2.0; +http://www.bing.com/bingbot.htm)"
157.55.35.82 - - [07/Apr/2013:12:13:15 +0900] "GET /ontolopedia/disp/word_show/319907 HTTP/1.1" 403 235 "-" "Mozilla/5.0 (compatible; bingbot/2.0; +http://www.bing.com/bingbot.htm)"
157.55.32.61 - - [07/Apr/2013:12:13:15 +0900] "GET /wiki/index.php?cmd=diff&page=%A5%E1%A5%E2%C4%A2%2F%C2%B4%B8%A6%C6%FC%BB%EF%C0%DF%C3%D6%CA%FD%CB%A1 HTTP/1.1" 200 10326 "-" "Mozilla/5.0 (compatible; bingbot/2.0; +http://www.bing.com/bingbot.htm)"
157.55.32.76 - - [07/Apr/2013:12:13:15 +0900] "GET /wiki/index.php?cmd=edit&page=nal%2F%C6%FC%BB%EF%28%A5%C8%A5%A6%A5%DE%A5%CA%A5%EB%A5%A2%A5%AD%29%2F2005-06-01 HTTP/1.1" 401 8492 "-" "Mozilla/5.0 (compatible; bingbot/2.0; +http://www.bing.com/bingbot.htm)"
157.55.32.103 - - [07/Apr/2013:12:13:15 +0900] "GET /~info3/wiki/index.php?plugin=attach&pcmd=upload&page=suzuko HTTP/1.1" 200 6345 "-" "Mozilla/5.0 (compatible; bingbot/2.0; +http://www.bing.com/bingbot.htm)"
157.55.32.103 - - [07/Apr/2013:12:13:15 +0900] "GET /ontolopedia/disp/word_show/25222 HTTP/1.1" 403 234 "-" "Mozilla/5.0 (compatible; bingbot/2.0; +http://www.bing.com/bingbot.htm)"
157.55.32.76 - - [07/Apr/2013:12:13:15 +0900] "GET /wiki/index.php?cmd=edit&page=nal%2F%C6%FC%BB%EF%28%A5%C8%A5%A6%A5%DE%A5%CA%A5%EB%A5%A2%A5%AD%29%2F2005-06-07 HTTP/1.1" 401 8492 "-" "Mozilla/5.0 (compatible; bingbot/2.0; +http://www.bing.com/bingbot.htm)"
157.55.32.61 - - [07/Apr/2013:12:13:16 +0900] "GET /wiki/index.php?cmd=diff&page=Emi%2F%C2%B4%CF%C0%C6%FC%BB%EF%28%A5%BF%A5%DE%A5%AD%A5%A8%A5%DF%29%2F2005-04-01 HTTP/1.1" 200 9202 "-" "Mozilla/5.0 (compatible; bingbot/2.0; +http://www.bing.com/bingbot.htm)"
157.55.32.61 - - [07/Apr/2013:12:13:16 +0900] "GET /wiki/index.php?cmd=diff&page=Emi%2F%C2%B4%CF%C0%C6%FC%BB%EF%28%A5%BF%A5%DE%A5%AD%A5%A8%A5%DF%29%2F2005-04-07 HTTP/1.1" 200 9210 "-" "Mozilla/5.0 (compatible; bingbot/2.0; +http://www.bing.com/bingbot.htm)"
157.55.35.82 - - [07/Apr/2013:12:13:16 +0900] "GET /ontolopedia/disp/word_show/371863 HTTP/1.1" 403 235 "-" "Mozilla/5.0 (compatible; bingbot/2.0; +http://www.bing.com/bingbot.htm)"
157.55.35.82 - - [07/Apr/2013:12:13:16 +0900] "GET /ontolopedia/disp/word_show/3722 HTTP/1.1" 403 233 "-" "Mozilla/5.0 (compatible; bingbot/2.0; +http://www.bing.com/bingbot.htm)"
157.55.32.76 - - [07/Apr/2013:12:13:16 +0900] "GET /wiki/index.php?cmd=edit&page=nal%2F%C6%FC%BB%EF%28%A5%C8%A5%A6%A5%DE%A5%CA%A5%EB%A5%A2%A5%AD%29%2F2005-06-16 HTTP/1.1" 401 8492 "-" "Mozilla/5.0 (compatible; bingbot/2.0; +http://www.bing.com/bingbot.htm)"
157.55.32.61 - - [07/Apr/2013:12:13:17 +0900] "GET /wiki/index.php?cmd=diff&page=Emi%2F%C2%B4%CF%C0%C6%FC%BB%EF%28%A5%BF%A5%DE%A5%AD%A5%A8%A5%DF%29%2F2005-04-11 HTTP/1.1" 200 9213 "-" "Mozilla/5.0 (compatible; bingbot/2.0; +http://www.bing.com/bingbot.htm)"
157.55.32.76 - - [07/Apr/2013:12:13:17 +0900] "GET /wiki/index.php?cmd=edit&page=nal%2F%C6%FC%BB%EF%28%A5%C8%A5%A6%A5%DE%A5%CA%A5%EB%A5%A2%A5%AD%29%2F2005-06-22 HTTP/1.1" 401 8492 "-" "Mozilla/5.0 (compatible; bingbot/2.0; +http://www.bing.com/bingbot.htm)"
157.55.32.61 - - [07/Apr/2013:12:13:17 +0900] "GET /wiki/index.php?cmd=edit&page=free%20cialis%20pills&refer=%A5%BC%A5%DF%A5%ED%A5%B0%2F%C2%E823%B2%F3%2F1.%BC%C2%C1%F5%B2%BD%28%BD%E9%B4%FC%BD%E8%CD%FD%29%28%B6%CC%BE%EB%B3%A8%C8%FE%29 HTTP/1.1" 401 7873 "-" "Mozilla/5.0 (compatible; bingbot/2.0; +http://www.bing.com/bingbot.htm)"
157.55.35.82 - - [07/Apr/2013:12:13:17 +0900] "GET /ontolopedia/disp/word_show/372288 HTTP/1.1" 403 235 "-" "Mozilla/5.0 (compatible; bingbot/2.0; +http://www.bing.com/bingbot.htm)"
157.55.32.103 - - [07/Apr/2013:12:13:17 +0900] "GET /ontolopedia/disp/word_show/25229 HTTP/1.1" 403 234 "-" "Mozilla/5.0 (compatible; bingbot/2.0; +http://www.bing.com/bingbot.htm)"
157.55.32.103 - - [07/Apr/2013:12:13:17 +0900] "GET /ontolopedia/disp/word_show/252490 HTTP/1.1" 403 235 "-" "Mozilla/5.0 (compatible; bingbot/2.0; +http://www.bing.com/bingbot.htm)"
157.55.35.82 - - [07/Apr/2013:12:13:17 +0900] "GET /ontolopedia/disp/word_show/398783 HTTP/1.1" 403 235 "-" "Mozilla/5.0 (compatible; bingbot/2.0; +http://www.bing.com/bingbot.htm)"
157.55.32.76 - - [07/Apr/2013:12:13:17 +0900] "GET /wiki/index.php?cmd=edit&page=oacuyybib&refer=%A5%BC%A5%DF%A5%ED%A5%B0%2F%C2%E828%B2%F3%2F%C3%E6%B4%D6%C8%AF%C9%BD%B8%B6%B9%C63%28%B6%CC%BE%EB%B3%A8%C8%FE%29 HTTP/1.1" 401 7769 "-" "Mozilla/5.0 (compatible; bingbot/2.0; +http://www.bing.com/bingbot.htm)"
157.55.32.61 - - [07/Apr/2013:12:13:17 +0900] "GET /wiki/index.php?cmd=edit&page=generic%20effexor&refer=%A5%BC%A5%DF%A5%ED%A5%B0%2F%C2%E823%B2%F3%2F1.%BC%C2%C1%F5%B2%BD%28%BD%E9%B4%FC%BD%E8%CD%FD%29%28%B6%CC%BE%EB%B3%A8%C8%FE%29 HTTP/1.1" 401 7841 "-" "Mozilla/5.0 (compatible; bingbot/2.0; +http://www.bing.com/bingbot.htm)"
66.249.76.52 - - [07/Apr/2013:12:13:17 +0900] "GET /ontolopedia/disp/word_show/196516 HTTP/1.1" 200 7108 "-" "Mozilla/5.0 (compatible; Googlebot/2.1; +http://www.google.com/bot.html)"
202.180.34.186 - - [07/Apr/2013:12:13:17 +0900] "GET /ontolopedia/disp/word_show/58707 HTTP/1.1" 200 13923 "-" "ICC-Crawler/2.0 (Mozilla-compatible; ; http://kc.nict.go.jp/project1/crawl.html)"
157.55.32.61 - - [07/Apr/2013:12:13:18 +0900] "GET /wiki/index.php?cmd=edit&page=khmyzszs HTTP/1.1" 401 7759 "-" "Mozilla/5.0 (compatible; bingbot/2.0; +http://www.bing.com/bingbot.htm)"
157.55.32.76 - - [07/Apr/2013:12:13:18 +0900] "GET /wiki/index.php?cmd=edit&page=qhvmf&refer=%A5%BC%A5%DF%A5%ED%A5%B0%2F%C2%E828%B2%F3%2F%C3%E6%B4%D6%C8%AF%C9%BD%B8%B6%B9%C63%28%B6%CC%BE%EB%B3%A8%C8%FE%29 HTTP/1.1" 401 7729 "-" "Mozilla/5.0 (compatible; bingbot/2.0; +http://www.bing.com/bingbot.htm)"
157.55.32.103 - - [07/Apr/2013:12:13:18 +0900] "GET /ontolopedia/disp/word_show/27079 HTTP/1.1" 403 234 "-" "Mozilla/5.0 (compatible; bingbot/2.0; +http://www.bing.com/bingbot.htm)"
157.55.32.103 - - [07/Apr/2013:12:13:18 +0900] "GET /ontolopedia/disp/word_show/270830 HTTP/1.1" 403 235 "-" "Mozilla/5.0 (compatible; bingbot/2.0; +http://www.bing.com/bingbot.htm)"
157.55.35.82 - - [07/Apr/2013:12:13:18 +0900] "GET /ontolopedia/disp/word_show/3989 HTTP/1.1" 403 233 "-" "Mozilla/5.0 (compatible; bingbot/2.0; +http://www.bing.com/bingbot.htm)"
157.55.35.82 - - [07/Apr/2013:12:13:18 +0900] "GET /ontolopedia/disp/word_show/398938 HTTP/1.1" 403 235 "-" "Mozilla/5.0 (compatible; bingbot/2.0; +http://www.bing.com/bingbot.htm)"
157.55.32.76 - - [07/Apr/2013:12:13:18 +0900] "GET /wiki/index.php?cmd=edit&page=yogisuzu&refer=%A5%E1%A5%F3%A5%D0%A1%BC HTTP/1.1" 401 7759 "-" "Mozilla/5.0 (compatible; bingbot/2.0; +http://www.bing.com/bingbot.htm)"
157.55.32.61 - - [07/Apr/2013:12:13:18 +0900] "GET /wiki/index.php?cmd=edit&page=kjswozzuisz&refer=%A5%BC%A5%DF%A5%ED%A5%B0%2F%C2%E823%B2%F3%2F1.%BC%C2%C1%F5%B2%BD%28%BD%E9%B4%FC%BD%E8%CD%FD%29%28%B6%CC%BE%EB%B3%A8%C8%FE%29 HTTP/1.1" 401 7789 "-" "Mozilla/5.0 (compatible; bingbot/2.0; +http://www.bing.com/bingbot.htm)"
157.55.32.61 - - [07/Apr/2013:12:13:19 +0900] "GET /wiki/index.php?cmd=edit&page=levitra%20advertising%20agency&refer=%A5%BC%A5%DF%A5%ED%A5%B0%2F%C2%E823%B2%F3%2F1.%BC%C2%C1%F5%B2%BD%28%BD%E9%B4%FC%BD%E8%CD%FD%29%28%B6%CC%BE%EB%B3%A8%C8%FE%29 HTTP/1.1" 401 7963 "-" "Mozilla/5.0 (compatible; bingbot/2.0; +http://www.bing.com/bingbot.htm)"
157.55.32.76 - - [07/Apr/2013:12:13:19 +0900] "GET /wiki/index.php?cmd=edit&page=yosshi%2F%A5%D7%A5%ED%A5%B0%A5%E9%A5%E0 HTTP/1.1" 401 8052 "-" "Mozilla/5.0 (compatible; bingbot/2.0; +http://www.bing.com/bingbot.htm)"
157.55.35.82 - - [07/Apr/2013:12:13:19 +0900] "GET /ontolopedia/disp/word_show/399296 HTTP/1.1" 403 235 "-" "Mozilla/5.0 (compatible; bingbot/2.0; +http://www.bing.com/bingbot.htm)"
157.55.35.82 - - [07/Apr/2013:12:13:19 +0900] "GET /ontolopedia/disp/word_show/399436 HTTP/1.1" 403 235 "-" "Mozilla/5.0 (compatible; bingbot/2.0; +http://www.bing.com/bingbot.htm)"
157.55.32.103 - - [07/Apr/2013:12:13:19 +0900] "GET /ontolopedia/disp/word_show/271033 HTTP/1.1" 403 235 "-" "Mozilla/5.0 (compatible; bingbot/2.0; +http://www.bing.com/bingbot.htm)"
157.55.32.103 - - [07/Apr/2013:12:13:19 +0900] "GET /ontolopedia/disp/word_show/271129 HTTP/1.1" 403 235 "-" "Mozilla/5.0 (compatible; bingbot/2.0; +http://www.bing.com/bingbot.htm)"
157.55.32.61 - - [07/Apr/2013:12:13:19 +0900] "GET /wiki/index.php?cmd=edit&page=lublutebyayanka HTTP/1.1" 401 7829 "-" "Mozilla/5.0 (compatible; bingbot/2.0; +http://www.bing.com/bingbot.htm)"
157.55.32.76 - - [07/Apr/2013:12:13:19 +0900] "GET /wiki/index.php?cmd=freeze&page=%A5%BC%A5%DF%A5%ED%A5%B0%2F%C2%E810%B2%F3%2F%CC%DC%C5%AA%A4%C8%A4%E4%A4%EB%A4%D9%A4%AD%BB%F6%28%B6%CC%BE%EB%B3%A8%C8%FE%29 HTTP/1.1" 200 9155 "-" "Mozilla/5.0 (compatible; bingbot/2.0; +http://www.bing.com/bingbot.htm)"
157.55.32.61 - - [07/Apr/2013:12:13:20 +0900] "GET /wiki/index.php?cmd=edit&page=nal%2F%C6%FC%BB%EF%28%A5%C8%A5%A6%A5%DE%A5%CA%A5%EB%A5%A2%A5%AD%29%2F2005-05-26 HTTP/1.1" 401 8492 "-" "Mozilla/5.0 (compatible; bingbot/2.0; +http://www.bing.com/bingbot.htm)"
157.55.32.76 - - [07/Apr/2013:12:13:20 +0900] "GET /wiki/index.php?cmd=freeze&page=%A5%BC%A5%DF%A5%ED%A5%B0%2F%C2%E818%B2%F3%2F1.%A5%C6%A5%B9%A5%C8%A5%D7%A5%ED%A5%B0%A5%E9%A5%E0%C3%A3%28%B6%CC%BE%EB%B3%A8%C8%FE%29 HTTP/1.1" 200 9219 "-" "Mozilla/5.0 (compatible; bingbot/2.0; +http://www.bing.com/bingbot.htm)"
157.55.32.103 - - [07/Apr/2013:12:13:20 +0900] "GET /ontolopedia/disp/word_show/27130 HTTP/1.1" 403 234 "-" "Mozilla/5.0 (compatible; bingbot/2.0; +http://www.bing.com/bingbot.htm)"
157.55.32.103 - - [07/Apr/2013:12:13:20 +0900] "GET /ontolopedia/disp/word_show/271626 HTTP/1.1" 403 235 "-" "Mozilla/5.0 (compatible; bingbot/2.0; +http://www.bing.com/bingbot.htm)"
157.55.35.82 - - [07/Apr/2013:12:13:20 +0900] "GET /ontolopedia/disp/word_show/400151 HTTP/1.1" 403 235 "-" "Mozilla/5.0 (compatible; bingbot/2.0; +http://www.bing.com/bingbot.htm)"
157.55.35.82 - - [07/Apr/2013:12:13:20 +0900] "GET /ontolopedia/disp/word_show/400361 HTTP/1.1" 403 235 "-" "Mozilla/5.0 (compatible; bingbot/2.0; +http://www.bing.com/bingbot.htm)"
157.55.32.76 - - [07/Apr/2013:12:13:21 +0900] "GET /wiki/index.php?cmd=freeze&page=%A5%BC%A5%DF%A5%ED%A5%B0%2F%C2%E822%B2%F3%2F3.processing-%A5%D5%A5%EC%A1%BC%A5%E0%BA%B9%CA%AC%28%B6%CC%BE%EB%B3%A8%C8%FE%29 HTTP/1.1" 200 9197 "-" "Mozilla/5.0 (compatible; bingbot/2.0; +http://www.bing.com/bingbot.htm)"
157.55.32.61 - - [07/Apr/2013:12:13:21 +0900] "GET /wiki/index.php?cmd=edit&page=peztx HTTP/1.1" 401 7729 "-" "Mozilla/5.0 (compatible; bingbot/2.0; +http://www.bing.com/bingbot.htm)"
157.55.32.76 - - [07/Apr/2013:12:13:21 +0900] "GET /wiki/index.php?cmd=freeze&page=%A5%BC%A5%DF%A5%ED%A5%B0%2F%C2%E825%B2%F3%2FJMyron_with_BgSub%28%B6%CC%BE%EB%B3%A8%C8%FE%29 HTTP/1.1" 200 8973 "-" "Mozilla/5.0 (compatible; bingbot/2.0; +http://www.bing.com/bingbot.htm)"
157.55.32.61 - - [07/Apr/2013:12:13:21 +0900] "GET /wiki/index.php?cmd=edit&page=positions HTTP/1.1" 401 7769 "-" "Mozilla/5.0 (compatible; bingbot/2.0; +http://www.bing.com/bingbot.htm)"
157.55.32.103 - - [07/Apr/2013:12:13:21 +0900] "GET /ontolopedia/disp/word_show/27217 HTTP/1.1" 403 234 "-" "Mozilla/5.0 (compatible; bingbot/2.0; +http://www.bing.com/bingbot.htm)"
157.55.32.103 - - [07/Apr/2013:12:13:21 +0900] "GET /ontolopedia/disp/word_show/272082 HTTP/1.1" 403 235 "-" "Mozilla/5.0 (compatible; bingbot/2.0; +http://www.bing.com/bingbot.htm)"
157.55.35.82 - - [07/Apr/2013:12:13:21 +0900] "GET /ontolopedia/disp/word_show/400370 HTTP/1.1" 403 235 "-" "Mozilla/5.0 (compatible; bingbot/2.0; +http://www.bing.com/bingbot.htm)"
157.55.35.82 - - [07/Apr/2013:12:13:21 +0900] "GET /ontolopedia/disp/word_show/401077 HTTP/1.1" 403 235 "-" "Mozilla/5.0 (compatible; bingbot/2.0; +http://www.bing.com/bingbot.htm)"
157.55.32.76 - - [07/Apr/2013:12:13:22 +0900] "GET /wiki/index.php?plugin=attach&pcmd=list&refer=nal%2F%C6%FC%BB%EF%28%A5%C8%A5%A6%A5%DE%A5%CA%A5%EB%A5%A2%A5%AD%29%2F2005-05-25 HTTP/1.1" 200 6549 "-" "Mozilla/5.0 (compatible; bingbot/2.0; +http://www.bing.com/bingbot.htm)"
157.55.32.76 - - [07/Apr/2013:12:13:22 +0900] "GET /wiki/index.php?plugin=attach&pcmd=list&refer=nal%2F%C6%FC%BB%EF%28%A5%C8%A5%A6%A5%DE%A5%CA%A5%EB%A5%A2%A5%AD%29%2F2005-06-27 HTTP/1.1" 200 6549 "-" "Mozilla/5.0 (compatible; bingbot/2.0; +http://www.bing.com/bingbot.htm)"
157.55.32.61 - - [07/Apr/2013:12:13:22 +0900] "GET /wiki/index.php?cmd=edit&page=zemi%2F2005-04-18 HTTP/1.1" 401 7910 "-" "Mozilla/5.0 (compatible; bingbot/2.0; +http://www.bing.com/bingbot.htm)"
157.55.32.61 - - [07/Apr/2013:12:13:22 +0900] "GET /wiki/index.php?cmd=edit&page=tweakpcwdqgr&refer=%A5%BC%A5%DF%A5%ED%A5%B0%2F%C2%E828%B2%F3%2F%C3%E6%B4%D6%C8%AF%C9%BD%B8%B6%B9%C63%28%B6%CC%BE%EB%B3%A8%C8%FE%29 HTTP/1.1" 401 7799 "-" "Mozilla/5.0 (compatible; bingbot/2.0; +http://www.bing.com/bingbot.htm)"
157.55.32.103 - - [07/Apr/2013:12:13:22 +0900] "GET /ontolopedia/disp/word_show/27222 HTTP/1.1" 403 234 "-" "Mozilla/5.0 (compatible; bingbot/2.0; +http://www.bing.com/bingbot.htm)"
157.55.32.103 - - [07/Apr/2013:12:13:22 +0900] "GET /ontolopedia/disp/word_show/27228 HTTP/1.1" 403 234 "-" "Mozilla/5.0 (compatible; bingbot/2.0; +http://www.bing.com/bingbot.htm)"
157.55.35.82 - - [07/Apr/2013:12:13:22 +0900] "GET /ontolopedia/disp/word_show/40136 HTTP/1.1" 403 234 "-" "Mozilla/5.0 (compatible; bingbot/2.0; +http://www.bing.com/bingbot.htm)"
157.55.35.82 - - [07/Apr/2013:12:13:22 +0900] "GET /ontolopedia/disp/word_show/401567 HTTP/1.1" 403 235 "-" "Mozilla/5.0 (compatible; bingbot/2.0; +http://www.bing.com/bingbot.htm)"
157.55.32.76 - - [07/Apr/2013:12:13:23 +0900] "GET /wiki/index.php?plugin=attach&pcmd=list&refer=nal%2Fworks%2F2004 HTTP/1.1" 200 6507 "-" "Mozilla/5.0 (compatible; bingbot/2.0; +http://www.bing.com/bingbot.htm)"
157.55.32.76 - - [07/Apr/2013:12:13:23 +0900] "GET /wiki/index.php?plugin=attach&pcmd=list&refer=nal%2Fworks%2F2005 HTTP/1.1" 200 6507 "-" "Mozilla/5.0 (compatible; bingbot/2.0; +http://www.bing.com/bingbot.htm)"
157.55.32.61 - - [07/Apr/2013:12:13:23 +0900] "GET /wiki/index.php?cmd=freeze&page=%A5%BC%A5%DF%A5%ED%A5%B0%2F%C2%E820%B2%F3%2F1.%BC%EA%BD%E7%A4%F2%B9%CD%A4%A8%A4%EB%28%B6%CC%BE%EB%B3%A8%C8%FE%29 HTTP/1.1" 200 9087 "-" "Mozilla/5.0 (compatible; bingbot/2.0; +http://www.bing.com/bingbot.htm)"
157.55.32.61 - - [07/Apr/2013:12:13:23 +0900] "GET /wiki/index.php?plugin=attach&pcmd=list&refer=cymbalta%20generic HTTP/1.1" 200 6511 "-" "Mozilla/5.0 (compatible; bingbot/2.0; +http://www.bing.com/bingbot.htm)"
202.180.34.186 - - [07/Apr/2013:12:13:23 +0900] "GET /ontolopedia/disp/word_show/257367 HTTP/1.1" 200 5518 "-" "ICC-Crawler/2.0 (Mozilla-compatible; ; http://kc.nict.go.jp/project1/crawl.html)"
157.55.32.103 - - [07/Apr/2013:12:13:23 +0900] "GET /ontolopedia/disp/word_show/272485 HTTP/1.1" 403 235 "-" "Mozilla/5.0 (compatible; bingbot/2.0; +http://www.bing.com/bingbot.htm)"
157.55.32.103 - - [07/Apr/2013:12:13:23 +0900] "GET /ontolopedia/disp/word_show/272856 HTTP/1.1" 403 235 "-" "Mozilla/5.0 (compatible; bingbot/2.0; +http://www.bing.com/bingbot.htm)"
157.55.35.82 - - [07/Apr/2013:12:13:23 +0900] "GET /ontolopedia/disp/word_show/42941 HTTP/1.1" 403 234 "-" "Mozilla/5.0 (compatible; bingbot/2.0; +http://www.bing.com/bingbot.htm)"
157.55.35.82 - - [07/Apr/2013:12:13:23 +0900] "GET /ontolopedia/disp/word_show/429943 HTTP/1.1" 403 235 "-" "Mozilla/5.0 (compatible; bingbot/2.0; +http://www.bing.com/bingbot.htm)"
66.249.76.52 - - [07/Apr/2013:12:13:23 +0900] "GET /ontolopedia/disp/word_show/339330 HTTP/1.1" 200 4182 "-" "Mozilla/5.0 (compatible; Googlebot/2.1; +http://www.google.com/bot.html)"
157.55.32.76 - - [07/Apr/2013:12:13:24 +0900] "GET /wiki/index.php?plugin=attach&pcmd=list&refer=yono%2F%C2%B4%B8%A6%A5%CE%A1%BC%A5%C8%A4%F2%A5%ED%A1%BC%A5%AB%A5%EB%A4%C7%C6%B0%A4%AB%A4%B9 HTTP/1.1" 200 6545 "-" "Mozilla/5.0 (compatible; bingbot/2.0; +http://www.bing.com/bingbot.htm)"
157.55.32.76 - - [07/Apr/2013:12:13:24 +0900] "GET /wiki/index.php?plugin=attach&pcmd=list&refer=yosshi%2F%CF%C0%CA%B8%A5%B5%A1%BC%A5%D9%A5%A4 HTTP/1.1" 200 6517 "-" "Mozilla/5.0 (compatible; bingbot/2.0; +http://www.bing.com/bingbot.htm)"
157.55.32.61 - - [07/Apr/2013:12:13:24 +0900] "GET /wiki/index.php?plugin=attach&pcmd=list&refer=hmkptlk HTTP/1.1" 200 6493 "-" "Mozilla/5.0 (compatible; bingbot/2.0; +http://www.bing.com/bingbot.htm)"
157.55.32.61 - - [07/Apr/2013:12:13:24 +0900] "GET /wiki/index.php?plugin=attach&pcmd=list&refer=khmyzszs HTTP/1.1" 200 6495 "-" "Mozilla/5.0 (compatible; bingbot/2.0; +http://www.bing.com/bingbot.htm)"
157.55.32.103 - - [07/Apr/2013:12:13:24 +0900] "GET /ontolopedia/disp/word_show/272957 HTTP/1.1" 403 235 "-" "Mozilla/5.0 (compatible; bingbot/2.0; +http://www.bing.com/bingbot.htm)"
157.55.32.103 - - [07/Apr/2013:12:13:24 +0900] "GET /ontolopedia/disp/word_show/273351 HTTP/1.1" 403 235 "-" "Mozilla/5.0 (compatible; bingbot/2.0; +http://www.bing.com/bingbot.htm)"
72.14.199.52 - - [07/Apr/2013:12:13:24 +0900] "GET /~yosshi/wiki-old/index.php?cmd=edit&page=%C6%FC%B5%AD%2F2004-11-07 HTTP/1.1" 200 1805 "-" "DoCoMo/2.0 N905i(c100;TB;W24H16) (compatible; Googlebot-Mobile/2.1; +http://www.google.com/bot.html)"
157.55.35.82 - - [07/Apr/2013:12:13:24 +0900] "GET /ontolopedia/disp/word_show/43025 HTTP/1.1" 403 234 "-" "Mozilla/5.0 (compatible; bingbot/2.0; +http://www.bing.com/bingbot.htm)"
157.55.35.82 - - [07/Apr/2013:12:13:24 +0900] "GET /ontolopedia/disp/word_show/43034 HTTP/1.1" 403 234 "-" "Mozilla/5.0 (compatible; bingbot/2.0; +http://www.bing.com/bingbot.htm)"
157.55.32.76 - - [07/Apr/2013:12:13:25 +0900] "GET /wiki/index.php?plugin=attach&pcmd=upload&page=%A5%B3%A5%E1%A5%F3%A5%C8%2F%A5%BC%A5%DF%A5%ED%A5%B0%2F%C2%E824%B2%F3%2F1.%A1%D8%28%C1%B0%CE%AC%29%A5%DE%A1%BC%A5%AB%A4%F2%CD%D1%A4%A4%A4%CA%A4%A4%A3%B3%BC%A1%B8%B5%CA%AA%C2%CE%C4%C9%C0%D7%BC%EA%CB%A1%A1%D9%A4%CE%BE%D2%B2%F0%28%B6%CC%BE%EB%B3%A8%C8%FE%29 HTTP/1.1" 200 11005 "-" "Mozilla/5.0 (compatible; bingbot/2.0; +http://www.bing.com/bingbot.htm)"
157.55.32.76 - - [07/Apr/2013:12:13:25 +0900] "GET /wiki/index.php?plugin=rename&refer=Emi%2F%C2%B4%CF%C0%C6%FC%BB%EF%28%A5%BF%A5%DE%A5%AD%A5%A8%A5%DF%29%2F2005-11-02 HTTP/1.1" 200 7161 "-" "Mozilla/5.0 (compatible; bingbot/2.0; +http://www.bing.com/bingbot.htm)"
157.55.32.61 - - [07/Apr/2013:12:13:25 +0900] "GET /wiki/index.php?plugin=attach&pcmd=list&refer=nal%2F%C6%FC%BB%EF%28%A5%C8%A5%A6%A5%DE%A5%CA%A5%EB%A5%A2%A5%AD%29%2F2005-05-10 HTTP/1.1" 200 6549 "-" "Mozilla/5.0 (compatible; bingbot/2.0; +http://www.bing.com/bingbot.htm)"
157.55.32.61 - - [07/Apr/2013:12:13:25 +0900] "GET /wiki/index.php?plugin=attach&pcmd=list&refer=nal%2F%C6%FC%BB%EF%28%A5%C8%A5%A6%A5%DE%A5%CA%A5%EB%A5%A2%A5%AD%29%2F2005-05-16 HTTP/1.1" 200 6549 "-" "Mozilla/5.0 (compatible; bingbot/2.0; +http://www.bing.com/bingbot.htm)"
157.55.32.103 - - [07/Apr/2013:12:13:25 +0900] "GET /ontolopedia/disp/word_show/273448 HTTP/1.1" 403 235 "-" "Mozilla/5.0 (compatible; bingbot/2.0; +http://www.bing.com/bingbot.htm)"
157.55.32.103 - - [07/Apr/2013:12:13:25 +0900] "GET /ontolopedia/disp/word_show/27358 HTTP/1.1" 403 234 "-" "Mozilla/5.0 (compatible; bingbot/2.0; +http://www.bing.com/bingbot.htm)"
157.55.35.82 - - [07/Apr/2013:12:13:26 +0900] "GET /ontolopedia/disp/word_show/4306 HTTP/1.1" 403 233 "-" "Mozilla/5.0 (compatible; bingbot/2.0; +http://www.bing.com/bingbot.htm)"
157.55.35.82 - - [07/Apr/2013:12:13:26 +0900] "GET /ontolopedia/disp/word_show/430343 HTTP/1.1" 403 235 "-" "Mozilla/5.0 (compatible; bingbot/2.0; +http://www.bing.com/bingbot.htm)"
157.55.32.76 - - [07/Apr/2013:12:13:26 +0900] "GET /wiki/index.php?plugin=rename&refer=InterWikiSandBox HTTP/1.1" 200 7022 "-" "Mozilla/5.0 (compatible; bingbot/2.0; +http://www.bing.com/bingbot.htm)"
157.55.32.76 - - [07/Apr/2013:12:13:26 +0900] "GET /wiki/index.php?plugin=rename&refer=InterWikiName HTTP/1.1" 200 7007 "-" "Mozilla/5.0 (compatible; bingbot/2.0; +http://www.bing.com/bingbot.htm)"
157.55.32.61 - - [07/Apr/2013:12:13:26 +0900] "GET /wiki/index.php?plugin=attach&pcmd=list&refer=nal%2F%C6%FC%BB%EF%28%A5%C8%A5%A6%A5%DE%A5%CA%A5%EB%A5%A2%A5%AD%29%2F2005-06-09 HTTP/1.1" 200 6549 "-" "Mozilla/5.0 (compatible; bingbot/2.0; +http://www.bing.com/bingbot.htm)"
157.55.32.61 - - [07/Apr/2013:12:13:26 +0900] "GET /wiki/index.php?plugin=attach&pcmd=list&refer=nal%2F%C6%FC%BB%EF%28%A5%C8%A5%A6%A5%DE%A5%CA%A5%EB%A5%A2%A5%AD%29%2F2005-06-13 HTTP/1.1" 200 6549 "-" "Mozilla/5.0 (compatible; bingbot/2.0; +http://www.bing.com/bingbot.htm)"
157.55.32.103 - - [07/Apr/2013:12:13:26 +0900] "GET /ontolopedia/disp/word_show/273631 HTTP/1.1" 403 235 "-" "Mozilla/5.0 (compatible; bingbot/2.0; +http://www.bing.com/bingbot.htm)"
157.55.32.103 - - [07/Apr/2013:12:13:26 +0900] "GET /ontolopedia/disp/word_show/2737 HTTP/1.1" 403 233 "-" "Mozilla/5.0 (compatible; bingbot/2.0; +http://www.bing.com/bingbot.htm)"
157.55.35.82 - - [07/Apr/2013:12:13:27 +0900] "GET /ontolopedia/disp/word_show/43097 HTTP/1.1" 403 234 "-" "Mozilla/5.0 (compatible; bingbot/2.0; +http://www.bing.com/bingbot.htm)"
157.55.35.82 - - [07/Apr/2013:12:13:27 +0900] "GET /ontolopedia/disp/word_show/43134 HTTP/1.1" 403 234 "-" "Mozilla/5.0 (compatible; bingbot/2.0; +http://www.bing.com/bingbot.htm)"
157.55.32.76 - - [07/Apr/2013:12:13:27 +0900] "GET /wiki/index.php?plugin=rename&refer=Lipitor HTTP/1.1" 200 49719 "-" "Mozilla/5.0 (compatible; bingbot/2.0; +http://www.bing.com/bingbot.htm)"
157.55.32.76 - - [07/Apr/2013:12:13:27 +0900] "GET /wiki/index.php?plugin=rename&refer=PjgssMgxah HTTP/1.1" 200 49722 "-" "Mozilla/5.0 (compatible; bingbot/2.0; +http://www.bing.com/bingbot.htm)"
157.55.32.61 - - [07/Apr/2013:12:13:27 +0900] "GET /wiki/index.php?plugin=attach&pcmd=list&refer=nal%2F%C6%FC%BB%EF%28%A5%C8%A5%A6%A5%DE%A5%CA%A5%EB%A5%A2%A5%AD%29%2F2005-07-07 HTTP/1.1" 200 6549 "-" "Mozilla/5.0 (compatible; bingbot/2.0; +http://www.bing.com/bingbot.htm)"
157.55.32.61 - - [07/Apr/2013:12:13:27 +0900] "GET /wiki/index.php?plugin=attach&pcmd=list&refer=nal%2Fworks%2F2009 HTTP/1.1" 200 6507 "-" "Mozilla/5.0 (compatible; bingbot/2.0; +http://www.bing.com/bingbot.htm)"
157.55.32.103 - - [07/Apr/2013:12:13:27 +0900] "GET /ontolopedia/disp/word_show/273736 HTTP/1.1" 403 235 "-" "Mozilla/5.0 (compatible; bingbot/2.0; +http://www.bing.com/bingbot.htm)"
157.55.32.103 - - [07/Apr/2013:12:13:27 +0900] "GET /ontolopedia/disp/word_show/291584 HTTP/1.1" 403 235 "-" "Mozilla/5.0 (compatible; bingbot/2.0; +http://www.bing.com/bingbot.htm)"
157.55.35.82 - - [07/Apr/2013:12:13:28 +0900] "GET /ontolopedia/disp/word_show/462075 HTTP/1.1" 403 235 "-" "Mozilla/5.0 (compatible; bingbot/2.0; +http://www.bing.com/bingbot.htm)"
157.55.35.82 - - [07/Apr/2013:12:13:28 +0900] "GET /ontolopedia/disp/word_show/462151 HTTP/1.1" 403 235 "-" "Mozilla/5.0 (compatible; bingbot/2.0; +http://www.bing.com/bingbot.htm)"
157.55.32.61 - - [07/Apr/2013:12:13:28 +0900] "GET /wiki/index.php?plugin=attach&pcmd=list&refer=yono HTTP/1.1" 200 6487 "-" "Mozilla/5.0 (compatible; bingbot/2.0; +http://www.bing.com/bingbot.htm)"
157.55.32.61 - - [07/Apr/2013:12:13:28 +0900] "GET /wiki/index.php?plugin=attach&pcmd=list&refer=yosshi%2F%CF%C0%CA%B8%A5%B5%A1%BC%A5%D9%A5%A4%2F%C2%D0%CF%C3%C5%AA%CA%AC%CE%E0%B3%D8%BD%AC%A4%CB%A4%E8%A4%EBWeb%A5%DA%A1%BC%A5%B8%A4%CE%C9%F4%CA%AC%B9%B9%BF%B7%A5%E2%A5%CB%A5%BF%A5%EA%A5%F3%A5%B0 HTTP/1.1" 200 6621 "-" "Mozilla/5.0 (compatible; bingbot/2.0; +http://www.bing.com/bingbot.htm)"
157.55.32.76 - - [07/Apr/2013:12:13:28 +0900] "GET /wiki/index.php?plugin=rename&refer=PukiWiki%2F1.4%2FManual%2FPlugin%2FE-G HTTP/1.1" 200 7100 "-" "Mozilla/5.0 (compatible; bingbot/2.0; +http://www.bing.com/bingbot.htm)"
157.55.32.76 - - [07/Apr/2013:12:13:28 +0900] "GET /wiki/index.php?plugin=rename&refer=PukiWiki%2F1.4%2FManual%2FPlugin%2FH-K HTTP/1.1" 200 7100 "-" "Mozilla/5.0 (compatible; bingbot/2.0; +http://www.bing.com/bingbot.htm)"
157.55.35.82 - - [07/Apr/2013:12:13:29 +0900] "GET /ontolopedia/disp/word_show/5854 HTTP/1.1" 403 233 "-" "Mozilla/5.0 (compatible; bingbot/2.0; +http://www.bing.com/bingbot.htm)"
157.55.35.82 - - [07/Apr/2013:12:13:29 +0900] "GET /ontolopedia/disp/word_show/58551 HTTP/1.1" 403 234 "-" "Mozilla/5.0 (compatible; bingbot/2.0; +http://www.bing.com/bingbot.htm)"
202.180.34.186 - - [07/Apr/2013:12:13:28 +0900] "GET /ontolopedia/disp/word_show/258244 HTTP/1.1" 200 7821 "-" "ICC-Crawler/2.0 (Mozilla-compatible; ; http://kc.nict.go.jp/project1/crawl.html)"
157.55.32.103 - - [07/Apr/2013:12:13:29 +0900] "GET /ontolopedia/disp/word_show/29188 HTTP/1.1" 403 234 "-" "Mozilla/5.0 (compatible; bingbot/2.0; +http://www.bing.com/bingbot.htm)"
157.55.32.103 - - [07/Apr/2013:12:13:29 +0900] "GET /ontolopedia/disp/word_show/292138 HTTP/1.1" 403 235 "-" "Mozilla/5.0 (compatible; bingbot/2.0; +http://www.bing.com/bingbot.htm)"
157.55.32.61 - - [07/Apr/2013:12:13:29 +0900] "GET /wiki/index.php?plugin=rename&refer=Emi%2F%C2%B4%CF%C0%C6%FC%BB%EF%28%A5%BF%A5%DE%A5%AD%A5%A8%A5%DF%29%2F2005-10-11 HTTP/1.1" 200 7161 "-" "Mozilla/5.0 (compatible; bingbot/2.0; +http://www.bing.com/bingbot.htm)"
157.55.32.61 - - [07/Apr/2013:12:13:29 +0900] "GET /wiki/index.php?plugin=rename&refer=Emi%2F%C2%B4%CF%C0%C6%FC%BB%EF%28%A5%BF%A5%DE%A5%AD%A5%A8%A5%DF%29-%A5%AB%A5%EC%A5%F3%A5%C0%A1%BC HTTP/1.1" 200 7179 "-" "Mozilla/5.0 (compatible; bingbot/2.0; +http://www.bing.com/bingbot.htm)"
157.55.32.76 - - [07/Apr/2013:12:13:29 +0900] "GET /wiki/index.php?plugin=rename&refer=Retin-A HTTP/1.1" 200 49719 "-" "Mozilla/5.0 (compatible; bingbot/2.0; +http://www.bing.com/bingbot.htm)"
157.55.32.76 - - [07/Apr/2013:12:13:29 +0900] "GET /wiki/index.php?plugin=rename&refer=Sho%2F%C2%B4%CF%C0%C6%FC%BB%EF%28%A5%DF%A5%E4%A5%AE%A5%B7%A5%E7%A5%A6%29%2F2005-05-02 HTTP/1.1" 200 7175 "-" "Mozilla/5.0 (compatible; bingbot/2.0; +http://www.bing.com/bingbot.htm)"
157.55.32.103 - - [07/Apr/2013:12:13:30 +0900] "GET /ontolopedia/disp/word_show/29252 HTTP/1.1" 403 234 "-" "Mozilla/5.0 (compatible; bingbot/2.0; +http://www.bing.com/bingbot.htm)"
157.55.32.103 - - [07/Apr/2013:12:13:30 +0900] "GET /ontolopedia/disp/word_show/292741 HTTP/1.1" 403 235 "-" "Mozilla/5.0 (compatible; bingbot/2.0; +http://www.bing.com/bingbot.htm)"
66.249.76.52 - - [07/Apr/2013:12:13:29 +0900] "GET /ontolopedia/disp/word_show/371167 HTTP/1.1" 200 5168 "-" "Mozilla/5.0 (compatible; Googlebot/2.1; +http://www.google.com/bot.html)"
157.55.35.82 - - [07/Apr/2013:12:13:30 +0900] "GET /ontolopedia/disp/word_show/58607 HTTP/1.1" 403 234 "-" "Mozilla/5.0 (compatible; bingbot/2.0; +http://www.bing.com/bingbot.htm)"
157.55.35.82 - - [07/Apr/2013:12:13:30 +0900] "GET /ontolopedia/disp/word_show/5877 HTTP/1.1" 403 233 "-" "Mozilla/5.0 (compatible; bingbot/2.0; +http://www.bing.com/bingbot.htm)"
157.55.32.61 - - [07/Apr/2013:12:13:30 +0900] "GET /wiki/index.php?plugin=rename&refer=KiiLhnpGgnuJk HTTP/1.1" 200 49725 "-" "Mozilla/5.0 (compatible; bingbot/2.0; +http://www.bing.com/bingbot.htm)"
157.55.32.61 - - [07/Apr/2013:12:13:30 +0900] "GET /wiki/index.php?plugin=rename&refer=ToiletsSexy HTTP/1.1" 200 49723 "-" "Mozilla/5.0 (compatible; bingbot/2.0; +http://www.bing.com/bingbot.htm)"
157.55.32.76 - - [07/Apr/2013:12:13:30 +0900] "GET /~info3/wiki/index.php?cmd=backup&action=&page=%B6%B6%CB%DC%A1%F5%B6%CC%C6%E1%C7%C6%C8%CB%B9%F1&age=1 HTTP/1.1" 200 6453 "-" "Mozilla/5.0 (compatible; bingbot/2.0; +http://www.bing.com/bingbot.htm)"
157.55.32.103 - - [07/Apr/2013:12:13:31 +0900] "GET /ontolopedia/disp/word_show/29277 HTTP/1.1" 403 234 "-" "Mozilla/5.0 (compatible; bingbot/2.0; +http://www.bing.com/bingbot.htm)"
157.55.32.103 - - [07/Apr/2013:12:13:31 +0900] "GET /ontolopedia/disp/word_show/293892 HTTP/1.1" 403 235 "-" "Mozilla/5.0 (compatible; bingbot/2.0; +http://www.bing.com/bingbot.htm)"
157.55.32.76 - - [07/Apr/2013:12:13:31 +0900] "GET /~info3/wiki/index.php?cmd=backup&action=&page=%B6%B6%CB%DC%A1%F5%B6%CC%C6%E1%C7%C6%C8%CB%B9%F1&age=6 HTTP/1.1" 200 7253 "-" "Mozilla/5.0 (compatible; bingbot/2.0; +http://www.bing.com/bingbot.htm)"
157.55.35.82 - - [07/Apr/2013:12:13:31 +0900] "GET /ontolopedia/disp/word_show/58847 HTTP/1.1" 403 234 "-" "Mozilla/5.0 (compatible; bingbot/2.0; +http://www.bing.com/bingbot.htm)"
157.55.35.82 - - [07/Apr/2013:12:13:31 +0900] "GET /ontolopedia/disp/word_show/58904 HTTP/1.1" 403 234 "-" "Mozilla/5.0 (compatible; bingbot/2.0; +http://www.bing.com/bingbot.htm)"
157.55.32.61 - - [07/Apr/2013:12:13:31 +0900] "GET /wiki/index.php?plugin=rename&refer=Top%20Page%2F2005-07-25 HTTP/1.1" 200 7041 "-" "Mozilla/5.0 (compatible; bingbot/2.0; +http://www.bing.com/bingbot.htm)"
157.55.32.61 - - [07/Apr/2013:12:13:31 +0900] "GET /~info3/wiki/index.php?cmd=backup&action=&page=%C8%E6%B2%C5%A1%F5%B6%CC%C6%E1%C7%C6%CD%A5%BA%EE%2F%BF%CA%C5%B8%CA%F3%B9%F0%2812%2F17%29&age=2 HTTP/1.1" 200 9657 "-" "Mozilla/5.0 (compatible; bingbot/2.0; +http://www.bing.com/bingbot.htm)"
157.55.32.103 - - [07/Apr/2013:12:13:32 +0900] "GET /ontolopedia/disp/word_show/29419 HTTP/1.1" 403 234 "-" "Mozilla/5.0 (compatible; bingbot/2.0; +http://www.bing.com/bingbot.htm)"
157.55.32.103 - - [07/Apr/2013:12:13:32 +0900] "GET /ontolopedia/disp/word_show/294248 HTTP/1.1" 403 235 "-" "Mozilla/5.0 (compatible; bingbot/2.0; +http://www.bing.com/bingbot.htm)"
157.55.35.82 - - [07/Apr/2013:12:13:32 +0900] "GET /ontolopedia/disp/word_show/66243 HTTP/1.1" 403 234 "-" "Mozilla/5.0 (compatible; bingbot/2.0; +http://www.bing.com/bingbot.htm)"
157.55.32.76 - - [07/Apr/2013:12:13:32 +0900] "GET /~info3/wiki/index.php?cmd=backup&action=&page=%C8%E6%B2%C5%A1%F5%B6%CC%C6%E1%C7%C6%CD%A5%BA%EE%2F%BF%CA%C5%B8%CA%F3%B9%F0%2812%2F17%29&age=3 HTTP/1.1" 200 10258 "-" "Mozilla/5.0 (compatible; bingbot/2.0; +http://www.bing.com/bingbot.htm)"
157.55.35.82 - - [07/Apr/2013:12:13:32 +0900] "GET /ontolopedia/disp/word_show/66281 HTTP/1.1" 403 234 "-" "Mozilla/5.0 (compatible; bingbot/2.0; +http://www.bing.com/bingbot.htm)"
157.55.32.61 - - [07/Apr/2013:12:13:32 +0900] "GET /~info3/wiki/index.php?cmd=backup&action=delete&page=%B2%CF%CC%EE%C2%EE%CC%E9%2C%C0%D0%B8%B6%B9%C0%2Flevel0 HTTP/1.1" 200 4748 "-" "Mozilla/5.0 (compatible; bingbot/2.0; +http://www.bing.com/bingbot.htm)"
157.55.32.61 - - [07/Apr/2013:12:13:32 +0900] "GET /~info3/wiki/index.php?cmd=backup&action=delete&page=%B4%E4%B8%B5%B8%AC%C2%C0 HTTP/1.1" 200 4616 "-" "Mozilla/5.0 (compatible; bingbot/2.0; +http://www.bing.com/bingbot.htm)"
157.55.32.76 - - [07/Apr/2013:12:13:31 +0900] "GET /~info3/wiki/index.php?cmd=backup&action=&page=%C0%AE%C5%C4%A1%F5%B6%E2%BE%EB%C8%C9&age=41 HTTP/1.1" 200 302850 "-" "Mozilla/5.0 (compatible; bingbot/2.0; +http://www.bing.com/bingbot.htm)"
157.55.35.82 - - [07/Apr/2013:12:13:33 +0900] "GET /ontolopedia/disp/word_show/75137 HTTP/1.1" 403 234 "-" "Mozilla/5.0 (compatible; bingbot/2.0; +http://www.bing.com/bingbot.htm)"
157.55.32.76 - - [07/Apr/2013:12:13:33 +0900] "GET /~info3/wiki/index.php?cmd=backup&action=delete&page=%B5%DC%CA%BF%A1%F5%C2%E7%C4%C5%C8%C9 HTTP/1.1" 200 4664 "-" "Mozilla/5.0 (compatible; bingbot/2.0; +http://www.bing.com/bingbot.htm)"
157.55.32.103 - - [07/Apr/2013:12:13:33 +0900] "GET /ontolopedia/disp/word_show/294569 HTTP/1.1" 403 235 "-" "Mozilla/5.0 (compatible; bingbot/2.0; +http://www.bing.com/bingbot.htm)"
157.55.32.103 - - [07/Apr/2013:12:13:33 +0900] "GET /ontolopedia/disp/word_show/295860 HTTP/1.1" 403 235 "-" "Mozilla/5.0 (compatible; bingbot/2.0; +http://www.bing.com/bingbot.htm)"
157.55.35.82 - - [07/Apr/2013:12:13:33 +0900] "GET /ontolopedia/disp/word_show/75182 HTTP/1.1" 403 234 "-" "Mozilla/5.0 (compatible; bingbot/2.0; +http://www.bing.com/bingbot.htm)"
157.55.32.61 - - [07/Apr/2013:12:13:33 +0900] "GET /~info3/wiki/index.php?cmd=backup&action=delete&page=%B7%F3%BE%EB HTTP/1.1" 200 4568 "-" "Mozilla/5.0 (compatible; bingbot/2.0; +http://www.bing.com/bingbot.htm)"
157.55.32.61 - - [07/Apr/2013:12:13:33 +0900] "GET /~info3/wiki/index.php?cmd=backup&action=delete&page=%B5%DC%BE%EB%A1%F5%CB%DC%C2%BC%C8%C9%2FLevel2 HTTP/1.1" 200 4712 "-" "Mozilla/5.0 (compatible; bingbot/2.0; +http://www.bing.com/bingbot.htm)"
157.55.35.82 - - [07/Apr/2013:12:13:34 +0900] "GET /ontolopedia/disp/word_show/75198 HTTP/1.1" 403 234 "-" "Mozilla/5.0 (compatible; bingbot/2.0; +http://www.bing.com/bingbot.htm)"
157.55.32.76 - - [07/Apr/2013:12:13:34 +0900] "GET /~info3/wiki/index.php?cmd=backup&action=delete&page=%BE%E5%C3%CF%2FLevel%200 HTTP/1.1" 200 4628 "-" "Mozilla/5.0 (compatible; bingbot/2.0; +http://www.bing.com/bingbot.htm)"
66.249.76.52 - - [07/Apr/2013:12:13:34 +0900] "GET /ontolopedia/disp/word_show/439875 HTTP/1.1" 200 9998 "-" "Mozilla/5.0 (compatible; Googlebot/2.1; +http://www.google.com/bot.html)"
157.55.32.103 - - [07/Apr/2013:12:13:34 +0900] "GET /ontolopedia/disp/word_show/319668 HTTP/1.1" 403 235 "-" "Mozilla/5.0 (compatible; bingbot/2.0; +http://www.bing.com/bingbot.htm)"
157.55.32.103 - - [07/Apr/2013:12:13:34 +0900] "GET /ontolopedia/disp/word_show/31985 HTTP/1.1" 403 234 "-" "Mozilla/5.0 (compatible; bingbot/2.0; +http://www.bing.com/bingbot.htm)"
157.55.35.82 - - [07/Apr/2013:12:13:34 +0900] "GET /ontolopedia/disp/word_show/75271 HTTP/1.1" 403 234 "-" "Mozilla/5.0 (compatible; bingbot/2.0; +http://www.bing.com/bingbot.htm)"
202.180.34.186 - - [07/Apr/2013:12:13:34 +0900] "GET /ontolopedia/disp/word_show/403969 HTTP/1.1" 200 8483 "-" "ICC-Crawler/2.0 (Mozilla-compatible; ; http://kc.nict.go.jp/project1/crawl.html)"
157.55.32.61 - - [07/Apr/2013:12:13:34 +0900] "GET /~info3/wiki/index.php?cmd=backup&action=delete&page=%C3%AA%B8%B6%A1%F5%C2%E7%B5%DC%C8%C9 HTTP/1.1" 200 4664 "-" "Mozilla/5.0 (compatible; bingbot/2.0; +http://www.bing.com/bingbot.htm)"
157.55.32.61 - - [07/Apr/2013:12:13:34 +0900] "GET /~info3/wiki/index.php?cmd=backup&action=delete&page=2006%2Finfo3%2F%B5%C4%BB%F6%CF%BF HTTP/1.1" 200 4670 "-" "Mozilla/5.0 (compatible; bingbot/2.0; +http://www.bing.com/bingbot.htm)"
157.55.32.76 - - [07/Apr/2013:12:13:35 +0900] "GET /~info3/wiki/index.php?cmd=backup&action=delete&page=%C0%C4%CC%DA%BB%CB%CE%D3%A1%F5%C2%C0%C5%C4%CD%DB%CD%B4 HTTP/1.1" 200 4736 "-" "Mozilla/5.0 (compatible; bingbot/2.0; +http://www.bing.com/bingbot.htm)"
157.55.35.82 - - [07/Apr/2013:12:13:35 +0900] "GET /ontolopedia/disp/word_show/8361 HTTP/1.1" 403 233 "-" "Mozilla/5.0 (compatible; bingbot/2.0; +http://www.bing.com/bingbot.htm)"
157.55.32.103 - - [07/Apr/2013:12:13:35 +0900] "GET /ontolopedia/disp/word_show/371701 HTTP/1.1" 403 235 "-" "Mozilla/5.0 (compatible; bingbot/2.0; +http://www.bing.com/bingbot.htm)"
157.55.32.76 - - [07/Apr/2013:12:13:35 +0900] "GET /~info3/wiki/index.php?cmd=backup&action=delete&page=%C2%E7%B5%D7%CA%DD%CD%A4%BC%F9%A1%F5%C3%AB%C0%AE%20%CD%BA HTTP/1.1" 200 4748 "-" "Mozilla/5.0 (compatible; bingbot/2.0; +http://www.bing.com/bingbot.htm)"
157.55.32.103 - - [07/Apr/2013:12:13:35 +0900] "GET /ontolopedia/disp/word_show/371862 HTTP/1.1" 403 235 "-" "Mozilla/5.0 (compatible; bingbot/2.0; +http://www.bing.com/bingbot.htm)"
157.55.32.61 - - [07/Apr/2013:12:13:35 +0900] "GET /~info3/wiki/index.php?cmd=backup&action=delete&page=2009%2Finfo3%2F%E1%C4%B4%D6%B7%BC%B2%F0 HTTP/1.1" 200 4694 "-" "Mozilla/5.0 (compatible; bingbot/2.0; +http://www.bing.com/bingbot.htm)"
157.55.32.61 - - [07/Apr/2013:12:13:35 +0900] "GET /~info3/wiki/index.php?cmd=backup&action=delete&page=Level2%28Algorithm%29 HTTP/1.1" 200 4634 "-" "Mozilla/5.0 (compatible; bingbot/2.0; +http://www.bing.com/bingbot.htm)"
66.249.76.52 - - [07/Apr/2013:12:13:35 +0900] "GET /ontolopedia/disp/word_show/412480 HTTP/1.1" 200 4302 "-" "Mozilla/5.0 (compatible; Googlebot/2.1; +http://www.google.com/bot.html)"
157.55.32.76 - - [07/Apr/2013:12:13:36 +0900] "GET /~info3/wiki/index.php?cmd=backup&action=delete&page=%C8%E6%B2%C5%A1%F5%B6%CC%C6%E1%C7%C6%CD%A5%BA%EE HTTP/1.1" 200 4712 "-" "Mozilla/5.0 (compatible; bingbot/2.0; +http://www.bing.com/bingbot.htm)"
157.55.32.103 - - [07/Apr/2013:12:13:36 +0900] "GET /ontolopedia/disp/word_show/372045 HTTP/1.1" 403 235 "-" "Mozilla/5.0 (compatible; bingbot/2.0; +http://www.bing.com/bingbot.htm)"
157.55.32.76 - - [07/Apr/2013:12:13:36 +0900] "GET /~info3/wiki/index.php?cmd=backup&action=delete&page=%CC%D2%C7%EE%BE%BC%A1%F5%C0%EE%CA%BF%BE%A1%C2%C0 HTTP/1.1" 200 4712 "-" "Mozilla/5.0 (compatible; bingbot/2.0; +http://www.bing.com/bingbot.htm)"
157.55.32.61 - - [07/Apr/2013:12:13:36 +0900] "GET /~info3/wiki/index.php?cmd=backup&action=delete&page=info3%20wiki%2F%C2%E7%BE%EB%A1%F5%B5%C8%B1%CA%C8%C9 HTTP/1.1" 200 4742 "-" "Mozilla/5.0 (compatible; bingbot/2.0; +http://www.bing.com/bingbot.htm)"
157.55.32.61 - - [07/Apr/2013:12:13:36 +0900] "GET /~info3/wiki/index.php?cmd=backup&action=diff&page=%B5%C4%BB%F6%CF%BF&age=4 HTTP/1.1" 200 7213 "-" "Mozilla/5.0 (compatible; bingbot/2.0; +http://www.bing.com/bingbot.htm)"
157.55.32.103 - - [07/Apr/2013:12:13:36 +0900] "GET /ontolopedia/disp/word_show/3982 HTTP/1.1" 403 233 "-" "Mozilla/5.0 (compatible; bingbot/2.0; +http://www.bing.com/bingbot.htm)"
157.55.32.103 - - [07/Apr/2013:12:13:37 +0900] "GET /ontolopedia/disp/word_show/39835 HTTP/1.1" 403 234 "-" "Mozilla/5.0 (compatible; bingbot/2.0; +http://www.bing.com/bingbot.htm)"
157.55.32.76 - - [07/Apr/2013:12:13:37 +0900] "GET /~info3/wiki/index.php?cmd=backup&action=delete&page=2005%2Finfo4%2FLevel6 HTTP/1.1" 200 4634 "-" "Mozilla/5.0 (compatible; bingbot/2.0; +http://www.bing.com/bingbot.htm)"
157.55.32.76 - - [07/Apr/2013:12:13:37 +0900] "GET /~info3/wiki/index.php?cmd=backup&action=delete&page=2006%2Finfo3%2F%CD%A7%B4%F3%A1%F5%BE%E5%B8%B6%C8%C9 HTTP/1.1" 200 4742 "-" "Mozilla/5.0 (compatible; bingbot/2.0; +http://www.bing.com/bingbot.htm)"
157.55.32.61 - - [07/Apr/2013:12:13:37 +0900] "GET /~info3/wiki/index.php?cmd=backup&action=diff&page=%B5%C4%BB%F6%CF%BF2007&age=9 HTTP/1.1" 200 11660 "-" "Mozilla/5.0 (compatible; bingbot/2.0; +http://www.bing.com/bingbot.htm)"
157.55.32.61 - - [07/Apr/2013:12:13:37 +0900] "GET /~info3/wiki/index.php?cmd=backup&page=%B5%DC%CE%A4%A1%F5%CD%BF%B5%B7%C8%C9&age=14&action=diff HTTP/1.1" 200 9681 "-" "Mozilla/5.0 (compatible; bingbot/2.0; +http://www.bing.com/bingbot.htm)"
157.55.32.103 - - [07/Apr/2013:12:13:38 +0900] "GET /ontolopedia/disp/word_show/39867 HTTP/1.1" 403 234 "-" "Mozilla/5.0 (compatible; bingbot/2.0; +http://www.bing.com/bingbot.htm)"
157.55.32.76 - - [07/Apr/2013:12:13:38 +0900] "GET /~info3/wiki/index.php?cmd=backup&action=delete&page=Level0%28OSS%29 HTTP/1.1" 200 4598 "-" "Mozilla/5.0 (compatible; bingbot/2.0; +http://www.bing.com/bingbot.htm)"
157.55.32.76 - - [07/Apr/2013:12:13:38 +0900] "GET /~info3/wiki/index.php?cmd=backup&action=diff&page=%B5%C4%BB%F6%CF%BF&age=12 HTTP/1.1" 200 7600 "-" "Mozilla/5.0 (compatible; bingbot/2.0; +http://www.bing.com/bingbot.htm)"
157.55.32.103 - - [07/Apr/2013:12:13:38 +0900] "GET /ontolopedia/disp/word_show/398736 HTTP/1.1" 403 235 "-" "Mozilla/5.0 (compatible; bingbot/2.0; +http://www.bing.com/bingbot.htm)"
157.55.32.103 - - [07/Apr/2013:12:13:39 +0900] "GET /ontolopedia/disp/word_show/398763 HTTP/1.1" 403 235 "-" "Mozilla/5.0 (compatible; bingbot/2.0; +http://www.bing.com/bingbot.htm)"
157.55.32.103 - - [07/Apr/2013:12:13:39 +0900] "GET /ontolopedia/disp/word_show/399993 HTTP/1.1" 403 235 "-" "Mozilla/5.0 (compatible; bingbot/2.0; +http://www.bing.com/bingbot.htm)"
157.55.32.61 - - [07/Apr/2013:12:13:39 +0900] "GET /~info3/wiki/index.php?cmd=backup&page=%B5%DC%CE%A4%A1%F5%CD%BF%B5%B7%C8%C9&age=15&action=source HTTP/1.1" 200 9660 "-" "Mozilla/5.0 (compatible; bingbot/2.0; +http://www.bing.com/bingbot.htm)"
157.55.32.61 - - [07/Apr/2013:12:13:39 +0900] "GET /~info3/wiki/index.php?cmd=backup&page=%B5%DC%CE%A4%A1%F5%CD%BF%B5%B7%C8%C9&age=16&action=nowdiff HTTP/1.1" 200 9656 "-" "Mozilla/5.0 (compatible; bingbot/2.0; +http://www.bing.com/bingbot.htm)"
202.180.34.186 - - [07/Apr/2013:12:13:39 +0900] "GET /ontolopedia/disp/word_show/349008 HTTP/1.1" 200 5154 "-" "ICC-Crawler/2.0 (Mozilla-compatible; ; http://kc.nict.go.jp/project1/crawl.html)"
157.55.32.76 - - [07/Apr/2013:12:13:40 +0900] "GET /~info3/wiki/index.php?cmd=backup&action=diff&page=%B5%C4%BB%F6%CF%BF&age=8 HTTP/1.1" 200 7384 "-" "Mozilla/5.0 (compatible; bingbot/2.0; +http://www.bing.com/bingbot.htm)"
157.55.32.76 - - [07/Apr/2013:12:13:40 +0900] "GET /~info3/wiki/index.php?cmd=backup&action=diff&page=%B5%C4%BB%F6%CF%BF&age=9 HTTP/1.1" 200 7466 "-" "Mozilla/5.0 (compatible; bingbot/2.0; +http://www.bing.com/bingbot.htm)"
157.55.32.103 - - [07/Apr/2013:12:13:40 +0900] "GET /ontolopedia/disp/word_show/400253 HTTP/1.1" 403 235 "-" "Mozilla/5.0 (compatible; bingbot/2.0; +http://www.bing.com/bingbot.htm)"
157.55.32.103 - - [07/Apr/2013:12:13:40 +0900] "GET /ontolopedia/disp/word_show/400427 HTTP/1.1" 403 235 "-" "Mozilla/5.0 (compatible; bingbot/2.0; +http://www.bing.com/bingbot.htm)"
157.55.32.61 - - [07/Apr/2013:12:13:40 +0900] "GET /~info3/wiki/index.php?cmd=backup&page=%B5%DC%CE%A4%A1%F5%CD%BF%B5%B7%C8%C9&age=17&action=source HTTP/1.1" 200 9435 "-" "Mozilla/5.0 (compatible; bingbot/2.0; +http://www.bing.com/bingbot.htm)"
157.55.32.61 - - [07/Apr/2013:12:13:40 +0900] "GET /~info3/wiki/index.php?cmd=backup&page=%B5%DC%CE%A4%A1%F5%CD%BF%B5%B7%C8%C9&age=2&action=diff HTTP/1.1" 200 8643 "-" "Mozilla/5.0 (compatible; bingbot/2.0; +http://www.bing.com/bingbot.htm)"
157.55.32.76 - - [07/Apr/2013:12:13:41 +0900] "GET /~info3/wiki/index.php?cmd=backup&action=diff&page=%B5%DC%CE%A4%A1%F5%CD%BF%B5%B7%C8%C9&age=16 HTTP/1.1" 200 9923 "-" "Mozilla/5.0 (compatible; bingbot/2.0; +http://www.bing.com/bingbot.htm)"
157.55.32.103 - - [07/Apr/2013:12:13:41 +0900] "GET /ontolopedia/disp/word_show/40126 HTTP/1.1" 403 234 "-" "Mozilla/5.0 (compatible; bingbot/2.0; +http://www.bing.com/bingbot.htm)"
157.55.32.103 - - [07/Apr/2013:12:13:41 +0900] "GET /ontolopedia/disp/word_show/400812 HTTP/1.1" 403 235 "-" "Mozilla/5.0 (compatible; bingbot/2.0; +http://www.bing.com/bingbot.htm)"
157.55.32.76 - - [07/Apr/2013:12:13:41 +0900] "GET /~info3/wiki/index.php?cmd=backup&action=diff&page=%B6%E2%BE%EB%A1%F5%C5%E7%B8%B6%C8%C9%2Flevel3&age=1 HTTP/1.1" 200 6839 "-" "Mozilla/5.0 (compatible; bingbot/2.0; +http://www.bing.com/bingbot.htm)"
