66.249.76.52 - - [07/Apr/2013:11:58:05 +0900] "GET /ontolopedia/disp/word_show/109011 HTTP/1.1" 200 16264 "-" "Mozilla/5.0 (compatible; Googlebot/2.1; +http://www.google.com/bot.html)"
66.249.76.52 - - [07/Apr/2013:11:58:06 +0900] "GET /ontolopedia/disp/word_show/412117 HTTP/1.1" 200 4182 "-" "Mozilla/5.0 (compatible; Googlebot/2.1; +http://www.google.com/bot.html)"
202.180.34.186 - - [07/Apr/2013:11:58:10 +0900] "GET /ontolopedia/disp/word_show/36119 HTTP/1.1" 200 8857 "-" "ICC-Crawler/2.0 (Mozilla-compatible; ; http://kc.nict.go.jp/project1/crawl.html)"
66.249.76.52 - - [07/Apr/2013:11:58:12 +0900] "GET /ontolopedia/disp/word_show/43317 HTTP/1.1" 200 7611 "-" "Mozilla/5.0 (compatible; Googlebot/2.1; +http://www.google.com/bot.html)"
202.180.34.186 - - [07/Apr/2013:11:58:16 +0900] "GET /ontolopedia/disp/word_show/153867 HTTP/1.1" 200 8282 "-" "ICC-Crawler/2.0 (Mozilla-compatible; ; http://kc.nict.go.jp/project1/crawl.html)"
66.249.76.52 - - [07/Apr/2013:11:58:18 +0900] "GET /ontolopedia/disp/word_show/267767 HTTP/1.1" 200 5690 "-" "Mozilla/5.0 (compatible; Googlebot/2.1; +http://www.google.com/bot.html)"
202.180.34.186 - - [07/Apr/2013:11:58:22 +0900] "GET /ontolopedia/disp/word_show/321144 HTTP/1.1" 200 8115 "-" "ICC-Crawler/2.0 (Mozilla-compatible; ; http://kc.nict.go.jp/project1/crawl.html)"
66.249.76.52 - - [07/Apr/2013:11:58:24 +0900] "GET /ontolopedia/disp/word_show/8709 HTTP/1.1" 200 4172 "-" "Mozilla/5.0 (compatible; Googlebot/2.1; +http://www.google.com/bot.html)"
202.180.34.186 - - [07/Apr/2013:11:58:28 +0900] "GET /ontolopedia/disp/word_show/127760 HTTP/1.1" 200 13752 "-" "ICC-Crawler/2.0 (Mozilla-compatible; ; http://kc.nict.go.jp/project1/crawl.html)"
66.249.76.52 - - [07/Apr/2013:11:58:31 +0900] "GET /ontolopedia/disp/word_show/238373 HTTP/1.1" 200 6397 "-" "Mozilla/5.0 (compatible; Googlebot/2.1; +http://www.google.com/bot.html)"
66.249.76.52 - - [07/Apr/2013:11:58:31 +0900] "GET /ontolopedia/disp/word_show/401585 HTTP/1.1" 200 5467 "-" "Mozilla/5.0 (compatible; Googlebot/2.1; +http://www.google.com/bot.html)"
202.180.34.186 - - [07/Apr/2013:11:58:33 +0900] "GET /ontolopedia/disp/word_show/218064 HTTP/1.1" 200 4192 "-" "ICC-Crawler/2.0 (Mozilla-compatible; ; http://kc.nict.go.jp/project1/crawl.html)"
66.249.76.52 - - [07/Apr/2013:11:58:37 +0900] "GET /ontolopedia/disp/word_show/115926 HTTP/1.1" 200 8255 "-" "Mozilla/5.0 (compatible; Googlebot/2.1; +http://www.google.com/bot.html)"
202.180.34.186 - - [07/Apr/2013:11:58:39 +0900] "GET /ontolopedia/disp/word_show/41376 HTTP/1.1" 200 13295 "-" "ICC-Crawler/2.0 (Mozilla-compatible; ; http://kc.nict.go.jp/project1/crawl.html)"
66.249.76.52 - - [07/Apr/2013:11:58:43 +0900] "GET /ontolopedia/disp/word_show/127819 HTTP/1.1" 200 10668 "-" "Mozilla/5.0 (compatible; Googlebot/2.1; +http://www.google.com/bot.html)"
202.180.34.186 - - [07/Apr/2013:11:58:45 +0900] "GET /ontolopedia/disp/word_show/462181 HTTP/1.1" 200 7890 "-" "ICC-Crawler/2.0 (Mozilla-compatible; ; http://kc.nict.go.jp/project1/crawl.html)"
66.249.76.52 - - [07/Apr/2013:11:58:49 +0900] "GET /ontolopedia/disp/word_show/475907 HTTP/1.1" 200 5461 "-" "Mozilla/5.0 (compatible; Googlebot/2.1; +http://www.google.com/bot.html)"
202.180.34.186 - - [07/Apr/2013:11:58:50 +0900] "GET /ontolopedia/disp/word_show/476884 HTTP/1.1" 200 4634 "-" "ICC-Crawler/2.0 (Mozilla-compatible; ; http://kc.nict.go.jp/project1/crawl.html)"
66.249.76.52 - - [07/Apr/2013:11:58:55 +0900] "GET /ontolopedia/disp/word_show/39651 HTTP/1.1" 200 4176 "-" "Mozilla/5.0 (compatible; Googlebot/2.1; +http://www.google.com/bot.html)"
66.249.76.52 - - [07/Apr/2013:11:58:56 +0900] "GET /ontolopedia/disp/word_show/416599 HTTP/1.1" 200 5203 "-" "Mozilla/5.0 (compatible; Googlebot/2.1; +http://www.google.com/bot.html)"
202.180.34.186 - - [07/Apr/2013:11:58:59 +0900] "GET /ontolopedia/disp/word_show/494751 HTTP/1.1" 200 4773 "-" "ICC-Crawler/2.0 (Mozilla-compatible; ; http://kc.nict.go.jp/project1/crawl.html)"
66.249.76.52 - - [07/Apr/2013:11:59:01 +0900] "GET /ontolopedia/disp/word_show/66249 HTTP/1.1" 200 6668 "-" "Mozilla/5.0 (compatible; Googlebot/2.1; +http://www.google.com/bot.html)"
66.249.76.52 - - [07/Apr/2013:11:59:07 +0900] "GET /ontolopedia/disp/word_show/124420 HTTP/1.1" 200 9343 "-" "Mozilla/5.0 (compatible; Googlebot/2.1; +http://www.google.com/bot.html)"
66.249.76.52 - - [07/Apr/2013:11:59:13 +0900] "GET /ontolopedia/disp/word_show/25307 HTTP/1.1" 200 5824 "-" "Mozilla/5.0 (compatible; Googlebot/2.1; +http://www.google.com/bot.html)"
114.111.95.132 - - [07/Apr/2013:11:59:19 +0900] "GET /note/rss/comment/ HTTP/1.0" 200 9009 "-" "Y!J-BRO/YFSJ crawler (compatible; Mozilla 4.0; MSIE 5.5; http://help.yahoo.co.jp/help/jp/search/indexing/indexing-15.html; YahooFeedSeekerJp/2.0; users 1; views 153)"
66.249.76.52 - - [07/Apr/2013:11:59:19 +0900] "GET /ontolopedia/disp/word_show/108448 HTTP/1.1" 200 10348 "-" "Mozilla/5.0 (compatible; Googlebot/2.1; +http://www.google.com/bot.html)"
220.35.215.117 - - [07/Apr/2013:11:59:19 +0900] "GET /wiki/index.php?yono%2FPython%A4%C7%BC%AB%C1%B3%B8%C0%B8%EC%BD%E8%CD%FD HTTP/1.1" 200 32740 "http://www.google.co.jp/url?sa=t&rct=j&q=&esrc=s&frm=1&source=web&cd=10&ved=0CHgQFjAJ&url=http%3A%2F%2Fwww.nal.ie.u-ryukyu.ac.jp%2Fwiki%2Findex.php%3Fyono%252FPython%25A4%25C7%25BC%25AB%25C1%25B3%25B8%25C0%25B8%25EC%25BD%25E8%25CD%25FD&ei=UuBgUYHNN4XxrQeCvoCQCw&usg=AFQjCNHzYKmhYdnZYQ_T3WB2i-VYNTZmOg&sig2=otV4ta4TLzgZ_RV5RNZnTA" "Mozilla/5.0 (compatible; MSIE 9.0; Windows NT 6.1; WOW64; Trident/5.0)"
220.35.215.117 - - [07/Apr/2013:11:59:19 +0900] "GET /wiki/skin/basis/base.css.php?charset= HTTP/1.1" 200 8185 "http://www.nal.ie.u-ryukyu.ac.jp/wiki/index.php?yono%2FPython%A4%C7%BC%AB%C1%B3%B8%C0%B8%EC%BD%E8%CD%FD" "Mozilla/5.0 (compatible; MSIE 9.0; Windows NT 6.1; WOW64; Trident/5.0)"
220.35.215.117 - - [07/Apr/2013:11:59:19 +0900] "GET /wiki/skin/basis/styles/cherry.css HTTP/1.1" 200 5908 "http://www.nal.ie.u-ryukyu.ac.jp/wiki/index.php?yono%2FPython%A4%C7%BC%AB%C1%B3%B8%C0%B8%EC%BD%E8%CD%FD" "Mozilla/5.0 (compatible; MSIE 9.0; Windows NT 6.1; WOW64; Trident/5.0)"
220.35.215.117 - - [07/Apr/2013:11:59:19 +0900] "GET /wiki/image/pukiwiki.png HTTP/1.1" 200 11489 "http://www.nal.ie.u-ryukyu.ac.jp/wiki/index.php?yono%2FPython%A4%C7%BC%AB%C1%B3%B8%C0%B8%EC%BD%E8%CD%FD" "Mozilla/5.0 (compatible; MSIE 9.0; Windows NT 6.1; WOW64; Trident/5.0)"
220.35.215.117 - - [07/Apr/2013:11:59:19 +0900] "GET /wiki/image/list.png HTTP/1.1" 200 1234 "http://www.nal.ie.u-ryukyu.ac.jp/wiki/index.php?yono%2FPython%A4%C7%BC%AB%C1%B3%B8%C0%B8%EC%BD%E8%CD%FD" "Mozilla/5.0 (compatible; MSIE 9.0; Windows NT 6.1; WOW64; Trident/5.0)"
220.35.215.117 - - [07/Apr/2013:11:59:20 +0900] "GET /favicon.ico HTTP/1.1" 200 3638 "-" "Mozilla/5.0 (compatible; MSIE 9.0; Windows NT 6.1; WOW64; Trident/5.0)"
66.249.76.52 - - [07/Apr/2013:11:59:22 +0900] "GET /ontolopedia/disp/word_show/320625 HTTP/1.1" 200 5193 "-" "Mozilla/5.0 (compatible; Googlebot/2.1; +http://www.google.com/bot.html)"
66.249.76.52 - - [07/Apr/2013:11:59:25 +0900] "GET /ontolopedia/disp/word_show/290874 HTTP/1.1" 200 5246 "-" "Mozilla/5.0 (compatible; Googlebot/2.1; +http://www.google.com/bot.html)"
66.249.76.52 - - [07/Apr/2013:11:59:31 +0900] "GET /ontolopedia/disp/word_show/283967 HTTP/1.1" 200 7509 "-" "Mozilla/5.0 (compatible; Googlebot/2.1; +http://www.google.com/bot.html)"
66.249.76.52 - - [07/Apr/2013:11:59:34 +0900] "GET /~yosshi/wiki-old/index.php?cmd=edit&page=%C6%FC%B5%AD%2F2017-06-07 HTTP/1.1" 200 1805 "-" "SAMSUNG-SGH-E250/1.0 Profile/MIDP-2.0 Configuration/CLDC-1.1 UP.Browser/6.2.3.3.c.1.101 (GUI) MMP/2.0 (compatible; Googlebot-Mobile/2.1; +http://www.google.com/bot.html)"
66.249.76.52 - - [07/Apr/2013:11:59:37 +0900] "GET /ontolopedia/disp/word_show/474848 HTTP/1.1" 200 7839 "-" "Mozilla/5.0 (compatible; Googlebot/2.1; +http://www.google.com/bot.html)"
72.14.199.52 - - [07/Apr/2013:11:59:43 +0900] "GET /~yosshi/wiki-old/index.php?plugin=newpage&refer=%C6%FC%B5%AD%2F2021-05-26 HTTP/1.1" 200 795 "-" "DoCoMo/2.0 N905i(c100;TB;W24H16) (compatible; Googlebot-Mobile/2.1; +http://www.google.com/bot.html)"
66.249.76.52 - - [07/Apr/2013:11:59:44 +0900] "GET /ontolopedia/disp/word_show/57818 HTTP/1.1" 200 4184 "-" "Mozilla/5.0 (compatible; Googlebot/2.1; +http://www.google.com/bot.html)"
66.249.76.52 - - [07/Apr/2013:11:59:48 +0900] "GET /ontolopedia/disp/word_show/457604 HTTP/1.1" 200 4193 "-" "Mozilla/5.0 (compatible; Googlebot/2.1; +http://www.google.com/bot.html)"
66.249.76.52 - - [07/Apr/2013:11:59:49 +0900] "GET /ontolopedia/disp/word_show/27880 HTTP/1.1" 200 11788 "-" "Mozilla/5.0 (compatible; Googlebot/2.1; +http://www.google.com/bot.html)"
202.180.34.186 - - [07/Apr/2013:11:59:50 +0900] "GET /ontolopedia/disp/word_show/292311 HTTP/1.1" 200 8528 "-" "ICC-Crawler/2.0 (Mozilla-compatible; ; http://kc.nict.go.jp/project1/crawl.html)"
66.249.76.52 - - [07/Apr/2013:11:59:54 +0900] "GET /ontolopedia/disp/word_show/189931 HTTP/1.1" 200 10813 "-" "Mozilla/5.0 (compatible; Googlebot/2.1; +http://www.google.com/bot.html)"
66.249.76.52 - - [07/Apr/2013:11:59:55 +0900] "GET /ontolopedia/disp/word_show/415742 HTTP/1.1" 200 5377 "-" "Mozilla/5.0 (compatible; Googlebot/2.1; +http://www.google.com/bot.html)"
202.180.34.186 - - [07/Apr/2013:11:59:55 +0900] "GET /ontolopedia/disp/word_show/40122 HTTP/1.1" 200 28793 "-" "ICC-Crawler/2.0 (Mozilla-compatible; ; http://kc.nict.go.jp/project1/crawl.html)"
66.249.76.52 - - [07/Apr/2013:12:00:01 +0900] "GET /ontolopedia/disp/word_show/308030 HTTP/1.1" 200 8723 "-" "Mozilla/5.0 (compatible; Googlebot/2.1; +http://www.google.com/bot.html)"
202.180.34.186 - - [07/Apr/2013:12:00:01 +0900] "GET /ontolopedia/disp/word_show/280939 HTTP/1.1" 200 7163 "-" "ICC-Crawler/2.0 (Mozilla-compatible; ; http://kc.nict.go.jp/project1/crawl.html)"
66.249.76.52 - - [07/Apr/2013:12:00:07 +0900] "GET /ontolopedia/disp/word_show/279956 HTTP/1.1" 200 6396 "-" "Mozilla/5.0 (compatible; Googlebot/2.1; +http://www.google.com/bot.html)"
202.180.34.186 - - [07/Apr/2013:12:00:07 +0900] "GET /ontolopedia/disp/word_show/108230 HTTP/1.1" 200 7092 "-" "ICC-Crawler/2.0 (Mozilla-compatible; ; http://kc.nict.go.jp/project1/crawl.html)"
202.180.34.186 - - [07/Apr/2013:12:00:13 +0900] "GET /ontolopedia/disp/word_show/187950 HTTP/1.1" 200 4241 "-" "ICC-Crawler/2.0 (Mozilla-compatible; ; http://kc.nict.go.jp/project1/crawl.html)"
66.249.76.52 - - [07/Apr/2013:12:00:13 +0900] "GET /ontolopedia/disp/word_show/127614 HTTP/1.1" 200 5455 "-" "Mozilla/5.0 (compatible; Googlebot/2.1; +http://www.google.com/bot.html)"
66.249.76.52 - - [07/Apr/2013:12:00:14 +0900] "GET /ontolopedia/disp/word_show/114578 HTTP/1.1" 200 5513 "-" "Mozilla/5.0 (compatible; Googlebot/2.1; +http://www.google.com/bot.html)"
202.180.34.186 - - [07/Apr/2013:12:00:18 +0900] "GET /ontolopedia/disp/word_show/104846 HTTP/1.1" 200 12753 "-" "ICC-Crawler/2.0 (Mozilla-compatible; ; http://kc.nict.go.jp/project1/crawl.html)"
66.249.76.52 - - [07/Apr/2013:12:00:19 +0900] "GET /ontolopedia/disp/word_show/107030 HTTP/1.1" 200 9676 "-" "Mozilla/5.0 (compatible; Googlebot/2.1; +http://www.google.com/bot.html)"
202.180.34.186 - - [07/Apr/2013:12:00:24 +0900] "GET /ontolopedia/disp/word_show/57770 HTTP/1.1" 200 13668 "-" "ICC-Crawler/2.0 (Mozilla-compatible; ; http://kc.nict.go.jp/project1/crawl.html)"
66.249.76.52 - - [07/Apr/2013:12:00:25 +0900] "GET /ontolopedia/disp/word_show/493638 HTTP/1.1" 200 4422 "-" "Mozilla/5.0 (compatible; Googlebot/2.1; +http://www.google.com/bot.html)"
202.180.34.186 - - [07/Apr/2013:12:00:30 +0900] "GET /ontolopedia/disp/word_show/252229 HTTP/1.1" 200 9040 "-" "ICC-Crawler/2.0 (Mozilla-compatible; ; http://kc.nict.go.jp/project1/crawl.html)"
66.249.76.52 - - [07/Apr/2013:12:00:31 +0900] "GET /ontolopedia/disp/word_show/87824 HTTP/1.1" 200 5559 "-" "Mozilla/5.0 (compatible; Googlebot/2.1; +http://www.google.com/bot.html)"
202.180.34.186 - - [07/Apr/2013:12:00:35 +0900] "GET /ontolopedia/disp/word_show/74589 HTTP/1.1" 200 4180 "-" "ICC-Crawler/2.0 (Mozilla-compatible; ; http://kc.nict.go.jp/project1/crawl.html)"
66.249.76.52 - - [07/Apr/2013:12:00:37 +0900] "GET /ontolopedia/disp/word_show/34493 HTTP/1.1" 200 4820 "-" "Mozilla/5.0 (compatible; Googlebot/2.1; +http://www.google.com/bot.html)"
66.249.76.52 - - [07/Apr/2013:12:00:40 +0900] "GET /ontolopedia/disp/word_show/261606 HTTP/1.1" 200 5254 "-" "Mozilla/5.0 (compatible; Googlebot/2.1; +http://www.google.com/bot.html)"
202.180.34.186 - - [07/Apr/2013:12:00:41 +0900] "GET /ontolopedia/disp/word_show/384787 HTTP/1.1" 200 6839 "-" "ICC-Crawler/2.0 (Mozilla-compatible; ; http://kc.nict.go.jp/project1/crawl.html)"
66.249.76.52 - - [07/Apr/2013:12:00:43 +0900] "GET /ontolopedia/disp/word_show/59444 HTTP/1.1" 200 5270 "-" "Mozilla/5.0 (compatible; Googlebot/2.1; +http://www.google.com/bot.html)"
202.180.34.186 - - [07/Apr/2013:12:00:46 +0900] "GET /ontolopedia/disp/word_show/366242 HTTP/1.1" 200 7179 "-" "ICC-Crawler/2.0 (Mozilla-compatible; ; http://kc.nict.go.jp/project1/crawl.html)"
66.249.76.52 - - [07/Apr/2013:12:00:49 +0900] "GET /ontolopedia/disp/word_show/173176 HTTP/1.1" 200 4198 "-" "Mozilla/5.0 (compatible; Googlebot/2.1; +http://www.google.com/bot.html)"
202.180.34.186 - - [07/Apr/2013:12:00:52 +0900] "GET /ontolopedia/disp/word_show/489611 HTTP/1.1" 200 6697 "-" "ICC-Crawler/2.0 (Mozilla-compatible; ; http://kc.nict.go.jp/project1/crawl.html)"
66.249.76.52 - - [07/Apr/2013:12:00:55 +0900] "GET /ontolopedia/disp/word_show/285542 HTTP/1.1" 200 8160 "-" "Mozilla/5.0 (compatible; Googlebot/2.1; +http://www.google.com/bot.html)"
202.180.34.186 - - [07/Apr/2013:12:00:57 +0900] "GET /ontolopedia/disp/word_show/165766 HTTP/1.1" 200 7823 "-" "ICC-Crawler/2.0 (Mozilla-compatible; ; http://kc.nict.go.jp/project1/crawl.html)"
66.249.76.52 - - [07/Apr/2013:12:01:01 +0900] "GET /ontolopedia/disp/word_show/448146 HTTP/1.1" 200 4208 "-" "Mozilla/5.0 (compatible; Googlebot/2.1; +http://www.google.com/bot.html)"
66.249.76.52 - - [07/Apr/2013:12:01:02 +0900] "GET /~yosshi/wiki-old/index.php?cmd=edit&page=%C6%FC%B5%AD%2F1957-09-10&refer=%C6%FC%B5%AD HTTP/1.1" 200 1805 "-" "SAMSUNG-SGH-E250/1.0 Profile/MIDP-2.0 Configuration/CLDC-1.1 UP.Browser/6.2.3.3.c.1.101 (GUI) MMP/2.0 (compatible; Googlebot-Mobile/2.1; +http://www.google.com/bot.html)"
202.180.34.186 - - [07/Apr/2013:12:01:03 +0900] "GET /ontolopedia/disp/word_show/290656 HTTP/1.1" 200 6166 "-" "ICC-Crawler/2.0 (Mozilla-compatible; ; http://kc.nict.go.jp/project1/crawl.html)"
66.249.76.52 - - [07/Apr/2013:12:01:05 +0900] "GET /ontolopedia/disp/word_show/216437 HTTP/1.1" 200 4160 "-" "Mozilla/5.0 (compatible; Googlebot/2.1; +http://www.google.com/bot.html)"
66.249.76.52 - - [07/Apr/2013:12:01:07 +0900] "GET /ontolopedia/disp/word_show/154202 HTTP/1.1" 200 7644 "-" "Mozilla/5.0 (compatible; Googlebot/2.1; +http://www.google.com/bot.html)"
202.180.34.186 - - [07/Apr/2013:12:01:10 +0900] "GET /ontolopedia/disp/word_show/421429 HTTP/1.1" 200 7010 "-" "ICC-Crawler/2.0 (Mozilla-compatible; ; http://kc.nict.go.jp/project1/crawl.html)"
66.249.76.52 - - [07/Apr/2013:12:01:13 +0900] "GET /ontolopedia/disp/word_show/116283 HTTP/1.1" 200 4194 "-" "Mozilla/5.0 (compatible; Googlebot/2.1; +http://www.google.com/bot.html)"
202.180.34.186 - - [07/Apr/2013:12:01:15 +0900] "GET /ontolopedia/disp/word_show/61474 HTTP/1.1" 200 6502 "-" "ICC-Crawler/2.0 (Mozilla-compatible; ; http://kc.nict.go.jp/project1/crawl.html)"
66.249.76.52 - - [07/Apr/2013:12:01:19 +0900] "GET /ontolopedia/disp/word_show/56438 HTTP/1.1" 200 6192 "-" "Mozilla/5.0 (compatible; Googlebot/2.1; +http://www.google.com/bot.html)"
202.180.34.186 - - [07/Apr/2013:12:01:21 +0900] "GET /ontolopedia/disp/word_show/401944 HTTP/1.1" 200 5637 "-" "ICC-Crawler/2.0 (Mozilla-compatible; ; http://kc.nict.go.jp/project1/crawl.html)"
66.249.76.52 - - [07/Apr/2013:12:01:25 +0900] "GET /ontolopedia/disp/word_show/389233 HTTP/1.1" 200 7359 "-" "Mozilla/5.0 (compatible; Googlebot/2.1; +http://www.google.com/bot.html)"
66.249.76.52 - - [07/Apr/2013:12:01:26 +0900] "GET /ontolopedia/disp/word_show/61678 HTTP/1.1" 200 4402 "-" "Mozilla/5.0 (compatible; Googlebot/2.1; +http://www.google.com/bot.html)"
202.180.34.186 - - [07/Apr/2013:12:01:26 +0900] "GET /ontolopedia/disp/word_show/24562 HTTP/1.1" 200 10646 "-" "ICC-Crawler/2.0 (Mozilla-compatible; ; http://kc.nict.go.jp/project1/crawl.html)"
66.249.76.52 - - [07/Apr/2013:12:01:30 +0900] "GET /note/note_detail/897 HTTP/1.1" 301 - "-" "Mozilla/5.0 (iPhone; U; CPU iPhone OS 4_1 like Mac OS X; en-us) AppleWebKit/532.9 (KHTML, like Gecko) Version/4.0.5 Mobile/8B117 Safari/6531.22.7 (compatible; Googlebot-Mobile/2.1; +http://www.google.com/bot.html)"
66.249.76.52 - - [07/Apr/2013:12:01:31 +0900] "GET /note/note_detail/897/ HTTP/1.1" 200 7767 "-" "Mozilla/5.0 (iPhone; U; CPU iPhone OS 4_1 like Mac OS X; en-us) AppleWebKit/532.9 (KHTML, like Gecko) Version/4.0.5 Mobile/8B117 Safari/6531.22.7 (compatible; Googlebot-Mobile/2.1; +http://www.google.com/bot.html)"
66.249.76.52 - - [07/Apr/2013:12:01:32 +0900] "GET /ontolopedia/disp/word_show/361233 HTTP/1.1" 200 11118 "-" "Mozilla/5.0 (compatible; Googlebot/2.1; +http://www.google.com/bot.html)"
202.180.34.186 - - [07/Apr/2013:12:01:32 +0900] "GET /ontolopedia/disp/word_show/317060 HTTP/1.1" 200 6419 "-" "ICC-Crawler/2.0 (Mozilla-compatible; ; http://kc.nict.go.jp/project1/crawl.html)"
66.249.76.52 - - [07/Apr/2013:12:01:38 +0900] "GET /ontolopedia/disp/word_show/26276 HTTP/1.1" 200 4178 "-" "Mozilla/5.0 (compatible; Googlebot/2.1; +http://www.google.com/bot.html)"
202.180.34.186 - - [07/Apr/2013:12:01:38 +0900] "GET /ontolopedia/disp/word_show/44949 HTTP/1.1" 200 24418 "-" "ICC-Crawler/2.0 (Mozilla-compatible; ; http://kc.nict.go.jp/project1/crawl.html)"
157.55.32.103 - - [07/Apr/2013:12:01:43 +0900] "GET /~yosshi/blog/2007/10/01/textedit/ HTTP/1.1" 404 231 "-" "Mozilla/5.0 (compatible; bingbot/2.0; +http://www.bing.com/bingbot.htm)"
157.55.32.103 - - [07/Apr/2013:12:01:43 +0900] "GET /~info3/wiki/index.php?cmd=backup&action=&page=%BA%C2%B4%D6%CC%A3%A1%F5%BF%F9%B4%DD%C8%C9&age=4 HTTP/1.1" 200 7270 "-" "Mozilla/5.0 (compatible; bingbot/2.0; +http://www.bing.com/bingbot.htm)"
66.249.76.52 - - [07/Apr/2013:12:01:44 +0900] "GET /ontolopedia/disp/word_show/167602 HTTP/1.1" 200 4204 "-" "Mozilla/5.0 (compatible; Googlebot/2.1; +http://www.google.com/bot.html)"
202.180.34.186 - - [07/Apr/2013:12:01:44 +0900] "GET /ontolopedia/disp/word_show/32100 HTTP/1.1" 200 9873 "-" "ICC-Crawler/2.0 (Mozilla-compatible; ; http://kc.nict.go.jp/project1/crawl.html)"
66.249.76.52 - - [07/Apr/2013:12:01:50 +0900] "GET /ontolopedia/disp/word_show/400969 HTTP/1.1" 200 5529 "-" "Mozilla/5.0 (compatible; Googlebot/2.1; +http://www.google.com/bot.html)"
157.55.32.103 - - [07/Apr/2013:12:01:50 +0900] "GET /~info3/wiki/index.php?cmd=edit&page=%A5%B3%A5%E1%A5%F3%A5%C8%2F%C4%AE%C5%C4%BD%A1%B1%FB%A1%F5%BE%C2%C5%C4%E6%C6%CA%BF HTTP/1.1" 401 7390 "-" "Mozilla/5.0 (compatible; bingbot/2.0; +http://www.bing.com/bingbot.htm)"
157.55.32.103 - - [07/Apr/2013:12:01:50 +0900] "GET /~yosshi/blog/2008/04/17/ HTTP/1.1" 404 222 "-" "Mozilla/5.0 (compatible; bingbot/2.0; +http://www.bing.com/bingbot.htm)"
157.55.32.103 - - [07/Apr/2013:12:01:52 +0900] "GET /wiki/index.php?nal%2F%C6%FC%BB%EF%28%A5%C8%A5%A6%A5%DE%A5%CA%A5%EB%A5%A2%A5%AD%29%2F2005-06-16 HTTP/1.1" 200 9315 "-" "Mozilla/5.0 (compatible; bingbot/2.0; +http://www.bing.com/bingbot.htm)"
157.55.32.103 - - [07/Apr/2013:12:01:52 +0900] "GET /~yosshi/rbc_wiki/index.php?cmd=backup&page=FrontPage&age=34&action=nowdiff HTTP/1.1" 200 497341 "-" "Mozilla/5.0 (compatible; bingbot/2.0; +http://www.bing.com/bingbot.htm)"
2001:2f8:1c:a530:215:17ff:fed7:3777 - - [07/Apr/2013:12:01:53 +0900] "GET /note/rss/latest/ HTTP/1.0" 200 8675 "-" "-"
202.46.56.55 - - [07/Apr/2013:12:01:53 +0900] "GET / HTTP/1.1" 200 4658 "-" "Mozilla/4.0 (compatible; MSIE 7.0; Windows NT 6.0)"
202.180.34.186 - - [07/Apr/2013:12:01:53 +0900] "GET /ontolopedia/disp/word_show/86459 HTTP/1.1" 200 10904 "-" "ICC-Crawler/2.0 (Mozilla-compatible; ; http://kc.nict.go.jp/project1/crawl.html)"
157.55.32.103 - - [07/Apr/2013:12:01:54 +0900] "GET /~info3/wiki/index.php?cmd=backup&action=diff&page=%C0%AE%C5%C4%A1%F5%B6%E2%BE%EB%C8%C9&age=16 HTTP/1.1" 200 17406 "-" "Mozilla/5.0 (compatible; bingbot/2.0; +http://www.bing.com/bingbot.htm)"
66.249.76.52 - - [07/Apr/2013:12:01:55 +0900] "GET /ontolopedia/disp/word_show/130165 HTTP/1.1" 500 309 "-" "Mozilla/5.0 (compatible; Googlebot/2.1; +http://www.google.com/bot.html)"
202.180.34.186 - - [07/Apr/2013:12:01:59 +0900] "GET /ontolopedia/disp/word_show/11857 HTTP/1.1" 200 5114 "-" "ICC-Crawler/2.0 (Mozilla-compatible; ; http://kc.nict.go.jp/project1/crawl.html)"
66.249.76.52 - - [07/Apr/2013:12:02:04 +0900] "GET /~yosshi/wiki-old/index.php?cmd=edit&help=true&page=%C6%FC%B5%AD%2F2017-06-07 HTTP/1.1" 200 50 "-" "SAMSUNG-SGH-E250/1.0 Profile/MIDP-2.0 Configuration/CLDC-1.1 UP.Browser/6.2.3.3.c.1.101 (GUI) MMP/2.0 (compatible; Googlebot-Mobile/2.1; +http://www.google.com/bot.html)"
202.180.34.186 - - [07/Apr/2013:12:02:05 +0900] "GET /ontolopedia/disp/word_show/41455 HTTP/1.1" 200 5615 "-" "ICC-Crawler/2.0 (Mozilla-compatible; ; http://kc.nict.go.jp/project1/crawl.html)"
66.249.76.52 - - [07/Apr/2013:12:02:06 +0900] "GET /ontolopedia/disp/word_show/164402 HTTP/1.1" 200 7614 "-" "Mozilla/5.0 (compatible; Googlebot/2.1; +http://www.google.com/bot.html)"
66.249.76.52 - - [07/Apr/2013:12:02:06 +0900] "GET /ontolopedia/disp/word_show/301013 HTTP/1.1" 200 7651 "-" "Mozilla/5.0 (compatible; Googlebot/2.1; +http://www.google.com/bot.html)"
66.249.76.52 - - [07/Apr/2013:12:02:08 +0900] "GET /ontolopedia/disp/word_show/255414 HTTP/1.1" 200 6081 "-" "Mozilla/5.0 (compatible; Googlebot/2.1; +http://www.google.com/bot.html)"
66.249.76.52 - - [07/Apr/2013:12:02:14 +0900] "GET /ontolopedia/disp/word_show/453246 HTTP/1.1" 200 4957 "-" "Mozilla/5.0 (compatible; Googlebot/2.1; +http://www.google.com/bot.html)"
202.180.34.186 - - [07/Apr/2013:12:02:13 +0900] "GET /ontolopedia/disp/word_show/56961 HTTP/1.1" 200 56093 "-" "ICC-Crawler/2.0 (Mozilla-compatible; ; http://kc.nict.go.jp/project1/crawl.html)"
66.249.76.52 - - [07/Apr/2013:12:02:20 +0900] "GET /ontolopedia/disp/word_show/376610 HTTP/1.1" 200 9194 "-" "Mozilla/5.0 (compatible; Googlebot/2.1; +http://www.google.com/bot.html)"
202.180.34.186 - - [07/Apr/2013:12:02:20 +0900] "GET /ontolopedia/disp/word_show/205721 HTTP/1.1" 200 18806 "-" "ICC-Crawler/2.0 (Mozilla-compatible; ; http://kc.nict.go.jp/project1/crawl.html)"
66.249.76.52 - - [07/Apr/2013:12:02:26 +0900] "GET /ontolopedia/disp/word_show/366334 HTTP/1.1" 200 10170 "-" "Mozilla/5.0 (compatible; Googlebot/2.1; +http://www.google.com/bot.html)"
202.180.34.186 - - [07/Apr/2013:12:02:26 +0900] "GET /ontolopedia/disp/word_show/1600 HTTP/1.1" 200 6665 "-" "ICC-Crawler/2.0 (Mozilla-compatible; ; http://kc.nict.go.jp/project1/crawl.html)"
66.249.76.52 - - [07/Apr/2013:12:02:27 +0900] "GET /ontolopedia/disp/word_show/477149 HTTP/1.1" 200 4396 "-" "Mozilla/5.0 (compatible; Googlebot/2.1; +http://www.google.com/bot.html)"
66.249.76.52 - - [07/Apr/2013:12:02:32 +0900] "GET /ontolopedia/disp/word_show/362272 HTTP/1.1" 200 10474 "-" "Mozilla/5.0 (compatible; Googlebot/2.1; +http://www.google.com/bot.html)"
202.180.34.186 - - [07/Apr/2013:12:02:32 +0900] "GET /ontolopedia/disp/word_show/119359 HTTP/1.1" 200 14756 "-" "ICC-Crawler/2.0 (Mozilla-compatible; ; http://kc.nict.go.jp/project1/crawl.html)"
72.14.199.52 - - [07/Apr/2013:12:02:36 +0900] "GET /~yosshi/wiki-old/index.php?cmd=edit&page=%C6%FC%B5%AD%2F2004-10-10&refer=%C6%FC%B5%AD HTTP/1.1" 200 1805 "-" "DoCoMo/2.0 N905i(c100;TB;W24H16) (compatible; Googlebot-Mobile/2.1; +http://www.google.com/bot.html)"
202.180.34.186 - - [07/Apr/2013:12:02:38 +0900] "GET /ontolopedia/disp/word_show/106379 HTTP/1.1" 200 10826 "-" "ICC-Crawler/2.0 (Mozilla-compatible; ; http://kc.nict.go.jp/project1/crawl.html)"
66.249.76.52 - - [07/Apr/2013:12:02:38 +0900] "GET /ontolopedia/disp/word_show/262686 HTTP/1.1" 200 9645 "-" "Mozilla/5.0 (compatible; Googlebot/2.1; +http://www.google.com/bot.html)"
202.180.34.186 - - [07/Apr/2013:12:02:43 +0900] "GET /ontolopedia/disp/word_show/365656 HTTP/1.1" 200 9127 "-" "ICC-Crawler/2.0 (Mozilla-compatible; ; http://kc.nict.go.jp/project1/crawl.html)"
66.249.76.52 - - [07/Apr/2013:12:02:44 +0900] "GET /ontolopedia/disp/word_show/77029 HTTP/1.1" 200 4211 "-" "Mozilla/5.0 (compatible; Googlebot/2.1; +http://www.google.com/bot.html)"
2001:2f8:1c:a530:215:17ff:fed7:3777 - - [07/Apr/2013:12:02:47 +0900] "GET /note/rss/latest/ HTTP/1.0" 200 8675 "-" "-"
119.63.193.195 - - [07/Apr/2013:12:02:47 +0900] "GET / HTTP/1.1" 200 4658 "-" "Mozilla/4.0 (compatible; MSIE 7.0; Windows NT 6.0)"
202.180.34.186 - - [07/Apr/2013:12:02:49 +0900] "GET /ontolopedia/disp/word_show/75095 HTTP/1.1" 200 9026 "-" "ICC-Crawler/2.0 (Mozilla-compatible; ; http://kc.nict.go.jp/project1/crawl.html)"
66.249.76.52 - - [07/Apr/2013:12:02:50 +0900] "GET /ontolopedia/disp/word_show/384521 HTTP/1.1" 200 4179 "-" "Mozilla/5.0 (compatible; Googlebot/2.1; +http://www.google.com/bot.html)"
202.180.34.186 - - [07/Apr/2013:12:02:55 +0900] "GET /ontolopedia/disp/word_show/217633 HTTP/1.1" 200 7664 "-" "ICC-Crawler/2.0 (Mozilla-compatible; ; http://kc.nict.go.jp/project1/crawl.html)"
66.249.76.52 - - [07/Apr/2013:12:02:56 +0900] "GET /ontolopedia/disp/word_show/240212 HTTP/1.1" 200 4204 "-" "Mozilla/5.0 (compatible; Googlebot/2.1; +http://www.google.com/bot.html)"
66.249.76.52 - - [07/Apr/2013:12:02:57 +0900] "GET /ontolopedia/disp/word_show/467807 HTTP/1.1" 200 4939 "-" "Mozilla/5.0 (compatible; Googlebot/2.1; +http://www.google.com/bot.html)"
66.249.76.52 - - [07/Apr/2013:12:03:02 +0900] "GET /ontolopedia/disp/word_show/18768 HTTP/1.1" 200 8449 "-" "Mozilla/5.0 (compatible; Googlebot/2.1; +http://www.google.com/bot.html)"
66.249.76.52 - - [07/Apr/2013:12:03:05 +0900] "GET /~yosshi/wiki-old/index.php?cmd=edit&page=%C6%FC%B5%AD%2F2032-03-17&refer=%C6%FC%B5%AD HTTP/1.1" 200 1805 "-" "SAMSUNG-SGH-E250/1.0 Profile/MIDP-2.0 Configuration/CLDC-1.1 UP.Browser/6.2.3.3.c.1.101 (GUI) MMP/2.0 (compatible; Googlebot-Mobile/2.1; +http://www.google.com/bot.html)"
66.249.76.52 - - [07/Apr/2013:12:03:08 +0900] "GET /ontolopedia/disp/word_show/331114 HTTP/1.1" 200 5116 "-" "Mozilla/5.0 (compatible; Googlebot/2.1; +http://www.google.com/bot.html)"
202.180.34.186 - - [07/Apr/2013:12:03:09 +0900] "GET /ontolopedia/disp/word_show/229479 HTTP/1.1" 200 5730 "-" "ICC-Crawler/2.0 (Mozilla-compatible; ; http://kc.nict.go.jp/project1/crawl.html)"
157.55.33.109 - - [07/Apr/2013:12:03:10 +0900] "GET /~yosshi/rbc_wiki/index.php?cmd=freeze&page=MenuBar HTTP/1.1" 200 5929 "-" "Mozilla/5.0 (compatible; bingbot/2.0; +http://www.bing.com/bingbot.htm)"
66.249.76.52 - - [07/Apr/2013:12:03:14 +0900] "GET /ontolopedia/disp/word_show/207264 HTTP/1.1" 200 7436 "-" "Mozilla/5.0 (compatible; Googlebot/2.1; +http://www.google.com/bot.html)"
202.180.34.186 - - [07/Apr/2013:12:03:15 +0900] "GET /ontolopedia/disp/word_show/167592 HTTP/1.1" 200 8053 "-" "ICC-Crawler/2.0 (Mozilla-compatible; ; http://kc.nict.go.jp/project1/crawl.html)"
66.249.76.52 - - [07/Apr/2013:12:03:20 +0900] "GET /ontolopedia/disp/word_show/38916 HTTP/1.1" 200 5147 "-" "Mozilla/5.0 (compatible; Googlebot/2.1; +http://www.google.com/bot.html)"
202.180.34.186 - - [07/Apr/2013:12:03:20 +0900] "GET /ontolopedia/disp/word_show/39034 HTTP/1.1" 200 7531 "-" "ICC-Crawler/2.0 (Mozilla-compatible; ; http://kc.nict.go.jp/project1/crawl.html)"
202.180.34.186 - - [07/Apr/2013:12:03:26 +0900] "GET /ontolopedia/disp/word_show/348547 HTTP/1.1" 200 4194 "-" "ICC-Crawler/2.0 (Mozilla-compatible; ; http://kc.nict.go.jp/project1/crawl.html)"
66.249.76.52 - - [07/Apr/2013:12:03:26 +0900] "GET /ontolopedia/disp/word_show/179365 HTTP/1.1" 200 8514 "-" "Mozilla/5.0 (compatible; Googlebot/2.1; +http://www.google.com/bot.html)"
66.249.76.52 - - [07/Apr/2013:12:03:27 +0900] "GET /ontolopedia/disp/word_show/491993 HTTP/1.1" 200 7741 "-" "Mozilla/5.0 (compatible; Googlebot/2.1; +http://www.google.com/bot.html)"
66.249.76.52 - - [07/Apr/2013:12:03:28 +0900] "GET /ontolopedia/disp/word_show/215321 HTTP/1.1" 200 7044 "-" "Mozilla/5.0 (compatible; Googlebot/2.1; +http://www.google.com/bot.html)"
202.180.34.186 - - [07/Apr/2013:12:03:32 +0900] "GET /ontolopedia/disp/word_show/398 HTTP/1.1" 200 4469 "-" "ICC-Crawler/2.0 (Mozilla-compatible; ; http://kc.nict.go.jp/project1/crawl.html)"
66.249.76.52 - - [07/Apr/2013:12:03:32 +0900] "GET /ontolopedia/disp/word_show/101307 HTTP/1.1" 200 9948 "-" "Mozilla/5.0 (compatible; Googlebot/2.1; +http://www.google.com/bot.html)"
202.180.34.186 - - [07/Apr/2013:12:03:37 +0900] "GET /ontolopedia/disp/word_show/187775 HTTP/1.1" 200 4199 "-" "ICC-Crawler/2.0 (Mozilla-compatible; ; http://kc.nict.go.jp/project1/crawl.html)"
66.249.76.52 - - [07/Apr/2013:12:03:38 +0900] "GET /ontolopedia/disp/word_show/132417 HTTP/1.1" 200 9117 "-" "Mozilla/5.0 (compatible; Googlebot/2.1; +http://www.google.com/bot.html)"
202.180.34.186 - - [07/Apr/2013:12:03:43 +0900] "GET /ontolopedia/disp/word_show/82158 HTTP/1.1" 200 10288 "-" "ICC-Crawler/2.0 (Mozilla-compatible; ; http://kc.nict.go.jp/project1/crawl.html)"
66.249.76.52 - - [07/Apr/2013:12:03:44 +0900] "GET /ontolopedia/disp/word_show/120563 HTTP/1.1" 200 10750 "-" "Mozilla/5.0 (compatible; Googlebot/2.1; +http://www.google.com/bot.html)"
202.180.34.186 - - [07/Apr/2013:12:03:48 +0900] "GET /ontolopedia/disp/word_show/52087 HTTP/1.1" 200 17473 "-" "ICC-Crawler/2.0 (Mozilla-compatible; ; http://kc.nict.go.jp/project1/crawl.html)"
66.249.76.52 - - [07/Apr/2013:12:03:50 +0900] "GET /ontolopedia/disp/word_show/306518 HTTP/1.1" 200 4760 "-" "Mozilla/5.0 (compatible; Googlebot/2.1; +http://www.google.com/bot.html)"
202.180.34.186 - - [07/Apr/2013:12:03:54 +0900] "GET /ontolopedia/disp/word_show/243588 HTTP/1.1" 200 5657 "-" "ICC-Crawler/2.0 (Mozilla-compatible; ; http://kc.nict.go.jp/project1/crawl.html)"
66.249.76.52 - - [07/Apr/2013:12:03:56 +0900] "GET /ontolopedia/disp/word_show/170566 HTTP/1.1" 200 6352 "-" "Mozilla/5.0 (compatible; Googlebot/2.1; +http://www.google.com/bot.html)"
66.249.76.52 - - [07/Apr/2013:12:03:57 +0900] "GET /ontolopedia/disp/word_show/467091 HTTP/1.1" 200 5125 "-" "Mozilla/5.0 (compatible; Googlebot/2.1; +http://www.google.com/bot.html)"
202.180.34.186 - - [07/Apr/2013:12:04:00 +0900] "GET /ontolopedia/disp/word_show/90129 HTTP/1.1" 200 5342 "-" "ICC-Crawler/2.0 (Mozilla-compatible; ; http://kc.nict.go.jp/project1/crawl.html)"
66.249.76.52 - - [07/Apr/2013:12:04:02 +0900] "GET /ontolopedia/disp/word_show/115196 HTTP/1.1" 200 7253 "-" "Mozilla/5.0 (compatible; Googlebot/2.1; +http://www.google.com/bot.html)"
202.180.34.186 - - [07/Apr/2013:12:04:05 +0900] "GET /ontolopedia/disp/word_show/95023 HTTP/1.1" 200 20186 "-" "ICC-Crawler/2.0 (Mozilla-compatible; ; http://kc.nict.go.jp/project1/crawl.html)"
66.249.76.52 - - [07/Apr/2013:12:04:08 +0900] "GET /ontolopedia/disp/word_show/291597 HTTP/1.1" 200 7540 "-" "Mozilla/5.0 (compatible; Googlebot/2.1; +http://www.google.com/bot.html)"
202.180.34.186 - - [07/Apr/2013:12:04:11 +0900] "GET /ontolopedia/disp/word_show/368565 HTTP/1.1" 200 5292 "-" "ICC-Crawler/2.0 (Mozilla-compatible; ; http://kc.nict.go.jp/project1/crawl.html)"
66.249.76.52 - - [07/Apr/2013:12:04:14 +0900] "GET /ontolopedia/disp/word_show/408516 HTTP/1.1" 200 8579 "-" "Mozilla/5.0 (compatible; Googlebot/2.1; +http://www.google.com/bot.html)"
202.180.34.186 - - [07/Apr/2013:12:04:17 +0900] "GET /ontolopedia/disp/word_show/383196 HTTP/1.1" 200 7455 "-" "ICC-Crawler/2.0 (Mozilla-compatible; ; http://kc.nict.go.jp/project1/crawl.html)"
66.249.76.52 - - [07/Apr/2013:12:04:20 +0900] "GET /ontolopedia/disp/word_show/131360 HTTP/1.1" 200 4202 "-" "Mozilla/5.0 (compatible; Googlebot/2.1; +http://www.google.com/bot.html)"
202.180.34.186 - - [07/Apr/2013:12:04:22 +0900] "GET /ontolopedia/disp/word/45072 HTTP/1.1" 302 124 "-" "ICC-Crawler/2.0 (Mozilla-compatible; ; http://kc.nict.go.jp/project1/crawl.html)"
66.249.76.52 - - [07/Apr/2013:12:04:26 +0900] "GET /ontolopedia/disp/word_show/144973 HTTP/1.1" 200 8479 "-" "Mozilla/5.0 (compatible; Googlebot/2.1; +http://www.google.com/bot.html)"
66.249.76.52 - - [07/Apr/2013:12:04:28 +0900] "GET /ontolopedia/disp/word_show/260957 HTTP/1.1" 200 6990 "-" "Mozilla/5.0 (compatible; Googlebot/2.1; +http://www.google.com/bot.html)"
202.180.34.186 - - [07/Apr/2013:12:04:28 +0900] "GET /ontolopedia/disp/word_show/66209 HTTP/1.1" 200 33164 "-" "ICC-Crawler/2.0 (Mozilla-compatible; ; http://kc.nict.go.jp/project1/crawl.html)"
66.249.76.52 - - [07/Apr/2013:12:04:33 +0900] "GET /ontolopedia/disp/word_show/270607 HTTP/1.1" 200 9620 "-" "Mozilla/5.0 (compatible; Googlebot/2.1; +http://www.google.com/bot.html)"
202.180.34.186 - - [07/Apr/2013:12:04:34 +0900] "GET /ontolopedia/disp/word_show/46168 HTTP/1.1" 200 19867 "-" "ICC-Crawler/2.0 (Mozilla-compatible; ; http://kc.nict.go.jp/project1/crawl.html)"
182.249.240.67 - - [07/Apr/2013:12:04:38 +0900] "GET /ontolopedia/disp/word_show/49300 HTTP/1.1" 200 7038 "http://www.google.co.jp/search?hl=ja&client=ms-android-kddi-jp&source=android-launcher-widget&v=141400000&ei=399gUZiKDYiRiQfU5YGIBw&q=%E5%B1%B1%E5%81%A5%E7%B5%84%E5%81%A5%E7%AB%9C%E4%BC%9A%E5%90%89%E7%94%B0%E8%80%80%E4%B8%80&oq=%E5%B1%B1%E5%81%A5%E7%B5%84%E5%81%A5%E7%AB%9C%E4%BC%9A%E5%90%89%E7%94%B0%E8%80%80%E4%B8%80&gs_l=mobile-gws-serp.3...325570.354677.0.356592.25.18.7.0.0.2.497.4311.0j5j12j0j1.18.0...0.0...1c.1.8.mobile-gws-serp.95M2k0gUAmA" "Mozilla/5.0 (Linux; U; Android 4.0.3; ja-jp; ISW13F Build/V69R51I) AppleWebKit/534.30 (KHTML, like Gecko) Version/4.0 Mobile Safari/534.30"
182.249.240.67 - - [07/Apr/2013:12:04:38 +0900] "GET /ontolopedia/stylesheets/default.css?1195659978 HTTP/1.1" 200 7140 "http://www.nal.ie.u-ryukyu.ac.jp/ontolopedia/disp/word_show/49300" "Mozilla/5.0 (Linux; U; Android 4.0.3; ja-jp; ISW13F Build/V69R51I) AppleWebKit/534.30 (KHTML, like Gecko) Version/4.0 Mobile Safari/534.30"
182.249.240.67 - - [07/Apr/2013:12:04:38 +0900] "GET /ontolopedia/stylesheets/formstyle.css?1172129648 HTTP/1.1" 200 4389 "http://www.nal.ie.u-ryukyu.ac.jp/ontolopedia/disp/word_show/49300" "Mozilla/5.0 (Linux; U; Android 4.0.3; ja-jp; ISW13F Build/V69R51I) AppleWebKit/534.30 (KHTML, like Gecko) Version/4.0 Mobile Safari/534.30"
182.249.240.67 - - [07/Apr/2013:12:04:38 +0900] "GET /ontolopedia/javascripts/formstyle.js?1172130636 HTTP/1.1" 200 10047 "http://www.nal.ie.u-ryukyu.ac.jp/ontolopedia/disp/word_show/49300" "Mozilla/5.0 (Linux; U; Android 4.0.3; ja-jp; ISW13F Build/V69R51I) AppleWebKit/534.30 (KHTML, like Gecko) Version/4.0 Mobile Safari/534.30"
66.249.76.52 - - [07/Apr/2013:12:04:39 +0900] "GET /ontolopedia/disp/word_show/286485 HTTP/1.1" 200 4200 "-" "Mozilla/5.0 (compatible; Googlebot/2.1; +http://www.google.com/bot.html)"
182.249.240.67 - - [07/Apr/2013:12:04:39 +0900] "GET /ontolopedia/img/bg.gif HTTP/1.1" 200 1383 "http://www.nal.ie.u-ryukyu.ac.jp/ontolopedia/disp/word_show/49300" "Mozilla/5.0 (Linux; U; Android 4.0.3; ja-jp; ISW13F Build/V69R51I) AppleWebKit/534.30 (KHTML, like Gecko) Version/4.0 Mobile Safari/534.30"
182.249.240.67 - - [07/Apr/2013:12:04:39 +0900] "GET /ontolopedia/img/topleft.gif HTTP/1.1" 200 2971 "http://www.nal.ie.u-ryukyu.ac.jp/ontolopedia/disp/word_show/49300" "Mozilla/5.0 (Linux; U; Android 4.0.3; ja-jp; ISW13F Build/V69R51I) AppleWebKit/534.30 (KHTML, like Gecko) Version/4.0 Mobile Safari/534.30"
182.249.240.67 - - [07/Apr/2013:12:04:39 +0900] "GET /ontolopedia/img/bgmain.gif HTTP/1.1" 200 2248 "http://www.nal.ie.u-ryukyu.ac.jp/ontolopedia/disp/word_show/49300" "Mozilla/5.0 (Linux; U; Android 4.0.3; ja-jp; ISW13F Build/V69R51I) AppleWebKit/534.30 (KHTML, like Gecko) Version/4.0 Mobile Safari/534.30"
182.249.240.67 - - [07/Apr/2013:12:04:39 +0900] "GET /ontolopedia/img/bgfooter.gif HTTP/1.1" 200 598 "http://www.nal.ie.u-ryukyu.ac.jp/ontolopedia/disp/word_show/49300" "Mozilla/5.0 (Linux; U; Android 4.0.3; ja-jp; ISW13F Build/V69R51I) AppleWebKit/534.30 (KHTML, like Gecko) Version/4.0 Mobile Safari/534.30"
182.249.240.67 - - [07/Apr/2013:12:04:40 +0900] "GET /favicon.ico HTTP/1.1" 200 3638 "http://www.nal.ie.u-ryukyu.ac.jp/ontolopedia/disp/word_show/49300" "Mozilla/5.0 (Linux; U; Android 4.0.3; ja-jp; ISW13F Build/V69R51I) AppleWebKit/534.30 (KHTML, like Gecko) Version/4.0 Mobile Safari/534.30"
202.180.34.186 - - [07/Apr/2013:12:04:40 +0900] "GET /ontolopedia/disp/title_edit/58972 HTTP/1.1" 302 124 "-" "ICC-Crawler/2.0 (Mozilla-compatible; ; http://kc.nict.go.jp/project1/crawl.html)"
66.249.76.52 - - [07/Apr/2013:12:04:45 +0900] "GET /ontolopedia/disp/word_show/51143 HTTP/1.1" 200 8874 "-" "Mozilla/5.0 (compatible; Googlebot/2.1; +http://www.google.com/bot.html)"
202.180.34.186 - - [07/Apr/2013:12:04:45 +0900] "GET /ontolopedia/disp/word_show/16200 HTTP/1.1" 200 6766 "-" "ICC-Crawler/2.0 (Mozilla-compatible; ; http://kc.nict.go.jp/project1/crawl.html)"
66.249.76.52 - - [07/Apr/2013:12:04:46 +0900] "GET /~yosshi/wiki-old/index.php?plugin=newpage&refer=%C6%FC%B5%AD%2F2017-09-12 HTTP/1.1" 200 795 "-" "SAMSUNG-SGH-E250/1.0 Profile/MIDP-2.0 Configuration/CLDC-1.1 UP.Browser/6.2.3.3.c.1.101 (GUI) MMP/2.0 (compatible; Googlebot-Mobile/2.1; +http://www.google.com/bot.html)"
66.249.76.52 - - [07/Apr/2013:12:04:49 +0900] "GET /ontolopedia/disp/word_show/4842 HTTP/1.1" 200 35504 "-" "Mozilla/5.0 (compatible; Googlebot/2.1; +http://www.google.com/bot.html)"
66.249.76.52 - - [07/Apr/2013:12:04:51 +0900] "GET /ontolopedia/disp/word_show/222986 HTTP/1.1" 200 4881 "-" "Mozilla/5.0 (compatible; Googlebot/2.1; +http://www.google.com/bot.html)"
202.180.34.186 - - [07/Apr/2013:12:04:51 +0900] "GET /ontolopedia/disp/word_show/97412 HTTP/1.1" 200 9817 "-" "ICC-Crawler/2.0 (Mozilla-compatible; ; http://kc.nict.go.jp/project1/crawl.html)"
119.235.237.20 - - [07/Apr/2013:12:04:52 +0900] "GET /note/tag/?tag=get_tag HTTP/1.1" 200 4978 "-" "Yeti/1.0 (NHN Corp.; http://help.naver.com/robots/)"
59.146.135.252 - - [07/Apr/2013:12:04:56 +0900] "GET /ontolopedia/disp/word_show/278794 HTTP/1.1" 200 7755 "http://search.yahoo.co.jp/search?p=%E9%A7%BF%E5%84%AA%E4%BA%88%E5%82%99%E6%A0%A1+%E6%B1%A0%E8%A2%8B&ei=UTF-8&pstart=1&fr=slv1-tbtop&b=21" "Mozilla/4.0 (compatible; MSIE 8.0; Windows NT 5.1; Trident/4.0; GTB6; BTRS122140; .NET CLR 1.1.4322; YTB730)"
202.180.34.186 - - [07/Apr/2013:12:04:56 +0900] "GET /ontolopedia/disp/word_show/373167 HTTP/1.1" 200 8670 "-" "ICC-Crawler/2.0 (Mozilla-compatible; ; http://kc.nict.go.jp/project1/crawl.html)"
66.249.76.52 - - [07/Apr/2013:12:04:57 +0900] "GET /ontolopedia/disp/word_show/194571 HTTP/1.1" 200 17852 "-" "Mozilla/5.0 (compatible; Googlebot/2.1; +http://www.google.com/bot.html)"
59.146.135.252 - - [07/Apr/2013:12:04:57 +0900] "GET /ontolopedia/stylesheets/formstyle.css?1172129648 HTTP/1.1" 200 4389 "http://www.nal.ie.u-ryukyu.ac.jp/ontolopedia/disp/word_show/278794" "Mozilla/4.0 (compatible; MSIE 8.0; Windows NT 5.1; Trident/4.0; GTB6; BTRS122140; .NET CLR 1.1.4322; YTB730)"
59.146.135.252 - - [07/Apr/2013:12:04:57 +0900] "GET /ontolopedia/stylesheets/default.css?1195659978 HTTP/1.1" 200 7140 "http://www.nal.ie.u-ryukyu.ac.jp/ontolopedia/disp/word_show/278794" "Mozilla/4.0 (compatible; MSIE 8.0; Windows NT 5.1; Trident/4.0; GTB6; BTRS122140; .NET CLR 1.1.4322; YTB730)"
59.146.135.252 - - [07/Apr/2013:12:04:57 +0900] "GET /ontolopedia/javascripts/formstyle.js?1172130636 HTTP/1.1" 200 10047 "http://www.nal.ie.u-ryukyu.ac.jp/ontolopedia/disp/word_show/278794" "Mozilla/4.0 (compatible; MSIE 8.0; Windows NT 5.1; Trident/4.0; GTB6; BTRS122140; .NET CLR 1.1.4322; YTB730)"
59.146.135.252 - - [07/Apr/2013:12:04:58 +0900] "GET /ontolopedia/img/bg.gif HTTP/1.1" 200 1383 "http://www.nal.ie.u-ryukyu.ac.jp/ontolopedia/disp/word_show/278794" "Mozilla/4.0 (compatible; MSIE 8.0; Windows NT 5.1; Trident/4.0; GTB6; BTRS122140; .NET CLR 1.1.4322; YTB730)"
59.146.135.252 - - [07/Apr/2013:12:04:58 +0900] "GET /ontolopedia/img/topleft.gif HTTP/1.1" 200 2971 "http://www.nal.ie.u-ryukyu.ac.jp/ontolopedia/disp/word_show/278794" "Mozilla/4.0 (compatible; MSIE 8.0; Windows NT 5.1; Trident/4.0; GTB6; BTRS122140; .NET CLR 1.1.4322; YTB730)"
59.146.135.252 - - [07/Apr/2013:12:04:58 +0900] "GET /ontolopedia/img/bgmain.gif HTTP/1.1" 200 2248 "http://www.nal.ie.u-ryukyu.ac.jp/ontolopedia/disp/word_show/278794" "Mozilla/4.0 (compatible; MSIE 8.0; Windows NT 5.1; Trident/4.0; GTB6; BTRS122140; .NET CLR 1.1.4322; YTB730)"
59.146.135.252 - - [07/Apr/2013:12:04:58 +0900] "GET /ontolopedia/img/bgfooter.gif HTTP/1.1" 200 598 "http://www.nal.ie.u-ryukyu.ac.jp/ontolopedia/disp/word_show/278794" "Mozilla/4.0 (compatible; MSIE 8.0; Windows NT 5.1; Trident/4.0; GTB6; BTRS122140; .NET CLR 1.1.4322; YTB730)"
59.146.135.252 - - [07/Apr/2013:12:04:58 +0900] "GET /ontolopedia/flash/spring/sgraph.swf HTTP/1.1" 200 247720 "http://www.nal.ie.u-ryukyu.ac.jp/ontolopedia/disp/word_show/278794" "Mozilla/4.0 (compatible; MSIE 8.0; Windows NT 5.1; Trident/4.0; GTB6; BTRS122140; .NET CLR 1.1.4322; YTB730)"
66.249.76.52 - - [07/Apr/2013:12:04:58 +0900] "GET /ontolopedia/disp/word_show/191182 HTTP/1.1" 200 11289 "-" "Mozilla/5.0 (compatible; Googlebot/2.1; +http://www.google.com/bot.html)"
59.146.135.252 - - [07/Apr/2013:12:05:01 +0900] "GET /favicon.ico HTTP/1.1" 200 3638 "-" "Mozilla/4.0 (compatible; MSIE 8.0; Windows NT 5.1; Trident/4.0; GTB6; BTRS122140; .NET CLR 1.1.4322; YTB730)"
202.180.34.186 - - [07/Apr/2013:12:05:02 +0900] "GET /ontolopedia/disp/word_show/86661 HTTP/1.1" 200 8777 "-" "ICC-Crawler/2.0 (Mozilla-compatible; ; http://kc.nict.go.jp/project1/crawl.html)"
66.249.76.52 - - [07/Apr/2013:12:05:03 +0900] "GET /ontolopedia/disp/word_show/184418 HTTP/1.1" 200 7970 "-" "Mozilla/5.0 (compatible; Googlebot/2.1; +http://www.google.com/bot.html)"
114.111.95.108 - - [07/Apr/2013:12:05:04 +0900] "GET /robots.txt HTTP/1.1" 404 208 "-" "Y!J-BRJ/YATS crawler (http://help.yahoo.co.jp/help/jp/search/indexing/indexing-15.html)"
59.146.135.252 - - [07/Apr/2013:12:05:04 +0900] "GET /ontolopedia/springxml/spring278794.xml HTTP/1.1" 404 235 "http://www.nal.ie.u-ryukyu.ac.jp/ontolopedia/flash/spring/sgraph.swf" "Mozilla/4.0 (compatible; MSIE 8.0; Windows NT 5.1; Trident/4.0; GTB6; BTRS122140; .NET CLR 1.1.4322; YTB730)"
114.111.95.108 - - [07/Apr/2013:12:05:04 +0900] "GET /ontolopedia/disp/word_show/278794 HTTP/1.1" 200 8632 "-" "Y!J-BRJ/YATS crawler (http://help.yahoo.co.jp/help/jp/search/indexing/indexing-15.html)"
202.180.34.186 - - [07/Apr/2013:12:05:08 +0900] "GET /ontolopedia/disp/word_show/17278 HTTP/1.1" 200 23295 "-" "ICC-Crawler/2.0 (Mozilla-compatible; ; http://kc.nict.go.jp/project1/crawl.html)"
66.249.76.52 - - [07/Apr/2013:12:05:09 +0900] "GET /ontolopedia/disp/word_show/299845 HTTP/1.1" 200 5990 "-" "Mozilla/5.0 (compatible; Googlebot/2.1; +http://www.google.com/bot.html)"
202.180.34.186 - - [07/Apr/2013:12:05:13 +0900] "GET /ontolopedia/disp/word_show/59081 HTTP/1.1" 200 7214 "-" "ICC-Crawler/2.0 (Mozilla-compatible; ; http://kc.nict.go.jp/project1/crawl.html)"
66.249.76.52 - - [07/Apr/2013:12:05:15 +0900] "GET /ontolopedia/disp/word_show/167110 HTTP/1.1" 200 5682 "-" "Mozilla/5.0 (compatible; Googlebot/2.1; +http://www.google.com/bot.html)"
202.180.34.186 - - [07/Apr/2013:12:05:19 +0900] "GET /ontolopedia/disp/word_show/127698 HTTP/1.1" 200 7922 "-" "ICC-Crawler/2.0 (Mozilla-compatible; ; http://kc.nict.go.jp/project1/crawl.html)"
66.249.76.52 - - [07/Apr/2013:12:05:21 +0900] "GET /ontolopedia/disp/word_show/73681 HTTP/1.1" 200 10153 "-" "Mozilla/5.0 (compatible; Googlebot/2.1; +http://www.google.com/bot.html)"
202.180.34.186 - - [07/Apr/2013:12:05:24 +0900] "GET /ontolopedia/disp/word_show/461914 HTTP/1.1" 200 4543 "-" "ICC-Crawler/2.0 (Mozilla-compatible; ; http://kc.nict.go.jp/project1/crawl.html)"
66.249.76.52 - - [07/Apr/2013:12:05:27 +0900] "GET /ontolopedia/disp/word_show/290220 HTTP/1.1" 200 7381 "-" "Mozilla/5.0 (compatible; Googlebot/2.1; +http://www.google.com/bot.html)"
72.14.199.52 - - [07/Apr/2013:12:05:28 +0900] "GET /~yosshi/wiki-old/index.php?cmd=edit&page=%C6%FC%B5%AD%2F2021-05-20 HTTP/1.1" 200 1805 "-" "DoCoMo/2.0 N905i(c100;TB;W24H16) (compatible; Googlebot-Mobile/2.1; +http://www.google.com/bot.html)"
66.249.76.52 - - [07/Apr/2013:12:05:29 +0900] "GET /ontolopedia/disp/word_show/435541 HTTP/1.1" 200 14895 "-" "Mozilla/5.0 (compatible; Googlebot/2.1; +http://www.google.com/bot.html)"
202.180.34.186 - - [07/Apr/2013:12:05:30 +0900] "GET /ontolopedia/disp/word_show/181708 HTTP/1.1" 200 6780 "-" "ICC-Crawler/2.0 (Mozilla-compatible; ; http://kc.nict.go.jp/project1/crawl.html)"
66.249.76.52 - - [07/Apr/2013:12:05:33 +0900] "GET /ontolopedia/disp/word_show/164192 HTTP/1.1" 200 7895 "-" "Mozilla/5.0 (compatible; Googlebot/2.1; +http://www.google.com/bot.html)"
202.180.34.186 - - [07/Apr/2013:12:05:35 +0900] "GET /ontolopedia/disp/word_show/43905 HTTP/1.1" 200 10135 "-" "ICC-Crawler/2.0 (Mozilla-compatible; ; http://kc.nict.go.jp/project1/crawl.html)"
66.249.76.52 - - [07/Apr/2013:12:05:37 +0900] "GET /ontolopedia/disp/word_show/87 HTTP/1.1" 200 8140 "-" "Mozilla/5.0 (compatible; Googlebot/2.1; +http://www.google.com/bot.html)"
66.249.76.52 - - [07/Apr/2013:12:05:39 +0900] "GET /ontolopedia/disp/word_show/313881 HTTP/1.1" 200 8732 "-" "Mozilla/5.0 (compatible; Googlebot/2.1; +http://www.google.com/bot.html)"
202.180.34.186 - - [07/Apr/2013:12:05:41 +0900] "GET /ontolopedia/disp/word_show/147423 HTTP/1.1" 200 5150 "-" "ICC-Crawler/2.0 (Mozilla-compatible; ; http://kc.nict.go.jp/project1/crawl.html)"
66.249.76.52 - - [07/Apr/2013:12:05:45 +0900] "GET /ontolopedia/disp/word_show/366335 HTTP/1.1" 200 5363 "-" "Mozilla/5.0 (compatible; Googlebot/2.1; +http://www.google.com/bot.html)"
202.180.34.186 - - [07/Apr/2013:12:05:46 +0900] "GET /ontolopedia/disp/word_show/105485 HTTP/1.1" 200 8949 "-" "ICC-Crawler/2.0 (Mozilla-compatible; ; http://kc.nict.go.jp/project1/crawl.html)"
66.249.76.52 - - [07/Apr/2013:12:05:51 +0900] "GET /ontolopedia/disp/word_show/65582 HTTP/1.1" 200 5136 "-" "Mozilla/5.0 (compatible; Googlebot/2.1; +http://www.google.com/bot.html)"
202.180.34.186 - - [07/Apr/2013:12:05:51 +0900] "GET /ontolopedia/disp/word_show/107548 HTTP/1.1" 200 13435 "-" "ICC-Crawler/2.0 (Mozilla-compatible; ; http://kc.nict.go.jp/project1/crawl.html)"
66.249.76.52 - - [07/Apr/2013:12:05:57 +0900] "GET /ontolopedia/disp/word_show/31052 HTTP/1.1" 200 4959 "-" "Mozilla/5.0 (compatible; Googlebot/2.1; +http://www.google.com/bot.html)"
202.180.34.186 - - [07/Apr/2013:12:05:57 +0900] "GET /ontolopedia/disp/word_show/26456 HTTP/1.1" 200 8719 "-" "ICC-Crawler/2.0 (Mozilla-compatible; ; http://kc.nict.go.jp/project1/crawl.html)"
66.249.76.52 - - [07/Apr/2013:12:06:00 +0900] "GET /ontolopedia/disp/word_show/192264 HTTP/1.1" 200 4514 "-" "Mozilla/5.0 (compatible; Googlebot/2.1; +http://www.google.com/bot.html)"
202.180.34.186 - - [07/Apr/2013:12:06:02 +0900] "GET /ontolopedia/disp/word_show/23197 HTTP/1.1" 200 23210 "-" "ICC-Crawler/2.0 (Mozilla-compatible; ; http://kc.nict.go.jp/project1/crawl.html)"
66.249.76.52 - - [07/Apr/2013:12:06:03 +0900] "GET /ontolopedia/disp/word_show/238158 HTTP/1.1" 200 8056 "-" "Mozilla/5.0 (compatible; Googlebot/2.1; +http://www.google.com/bot.html)"
66.249.76.52 - - [07/Apr/2013:12:06:09 +0900] "GET /ontolopedia/disp/word_show/404260 HTTP/1.1" 200 7336 "-" "Mozilla/5.0 (compatible; Googlebot/2.1; +http://www.google.com/bot.html)"
157.55.35.82 - - [07/Apr/2013:12:06:09 +0900] "GET /~info3/wiki/index.php?cmd=diff&page=%C4%AE%C5%C4%BD%A1%B1%FB%A1%F5%BE%C2%C5%C4%E6%C6%CA%BF%2Flevel13 HTTP/1.1" 200 8203 "-" "Mozilla/5.0 (compatible; bingbot/2.0; +http://www.bing.com/bingbot.htm)"
202.180.34.186 - - [07/Apr/2013:12:06:09 +0900] "GET /ontolopedia/disp/word_show/151865 HTTP/1.1" 200 7696 "-" "ICC-Crawler/2.0 (Mozilla-compatible; ; http://kc.nict.go.jp/project1/crawl.html)"
66.249.76.52 - - [07/Apr/2013:12:06:15 +0900] "GET /~yosshi/wiki-old/index.php?cmd=edit&help=true&page=%C6%FC%B5%AD%2F1950-10-15 HTTP/1.1" 200 50 "-" "SAMSUNG-SGH-E250/1.0 Profile/MIDP-2.0 Configuration/CLDC-1.1 UP.Browser/6.2.3.3.c.1.101 (GUI) MMP/2.0 (compatible; Googlebot-Mobile/2.1; +http://www.google.com/bot.html)"
202.180.34.186 - - [07/Apr/2013:12:06:15 +0900] "GET /ontolopedia/disp/word_show/14434 HTTP/1.1" 200 17255 "-" "ICC-Crawler/2.0 (Mozilla-compatible; ; http://kc.nict.go.jp/project1/crawl.html)"
66.249.76.52 - - [07/Apr/2013:12:06:16 +0900] "GET /ontolopedia/disp/word_show/20711 HTTP/1.1" 200 5626 "-" "Mozilla/5.0 (compatible; Googlebot/2.1; +http://www.google.com/bot.html)"
202.180.34.186 - - [07/Apr/2013:12:06:21 +0900] "GET /ontolopedia/disp/word_show/398935 HTTP/1.1" 200 7863 "-" "ICC-Crawler/2.0 (Mozilla-compatible; ; http://kc.nict.go.jp/project1/crawl.html)"
66.249.76.52 - - [07/Apr/2013:12:06:21 +0900] "GET /ontolopedia/disp/word_show/172762 HTTP/1.1" 200 9092 "-" "Mozilla/5.0 (compatible; Googlebot/2.1; +http://www.google.com/bot.html)"
202.180.34.186 - - [07/Apr/2013:12:06:26 +0900] "GET /ontolopedia/disp/word_show/228970 HTTP/1.1" 200 13883 "-" "ICC-Crawler/2.0 (Mozilla-compatible; ; http://kc.nict.go.jp/project1/crawl.html)"
66.249.76.52 - - [07/Apr/2013:12:06:27 +0900] "GET /ontolopedia/disp/word_show/284863 HTTP/1.1" 200 4197 "-" "Mozilla/5.0 (compatible; Googlebot/2.1; +http://www.google.com/bot.html)"
66.249.76.52 - - [07/Apr/2013:12:06:30 +0900] "GET /ontolopedia/disp/word_show/478855 HTTP/1.1" 200 12353 "-" "Mozilla/5.0 (compatible; Googlebot/2.1; +http://www.google.com/bot.html)"
202.180.34.186 - - [07/Apr/2013:12:06:32 +0900] "GET /ontolopedia/disp/word_show/95852 HTTP/1.1" 200 4172 "-" "ICC-Crawler/2.0 (Mozilla-compatible; ; http://kc.nict.go.jp/project1/crawl.html)"
66.249.76.52 - - [07/Apr/2013:12:06:33 +0900] "GET /ontolopedia/disp/word_show/179987 HTTP/1.1" 200 6706 "-" "Mozilla/5.0 (compatible; Googlebot/2.1; +http://www.google.com/bot.html)"
