157.55.33.109 - - [07/Apr/2013:08:34:14 +0900] "GET /wiki/index.php?plugin=attach&pcmd=upload&page=%A5%E1%A5%E2%C4%A2%2FAPOP%A4%C8%A4%ABPOP%B4%D8%B7%B8%A4%CE%A5%DB%A5%CB%A5%E3 HTTP/1.1" 200 9283 "-" "Mozilla/5.0 (compatible; bingbot/2.0; +http://www.bing.com/bingbot.htm)"
66.249.76.52 - - [07/Apr/2013:08:34:14 +0900] "GET /ontolopedia/disp/word_show/479278 HTTP/1.1" 200 7213 "-" "Mozilla/5.0 (compatible; Googlebot/2.1; +http://www.google.com/bot.html)"
157.55.33.109 - - [07/Apr/2013:08:34:15 +0900] "GET /wiki/index.php?plugin=attach&pcmd=upload&page=%A5%E1%A5%F3%A5%D0%A1%BC%2F2005 HTTP/1.1" 200 8906 "-" "Mozilla/5.0 (compatible; bingbot/2.0; +http://www.bing.com/bingbot.htm)"
157.55.33.109 - - [07/Apr/2013:08:34:15 +0900] "GET /wiki/index.php?plugin=attach&pcmd=upload&page=%C6%FC%CB%DC%B8%EC HTTP/1.1" 200 8698 "-" "Mozilla/5.0 (compatible; bingbot/2.0; +http://www.bing.com/bingbot.htm)"
157.55.33.109 - - [07/Apr/2013:08:34:16 +0900] "GET /wiki/index.php?plugin=attach&pcmd=upload&page=Acomplia HTTP/1.1" 200 8038 "-" "Mozilla/5.0 (compatible; bingbot/2.0; +http://www.bing.com/bingbot.htm)"
157.55.33.109 - - [07/Apr/2013:08:34:16 +0900] "GET /wiki/index.php?plugin=attach&pcmd=upload&page=Drug%20Story HTTP/1.1" 200 8072 "-" "Mozilla/5.0 (compatible; bingbot/2.0; +http://www.bing.com/bingbot.htm)"
157.55.33.109 - - [07/Apr/2013:08:34:17 +0900] "GET /wiki/index.php?plugin=attach&pcmd=upload&page=Emi%2F%C2%B4%CF%C0%C6%FC%BB%EF%28%A5%BF%A5%DE%A5%AD%A5%A8%A5%DF%29%2F2005-07-05 HTTP/1.1" 200 9440 "-" "Mozilla/5.0 (compatible; bingbot/2.0; +http://www.bing.com/bingbot.htm)"
157.55.33.109 - - [07/Apr/2013:08:34:17 +0900] "GET /wiki/index.php?plugin=attach&pcmd=upload&page=Emi%2F%A5%BD%A5%D5%A5%C8%A5%A6%A5%A7%A5%A2%B9%A9%B3%D8-11 HTTP/1.1" 200 9107 "-" "Mozilla/5.0 (compatible; bingbot/2.0; +http://www.bing.com/bingbot.htm)"
157.55.33.109 - - [07/Apr/2013:08:34:19 +0900] "GET /wiki/index.php?plugin=rename&refer=Top%20Page%2F2006-05-12 HTTP/1.1" 200 7041 "-" "Mozilla/5.0 (compatible; bingbot/2.0; +http://www.bing.com/bingbot.htm)"
157.55.33.109 - - [07/Apr/2013:08:34:19 +0900] "GET /wiki/index.php?plugin=rename&refer=Top%20Page%2F2006-04-28 HTTP/1.1" 200 7041 "-" "Mozilla/5.0 (compatible; bingbot/2.0; +http://www.bing.com/bingbot.htm)"
66.249.76.52 - - [07/Apr/2013:08:34:19 +0900] "GET /ontolopedia/disp/word_show/353856 HTTP/1.1" 200 9802 "-" "Mozilla/5.0 (compatible; Googlebot/2.1; +http://www.google.com/bot.html)"
157.55.33.109 - - [07/Apr/2013:08:34:20 +0900] "GET /wiki/index.php?plugin=rename&refer=Top%20Page%2F2006-05-19 HTTP/1.1" 200 7041 "-" "Mozilla/5.0 (compatible; bingbot/2.0; +http://www.bing.com/bingbot.htm)"
157.55.33.109 - - [07/Apr/2013:08:34:20 +0900] "GET /wiki/index.php?plugin=rename&refer=Top%20Page%2F2006-06-29 HTTP/1.1" 200 7041 "-" "Mozilla/5.0 (compatible; bingbot/2.0; +http://www.bing.com/bingbot.htm)"
66.249.76.52 - - [07/Apr/2013:08:34:20 +0900] "GET /ontolopedia/disp/word_show/8427 HTTP/1.1" 200 14324 "-" "Mozilla/5.0 (compatible; Googlebot/2.1; +http://www.google.com/bot.html)"
157.55.33.109 - - [07/Apr/2013:08:34:21 +0900] "GET /wiki/index.php?plugin=rename&refer=Top%20Page%2F2006-07-12 HTTP/1.1" 200 7041 "-" "Mozilla/5.0 (compatible; bingbot/2.0; +http://www.bing.com/bingbot.htm)"
157.55.33.109 - - [07/Apr/2013:08:34:21 +0900] "GET /wiki/index.php?plugin=rename&refer=Top%20Page%2F2006-07-20 HTTP/1.1" 200 7041 "-" "Mozilla/5.0 (compatible; bingbot/2.0; +http://www.bing.com/bingbot.htm)"
157.55.33.109 - - [07/Apr/2013:08:34:22 +0900] "GET /wiki/index.php?plugin=rename&refer=Top%20Page%2F2006-07-21 HTTP/1.1" 200 7041 "-" "Mozilla/5.0 (compatible; bingbot/2.0; +http://www.bing.com/bingbot.htm)"
157.55.33.109 - - [07/Apr/2013:08:34:22 +0900] "GET /wiki/index.php?plugin=rename&refer=Top%20Page%2F2006-09-13 HTTP/1.1" 200 7041 "-" "Mozilla/5.0 (compatible; bingbot/2.0; +http://www.bing.com/bingbot.htm)"
157.55.33.109 - - [07/Apr/2013:08:34:23 +0900] "GET /wiki/index.php?plugin=rename&refer=Top%20Page%2F2006-09-19 HTTP/1.1" 200 7041 "-" "Mozilla/5.0 (compatible; bingbot/2.0; +http://www.bing.com/bingbot.htm)"
157.55.33.109 - - [07/Apr/2013:08:34:23 +0900] "GET /wiki/index.php?plugin=rename&refer=Top%20Page%2F2007-02-02 HTTP/1.1" 200 7041 "-" "Mozilla/5.0 (compatible; bingbot/2.0; +http://www.bing.com/bingbot.htm)"
157.55.33.109 - - [07/Apr/2013:08:34:24 +0900] "GET /~info3/wiki/index.php?cmd=backup&action=diff&page=%C3%AA%B8%B6%A1%F5%C2%E7%B5%DC%C8%C9&age=7 HTTP/1.1" 200 6727 "-" "Mozilla/5.0 (compatible; bingbot/2.0; +http://www.bing.com/bingbot.htm)"
157.55.33.109 - - [07/Apr/2013:08:34:24 +0900] "GET /~info3/wiki/index.php?cmd=backup&action=diff&page=%C4%C5%C7%C8%B8%C5%C0%B5%B5%B1%A1%F5%E1%C4%B4%D6%B7%BC%B2%F0%2FLevel4&age=2 HTTP/1.1" 200 7575 "-" "Mozilla/5.0 (compatible; bingbot/2.0; +http://www.bing.com/bingbot.htm)"
157.55.33.109 - - [07/Apr/2013:08:34:26 +0900] "GET /~info3/wiki/index.php?cmd=backup&action=diff&page=%C8%E6%B2%C5%A1%F5%B6%CC%C6%E1%C7%C6%CD%A5%BA%EE%2F%BF%CA%C5%B8%CA%F3%B9%F0%2801%2F21%29&age=1 HTTP/1.1" 200 6174 "-" "Mozilla/5.0 (compatible; bingbot/2.0; +http://www.bing.com/bingbot.htm)"
157.55.33.109 - - [07/Apr/2013:08:34:26 +0900] "GET /~info3/wiki/index.php?cmd=backup&action=diff&page=%C8%E6%B2%C5%A1%F5%B6%CC%C6%E1%C7%C6%CD%A5%BA%EE%2F%BF%CA%C5%B8%CA%F3%B9%F0%2812%2F17%29&age=3 HTTP/1.1" 200 8392 "-" "Mozilla/5.0 (compatible; bingbot/2.0; +http://www.bing.com/bingbot.htm)"
66.249.76.52 - - [07/Apr/2013:08:34:26 +0900] "GET /ontolopedia/disp/word_show/90592 HTTP/1.1" 200 8557 "-" "Mozilla/5.0 (compatible; Googlebot/2.1; +http://www.google.com/bot.html)"
183.74.195.70 - - [07/Apr/2013:08:34:26 +0900] "GET /ontolopedia/disp/word_show/43673 HTTP/1.1" 200 27003 "http://www.nal.ie.u-ryukyu.ac.jp/ontolopedia/disp/word_show/42085" "Mozilla/5.0 (Linux; U; Android 2.3.4; ja-jp; SonyEricssonSO-02C Build/4.0.1.C.1.21) AppleWebKit/533.1 (KHTML, like Gecko) Version/4.0 Mobile Safari/533.1"
157.56.93.71 - - [07/Apr/2013:08:34:27 +0900] "GET /~info3/wiki/index.php?cmd=backup&page=2005%2Finfo4%2FLevel3&age=3 HTTP/1.1" 200 10791 "-" "Mozilla/5.0 (compatible; bingbot/2.0; +http://www.bing.com/bingbot.htm)"
157.56.93.73 - - [07/Apr/2013:08:34:27 +0900] "GET /robots.txt HTTP/1.1" 404 208 "-" "Mozilla/5.0 (compatible; bingbot/2.0; +http://www.bing.com/bingbot.htm)"
66.249.76.52 - - [07/Apr/2013:08:34:28 +0900] "GET /ontolopedia/disp/word_show/406790 HTTP/1.1" 200 4384 "-" "Mozilla/5.0 (compatible; Googlebot/2.1; +http://www.google.com/bot.html)"
157.56.93.71 - - [07/Apr/2013:08:34:29 +0900] "GET /~info3/wiki/index.php?cmd=backup&page=2005%2Finfo4%2FLevel4&age=3&action=source HTTP/1.1" 200 7325 "-" "Mozilla/5.0 (compatible; bingbot/2.0; +http://www.bing.com/bingbot.htm)"
157.56.93.73 - - [07/Apr/2013:08:34:30 +0900] "GET /wiki/index.php?cmd=backup&page=%A5%BC%A5%DF%A5%ED%A5%B0%2F%C2%E828%B2%F3%2FJMyron%A4%AB%A4%E9%A4%CE%C6%B0%B2%E8%A4%AB%A4%E9%C7%D8%B7%CA%A4%F2%BF%E4%C2%AC%A4%B9%A4%EB%28%B6%CC%BE%EB%B3%A8%C8%FE%29&age=1 HTTP/1.1" 200 38154 "-" "Mozilla/5.0 (compatible; bingbot/2.0; +http://www.bing.com/bingbot.htm)"
157.56.93.73 - - [07/Apr/2013:08:34:30 +0900] "GET /wiki/index.php?cmd=backup&page=%A5%BC%A5%DF%A5%ED%A5%B0%2F%C2%E828%B2%F3%2FJMyron%A4%AB%A4%E9%A4%CE%C6%B0%B2%E8%A4%AB%A4%E9%C7%D8%B7%CA%A4%F2%BF%E4%C2%AC%A4%B9%A4%EB%28%B6%CC%BE%EB%B3%A8%C8%FE%29&age=10&action=source HTTP/1.1" 200 39325 "-" "Mozilla/5.0 (compatible; bingbot/2.0; +http://www.bing.com/bingbot.htm)"
157.56.93.71 - - [07/Apr/2013:08:34:30 +0900] "GET /~yosshi/rbc_wiki/index.php?cmd=backup&page=FrontPage&age=111&action=source HTTP/1.1" 200 483180 "-" "Mozilla/5.0 (compatible; bingbot/2.0; +http://www.bing.com/bingbot.htm)"
157.56.93.73 - - [07/Apr/2013:08:34:32 +0900] "GET /wiki/index.php?cmd=backup&page=%A5%BC%A5%DF%A5%ED%A5%B0%2F%C2%E828%B2%F3%2FJMyron%A4%AB%A4%E9%A4%CE%C6%B0%B2%E8%A4%AB%A4%E9%C7%D8%B7%CA%A4%F2%BF%E4%C2%AC%A4%B9%A4%EB%28%B6%CC%BE%EB%B3%A8%C8%FE%29&age=12&action=source HTTP/1.1" 200 39836 "-" "Mozilla/5.0 (compatible; bingbot/2.0; +http://www.bing.com/bingbot.htm)"
66.249.76.52 - - [07/Apr/2013:08:34:32 +0900] "GET /ontolopedia/disp/word_show/195258 HTTP/1.1" 200 5961 "-" "Mozilla/5.0 (compatible; Googlebot/2.1; +http://www.google.com/bot.html)"
157.56.93.73 - - [07/Apr/2013:08:34:32 +0900] "GET /wiki/index.php?cmd=backup&page=%A5%BC%A5%DF%A5%ED%A5%B0%2F%C2%E828%B2%F3%2FJMyron%A4%AB%A4%E9%A4%CE%C6%B0%B2%E8%A4%AB%A4%E9%C7%D8%B7%CA%A4%F2%BF%E4%C2%AC%A4%B9%A4%EB%28%B6%CC%BE%EB%B3%A8%C8%FE%29&age=14 HTTP/1.1" 200 110024 "-" "Mozilla/5.0 (compatible; bingbot/2.0; +http://www.bing.com/bingbot.htm)"
157.55.33.109 - - [07/Apr/2013:08:34:33 +0900] "GET /~info3/wiki/index.php?cmd=backup&page=%B6%B6%CB%DC%A1%F5%B6%CC%C6%E1%C7%C6%C8%CB%B9%F1%2FLevel2&age=3&action=nowdiff HTTP/1.1" 200 11286 "-" "Mozilla/5.0 (compatible; bingbot/2.0; +http://www.bing.com/bingbot.htm)"
157.55.33.109 - - [07/Apr/2013:08:34:33 +0900] "GET /~info3/wiki/index.php?cmd=backup&page=%B6%B6%CB%DC%A1%F5%B6%CC%C6%E1%C7%C6%C8%CB%B9%F1&age=5&action=nowdiff HTTP/1.1" 200 6582 "-" "Mozilla/5.0 (compatible; bingbot/2.0; +http://www.bing.com/bingbot.htm)"
72.14.199.52 - - [07/Apr/2013:08:34:33 +0900] "GET /~yosshi/wiki-old/index.php?cmd=edit&page=%C6%FC%B5%AD%2F2004-10-04&refer=%C6%FC%B5%AD HTTP/1.1" 200 1805 "-" "DoCoMo/2.0 N905i(c100;TB;W24H16) (compatible; Googlebot-Mobile/2.1; +http://www.google.com/bot.html)"
157.56.93.71 - - [07/Apr/2013:08:34:34 +0900] "GET /~yosshi/wiki-old/index.php?plugin=attach&pcmd=upload&page=%C6%FC%B5%AD%2F2005-10-23 HTTP/1.1" 200 7182 "-" "Mozilla/5.0 (compatible; bingbot/2.0; +http://www.bing.com/bingbot.htm)"
157.56.93.73 - - [07/Apr/2013:08:34:34 +0900] "GET /wiki/index.php?cmd=backup&page=%A5%BC%A5%DF%A5%ED%A5%B0%2F%C2%E828%B2%F3%2FJMyron%A4%AB%A4%E9%A4%CE%C6%B0%B2%E8%A4%AB%A4%E9%C7%D8%B7%CA%A4%F2%BF%E4%C2%AC%A4%B9%A4%EB%28%B6%CC%BE%EB%B3%A8%C8%FE%29&age=17&action=nowdiff HTTP/1.1" 200 101356 "-" "Mozilla/5.0 (compatible; bingbot/2.0; +http://www.bing.com/bingbot.htm)"
157.56.93.71 - - [07/Apr/2013:08:34:35 +0900] "GET /~yosshi/wiki-old/index.php?plugin=attach&pcmd=upload&page=FrontPage HTTP/1.1" 200 6876 "-" "Mozilla/5.0 (compatible; bingbot/2.0; +http://www.bing.com/bingbot.htm)"
157.56.93.73 - - [07/Apr/2013:08:34:35 +0900] "GET /wiki/index.php?cmd=backup&page=%A5%BC%A5%DF%A5%ED%A5%B0%2F%C2%E828%B2%F3%2FJMyron%A4%AB%A4%E9%A4%CE%C6%B0%B2%E8%A4%AB%A4%E9%C7%D8%B7%CA%A4%F2%BF%E4%C2%AC%A4%B9%A4%EB%28%B6%CC%BE%EB%B3%A8%C8%FE%29&age=18&action=diff HTTP/1.1" 200 103365 "-" "Mozilla/5.0 (compatible; bingbot/2.0; +http://www.bing.com/bingbot.htm)"
157.55.33.109 - - [07/Apr/2013:08:34:36 +0900] "GET /~info3/wiki/index.php?cmd=backup&page=%B6%CC%BE%EB%BD%CA%B5%AA&age=4&action=nowdiff HTTP/1.1" 200 7546 "-" "Mozilla/5.0 (compatible; bingbot/2.0; +http://www.bing.com/bingbot.htm)"
157.56.93.71 - - [07/Apr/2013:08:34:36 +0900] "GET /~yosshi/wiki-old/index.php?plugin=attach&pcmd=upload&page=MacOSX HTTP/1.1" 200 6813 "-" "Mozilla/5.0 (compatible; bingbot/2.0; +http://www.bing.com/bingbot.htm)"
157.55.33.109 - - [07/Apr/2013:08:34:36 +0900] "GET /~info3/wiki/index.php?cmd=backup&page=%B6%CC%BE%EB%BD%CA%B5%AA&age=4&action=source HTTP/1.1" 200 6270 "-" "Mozilla/5.0 (compatible; bingbot/2.0; +http://www.bing.com/bingbot.htm)"
157.56.93.73 - - [07/Apr/2013:08:34:36 +0900] "GET /wiki/index.php?cmd=backup&page=%A5%BC%A5%DF%A5%ED%A5%B0%2F%C2%E828%B2%F3%2FJMyron%A4%AB%A4%E9%A4%CE%C6%B0%B2%E8%A4%AB%A4%E9%C7%D8%B7%CA%A4%F2%BF%E4%C2%AC%A4%B9%A4%EB%28%B6%CC%BE%EB%B3%A8%C8%FE%29&age=19 HTTP/1.1" 200 233645 "-" "Mozilla/5.0 (compatible; bingbot/2.0; +http://www.bing.com/bingbot.htm)"
157.56.93.73 - - [07/Apr/2013:08:34:37 +0900] "GET /wiki/index.php?cmd=backup&page=%A5%BC%A5%DF%A5%ED%A5%B0%2F%C2%E828%B2%F3%2FJMyron%A4%AB%A4%E9%A4%CE%C6%B0%B2%E8%A4%AB%A4%E9%C7%D8%B7%CA%A4%F2%BF%E4%C2%AC%A4%B9%A4%EB%28%B6%CC%BE%EB%B3%A8%C8%FE%29&age=19&action=diff HTTP/1.1" 200 105674 "-" "Mozilla/5.0 (compatible; bingbot/2.0; +http://www.bing.com/bingbot.htm)"
157.56.93.71 - - [07/Apr/2013:08:34:37 +0900] "GET /~yosshi/wiki-old/index.php?plugin=attach&pcmd=upload&page=MacOSX%2F%B2%AD%C6%EC%BC%AD%BD%F1%28%A4%B3%A4%C8%A4%A8%A4%EA%29 HTTP/1.1" 200 7896 "-" "Mozilla/5.0 (compatible; bingbot/2.0; +http://www.bing.com/bingbot.htm)"
157.55.33.109 - - [07/Apr/2013:08:34:37 +0900] "GET /~info3/wiki/index.php?cmd=backup&page=%B6%E2%BE%EB%A1%F5%C5%E7%B8%B6%C8%C9%2Flevel3&age=2&action=diff HTTP/1.1" 200 8015 "-" "Mozilla/5.0 (compatible; bingbot/2.0; +http://www.bing.com/bingbot.htm)"
157.55.33.109 - - [07/Apr/2013:08:34:37 +0900] "GET /~info3/wiki/index.php?cmd=backup&page=%B7%F3%BE%EB&age=2&action=nowdiff HTTP/1.1" 200 5334 "-" "Mozilla/5.0 (compatible; bingbot/2.0; +http://www.bing.com/bingbot.htm)"
157.56.93.71 - - [07/Apr/2013:08:34:38 +0900] "GET /~yosshi/wiki-old/index.php?plugin=attach&pcmd=upload&page=MacOSX%2FRMAC HTTP/1.1" 200 6954 "-" "Mozilla/5.0 (compatible; bingbot/2.0; +http://www.bing.com/bingbot.htm)"
157.55.33.109 - - [07/Apr/2013:08:34:38 +0900] "GET /~info3/wiki/index.php?cmd=backup&page=%B9%E2%B9%BE%BD%A7%A1%F5%B7%F3%BE%EB%2Flevel4&age=3&action=source HTTP/1.1" 200 6681 "-" "Mozilla/5.0 (compatible; bingbot/2.0; +http://www.bing.com/bingbot.htm)"
157.55.33.109 - - [07/Apr/2013:08:34:38 +0900] "GET /~info3/wiki/index.php?cmd=backup&page=%B9%E2%B9%BE%BD%A7%A1%F5%B7%F3%BE%EB&age=2 HTTP/1.1" 200 7208 "-" "Mozilla/5.0 (compatible; bingbot/2.0; +http://www.bing.com/bingbot.htm)"
66.249.76.52 - - [07/Apr/2013:08:34:38 +0900] "GET /ontolopedia/disp/word_show/349040 HTTP/1.1" 200 8431 "-" "Mozilla/5.0 (compatible; Googlebot/2.1; +http://www.google.com/bot.html)"
157.56.93.73 - - [07/Apr/2013:08:34:39 +0900] "GET /wiki/index.php?cmd=diff&page=Emi%2F%C2%B4%CF%C0%C6%FC%BB%EF%28%A5%BF%A5%DE%A5%AD%A5%A8%A5%DF%29%2F2005-05-02 HTTP/1.1" 200 9407 "-" "Mozilla/5.0 (compatible; bingbot/2.0; +http://www.bing.com/bingbot.htm)"
157.55.33.109 - - [07/Apr/2013:08:34:39 +0900] "GET /~info3/wiki/index.php?cmd=backup&page=%B9%E2%C2%BC%A1%F5%C3%E7%B4%D6%C8%C9%2FLevel3&age=3&action=source HTTP/1.1" 200 6678 "-" "Mozilla/5.0 (compatible; bingbot/2.0; +http://www.bing.com/bingbot.htm)"
157.55.33.109 - - [07/Apr/2013:08:34:39 +0900] "GET /~info3/wiki/index.php?cmd=backup&page=%B9%E2%C2%BC%A1%F5%C3%E7%B4%D6%C8%C9%2FLevel3&age=4&action=diff HTTP/1.1" 200 8808 "-" "Mozilla/5.0 (compatible; bingbot/2.0; +http://www.bing.com/bingbot.htm)"
66.249.76.52 - - [07/Apr/2013:08:34:39 +0900] "GET /ontolopedia/disp/word_show/207589 HTTP/1.1" 200 6341 "-" "Mozilla/5.0 (compatible; Googlebot/2.1; +http://www.google.com/bot.html)"
157.56.93.73 - - [07/Apr/2013:08:34:40 +0900] "GET /wiki/index.php?cmd=diff&page=Emi%2F%C2%B4%CF%C0%C6%FC%BB%EF%28%A5%BF%A5%DE%A5%AD%A5%A8%A5%DF%29%2F2005-06-28 HTTP/1.1" 200 9262 "-" "Mozilla/5.0 (compatible; bingbot/2.0; +http://www.bing.com/bingbot.htm)"
157.56.93.73 - - [07/Apr/2013:08:34:40 +0900] "GET /wiki/index.php?cmd=diff&page=Emi%2F%C2%B4%CF%C0%C6%FC%BB%EF%28%A5%BF%A5%DE%A5%AD%A5%A8%A5%DF%29%2F2005-07-27 HTTP/1.1" 200 9146 "-" "Mozilla/5.0 (compatible; bingbot/2.0; +http://www.bing.com/bingbot.htm)"
157.55.33.109 - - [07/Apr/2013:08:34:40 +0900] "GET /~info3/wiki/index.php?cmd=backup&page=%D4%A2%BE%EC%B9%AC%BE%CD%A1%F5%BF%B7%C5%C4%BD%A9%CA%BF&age=4&action=nowdiff HTTP/1.1" 200 7948 "-" "Mozilla/5.0 (compatible; bingbot/2.0; +http://www.bing.com/bingbot.htm)"
157.55.33.109 - - [07/Apr/2013:08:34:40 +0900] "GET /~info3/wiki/index.php?cmd=backup&page=%D4%A2%BE%EC%B9%AC%BE%CD%A1%F5%BF%B7%C5%C4%BD%A9%CA%BF&age=6&action=diff HTTP/1.1" 200 7473 "-" "Mozilla/5.0 (compatible; bingbot/2.0; +http://www.bing.com/bingbot.htm)"
157.56.93.73 - - [07/Apr/2013:08:34:40 +0900] "GET /wiki/index.php?cmd=diff&page=Emi%2F%C2%B4%CF%C0%C6%FC%BB%EF%28%A5%BF%A5%DE%A5%AD%A5%A8%A5%DF%29%2F2005-09-13 HTTP/1.1" 200 9265 "-" "Mozilla/5.0 (compatible; bingbot/2.0; +http://www.bing.com/bingbot.htm)"
157.56.93.73 - - [07/Apr/2013:08:34:41 +0900] "GET /wiki/index.php?cmd=diff&page=Emi%2F%C2%B4%CF%C0%C6%FC%BB%EF%28%A5%BF%A5%DE%A5%AD%A5%A8%A5%DF%29%2F2005-10-06 HTTP/1.1" 200 9235 "-" "Mozilla/5.0 (compatible; bingbot/2.0; +http://www.bing.com/bingbot.htm)"
157.56.93.73 - - [07/Apr/2013:08:34:41 +0900] "GET /wiki/index.php?cmd=diff&page=Emi%2F%C2%B4%CF%C0%C6%FC%BB%EF%28%A5%BF%A5%DE%A5%AD%A5%A8%A5%DF%29%2F2005-11-03 HTTP/1.1" 200 9147 "-" "Mozilla/5.0 (compatible; bingbot/2.0; +http://www.bing.com/bingbot.htm)"
157.55.33.109 - - [07/Apr/2013:08:34:42 +0900] "GET /~info3/wiki/index.php?cmd=backup&page=%D4%A2%BE%EC%B9%AC%BE%CD%A1%F5%BF%B7%C5%C4%BD%A9%CA%BF&age=7 HTTP/1.1" 200 8766 "-" "Mozilla/5.0 (compatible; bingbot/2.0; +http://www.bing.com/bingbot.htm)"
157.55.33.109 - - [07/Apr/2013:08:34:42 +0900] "GET /~info3/wiki/index.php?cmd=backup&page=%D4%A2%BE%EC%B9%AC%BE%CD%A1%F5%BF%B7%C5%C4%BD%A9%CA%BF&age=9&action=diff HTTP/1.1" 200 7607 "-" "Mozilla/5.0 (compatible; bingbot/2.0; +http://www.bing.com/bingbot.htm)"
157.56.93.73 - - [07/Apr/2013:08:34:42 +0900] "GET /wiki/index.php?plugin=attach&pcmd=upload&page=%A5%BC%A5%DF%A5%ED%A5%B0%2F%C2%E812%B2%F3%2F%B4%C4%B6%AD%A4%F2%C0%B0%A4%A8%A4%EB%28%B6%CC%BE%EB%20%B3%A8%C8%FE%29 HTTP/1.1" 200 9690 "-" "Mozilla/5.0 (compatible; bingbot/2.0; +http://www.bing.com/bingbot.htm)"
157.56.93.73 - - [07/Apr/2013:08:34:43 +0900] "GET /wiki/index.php?plugin=attach&pcmd=upload&page=%A5%BC%A5%DF%A5%ED%A5%B0%2F%C2%E814%B2%F3%2F%B2%E8%C1%FC%C7%A7%BC%B1%A4%C3%A4%C6%B2%BF%28%B6%CC%BE%EB%20%B3%A8%C8%FE%29 HTTP/1.1" 200 9740 "-" "Mozilla/5.0 (compatible; bingbot/2.0; +http://www.bing.com/bingbot.htm)"
157.55.33.109 - - [07/Apr/2013:08:34:43 +0900] "GET /~info3/wiki/index.php?cmd=backup&page=2005%2Finfo4%2FLevel1%2F%B0%F0%C1%D5%B9%BE&age=1&action=source HTTP/1.1" 200 7161 "-" "Mozilla/5.0 (compatible; bingbot/2.0; +http://www.bing.com/bingbot.htm)"
157.55.33.109 - - [07/Apr/2013:08:34:43 +0900] "GET /~info3/wiki/index.php?cmd=backup&page=075722F-level1 HTTP/1.1" 200 5006 "-" "Mozilla/5.0 (compatible; bingbot/2.0; +http://www.bing.com/bingbot.htm)"
157.56.93.73 - - [07/Apr/2013:08:34:43 +0900] "GET /wiki/index.php?plugin=attach&pcmd=upload&page=%A5%BC%A5%DF%A5%ED%A5%B0%2F%C2%E822%B2%F3%2F1.%B8%A1%BD%D0%A1%A6%C7%A7%BC%B1%A4%B9%A4%EB%A5%A2%A5%EB%A5%B4%A5%EA%A5%BA%A5%E02%28%B6%CC%BE%EB%B3%A8%C8%FE%29 HTTP/1.1" 200 10048 "-" "Mozilla/5.0 (compatible; bingbot/2.0; +http://www.bing.com/bingbot.htm)"
157.56.93.73 - - [07/Apr/2013:08:34:43 +0900] "GET /wiki/index.php?plugin=attach&pcmd=upload&page=%A5%BC%A5%DF%A5%ED%A5%B0%2F%C2%E822%B2%F3%2F3.processing-%A5%D5%A5%EC%A1%BC%A5%E0%BA%B9%CA%AC%28%B6%CC%BE%EB%B3%A8%C8%FE%29 HTTP/1.1" 200 9808 "-" "Mozilla/5.0 (compatible; bingbot/2.0; +http://www.bing.com/bingbot.htm)"
157.55.33.109 - - [07/Apr/2013:08:34:44 +0900] "GET /~info3/wiki/index.php?cmd=backup&page=2005%2Finfo4%2FLevel3&age=1&action=source HTTP/1.1" 200 5406 "-" "Mozilla/5.0 (compatible; bingbot/2.0; +http://www.bing.com/bingbot.htm)"
157.55.33.109 - - [07/Apr/2013:08:34:44 +0900] "GET /~info3/wiki/index.php?cmd=backup&page=2005%2Finfo4%2FLevel2&age=1 HTTP/1.1" 200 5082 "-" "Mozilla/5.0 (compatible; bingbot/2.0; +http://www.bing.com/bingbot.htm)"
157.56.93.73 - - [07/Apr/2013:08:34:44 +0900] "GET /wiki/index.php?plugin=attach&pcmd=upload&page=%A5%BC%A5%DF%A5%ED%A5%B0%2F%C2%E824%B2%F3%2F5.POC%A4%CEJava%A5%D1%A5%C3%A5%B1%A1%BC%A5%B8%28%B6%CC%BE%EB%B3%A8%C8%FE%29 HTTP/1.1" 200 9764 "-" "Mozilla/5.0 (compatible; bingbot/2.0; +http://www.bing.com/bingbot.htm)"
66.249.76.52 - - [07/Apr/2013:08:34:44 +0900] "GET /note/note_detail/1898/ HTTP/1.1" 200 6321 "-" "Mozilla/5.0 (compatible; Googlebot/2.1; +http://www.google.com/bot.html)"
157.56.93.73 - - [07/Apr/2013:08:34:44 +0900] "GET /wiki/index.php?plugin=attach&pcmd=upload&page=%A5%BC%A5%DF%A5%ED%A5%B0%2F%C6%FC%A1%B9%A5%BC%A5%DF%2F%A5%D7%A5%ED%A5%B0%A5%E9%A5%E0%BD%B8%28%B6%CC%BE%EB%20%B3%A8%C8%FE%29 HTTP/1.1" 200 9778 "-" "Mozilla/5.0 (compatible; bingbot/2.0; +http://www.bing.com/bingbot.htm)"
157.55.33.109 - - [07/Apr/2013:08:34:45 +0900] "GET /~info3/wiki/index.php?cmd=backup&page=2005%2Finfo4%2FLevel4&age=1&action=diff HTTP/1.1" 200 6094 "-" "Mozilla/5.0 (compatible; bingbot/2.0; +http://www.bing.com/bingbot.htm)"
157.55.33.109 - - [07/Apr/2013:08:34:45 +0900] "GET /~info3/wiki/index.php?cmd=backup&page=2005%2Finfo4%2FLevel4&age=1&action=nowdiff HTTP/1.1" 200 10337 "-" "Mozilla/5.0 (compatible; bingbot/2.0; +http://www.bing.com/bingbot.htm)"
157.56.93.73 - - [07/Apr/2013:08:34:45 +0900] "GET /wiki/index.php?plugin=attach&pcmd=upload&page=%A5%E1%A5%F3%A5%D0%A1%BC HTTP/1.1" 200 8674 "-" "Mozilla/5.0 (compatible; bingbot/2.0; +http://www.bing.com/bingbot.htm)"
157.56.93.73 - - [07/Apr/2013:08:34:45 +0900] "GET /wiki/index.php?plugin=attach&pcmd=upload&page=Emi%2F%C2%B4%CF%C0%C6%FC%BB%EF%28%A5%BF%A5%DE%A5%AD%A5%A8%A5%DF%29%2F2005-04-05 HTTP/1.1" 200 9440 "-" "Mozilla/5.0 (compatible; bingbot/2.0; +http://www.bing.com/bingbot.htm)"
157.55.33.109 - - [07/Apr/2013:08:34:46 +0900] "GET /~info3/wiki/index.php?cmd=backup&page=2005%2Finfo4%2FLevel5&age=1&action=source HTTP/1.1" 200 5893 "-" "Mozilla/5.0 (compatible; bingbot/2.0; +http://www.bing.com/bingbot.htm)"
157.55.33.109 - - [07/Apr/2013:08:34:46 +0900] "GET /~info3/wiki/index.php?cmd=backup&page=2005%2Finfo4%2FLevel4&age=2 HTTP/1.1" 200 10960 "-" "Mozilla/5.0 (compatible; bingbot/2.0; +http://www.bing.com/bingbot.htm)"
157.56.93.73 - - [07/Apr/2013:08:34:46 +0900] "GET /wiki/index.php?plugin=attach&pcmd=upload&page=Emi%2F%C2%B4%CF%C0%C6%FC%BB%EF%28%A5%BF%A5%DE%A5%AD%A5%A8%A5%DF%29%2F2005-07-06 HTTP/1.1" 200 9440 "-" "Mozilla/5.0 (compatible; bingbot/2.0; +http://www.bing.com/bingbot.htm)"
157.56.93.73 - - [07/Apr/2013:08:34:46 +0900] "GET /wiki/index.php?plugin=rename&refer=Top%20Page%2F2005-09-01 HTTP/1.1" 200 7041 "-" "Mozilla/5.0 (compatible; bingbot/2.0; +http://www.bing.com/bingbot.htm)"
157.55.33.109 - - [07/Apr/2013:08:34:47 +0900] "GET /~yosshi/rbc_wiki/index.php?cmd=backup&page=Aptana%28RadRails%29 HTTP/1.1" 200 5775 "-" "Mozilla/5.0 (compatible; bingbot/2.0; +http://www.bing.com/bingbot.htm)"
157.56.93.73 - - [07/Apr/2013:08:34:47 +0900] "GET /wiki/index.php?plugin=rename&refer=Top%20Page%2F2005-09-23 HTTP/1.1" 200 7041 "-" "Mozilla/5.0 (compatible; bingbot/2.0; +http://www.bing.com/bingbot.htm)"
157.56.93.73 - - [07/Apr/2013:08:34:47 +0900] "GET /wiki/index.php?plugin=rename&refer=Top%20Page%2F2005-10-13 HTTP/1.1" 200 7041 "-" "Mozilla/5.0 (compatible; bingbot/2.0; +http://www.bing.com/bingbot.htm)"
157.55.33.109 - - [07/Apr/2013:08:34:48 +0900] "GET /~yosshi/rbc_wiki/index.php?cmd=backup&page=FrontPage&age=109&action=source HTTP/1.1" 200 482540 "-" "Mozilla/5.0 (compatible; bingbot/2.0; +http://www.bing.com/bingbot.htm)"
66.249.76.52 - - [07/Apr/2013:08:34:48 +0900] "GET /ontolopedia/disp/word_show/244452 HTTP/1.1" 200 8187 "-" "Mozilla/5.0 (compatible; Googlebot/2.1; +http://www.google.com/bot.html)"
157.56.93.73 - - [07/Apr/2013:08:34:48 +0900] "GET /wiki/index.php?plugin=rename&refer=Top%20Page%2F2005-11-25 HTTP/1.1" 200 7041 "-" "Mozilla/5.0 (compatible; bingbot/2.0; +http://www.bing.com/bingbot.htm)"
157.56.93.73 - - [07/Apr/2013:08:34:48 +0900] "GET /wiki/index.php?plugin=rename&refer=Top%20Page%2F2005-12-09 HTTP/1.1" 200 7041 "-" "Mozilla/5.0 (compatible; bingbot/2.0; +http://www.bing.com/bingbot.htm)"
157.55.33.109 - - [07/Apr/2013:08:34:48 +0900] "GET /~yosshi/rbc_wiki/index.php?cmd=backup&page=FrontPage&age=112&action=source HTTP/1.1" 200 483492 "-" "Mozilla/5.0 (compatible; bingbot/2.0; +http://www.bing.com/bingbot.htm)"
157.56.93.73 - - [07/Apr/2013:08:34:49 +0900] "GET /wiki/index.php?plugin=rename&refer=Top%20Page%2F2006-04-14 HTTP/1.1" 200 7041 "-" "Mozilla/5.0 (compatible; bingbot/2.0; +http://www.bing.com/bingbot.htm)"
157.56.93.73 - - [07/Apr/2013:08:34:49 +0900] "GET /wiki/index.php?plugin=rename&refer=Top%20Page%2F2006-04-21 HTTP/1.1" 200 7041 "-" "Mozilla/5.0 (compatible; bingbot/2.0; +http://www.bing.com/bingbot.htm)"
66.249.76.52 - - [07/Apr/2013:08:34:50 +0900] "GET /ontolopedia/disp/word_show/123280 HTTP/1.1" 200 4265 "-" "Mozilla/5.0 (compatible; Googlebot/2.1; +http://www.google.com/bot.html)"
157.56.93.73 - - [07/Apr/2013:08:34:51 +0900] "GET /wiki/index.php?plugin=rename&refer=Top%20Page%2F2006-07-22 HTTP/1.1" 200 7041 "-" "Mozilla/5.0 (compatible; bingbot/2.0; +http://www.bing.com/bingbot.htm)"
157.56.93.73 - - [07/Apr/2013:08:34:51 +0900] "GET /wiki/index.php?plugin=rename&refer=Top%20Page%2F2006-08-14 HTTP/1.1" 200 7041 "-" "Mozilla/5.0 (compatible; bingbot/2.0; +http://www.bing.com/bingbot.htm)"
157.55.33.109 - - [07/Apr/2013:08:34:51 +0900] "GET /~yosshi/wiki-old/index.php?plugin=attach&pcmd=upload&page=%C6%FC%B5%AD%2F2005-05-16 HTTP/1.1" 200 7182 "-" "Mozilla/5.0 (compatible; bingbot/2.0; +http://www.bing.com/bingbot.htm)"
157.56.93.73 - - [07/Apr/2013:08:34:51 +0900] "GET /wiki/index.php?plugin=rename&refer=Top%20Page%2F2007-01-12 HTTP/1.1" 200 7041 "-" "Mozilla/5.0 (compatible; bingbot/2.0; +http://www.bing.com/bingbot.htm)"
157.55.33.109 - - [07/Apr/2013:08:34:52 +0900] "GET /~yosshi/wiki-old/index.php?plugin=attach&pcmd=upload&page=DT1 HTTP/1.1" 200 6019 "-" "Mozilla/5.0 (compatible; bingbot/2.0; +http://www.bing.com/bingbot.htm)"
157.56.93.73 - - [07/Apr/2013:08:34:52 +0900] "GET /~info3/wiki/index.php?cmd=backup&action=diff&page=%C3%AA%B8%B6%A1%F5%C2%E7%B5%DC%C8%C9&age=3 HTTP/1.1" 200 10000 "-" "Mozilla/5.0 (compatible; bingbot/2.0; +http://www.bing.com/bingbot.htm)"
157.56.93.73 - - [07/Apr/2013:08:34:52 +0900] "GET /~info3/wiki/index.php?cmd=backup&action=diff&page=%C8%E6%B2%C5%A1%F5%B2%C5%CD%DB%2FLevel5&age=4 HTTP/1.1" 200 8218 "-" "Mozilla/5.0 (compatible; bingbot/2.0; +http://www.bing.com/bingbot.htm)"
157.56.93.73 - - [07/Apr/2013:08:34:53 +0900] "GET /~info3/wiki/index.php?cmd=backup&action=diff&page=%C8%E6%B2%C5%A1%F5%B6%CC%C6%E1%C7%C6%CD%A5%BA%EE%2F%BF%CA%C5%B8%CA%F3%B9%F0%2801%2F21%29&age=3 HTTP/1.1" 200 7828 "-" "Mozilla/5.0 (compatible; bingbot/2.0; +http://www.bing.com/bingbot.htm)"
157.56.93.73 - - [07/Apr/2013:08:34:54 +0900] "GET /~info3/wiki/index.php?cmd=backup&page=%B6%B6%CB%DC%A1%F5%B6%CC%C6%E1%C7%C6%C8%CB%B9%F1&age=2&action=nowdiff HTTP/1.1" 200 6678 "-" "Mozilla/5.0 (compatible; bingbot/2.0; +http://www.bing.com/bingbot.htm)"
157.56.93.73 - - [07/Apr/2013:08:34:54 +0900] "GET /~info3/wiki/index.php?cmd=backup&page=%B6%B6%CB%DC%A1%F5%B6%CC%C6%E1%C7%C6%C8%CB%B9%F1&age=5&action=source HTTP/1.1" 200 6277 "-" "Mozilla/5.0 (compatible; bingbot/2.0; +http://www.bing.com/bingbot.htm)"
157.56.93.73 - - [07/Apr/2013:08:34:55 +0900] "GET /~info3/wiki/index.php?cmd=backup&page=%B6%B6%CB%DC%A1%F5%B6%CC%C6%E1%C7%C6%C8%CB%B9%F1&age=6&action=nowdiff HTTP/1.1" 200 6588 "-" "Mozilla/5.0 (compatible; bingbot/2.0; +http://www.bing.com/bingbot.htm)"
157.56.93.73 - - [07/Apr/2013:08:34:55 +0900] "GET /~info3/wiki/index.php?cmd=backup&page=%B6%E2%BE%EB%A1%F5%C5%E7%B8%B6%C8%C9%2Flevel3&age=3&action=source HTTP/1.1" 200 7640 "-" "Mozilla/5.0 (compatible; bingbot/2.0; +http://www.bing.com/bingbot.htm)"
157.56.93.73 - - [07/Apr/2013:08:34:55 +0900] "GET /~info3/wiki/index.php?cmd=backup&page=%B6%E2%BE%EB%A1%F5%C5%E7%B8%B6%C8%C9&age=1&action=source HTTP/1.1" 200 5251 "-" "Mozilla/5.0 (compatible; bingbot/2.0; +http://www.bing.com/bingbot.htm)"
157.56.93.73 - - [07/Apr/2013:08:34:55 +0900] "GET /~info3/wiki/index.php?cmd=backup&page=%B6%E2%BE%EB%A1%F5%C5%E7%B8%B6%C8%C9%2Flevel3&age=6&action=source HTTP/1.1" 200 9313 "-" "Mozilla/5.0 (compatible; bingbot/2.0; +http://www.bing.com/bingbot.htm)"
157.56.93.73 - - [07/Apr/2013:08:34:55 +0900] "GET /~info3/wiki/index.php?cmd=backup&page=%B6%E2%BE%EB%A1%F5%C5%E7%B8%B6%C8%C9%2Flevel3&age=6&action=nowdiff HTTP/1.1" 200 11719 "-" "Mozilla/5.0 (compatible; bingbot/2.0; +http://www.bing.com/bingbot.htm)"
66.249.76.52 - - [07/Apr/2013:08:34:56 +0900] "GET /ontolopedia/disp/word_show/285255 HTTP/1.1" 200 6563 "-" "Mozilla/5.0 (compatible; Googlebot/2.1; +http://www.google.com/bot.html)"
66.249.76.52 - - [07/Apr/2013:08:34:58 +0900] "GET /ontolopedia/disp/word_show/338585 HTTP/1.1" 200 18119 "-" "Mozilla/5.0 (compatible; Googlebot/2.1; +http://www.google.com/bot.html)"
157.56.93.73 - - [07/Apr/2013:08:34:59 +0900] "GET /~info3/wiki/index.php?cmd=backup&page=%B7%F3%BE%EB&age=1 HTTP/1.1" 200 5380 "-" "Mozilla/5.0 (compatible; bingbot/2.0; +http://www.bing.com/bingbot.htm)"
157.56.93.73 - - [07/Apr/2013:08:34:59 +0900] "GET /~info3/wiki/index.php?cmd=backup&page=%B9%E2%B9%BE%BD%A7%A1%F5%B7%F3%BE%EB%2Flevel4&age=2 HTTP/1.1" 200 7258 "-" "Mozilla/5.0 (compatible; bingbot/2.0; +http://www.bing.com/bingbot.htm)"
157.56.93.73 - - [07/Apr/2013:08:34:59 +0900] "GET /~info3/wiki/index.php?cmd=backup&page=%B9%E2%B9%BE%BD%A7%A1%F5%B7%F3%BE%EB%2Flevel4&age=5&action=source HTTP/1.1" 200 7075 "-" "Mozilla/5.0 (compatible; bingbot/2.0; +http://www.bing.com/bingbot.htm)"
157.56.93.73 - - [07/Apr/2013:08:35:01 +0900] "GET /~info3/wiki/index.php?cmd=backup&page=%B9%E2%C2%BC%A1%F5%C3%E7%B4%D6%C8%C9%2FLevel2&age=2 HTTP/1.1" 200 8802 "-" "Mozilla/5.0 (compatible; bingbot/2.0; +http://www.bing.com/bingbot.htm)"
157.56.93.73 - - [07/Apr/2013:08:35:01 +0900] "GET /~info3/wiki/index.php?cmd=backup&page=%B9%E2%C2%BC%A1%F5%C3%E7%B4%D6%C8%C9%2FLevel2&age=2&action=diff HTTP/1.1" 200 7745 "-" "Mozilla/5.0 (compatible; bingbot/2.0; +http://www.bing.com/bingbot.htm)"
157.56.93.73 - - [07/Apr/2013:08:35:01 +0900] "GET /~info3/wiki/index.php?cmd=backup&page=%B9%E2%C2%BC%A1%F5%C3%E7%B4%D6%C8%C9%2FLevel2&age=2&action=nowdiff HTTP/1.1" 200 11468 "-" "Mozilla/5.0 (compatible; bingbot/2.0; +http://www.bing.com/bingbot.htm)"
157.56.93.73 - - [07/Apr/2013:08:35:02 +0900] "GET /~info3/wiki/index.php?cmd=backup&page=%B9%E2%C2%BC%A1%F5%C3%E7%B4%D6%C8%C9%2FLevel3&age=1&action=diff HTTP/1.1" 200 6403 "-" "Mozilla/5.0 (compatible; bingbot/2.0; +http://www.bing.com/bingbot.htm)"
157.56.93.73 - - [07/Apr/2013:08:35:02 +0900] "GET /~info3/wiki/index.php?cmd=backup&page=%B9%E2%C2%BC%A1%F5%C3%E7%B4%D6%C8%C9%2FLevel3&age=2&action=source HTTP/1.1" 200 6623 "-" "Mozilla/5.0 (compatible; bingbot/2.0; +http://www.bing.com/bingbot.htm)"
157.56.93.73 - - [07/Apr/2013:08:35:02 +0900] "GET /~info3/wiki/index.php?cmd=backup&page=%D4%A2%BE%EC%B9%AC%BE%CD%A1%F5%BF%B7%C5%C4%BD%A9%CA%BF&age=4 HTTP/1.1" 200 8196 "-" "Mozilla/5.0 (compatible; bingbot/2.0; +http://www.bing.com/bingbot.htm)"
66.249.76.52 - - [07/Apr/2013:08:35:02 +0900] "GET /ontolopedia/disp/word_show/225625 HTTP/1.1" 200 10736 "-" "Mozilla/5.0 (compatible; Googlebot/2.1; +http://www.google.com/bot.html)"
157.56.93.73 - - [07/Apr/2013:08:35:03 +0900] "GET /~info3/wiki/index.php?cmd=backup&page=%D4%A2%BE%EC%B9%AC%BE%CD%A1%F5%BF%B7%C5%C4%BD%A9%CA%BF&age=5&action=source HTTP/1.1" 200 7256 "-" "Mozilla/5.0 (compatible; bingbot/2.0; +http://www.bing.com/bingbot.htm)"
157.56.93.73 - - [07/Apr/2013:08:35:03 +0900] "GET /~info3/wiki/index.php?cmd=backup&page=%D4%A2%BE%EC%B9%AC%BE%CD%A1%F5%BF%B7%C5%C4%BD%A9%CA%BF&age=7&action=nowdiff HTTP/1.1" 200 7852 "-" "Mozilla/5.0 (compatible; bingbot/2.0; +http://www.bing.com/bingbot.htm)"
157.56.93.73 - - [07/Apr/2013:08:35:03 +0900] "GET /~info3/wiki/index.php?cmd=backup&page=%D4%A2%BE%EC%B9%AC%BE%CD%A1%F5%BF%B7%C5%C4%BD%A9%CA%BF&age=7&action=source HTTP/1.1" 200 7304 "-" "Mozilla/5.0 (compatible; bingbot/2.0; +http://www.bing.com/bingbot.htm)"
157.56.93.73 - - [07/Apr/2013:08:35:04 +0900] "GET /~info3/wiki/index.php?cmd=backup&page=2005%2Finfo4%2FLevel2&age=1&action=source HTTP/1.1" 200 4960 "-" "Mozilla/5.0 (compatible; bingbot/2.0; +http://www.bing.com/bingbot.htm)"
157.56.93.73 - - [07/Apr/2013:08:35:04 +0900] "GET /~info3/wiki/index.php?cmd=backup&page=2005%2Finfo4%2FLevel4&age=2&action=diff HTTP/1.1" 200 8052 "-" "Mozilla/5.0 (compatible; bingbot/2.0; +http://www.bing.com/bingbot.htm)"
157.56.93.73 - - [07/Apr/2013:08:35:04 +0900] "GET /~info3/wiki/index.php?cmd=backup&page=2005%2Finfo4%2FLevel3&age=2&action=diff HTTP/1.1" 200 7609 "-" "Mozilla/5.0 (compatible; bingbot/2.0; +http://www.bing.com/bingbot.htm)"
157.56.93.73 - - [07/Apr/2013:08:35:05 +0900] "GET /~info3/wiki/index.php?cmd=backup&page=2005%2Finfo4%2FLevel5&age=1&action=diff HTTP/1.1" 200 6824 "-" "Mozilla/5.0 (compatible; bingbot/2.0; +http://www.bing.com/bingbot.htm)"
157.56.93.73 - - [07/Apr/2013:08:35:05 +0900] "GET /~info3/wiki/index.php?cmd=backup&page=2005%2Finfo4%2FLevel5&age=1&action=nowdiff HTTP/1.1" 200 8909 "-" "Mozilla/5.0 (compatible; bingbot/2.0; +http://www.bing.com/bingbot.htm)"
157.56.93.73 - - [07/Apr/2013:08:35:05 +0900] "GET /~info3/wiki/index.php?plugin=attach&pcmd=upload&page=yukA_Level2 HTTP/1.1" 200 7127 "-" "Mozilla/5.0 (compatible; bingbot/2.0; +http://www.bing.com/bingbot.htm)"
157.56.93.73 - - [07/Apr/2013:08:35:06 +0900] "GET /~yosshi/rbc_wiki/index.php?cmd=backup&page=Emacs%20%2B%20rails.el HTTP/1.1" 200 6458 "-" "Mozilla/5.0 (compatible; bingbot/2.0; +http://www.bing.com/bingbot.htm)"
157.56.93.73 - - [07/Apr/2013:08:35:06 +0900] "GET /~yosshi/rbc_wiki/index.php?cmd=backup&page=FrontPage&age=1&action=nowdiff HTTP/1.1" 200 501520 "-" "Mozilla/5.0 (compatible; bingbot/2.0; +http://www.bing.com/bingbot.htm)"
157.56.93.73 - - [07/Apr/2013:08:35:06 +0900] "GET /~yosshi/rbc_wiki/index.php?cmd=backup&page=FrontPage&age=109&action=nowdiff HTTP/1.1" 200 490136 "-" "Mozilla/5.0 (compatible; bingbot/2.0; +http://www.bing.com/bingbot.htm)"
157.56.93.73 - - [07/Apr/2013:08:35:07 +0900] "GET /~yosshi/wiki-old/index.php?plugin=attach&pcmd=upload&page=%C6%FC%B5%AD%2F2005-04-28 HTTP/1.1" 200 7182 "-" "Mozilla/5.0 (compatible; bingbot/2.0; +http://www.bing.com/bingbot.htm)"
66.249.76.52 - - [07/Apr/2013:08:35:08 +0900] "GET /ontolopedia/disp/word_show/481257 HTTP/1.1" 200 5322 "-" "Mozilla/5.0 (compatible; Googlebot/2.1; +http://www.google.com/bot.html)"
157.56.93.73 - - [07/Apr/2013:08:35:08 +0900] "GET /~yosshi/wiki-old/index.php?plugin=attach&pcmd=upload&page=FormattingRules HTTP/1.1" 200 7002 "-" "Mozilla/5.0 (compatible; bingbot/2.0; +http://www.bing.com/bingbot.htm)"
66.249.76.52 - - [07/Apr/2013:08:35:08 +0900] "GET /ontolopedia/disp/word_show/199725 HTTP/1.1" 200 8441 "-" "Mozilla/5.0 (compatible; Googlebot/2.1; +http://www.google.com/bot.html)"
157.56.93.73 - - [07/Apr/2013:08:35:09 +0900] "GET /~yosshi/wiki-old/index.php?plugin=attach&pcmd=upload&page=Images HTTP/1.1" 200 6813 "-" "Mozilla/5.0 (compatible; bingbot/2.0; +http://www.bing.com/bingbot.htm)"
157.56.93.73 - - [07/Apr/2013:08:35:10 +0900] "GET /~yosshi/wiki-old/index.php?plugin=attach&pcmd=upload&page=MacOSX%2FSafari%A4%CE%A5%D6%A5%C3%A5%AF%A5%DE%A1%BC%A5%AF%A4%F2%A5%D0%A5%C3%A5%AF%A5%A2%A5%C3%A5%D7%A4%B9%A4%EB%A1%A3 HTTP/1.1" 200 8934 "-" "Mozilla/5.0 (compatible; bingbot/2.0; +http://www.bing.com/bingbot.htm)"
183.74.195.70 - - [07/Apr/2013:08:35:11 +0900] "GET /ontolopedia/disp/word_show/234708 HTTP/1.1" 200 4165 "http://www.nal.ie.u-ryukyu.ac.jp/ontolopedia/disp/word_show/43673" "Mozilla/5.0 (Linux; U; Android 2.3.4; ja-jp; SonyEricssonSO-02C Build/4.0.1.C.1.21) AppleWebKit/533.1 (KHTML, like Gecko) Version/4.0 Mobile Safari/533.1"
66.249.76.52 - - [07/Apr/2013:08:35:14 +0900] "GET /ontolopedia/disp/word_show/52582 HTTP/1.1" 200 10571 "-" "Mozilla/5.0 (compatible; Googlebot/2.1; +http://www.google.com/bot.html)"
66.249.76.52 - - [07/Apr/2013:08:35:17 +0900] "GET /ontolopedia/disp/word_show/421187 HTTP/1.1" 200 4274 "-" "Mozilla/5.0 (compatible; Googlebot/2.1; +http://www.google.com/bot.html)"
66.249.76.52 - - [07/Apr/2013:08:35:20 +0900] "GET /ontolopedia/disp/word_show/290329 HTTP/1.1" 200 8455 "-" "Mozilla/5.0 (compatible; Googlebot/2.1; +http://www.google.com/bot.html)"
66.249.76.52 - - [07/Apr/2013:08:35:26 +0900] "GET /ontolopedia/disp/word_show/433436 HTTP/1.1" 200 5941 "-" "Mozilla/5.0 (compatible; Googlebot/2.1; +http://www.google.com/bot.html)"
66.249.76.52 - - [07/Apr/2013:08:35:27 +0900] "GET /ontolopedia/disp/word_show/263449 HTTP/1.1" 200 6516 "-" "Mozilla/5.0 (compatible; Googlebot/2.1; +http://www.google.com/bot.html)"
66.249.76.52 - - [07/Apr/2013:08:35:32 +0900] "GET /ontolopedia/disp/word_show/487889 HTTP/1.1" 200 6968 "-" "Mozilla/5.0 (compatible; Googlebot/2.1; +http://www.google.com/bot.html)"
66.249.76.52 - - [07/Apr/2013:08:35:37 +0900] "GET /ontolopedia/disp/word_show/489621 HTTP/1.1" 200 5147 "-" "Mozilla/5.0 (compatible; Googlebot/2.1; +http://www.google.com/bot.html)"
66.249.76.52 - - [07/Apr/2013:08:35:38 +0900] "GET /ontolopedia/disp/word_show/442496 HTTP/1.1" 200 7758 "-" "Mozilla/5.0 (compatible; Googlebot/2.1; +http://www.google.com/bot.html)"
66.249.76.52 - - [07/Apr/2013:08:35:44 +0900] "GET /ontolopedia/disp/word_show/282675 HTTP/1.1" 200 6862 "-" "Mozilla/5.0 (compatible; Googlebot/2.1; +http://www.google.com/bot.html)"
66.249.76.52 - - [07/Apr/2013:08:35:46 +0900] "GET /ontolopedia/disp/word_show/327401 HTTP/1.1" 200 5075 "-" "Mozilla/5.0 (compatible; Googlebot/2.1; +http://www.google.com/bot.html)"
66.249.76.52 - - [07/Apr/2013:08:35:50 +0900] "GET /ontolopedia/disp/word_show/89886 HTTP/1.1" 200 5209 "-" "Mozilla/5.0 (compatible; Googlebot/2.1; +http://www.google.com/bot.html)"
66.249.76.52 - - [07/Apr/2013:08:35:56 +0900] "GET /ontolopedia/disp/word_show/92965 HTTP/1.1" 200 6273 "-" "Mozilla/5.0 (compatible; Googlebot/2.1; +http://www.google.com/bot.html)"
66.249.76.52 - - [07/Apr/2013:08:35:57 +0900] "GET /ontolopedia/disp/word_show/112165 HTTP/1.1" 200 5404 "-" "Mozilla/5.0 (compatible; Googlebot/2.1; +http://www.google.com/bot.html)"
66.249.76.52 - - [07/Apr/2013:08:36:02 +0900] "GET /ontolopedia/disp/word_show/275720 HTTP/1.1" 200 7572 "-" "Mozilla/5.0 (compatible; Googlebot/2.1; +http://www.google.com/bot.html)"
66.249.76.52 - - [07/Apr/2013:08:36:06 +0900] "GET /ontolopedia/disp/word_show/179463 HTTP/1.1" 500 309 "-" "Mozilla/5.0 (compatible; Googlebot/2.1; +http://www.google.com/bot.html)"
66.249.76.52 - - [07/Apr/2013:08:36:11 +0900] "GET /ontolopedia/disp/word_show/1346 HTTP/1.1" 200 36092 "-" "Mozilla/5.0 (compatible; Googlebot/2.1; +http://www.google.com/bot.html)"
66.249.76.52 - - [07/Apr/2013:08:36:16 +0900] "GET /ontolopedia/disp/word_show/287654 HTTP/1.1" 200 6535 "-" "Mozilla/5.0 (compatible; Googlebot/2.1; +http://www.google.com/bot.html)"
66.249.76.52 - - [07/Apr/2013:08:36:17 +0900] "GET /ontolopedia/disp/word_show/85405 HTTP/1.1" 200 15659 "-" "Mozilla/5.0 (compatible; Googlebot/2.1; +http://www.google.com/bot.html)"
183.74.195.70 - - [07/Apr/2013:08:36:18 +0900] "GET /ontolopedia/disp/word_show/40205 HTTP/1.1" 200 26296 "http://www.nal.ie.u-ryukyu.ac.jp/ontolopedia/disp/word_show/42085" "Mozilla/5.0 (Linux; U; Android 2.3.4; ja-jp; SonyEricssonSO-02C Build/4.0.1.C.1.21) AppleWebKit/533.1 (KHTML, like Gecko) Version/4.0 Mobile Safari/533.1"
66.249.76.52 - - [07/Apr/2013:08:36:18 +0900] "GET /ontolopedia/disp/word_show/243018 HTTP/1.1" 200 8333 "-" "Mozilla/5.0 (compatible; Googlebot/2.1; +http://www.google.com/bot.html)"
66.249.76.52 - - [07/Apr/2013:08:36:20 +0900] "GET /ontolopedia/disp/word_show/137031 HTTP/1.1" 200 11729 "-" "Mozilla/5.0 (compatible; Googlebot/2.1; +http://www.google.com/bot.html)"
66.249.76.52 - - [07/Apr/2013:08:36:25 +0900] "GET /ontolopedia/disp/word_show/267111 HTTP/1.1" 200 5633 "-" "Mozilla/5.0 (compatible; Googlebot/2.1; +http://www.google.com/bot.html)"
157.55.32.77 - - [07/Apr/2013:08:36:25 +0900] "GET /note/note_detail/1573/ HTTP/1.1" 200 7057 "-" "Mozilla/5.0 (compatible; bingbot/2.0; +http://www.bing.com/bingbot.htm)"
66.249.76.52 - - [07/Apr/2013:08:36:26 +0900] "GET /ontolopedia/disp/word_show/77927 HTTP/1.1" 200 11140 "-" "Mozilla/5.0 (compatible; Googlebot/2.1; +http://www.google.com/bot.html)"
66.249.76.52 - - [07/Apr/2013:08:36:32 +0900] "GET /ontolopedia/disp/word_show/16300 HTTP/1.1" 200 16302 "-" "Mozilla/5.0 (compatible; Googlebot/2.1; +http://www.google.com/bot.html)"
66.249.76.52 - - [07/Apr/2013:08:36:37 +0900] "GET /ontolopedia/disp/word_show/267876 HTTP/1.1" 200 6569 "-" "Mozilla/5.0 (compatible; Googlebot/2.1; +http://www.google.com/bot.html)"
66.249.76.52 - - [07/Apr/2013:08:36:38 +0900] "GET /ontolopedia/disp/word_show/89175 HTTP/1.1" 200 4214 "-" "Mozilla/5.0 (compatible; Googlebot/2.1; +http://www.google.com/bot.html)"
66.249.76.52 - - [07/Apr/2013:08:36:44 +0900] "GET /ontolopedia/disp/word_show/431463 HTTP/1.1" 200 4327 "-" "Mozilla/5.0 (compatible; Googlebot/2.1; +http://www.google.com/bot.html)"
66.249.76.52 - - [07/Apr/2013:08:36:48 +0900] "GET /~yosshi/wiki-old/index.php?cmd=edit&page=%C6%FC%B5%AD%2F2017-09-12&refer=%C6%FC%B5%AD HTTP/1.1" 200 1805 "-" "SAMSUNG-SGH-E250/1.0 Profile/MIDP-2.0 Configuration/CLDC-1.1 UP.Browser/6.2.3.3.c.1.101 (GUI) MMP/2.0 (compatible; Googlebot-Mobile/2.1; +http://www.google.com/bot.html)"
66.249.76.52 - - [07/Apr/2013:08:36:50 +0900] "GET /ontolopedia/disp/word_show/494329 HTTP/1.1" 200 10489 "-" "Mozilla/5.0 (compatible; Googlebot/2.1; +http://www.google.com/bot.html)"
66.249.76.52 - - [07/Apr/2013:08:36:56 +0900] "GET /ontolopedia/disp/word_show/79491 HTTP/1.1" 200 4853 "-" "Mozilla/5.0 (compatible; Googlebot/2.1; +http://www.google.com/bot.html)"
66.249.76.52 - - [07/Apr/2013:08:36:59 +0900] "GET /ontolopedia/disp/word_show/330079 HTTP/1.1" 200 5227 "-" "Mozilla/5.0 (compatible; Googlebot/2.1; +http://www.google.com/bot.html)"
66.249.76.52 - - [07/Apr/2013:08:37:02 +0900] "GET /ontolopedia/disp/word_show/373982 HTTP/1.1" 200 11824 "-" "Mozilla/5.0 (compatible; Googlebot/2.1; +http://www.google.com/bot.html)"
66.249.76.52 - - [07/Apr/2013:08:37:08 +0900] "GET /ontolopedia/disp/word_show/27129 HTTP/1.1" 200 6764 "-" "Mozilla/5.0 (compatible; Googlebot/2.1; +http://www.google.com/bot.html)"
66.249.76.52 - - [07/Apr/2013:08:37:14 +0900] "GET /ontolopedia/disp/word_show/67322 HTTP/1.1" 200 9927 "-" "Mozilla/5.0 (compatible; Googlebot/2.1; +http://www.google.com/bot.html)"
66.249.76.52 - - [07/Apr/2013:08:37:20 +0900] "GET /ontolopedia/disp/word_show/440944 HTTP/1.1" 200 5120 "-" "Mozilla/5.0 (compatible; Googlebot/2.1; +http://www.google.com/bot.html)"
66.249.76.52 - - [07/Apr/2013:08:37:21 +0900] "GET /ontolopedia/disp/word_show/130070 HTTP/1.1" 500 309 "-" "Mozilla/5.0 (compatible; Googlebot/2.1; +http://www.google.com/bot.html)"
66.249.76.52 - - [07/Apr/2013:08:37:31 +0900] "GET /ontolopedia/disp/word_show/306648 HTTP/1.1" 200 13223 "-" "Mozilla/5.0 (compatible; Googlebot/2.1; +http://www.google.com/bot.html)"
66.249.76.52 - - [07/Apr/2013:08:37:33 +0900] "GET /ontolopedia/disp/word_show/46736 HTTP/1.1" 200 12554 "-" "Mozilla/5.0 (compatible; Googlebot/2.1; +http://www.google.com/bot.html)"
66.249.76.52 - - [07/Apr/2013:08:37:38 +0900] "GET /ontolopedia/disp/word_show/428489 HTTP/1.1" 200 5237 "-" "Mozilla/5.0 (compatible; Googlebot/2.1; +http://www.google.com/bot.html)"
66.249.76.52 - - [07/Apr/2013:08:37:43 +0900] "GET /ontolopedia/disp/word_show/321618 HTTP/1.1" 200 5910 "-" "Mozilla/5.0 (compatible; Googlebot/2.1; +http://www.google.com/bot.html)"
66.249.76.52 - - [07/Apr/2013:08:37:44 +0900] "GET /ontolopedia/disp/word_show/104066 HTTP/1.1" 200 7060 "-" "Mozilla/5.0 (compatible; Googlebot/2.1; +http://www.google.com/bot.html)"
66.249.76.52 - - [07/Apr/2013:08:37:50 +0900] "GET /ontolopedia/disp/word_show/51604 HTTP/1.1" 200 6602 "-" "Mozilla/5.0 (compatible; Googlebot/2.1; +http://www.google.com/bot.html)"
66.249.76.52 - - [07/Apr/2013:08:37:56 +0900] "GET /ontolopedia/disp/word_show/177356 HTTP/1.1" 200 13113 "-" "Mozilla/5.0 (compatible; Googlebot/2.1; +http://www.google.com/bot.html)"
72.14.199.52 - - [07/Apr/2013:08:38:00 +0900] "GET /~yosshi/wiki/index.php?cmd=rss HTTP/1.1" 200 3853 "-" "Feedfetcher-Google; (+http://www.google.com/feedfetcher.html; 2 subscribers; feed-id=7670697473853159198)"
66.249.76.52 - - [07/Apr/2013:08:38:02 +0900] "GET /ontolopedia/disp/word_show/138513 HTTP/1.1" 200 14835 "-" "Mozilla/5.0 (compatible; Googlebot/2.1; +http://www.google.com/bot.html)"
66.249.76.52 - - [07/Apr/2013:08:38:05 +0900] "GET /ontolopedia/disp/word_show/226844 HTTP/1.1" 500 309 "-" "Mozilla/5.0 (compatible; Googlebot/2.1; +http://www.google.com/bot.html)"
72.14.199.52 - - [07/Apr/2013:08:38:09 +0900] "GET /~yosshi/wiki-old/index.php?cmd=edit&page=%C6%FC%B5%AD%2F2021-05-28 HTTP/1.1" 200 1805 "-" "DoCoMo/2.0 N905i(c100;TB;W24H16) (compatible; Googlebot-Mobile/2.1; +http://www.google.com/bot.html)"
66.249.76.52 - - [07/Apr/2013:08:38:15 +0900] "GET /ontolopedia/disp/word_show/75974 HTTP/1.1" 200 14096 "-" "Mozilla/5.0 (compatible; Googlebot/2.1; +http://www.google.com/bot.html)"
66.249.76.52 - - [07/Apr/2013:08:38:16 +0900] "GET /ontolopedia/disp/word_show/9535 HTTP/1.1" 200 21900 "-" "Mozilla/5.0 (compatible; Googlebot/2.1; +http://www.google.com/bot.html)"
66.249.76.52 - - [07/Apr/2013:08:38:20 +0900] "GET /ontolopedia/disp/word_show/214845 HTTP/1.1" 200 22635 "-" "Mozilla/5.0 (compatible; Googlebot/2.1; +http://www.google.com/bot.html)"
66.249.76.52 - - [07/Apr/2013:08:38:26 +0900] "GET /ontolopedia/disp/word_show/148755 HTTP/1.1" 200 9236 "-" "Mozilla/5.0 (compatible; Googlebot/2.1; +http://www.google.com/bot.html)"
66.249.76.52 - - [07/Apr/2013:08:38:27 +0900] "GET /ontolopedia/disp/word_show/348730 HTTP/1.1" 500 309 "-" "Mozilla/5.0 (compatible; Googlebot/2.1; +http://www.google.com/bot.html)"
66.249.76.52 - - [07/Apr/2013:08:38:37 +0900] "GET /ontolopedia/disp/word_show/8026 HTTP/1.1" 200 15831 "-" "Mozilla/5.0 (compatible; Googlebot/2.1; +http://www.google.com/bot.html)"
66.249.76.52 - - [07/Apr/2013:08:38:39 +0900] "GET /ontolopedia/disp/word_show/295161 HTTP/1.1" 200 12223 "-" "Mozilla/5.0 (compatible; Googlebot/2.1; +http://www.google.com/bot.html)"
66.249.76.52 - - [07/Apr/2013:08:38:44 +0900] "GET /ontolopedia/disp/word_show/165554 HTTP/1.1" 200 8528 "-" "Mozilla/5.0 (compatible; Googlebot/2.1; +http://www.google.com/bot.html)"
66.249.76.52 - - [07/Apr/2013:08:38:48 +0900] "GET /ontolopedia/disp/word_show/203196 HTTP/1.1" 200 4174 "-" "Mozilla/5.0 (compatible; Googlebot/2.1; +http://www.google.com/bot.html)"
66.249.76.52 - - [07/Apr/2013:08:38:50 +0900] "GET /ontolopedia/disp/word_show/258757 HTTP/1.1" 200 8488 "-" "Mozilla/5.0 (compatible; Googlebot/2.1; +http://www.google.com/bot.html)"
66.249.76.52 - - [07/Apr/2013:08:38:56 +0900] "GET /ontolopedia/disp/word_show/241989 HTTP/1.1" 200 11335 "-" "Mozilla/5.0 (compatible; Googlebot/2.1; +http://www.google.com/bot.html)"
66.249.76.52 - - [07/Apr/2013:08:39:02 +0900] "GET /ontolopedia/disp/word_show/247869 HTTP/1.1" 200 8366 "-" "Mozilla/5.0 (compatible; Googlebot/2.1; +http://www.google.com/bot.html)"
66.249.76.52 - - [07/Apr/2013:08:39:08 +0900] "GET /ontolopedia/disp/word_show/384797 HTTP/1.1" 200 6204 "-" "Mozilla/5.0 (compatible; Googlebot/2.1; +http://www.google.com/bot.html)"
66.249.76.52 - - [07/Apr/2013:08:39:10 +0900] "GET /ontolopedia/disp/word_show/134701 HTTP/1.1" 200 5759 "-" "Mozilla/5.0 (compatible; Googlebot/2.1; +http://www.google.com/bot.html)"
66.249.76.52 - - [07/Apr/2013:08:39:14 +0900] "GET /ontolopedia/disp/word_show/64232 HTTP/1.1" 200 6823 "-" "Mozilla/5.0 (compatible; Googlebot/2.1; +http://www.google.com/bot.html)"
66.249.76.52 - - [07/Apr/2013:08:39:20 +0900] "GET /ontolopedia/disp/word_show/231699 HTTP/1.1" 200 7703 "-" "Mozilla/5.0 (compatible; Googlebot/2.1; +http://www.google.com/bot.html)"
66.249.76.52 - - [07/Apr/2013:08:39:26 +0900] "GET /ontolopedia/disp/word_show/42195 HTTP/1.1" 200 15621 "-" "Mozilla/5.0 (compatible; Googlebot/2.1; +http://www.google.com/bot.html)"
66.249.76.52 - - [07/Apr/2013:08:39:32 +0900] "GET /ontolopedia/disp/word_show/308864 HTTP/1.1" 200 9094 "-" "Mozilla/5.0 (compatible; Googlebot/2.1; +http://www.google.com/bot.html)"
66.249.76.52 - - [07/Apr/2013:08:39:33 +0900] "GET /ontolopedia/disp/word_show/138599 HTTP/1.1" 200 4231 "-" "Mozilla/5.0 (compatible; Googlebot/2.1; +http://www.google.com/bot.html)"
66.249.76.52 - - [07/Apr/2013:08:39:38 +0900] "GET /ontolopedia/disp/word_show/144391 HTTP/1.1" 200 11452 "-" "Mozilla/5.0 (compatible; Googlebot/2.1; +http://www.google.com/bot.html)"
66.249.76.52 - - [07/Apr/2013:08:39:44 +0900] "GET /ontolopedia/disp/word_show/328245 HTTP/1.1" 200 7932 "-" "Mozilla/5.0 (compatible; Googlebot/2.1; +http://www.google.com/bot.html)"
66.249.76.52 - - [07/Apr/2013:08:39:50 +0900] "GET /ontolopedia/disp/word_show/54667 HTTP/1.1" 200 9473 "-" "Mozilla/5.0 (compatible; Googlebot/2.1; +http://www.google.com/bot.html)"
66.249.76.52 - - [07/Apr/2013:08:39:54 +0900] "GET /ontolopedia/disp/word_show/111080 HTTP/1.1" 200 4183 "-" "Mozilla/5.0 (compatible; Googlebot/2.1; +http://www.google.com/bot.html)"
66.249.76.52 - - [07/Apr/2013:08:39:56 +0900] "GET /ontolopedia/disp/word_show/442714 HTTP/1.1" 200 8519 "-" "Mozilla/5.0 (compatible; Googlebot/2.1; +http://www.google.com/bot.html)"
66.249.76.52 - - [07/Apr/2013:08:40:02 +0900] "GET /ontolopedia/disp/word_show/166652 HTTP/1.1" 200 5220 "-" "Mozilla/5.0 (compatible; Googlebot/2.1; +http://www.google.com/bot.html)"
66.249.76.52 - - [07/Apr/2013:08:40:08 +0900] "GET /ontolopedia/disp/word_show/370189 HTTP/1.1" 200 11527 "-" "Mozilla/5.0 (compatible; Googlebot/2.1; +http://www.google.com/bot.html)"
66.249.76.52 - - [07/Apr/2013:08:40:14 +0900] "GET /ontolopedia/disp/word_show/279272 HTTP/1.1" 200 4575 "-" "Mozilla/5.0 (compatible; Googlebot/2.1; +http://www.google.com/bot.html)"
66.249.76.52 - - [07/Apr/2013:08:40:16 +0900] "GET /ontolopedia/disp/word_show/379078 HTTP/1.1" 200 6167 "-" "Mozilla/5.0 (compatible; Googlebot/2.1; +http://www.google.com/bot.html)"
66.249.76.52 - - [07/Apr/2013:08:40:20 +0900] "GET /ontolopedia/disp/word_show/170148 HTTP/1.1" 200 5107 "-" "Mozilla/5.0 (compatible; Googlebot/2.1; +http://www.google.com/bot.html)"
66.249.76.52 - - [07/Apr/2013:08:40:26 +0900] "GET /ontolopedia/disp/word_show/457047 HTTP/1.1" 200 5613 "-" "Mozilla/5.0 (compatible; Googlebot/2.1; +http://www.google.com/bot.html)"
66.249.76.52 - - [07/Apr/2013:08:40:32 +0900] "GET /ontolopedia/disp/word_show/167949 HTTP/1.1" 200 9020 "-" "Mozilla/5.0 (compatible; Googlebot/2.1; +http://www.google.com/bot.html)"
66.249.76.52 - - [07/Apr/2013:08:40:38 +0900] "GET /ontolopedia/disp/word_show/125781 HTTP/1.1" 500 309 "-" "Mozilla/5.0 (compatible; Googlebot/2.1; +http://www.google.com/bot.html)"
