157.55.35.82 - - [07/Apr/2013:04:49:39 +0900] "GET /~info3/wiki/index.php?cmd=backup&action=&page=2006%2Finfo3%2Fgushiken&age=3 HTTP/1.1" 200 5642 "-" "Mozilla/5.0 (compatible; bingbot/2.0; +http://www.bing.com/bingbot.htm)"
157.56.93.73 - - [07/Apr/2013:04:49:43 +0900] "GET /~info3/wiki/index.php?%B4%EE%B2%B0%C9%F0%A1%F5%C2%BF%B2%EC%CC%EE%C8%C9 HTTP/1.1" 200 29071 "-" "Mozilla/5.0 (compatible; bingbot/2.0; +http://www.bing.com/bingbot.htm)"
72.14.199.52 - - [07/Apr/2013:04:50:01 +0900] "GET /~yosshi/wiki-old/index.php?cmd=edit&help=true&page=%C6%FC%B5%AD%2F2004-12-04 HTTP/1.1" 200 50 "-" "DoCoMo/2.0 N905i(c100;TB;W24H16) (compatible; Googlebot-Mobile/2.1; +http://www.google.com/bot.html)"
182.118.25.220 - - [07/Apr/2013:04:50:19 +0900] "GET /ontolopedia/disp/word_show/47181 HTTP/1.1" 200 10402 "http://www.nal.ie.u-ryukyu.ac.jp/ontolopedia/disp/word_show/47181" "Mozilla/5.0 (Windows; U; Windows NT 5.1; zh-CN; rv:1.8.0.11)  Firefox/1.5.0.11; 360Spider"
101.226.168.201 - - [07/Apr/2013:04:50:50 +0900] "GET /ontolopedia/disp/word_show/485737 HTTP/1.1" 200 6028 "http://www.nal.ie.u-ryukyu.ac.jp/ontolopedia/disp/word_show/485737" "Mozilla/4.0 (compatible; MSIE 8.0; Windows NT 6.1; Trident/4.0; SLCC2; .NET CLR 2.0.50727; .NET CLR 3.5.30729; .NET CLR 3.0.30729; Media Center PC 6.0; MDDR; .NET4.0C; .NET4.0E; .NET CLR 1.1.4322; Tablet PC 2.0); 360Spider"
101.226.168.196 - - [07/Apr/2013:04:50:50 +0900] "GET /ontolopedia/disp/word_show/481253 HTTP/1.1" 200 6859 "http://www.nal.ie.u-ryukyu.ac.jp/ontolopedia/disp/word_show/481253" "Mozilla/4.0 (compatible; MSIE 8.0; Windows NT 6.1; Trident/4.0; SLCC2; .NET CLR 2.0.50727; .NET CLR 3.5.30729; .NET CLR 3.0.30729; Media Center PC 6.0; MDDR; .NET4.0C; .NET4.0E; .NET CLR 1.1.4322; Tablet PC 2.0); 360Spider"
101.226.168.200 - - [07/Apr/2013:04:50:50 +0900] "GET /ontolopedia/disp/word_show/49117 HTTP/1.1" 200 12908 "http://www.nal.ie.u-ryukyu.ac.jp/ontolopedia/disp/word_show/49117" "Mozilla/4.0 (compatible; MSIE 8.0; Windows NT 6.1; Trident/4.0; SLCC2; .NET CLR 2.0.50727; .NET CLR 3.5.30729; .NET CLR 3.0.30729; Media Center PC 6.0; MDDR; .NET4.0C; .NET4.0E; .NET CLR 1.1.4322; Tablet PC 2.0); 360Spider"
101.226.168.201 - - [07/Apr/2013:04:50:54 +0900] "GET /ontolopedia/disp/word_show/52181 HTTP/1.1" 200 18309 "http://www.nal.ie.u-ryukyu.ac.jp/ontolopedia/disp/word_show/52181" "Mozilla/4.0 (compatible; MSIE 8.0; Windows NT 6.1; Trident/4.0; SLCC2; .NET CLR 2.0.50727; .NET CLR 3.5.30729; .NET CLR 3.0.30729; Media Center PC 6.0; MDDR; .NET4.0C; .NET4.0E; .NET CLR 1.1.4322; Tablet PC 2.0); 360Spider"
101.226.168.199 - - [07/Apr/2013:04:50:54 +0900] "GET /ontolopedia/disp/word_show/5118 HTTP/1.1" 200 25914 "http://www.nal.ie.u-ryukyu.ac.jp/ontolopedia/disp/word_show/5118" "Mozilla/4.0 (compatible; MSIE 8.0; Windows NT 6.1; Trident/4.0; SLCC2; .NET CLR 2.0.50727; .NET CLR 3.5.30729; .NET CLR 3.0.30729; Media Center PC 6.0; MDDR; .NET4.0C; .NET4.0E; .NET CLR 1.1.4322; Tablet PC 2.0); 360Spider"
101.226.168.198 - - [07/Apr/2013:04:50:54 +0900] "GET /ontolopedia/disp/word_show/51177 HTTP/1.1" 200 77634 "http://www.nal.ie.u-ryukyu.ac.jp/ontolopedia/disp/word_show/51177" "Mozilla/4.0 (compatible; MSIE 8.0; Windows NT 6.1; Trident/4.0; SLCC2; .NET CLR 2.0.50727; .NET CLR 3.5.30729; .NET CLR 3.0.30729; Media Center PC 6.0; MDDR; .NET4.0C; .NET4.0E; .NET CLR 1.1.4322; Tablet PC 2.0); 360Spider"
101.226.168.197 - - [07/Apr/2013:04:51:00 +0900] "GET /ontolopedia/disp/word_show/55534 HTTP/1.1" 200 5309 "http://www.nal.ie.u-ryukyu.ac.jp/ontolopedia/disp/word_show/55534" "Mozilla/4.0 (compatible; MSIE 8.0; Windows NT 6.1; Trident/4.0; SLCC2; .NET CLR 2.0.50727; .NET CLR 3.5.30729; .NET CLR 3.0.30729; Media Center PC 6.0; MDDR; .NET4.0C; .NET4.0E; .NET CLR 1.1.4322; Tablet PC 2.0); 360Spider"
66.249.76.52 - - [07/Apr/2013:04:51:00 +0900] "GET /~yosshi/wiki-old/index.php?plugin=calendar2&file=%C6%FC%B5%AD&date=195008 HTTP/1.1" 200 4566 "-" "SAMSUNG-SGH-E250/1.0 Profile/MIDP-2.0 Configuration/CLDC-1.1 UP.Browser/6.2.3.3.c.1.101 (GUI) MMP/2.0 (compatible; Googlebot-Mobile/2.1; +http://www.google.com/bot.html)"
101.226.168.199 - - [07/Apr/2013:04:51:00 +0900] "GET /ontolopedia/disp/word_show/5799 HTTP/1.1" 200 42019 "http://www.nal.ie.u-ryukyu.ac.jp/ontolopedia/disp/word_show/5799" "Mozilla/4.0 (compatible; MSIE 8.0; Windows NT 6.1; Trident/4.0; SLCC2; .NET CLR 2.0.50727; .NET CLR 3.5.30729; .NET CLR 3.0.30729; Media Center PC 6.0; MDDR; .NET4.0C; .NET4.0E; .NET CLR 1.1.4322; Tablet PC 2.0); 360Spider"
101.226.168.202 - - [07/Apr/2013:04:51:06 +0900] "GET /ontolopedia/disp/word_show/62976 HTTP/1.1" 200 11638 "http://www.nal.ie.u-ryukyu.ac.jp/ontolopedia/disp/word_show/62976" "Mozilla/4.0 (compatible; MSIE 8.0; Windows NT 6.1; Trident/4.0; SLCC2; .NET CLR 2.0.50727; .NET CLR 3.5.30729; .NET CLR 3.0.30729; Media Center PC 6.0; MDDR; .NET4.0C; .NET4.0E; .NET CLR 1.1.4322; Tablet PC 2.0); 360Spider"
101.226.168.195 - - [07/Apr/2013:04:51:06 +0900] "GET /ontolopedia/disp/word_show/62127 HTTP/1.1" 200 15707 "http://www.nal.ie.u-ryukyu.ac.jp/ontolopedia/disp/word_show/62127" "Mozilla/4.0 (compatible; MSIE 8.0; Windows NT 6.1; Trident/4.0; SLCC2; .NET CLR 2.0.50727; .NET CLR 3.5.30729; .NET CLR 3.0.30729; Media Center PC 6.0; MDDR; .NET4.0C; .NET4.0E; .NET CLR 1.1.4322; Tablet PC 2.0); 360Spider"
66.249.76.52 - - [07/Apr/2013:04:51:28 +0900] "GET /ontolopedia/disp/word_show/390834 HTTP/1.1" 500 309 "-" "Mozilla/5.0 (compatible; Googlebot/2.1; +http://www.google.com/bot.html)"
218.30.103.31 - - [07/Apr/2013:04:51:37 +0900] "GET /ontolopedia/disp/word_show/215344 HTTP/1.1" 200 7215 "-" "Sogou web spider/4.0(+http://www.sogou.com/docs/help/webmasters.htm#07)"
66.249.76.52 - - [07/Apr/2013:04:51:39 +0900] "GET /ontolopedia/disp/word_show/264903 HTTP/1.1" 200 7444 "-" "Mozilla/5.0 (compatible; Googlebot/2.1; +http://www.google.com/bot.html)"
66.249.76.52 - - [07/Apr/2013:04:51:40 +0900] "GET /ontolopedia/disp/word_show/131061 HTTP/1.1" 500 309 "-" "Mozilla/5.0 (compatible; Googlebot/2.1; +http://www.google.com/bot.html)"
218.30.103.31 - - [07/Apr/2013:04:51:48 +0900] "GET /ontolopedia/disp/word_show/242030 HTTP/1.1" 200 7550 "-" "Sogou web spider/4.0(+http://www.sogou.com/docs/help/webmasters.htm#07)"
66.249.76.52 - - [07/Apr/2013:04:51:50 +0900] "GET /ontolopedia/disp/word_show/449685 HTTP/1.1" 500 309 "-" "Mozilla/5.0 (compatible; Googlebot/2.1; +http://www.google.com/bot.html)"
66.249.76.52 - - [07/Apr/2013:04:52:10 +0900] "GET /~yosshi/wiki-old/index.php?cmd=edit&page=%C6%FC%B5%AD%2F2017-04-01&refer=%C6%FC%B5%AD HTTP/1.1" 200 1805 "-" "SAMSUNG-SGH-E250/1.0 Profile/MIDP-2.0 Configuration/CLDC-1.1 UP.Browser/6.2.3.3.c.1.101 (GUI) MMP/2.0 (compatible; Googlebot-Mobile/2.1; +http://www.google.com/bot.html)"
66.249.76.52 - - [07/Apr/2013:04:52:36 +0900] "GET /~yosshi/wiki-old/index.php?cmd=edit&page=%C6%FC%B5%AD%2F1950-09-09&refer=%C6%FC%B5%AD HTTP/1.1" 200 1805 "-" "SAMSUNG-SGH-E250/1.0 Profile/MIDP-2.0 Configuration/CLDC-1.1 UP.Browser/6.2.3.3.c.1.101 (GUI) MMP/2.0 (compatible; Googlebot-Mobile/2.1; +http://www.google.com/bot.html)"
72.14.199.52 - - [07/Apr/2013:04:52:54 +0900] "GET /~yosshi/wiki-old/index.php?cmd=edit&help=true&page=%C6%FC%B5%AD%2F2021-04-15 HTTP/1.1" 200 50 "-" "DoCoMo/2.0 N905i(c100;TB;W24H16) (compatible; Googlebot-Mobile/2.1; +http://www.google.com/bot.html)"
66.249.76.52 - - [07/Apr/2013:04:53:08 +0900] "GET /ontolopedia/disp/word_show/368364 HTTP/1.1" 200 6262 "-" "Mozilla/5.0 (compatible; Googlebot/2.1; +http://www.google.com/bot.html)"
66.249.76.52 - - [07/Apr/2013:04:53:53 +0900] "GET /ontolopedia/disp/word_show/128847 HTTP/1.1" 200 5319 "-" "Mozilla/5.0 (compatible; Googlebot/2.1; +http://www.google.com/bot.html)"
72.14.199.52 - - [07/Apr/2013:04:54:20 +0900] "GET /~yosshi/wiki/index.php?cmd=rss HTTP/1.1" 200 3853 "-" "Feedfetcher-Google; (+http://www.google.com/feedfetcher.html; 2 subscribers; feed-id=7670697473853159198)"
66.249.76.52 - - [07/Apr/2013:04:54:24 +0900] "GET /~yosshi/wiki-old/index.php?plugin=newpage&refer=%C6%FC%B5%AD%2F2017-04-01 HTTP/1.1" 200 795 "-" "SAMSUNG-SGH-E250/1.0 Profile/MIDP-2.0 Configuration/CLDC-1.1 UP.Browser/6.2.3.3.c.1.101 (GUI) MMP/2.0 (compatible; Googlebot-Mobile/2.1; +http://www.google.com/bot.html)"
66.249.76.52 - - [07/Apr/2013:04:54:33 +0900] "GET /note/note_detail/2092 HTTP/1.1" 301 - "-" "Mozilla/5.0 (iPhone; U; CPU iPhone OS 4_1 like Mac OS X; en-us) AppleWebKit/532.9 (KHTML, like Gecko) Version/4.0.5 Mobile/8B117 Safari/6531.22.7 (compatible; Googlebot-Mobile/2.1; +http://www.google.com/bot.html)"
66.249.76.52 - - [07/Apr/2013:04:54:34 +0900] "GET /note/note_detail/2092/ HTTP/1.1" 200 6582 "-" "Mozilla/5.0 (iPhone; U; CPU iPhone OS 4_1 like Mac OS X; en-us) AppleWebKit/532.9 (KHTML, like Gecko) Version/4.0.5 Mobile/8B117 Safari/6531.22.7 (compatible; Googlebot-Mobile/2.1; +http://www.google.com/bot.html)"
66.249.76.52 - - [07/Apr/2013:04:54:38 +0900] "GET /~yosshi/wiki-old/index.php?cmd=edit&page=%C6%FC%B5%AD%2F1950-09-06&refer=%C6%FC%B5%AD HTTP/1.1" 200 1805 "-" "SAMSUNG-SGH-E250/1.0 Profile/MIDP-2.0 Configuration/CLDC-1.1 UP.Browser/6.2.3.3.c.1.101 (GUI) MMP/2.0 (compatible; Googlebot-Mobile/2.1; +http://www.google.com/bot.html)"
157.55.35.82 - - [07/Apr/2013:04:55:38 +0900] "GET /~info3/wiki/index.php?cmd=backup&action=diff&page=info3%20wiki%2F%C2%E7%BE%EB%A1%F5%B5%C8%B1%CA%C8%C9%2FLevel5%20%C2%E7%BE%EB%A1%F5%B5%C8%B1%CA&age=4 HTTP/1.1" 200 23097 "-" "Mozilla/5.0 (compatible; bingbot/2.0; +http://www.bing.com/bingbot.htm)"
157.55.35.82 - - [07/Apr/2013:04:55:39 +0900] "GET /robots.txt HTTP/1.1" 404 208 "-" "Mozilla/5.0 (compatible; bingbot/2.0; +http://www.bing.com/bingbot.htm)"
72.14.199.52 - - [07/Apr/2013:04:55:47 +0900] "GET /~yosshi/wiki-old/index.php?cmd=edit&page=%C6%FC%B5%AD%2F2004-12-29 HTTP/1.1" 200 1805 "-" "DoCoMo/2.0 N905i(c100;TB;W24H16) (compatible; Googlebot-Mobile/2.1; +http://www.google.com/bot.html)"
66.249.76.52 - - [07/Apr/2013:04:57:33 +0900] "GET /~yosshi/wiki-old/index.php?cmd=edit&page=%C6%FC%B5%AD%2F2032-03-06&refer=%C6%FC%B5%AD HTTP/1.1" 200 1805 "-" "SAMSUNG-SGH-E250/1.0 Profile/MIDP-2.0 Configuration/CLDC-1.1 UP.Browser/6.2.3.3.c.1.101 (GUI) MMP/2.0 (compatible; Googlebot-Mobile/2.1; +http://www.google.com/bot.html)"
157.55.33.109 - - [07/Apr/2013:04:57:39 +0900] "GET /robots.txt HTTP/1.1" 404 208 "-" "Mozilla/5.0 (compatible; bingbot/2.0; +http://www.bing.com/bingbot.htm)"
157.55.33.109 - - [07/Apr/2013:04:57:43 +0900] "GET /~info3/wiki/index.php?cmd=backup&action=&page=%B5%DC%CA%BF%A1%F5%C2%E7%C4%C5%C8%C9%2FLevel2&age=2 HTTP/1.1" 200 8462 "-" "Mozilla/5.0 (compatible; bingbot/2.0; +http://www.bing.com/bingbot.htm)"
101.226.169.228 - - [07/Apr/2013:04:58:03 +0900] "GET /ontolopedia/disp/word_show/64768 HTTP/1.1" 200 7053 "http://www.nal.ie.u-ryukyu.ac.jp/ontolopedia/disp/word_show/64768" "Mozilla/4.0 (compatible; MSIE 8.0; Windows NT 6.1; Trident/4.0; SLCC2; .NET CLR 2.0.50727; .NET CLR 3.5.30729; .NET CLR 3.0.30729; Media Center PC 6.0; MDDR; .NET4.0C; .NET4.0E; .NET CLR 1.1.4322; Tablet PC 2.0); 360Spider"
101.226.169.228 - - [07/Apr/2013:04:58:03 +0900] "GET /ontolopedia/disp/word_show/65311 HTTP/1.1" 200 12631 "http://www.nal.ie.u-ryukyu.ac.jp/ontolopedia/disp/word_show/65311" "Mozilla/4.0 (compatible; MSIE 8.0; Windows NT 6.1; Trident/4.0; SLCC2; .NET CLR 2.0.50727; .NET CLR 3.5.30729; .NET CLR 3.0.30729; Media Center PC 6.0; MDDR; .NET4.0C; .NET4.0E; .NET CLR 1.1.4322; Tablet PC 2.0); 360Spider"
101.226.169.230 - - [07/Apr/2013:04:58:03 +0900] "GET /ontolopedia/disp/word_show/6652 HTTP/1.1" 200 44968 "http://www.nal.ie.u-ryukyu.ac.jp/ontolopedia/disp/word_show/6652" "Mozilla/4.0 (compatible; MSIE 8.0; Windows NT 6.1; Trident/4.0; SLCC2; .NET CLR 2.0.50727; .NET CLR 3.5.30729; .NET CLR 3.0.30729; Media Center PC 6.0; MDDR; .NET4.0C; .NET4.0E; .NET CLR 1.1.4322; Tablet PC 2.0); 360Spider"
157.55.32.77 - - [07/Apr/2013:04:58:08 +0900] "GET /~info3/wiki/index.php?cmd=backup&page=%C3%AA%B8%B6%A1%F5%C2%E7%B5%DC%C8%C9 HTTP/1.1" 200 9340 "-" "Mozilla/5.0 (compatible; bingbot/2.0; +http://www.bing.com/bingbot.htm)"
157.55.32.77 - - [07/Apr/2013:04:58:08 +0900] "GET /~info3/wiki/index.php?plugin=attach&pcmd=info&file=NetDesign.tar.gz&refer=CVS%2F%B0%EC%CD%F7 HTTP/1.1" 200 5553 "-" "Mozilla/5.0 (compatible; bingbot/2.0; +http://www.bing.com/bingbot.htm)"
101.226.169.225 - - [07/Apr/2013:04:58:08 +0900] "GET /ontolopedia/disp/word_show/70798 HTTP/1.1" 200 5494 "http://www.nal.ie.u-ryukyu.ac.jp/ontolopedia/disp/word_show/70798" "Mozilla/4.0 (compatible; MSIE 8.0; Windows NT 6.1; Trident/4.0; SLCC2; .NET CLR 2.0.50727; .NET CLR 3.5.30729; .NET CLR 3.0.30729; Media Center PC 6.0; MDDR; .NET4.0C; .NET4.0E; .NET CLR 1.1.4322; Tablet PC 2.0); 360Spider"
101.226.169.228 - - [07/Apr/2013:04:58:08 +0900] "GET /ontolopedia/disp/word_show/80886 HTTP/1.1" 200 10080 "http://www.nal.ie.u-ryukyu.ac.jp/ontolopedia/disp/word_show/80886" "Mozilla/4.0 (compatible; MSIE 8.0; Windows NT 6.1; Trident/4.0; SLCC2; .NET CLR 2.0.50727; .NET CLR 3.5.30729; .NET CLR 3.0.30729; Media Center PC 6.0; MDDR; .NET4.0C; .NET4.0E; .NET CLR 1.1.4322; Tablet PC 2.0); 360Spider"
101.226.169.224 - - [07/Apr/2013:04:58:08 +0900] "GET /ontolopedia/disp/word_show/76089 HTTP/1.1" 200 8735 "http://www.nal.ie.u-ryukyu.ac.jp/ontolopedia/disp/word_show/76089" "Mozilla/4.0 (compatible; MSIE 8.0; Windows NT 6.1; Trident/4.0; SLCC2; .NET CLR 2.0.50727; .NET CLR 3.5.30729; .NET CLR 3.0.30729; Media Center PC 6.0; MDDR; .NET4.0C; .NET4.0E; .NET CLR 1.1.4322; Tablet PC 2.0); 360Spider"
157.55.32.77 - - [07/Apr/2013:04:58:09 +0900] "GET /~info3/wiki/index.php?cmd=backup&action=nowdiff&page=level1&age=7 HTTP/1.1" 200 8414 "-" "Mozilla/5.0 (compatible; bingbot/2.0; +http://www.bing.com/bingbot.htm)"
157.55.32.77 - - [07/Apr/2013:04:58:09 +0900] "GET /~info3/wiki/index.php?cmd=backup&action=delete&page=CVS%2F%B0%EC%CD%F7 HTTP/1.1" 200 4598 "-" "Mozilla/5.0 (compatible; bingbot/2.0; +http://www.bing.com/bingbot.htm)"
66.249.76.52 - - [07/Apr/2013:04:58:11 +0900] "GET /~yosshi/wiki-old/index.php?cmd=edit&help=true&page=%C6%FC%B5%AD%2F2017-04-01 HTTP/1.1" 200 50 "-" "SAMSUNG-SGH-E250/1.0 Profile/MIDP-2.0 Configuration/CLDC-1.1 UP.Browser/6.2.3.3.c.1.101 (GUI) MMP/2.0 (compatible; Googlebot-Mobile/2.1; +http://www.google.com/bot.html)"
101.226.169.230 - - [07/Apr/2013:04:58:12 +0900] "GET /ontolopedia/disp/word_show/87199 HTTP/1.1" 200 7059 "http://www.nal.ie.u-ryukyu.ac.jp/ontolopedia/disp/word_show/87199" "Mozilla/4.0 (compatible; MSIE 8.0; Windows NT 6.1; Trident/4.0; SLCC2; .NET CLR 2.0.50727; .NET CLR 3.5.30729; .NET CLR 3.0.30729; Media Center PC 6.0; MDDR; .NET4.0C; .NET4.0E; .NET CLR 1.1.4322; Tablet PC 2.0); 360Spider"
101.226.169.229 - - [07/Apr/2013:04:58:12 +0900] "GET /ontolopedia/disp/word_show/83341 HTTP/1.1" 200 22400 "http://www.nal.ie.u-ryukyu.ac.jp/ontolopedia/disp/word_show/83341" "Mozilla/4.0 (compatible; MSIE 8.0; Windows NT 6.1; Trident/4.0; SLCC2; .NET CLR 2.0.50727; .NET CLR 3.5.30729; .NET CLR 3.0.30729; Media Center PC 6.0; MDDR; .NET4.0C; .NET4.0E; .NET CLR 1.1.4322; Tablet PC 2.0); 360Spider"
101.226.169.224 - - [07/Apr/2013:04:58:16 +0900] "GET /ontolopedia/disp/word_show/95503 HTTP/1.1" 200 9884 "http://www.nal.ie.u-ryukyu.ac.jp/ontolopedia/disp/word_show/95503" "Mozilla/4.0 (compatible; MSIE 8.0; Windows NT 6.1; Trident/4.0; SLCC2; .NET CLR 2.0.50727; .NET CLR 3.5.30729; .NET CLR 3.0.30729; Media Center PC 6.0; MDDR; .NET4.0C; .NET4.0E; .NET CLR 1.1.4322; Tablet PC 2.0); 360Spider"
101.226.169.225 - - [07/Apr/2013:04:58:16 +0900] "GET /ontolopedia/disp/word_show/91487 HTTP/1.1" 200 8877 "http://www.nal.ie.u-ryukyu.ac.jp/ontolopedia/disp/word_show/91487" "Mozilla/4.0 (compatible; MSIE 8.0; Windows NT 6.1; Trident/4.0; SLCC2; .NET CLR 2.0.50727; .NET CLR 3.5.30729; .NET CLR 3.0.30729; Media Center PC 6.0; MDDR; .NET4.0C; .NET4.0E; .NET CLR 1.1.4322; Tablet PC 2.0); 360Spider"
72.14.199.52 - - [07/Apr/2013:04:58:39 +0900] "GET /~yosshi/wiki-old/index.php?cmd=edit&page=%C6%FC%B5%AD%2F2021-05-10&refer=%C6%FC%B5%AD HTTP/1.1" 200 1805 "-" "DoCoMo/2.0 N905i(c100;TB;W24H16) (compatible; Googlebot-Mobile/2.1; +http://www.google.com/bot.html)"
101.226.167.203 - - [07/Apr/2013:04:59:36 +0900] "GET /ontolopedia/disp/word_show/64422 HTTP/1.1" 200 12079 "http://www.nal.ie.u-ryukyu.ac.jp/ontolopedia/disp/word_show/64422" "Mozilla/4.0 (compatible; MSIE 8.0; Windows NT 6.1; Trident/4.0; SLCC2; .NET CLR 2.0.50727; .NET CLR 3.5.30729; .NET CLR 3.0.30729; Media Center PC 6.0; MDDR; .NET4.0C; .NET4.0E; .NET CLR 1.1.4322; Tablet PC 2.0); 360Spider"
66.249.76.52 - - [07/Apr/2013:05:00:16 +0900] "GET /ontolopedia/disp/word_show/81447 HTTP/1.1" 200 18651 "-" "Mozilla/5.0 (compatible; Googlebot/2.1; +http://www.google.com/bot.html)"
66.249.76.52 - - [07/Apr/2013:05:00:26 +0900] "GET /ontolopedia/disp/word_show/209280 HTTP/1.1" 200 15830 "-" "Mozilla/5.0 (compatible; Googlebot/2.1; +http://www.google.com/bot.html)"
66.249.76.52 - - [07/Apr/2013:05:01:07 +0900] "GET /~yosshi/wiki-old/index.php?plugin=newpage&refer=%C6%FC%B5%AD%2F1957-08-08 HTTP/1.1" 200 795 "-" "SAMSUNG-SGH-E250/1.0 Profile/MIDP-2.0 Configuration/CLDC-1.1 UP.Browser/6.2.3.3.c.1.101 (GUI) MMP/2.0 (compatible; Googlebot-Mobile/2.1; +http://www.google.com/bot.html)"
66.249.76.52 - - [07/Apr/2013:05:01:21 +0900] "GET /~yosshi/wiki-old/index.php?cmd=edit&page=%C6%FC%B5%AD%2F2017-04-08&refer=%C6%FC%B5%AD HTTP/1.1" 200 1805 "-" "SAMSUNG-SGH-E250/1.0 Profile/MIDP-2.0 Configuration/CLDC-1.1 UP.Browser/6.2.3.3.c.1.101 (GUI) MMP/2.0 (compatible; Googlebot-Mobile/2.1; +http://www.google.com/bot.html)"
66.249.76.52 - - [07/Apr/2013:05:01:36 +0900] "GET /ontolopedia/disp/word_show/226366 HTTP/1.1" 200 5783 "-" "Mozilla/5.0 (compatible; Googlebot/2.1; +http://www.google.com/bot.html)"
66.249.76.52 - - [07/Apr/2013:05:02:27 +0900] "GET /ontolopedia/disp/word_show/261102 HTTP/1.1" 200 9864 "-" "Mozilla/5.0 (compatible; Googlebot/2.1; +http://www.google.com/bot.html)"
119.63.196.93 - - [07/Apr/2013:05:02:32 +0900] "GET /note/note_detail/2316/ HTTP/1.1" 200 9069 "-" "Mozilla/5.0 (compatible; Baiduspider/2.0; +http://www.baidu.com/search/spider.html)"
72.14.199.52 - - [07/Apr/2013:05:02:38 +0900] "GET /~yosshi/wiki-old/index.php?cmd=edit&page=%C6%FC%B5%AD%2F2021-04-07 HTTP/1.1" 200 1805 "-" "DoCoMo/2.0 N905i(c100;TB;W24H16) (compatible; Googlebot-Mobile/2.1; +http://www.google.com/bot.html)"
66.249.76.52 - - [07/Apr/2013:05:03:03 +0900] "GET /~yosshi/wiki-old/index.php?plugin=newpage&refer=%C6%FC%B5%AD%2F2017-04-08 HTTP/1.1" 200 795 "-" "SAMSUNG-SGH-E250/1.0 Profile/MIDP-2.0 Configuration/CLDC-1.1 UP.Browser/6.2.3.3.c.1.101 (GUI) MMP/2.0 (compatible; Googlebot-Mobile/2.1; +http://www.google.com/bot.html)"
157.55.33.109 - - [07/Apr/2013:05:03:10 +0900] "GET /~info3/wiki/index.php?cmd=backup&action=nowdiff&page=%B5%DC%CE%A4%A1%F5%CD%BF%B5%B7%C8%C9&age=15 HTTP/1.1" 200 10058 "-" "Mozilla/5.0 (compatible; bingbot/2.0; +http://www.bing.com/bingbot.htm)"
66.249.76.52 - - [07/Apr/2013:05:03:17 +0900] "GET /~yosshi/wiki-old/index.php?cmd=edit&page=%C6%FC%B5%AD%2F2032-04-13 HTTP/1.1" 200 1805 "-" "SAMSUNG-SGH-E250/1.0 Profile/MIDP-2.0 Configuration/CLDC-1.1 UP.Browser/6.2.3.3.c.1.101 (GUI) MMP/2.0 (compatible; Googlebot-Mobile/2.1; +http://www.google.com/bot.html)"
66.249.76.52 - - [07/Apr/2013:05:04:18 +0900] "GET /note/note_detail/2156 HTTP/1.1" 301 - "-" "Mozilla/5.0 (iPhone; U; CPU iPhone OS 4_1 like Mac OS X; en-us) AppleWebKit/532.9 (KHTML, like Gecko) Version/4.0.5 Mobile/8B117 Safari/6531.22.7 (compatible; Googlebot-Mobile/2.1; +http://www.google.com/bot.html)"
66.249.76.52 - - [07/Apr/2013:05:04:19 +0900] "GET /note/note_detail/2156/ HTTP/1.1" 200 6409 "-" "Mozilla/5.0 (iPhone; U; CPU iPhone OS 4_1 like Mac OS X; en-us) AppleWebKit/532.9 (KHTML, like Gecko) Version/4.0.5 Mobile/8B117 Safari/6531.22.7 (compatible; Googlebot-Mobile/2.1; +http://www.google.com/bot.html)"
72.14.199.52 - - [07/Apr/2013:05:04:25 +0900] "GET /~yosshi/wiki-old/index.php?cmd=edit&page=%C6%FC%B5%AD%2F2004-11-29&refer=%C6%FC%B5%AD HTTP/1.1" 200 1805 "-" "DoCoMo/2.0 N905i(c100;TB;W24H16) (compatible; Googlebot-Mobile/2.1; +http://www.google.com/bot.html)"
118.9.247.143 - - [07/Apr/2013:05:05:55 +0900] "GET /note/rss/latest/ HTTP/1.1" 200 8675 "-" "Mozilla/5.0 (Windows NT 6.1; WOW64; rv:15.0) Gecko/20120824 Thunderbird/15.0"
157.56.93.196 - - [07/Apr/2013:05:06:38 +0900] "GET /~yosshi/blog/2009/01/24/tweets-on-2009-01-24/ HTTP/1.1" 404 243 "-" "Mozilla/5.0 (compatible; bingbot/2.0; +http://www.bing.com/bingbot.htm)"
157.56.93.196 - - [07/Apr/2013:05:06:38 +0900] "GET /~info3/wiki/index.php?cmd=backup&action=delete&page=test HTTP/1.1" 200 4544 "-" "Mozilla/5.0 (compatible; bingbot/2.0; +http://www.bing.com/bingbot.htm)"
66.249.76.52 - - [07/Apr/2013:05:06:54 +0900] "GET /~yosshi/wiki-old/index.php?cmd=edit&help=true&page=%C6%FC%B5%AD%2F2032-04-03 HTTP/1.1" 200 50 "-" "SAMSUNG-SGH-E250/1.0 Profile/MIDP-2.0 Configuration/CLDC-1.1 UP.Browser/6.2.3.3.c.1.101 (GUI) MMP/2.0 (compatible; Googlebot-Mobile/2.1; +http://www.google.com/bot.html)"
66.249.76.52 - - [07/Apr/2013:05:07:08 +0900] "GET /~yosshi/wiki-old/index.php?cmd=edit&page=%C6%FC%B5%AD%2F2017-04-08 HTTP/1.1" 200 1805 "-" "SAMSUNG-SGH-E250/1.0 Profile/MIDP-2.0 Configuration/CLDC-1.1 UP.Browser/6.2.3.3.c.1.101 (GUI) MMP/2.0 (compatible; Googlebot-Mobile/2.1; +http://www.google.com/bot.html)"
66.249.76.52 - - [07/Apr/2013:05:07:28 +0900] "GET /ontolopedia/disp/word_show/421475 HTTP/1.1" 200 5670 "-" "Mozilla/5.0 (compatible; Googlebot/2.1; +http://www.google.com/bot.html)"
182.118.25.218 - - [07/Apr/2013:05:08:37 +0900] "GET /ontolopedia/disp/title_edit/412150 HTTP/1.1" 302 124 "http://www.nal.ie.u-ryukyu.ac.jp/ontolopedia/disp/title_edit/412150" "Mozilla/5.0 (Windows; U; Windows NT 5.1; zh-CN; rv:1.8.0.11)  Firefox/1.5.0.11; 360Spider"
182.118.25.219 - - [07/Apr/2013:05:08:37 +0900] "GET /note/note_detail/2417/ HTTP/1.1" 200 6987 "http://www.nal.ie.u-ryukyu.ac.jp/note/note_detail/2417/" "Mozilla/5.0 (Windows; U; Windows NT 5.1; zh-CN; rv:1.8.0.11)  Firefox/1.5.0.11; 360Spider"
182.118.25.220 - - [07/Apr/2013:05:08:37 +0900] "GET /ontolopedia/disp/word_show/102582 HTTP/1.1" 200 7001 "http://www.nal.ie.u-ryukyu.ac.jp/ontolopedia/disp/word_show/102582" "Mozilla/5.0 (Windows; U; Windows NT 5.1; zh-CN; rv:1.8.0.11)  Firefox/1.5.0.11; 360Spider"
182.118.25.218 - - [07/Apr/2013:05:08:38 +0900] "GET /ontolopedia/account/login HTTP/1.1" 200 2820 "http://www.nal.ie.u-ryukyu.ac.jp/ontolopedia/account/login" "Mozilla/5.0 (Windows; U; Windows NT 5.1; zh-CN; rv:1.8.0.11)  Firefox/1.5.0.11; 360Spider"
182.118.25.219 - - [07/Apr/2013:05:08:37 +0900] "GET /ontolopedia/disp/word_show/10834 HTTP/1.1" 200 9116 "http://www.nal.ie.u-ryukyu.ac.jp/ontolopedia/disp/word_show/10834" "Mozilla/5.0 (Windows; U; Windows NT 5.1; zh-CN; rv:1.8.0.11)  Firefox/1.5.0.11; 360Spider"
182.118.25.220 - - [07/Apr/2013:05:08:37 +0900] "GET /note/tag/?tag=SfM HTTP/1.1" 200 4916 "http://www.nal.ie.u-ryukyu.ac.jp/note/tag/?tag=SfM" "Mozilla/5.0 (Windows; U; Windows NT 5.1; zh-CN; rv:1.8.0.11)  Firefox/1.5.0.11; 360Spider"
72.14.199.52 - - [07/Apr/2013:05:08:45 +0900] "GET /~yosshi/wiki-old/index.php?cmd=edit&help=true&page=%C6%FC%B5%AD%2F2004-12-10 HTTP/1.1" 200 50 "-" "DoCoMo/2.0 N905i(c100;TB;W24H16) (compatible; Googlebot-Mobile/2.1; +http://www.google.com/bot.html)"
182.118.25.217 - - [07/Apr/2013:05:09:39 +0900] "GET /ontolopedia/disp/word_show/108460 HTTP/1.1" 200 7849 "http://www.nal.ie.u-ryukyu.ac.jp/ontolopedia/disp/word_show/108460" "Mozilla/5.0 (Windows; U; Windows NT 5.1; zh-CN; rv:1.8.0.11)  Firefox/1.5.0.11; 360Spider"
182.118.25.218 - - [07/Apr/2013:05:09:39 +0900] "GET /ontolopedia/disp/word_show/116080 HTTP/1.1" 200 14571 "http://www.nal.ie.u-ryukyu.ac.jp/ontolopedia/disp/word_show/116080" "Mozilla/5.0 (Windows; U; Windows NT 5.1; zh-CN; rv:1.8.0.11)  Firefox/1.5.0.11; 360Spider"
66.249.76.52 - - [07/Apr/2013:05:09:57 +0900] "GET /~yosshi/wiki-old/index.php?cmd=edit&help=true&page=%C6%FC%B5%AD%2F2017-04-08 HTTP/1.1" 200 50 "-" "SAMSUNG-SGH-E250/1.0 Profile/MIDP-2.0 Configuration/CLDC-1.1 UP.Browser/6.2.3.3.c.1.101 (GUI) MMP/2.0 (compatible; Googlebot-Mobile/2.1; +http://www.google.com/bot.html)"
66.249.76.52 - - [07/Apr/2013:05:10:25 +0900] "GET /ontolopedia/disp/word_show/13567 HTTP/1.1" 200 52349 "-" "Mozilla/5.0 (compatible; Googlebot/2.1; +http://www.google.com/bot.html)"
66.249.76.52 - - [07/Apr/2013:05:10:56 +0900] "GET /~yosshi/wiki-old/index.php?cmd=edit&page=%C6%FC%B5%AD%2F1950-10-09 HTTP/1.1" 200 1805 "-" "SAMSUNG-SGH-E250/1.0 Profile/MIDP-2.0 Configuration/CLDC-1.1 UP.Browser/6.2.3.3.c.1.101 (GUI) MMP/2.0 (compatible; Googlebot-Mobile/2.1; +http://www.google.com/bot.html)"
182.118.25.220 - - [07/Apr/2013:05:11:07 +0900] "GET /ontolopedia/disp/word_show/1210 HTTP/1.1" 200 23211 "http://www.nal.ie.u-ryukyu.ac.jp/ontolopedia/disp/word_show/1210" "Mozilla/5.0 (Windows; U; Windows NT 5.1; zh-CN; rv:1.8.0.11)  Firefox/1.5.0.11; 360Spider"
182.118.25.218 - - [07/Apr/2013:05:11:07 +0900] "GET /ontolopedia/disp/word_show/123319 HTTP/1.1" 200 40410 "http://www.nal.ie.u-ryukyu.ac.jp/ontolopedia/disp/word_show/123319" "Mozilla/5.0 (Windows; U; Windows NT 5.1; zh-CN; rv:1.8.0.11)  Firefox/1.5.0.11; 360Spider"
182.118.25.232 - - [07/Apr/2013:05:11:21 +0900] "GET /ontolopedia/disp/word_show/97346 HTTP/1.1" 200 8237 "http://www.nal.ie.u-ryukyu.ac.jp/ontolopedia/disp/word_show/97346" "Mozilla/5.0 (Windows; U; Windows NT 5.1; zh-CN; rv:1.8.0.11)  Firefox/1.5.0.11; 360Spider"
66.249.76.52 - - [07/Apr/2013:05:11:49 +0900] "GET /ontolopedia/disp/word_show/132743 HTTP/1.1" 200 8568 "-" "Mozilla/5.0 (compatible; Googlebot/2.1; +http://www.google.com/bot.html)"
66.249.76.52 - - [07/Apr/2013:05:11:50 +0900] "GET /ontolopedia/disp/word_show/200177 HTTP/1.1" 200 6650 "-" "Mozilla/5.0 (compatible; Googlebot/2.1; +http://www.google.com/bot.html)"
72.14.199.52 - - [07/Apr/2013:05:11:58 +0900] "GET /~yosshi/wiki-old/index.php?cmd=edit&help=true&page=%C6%FC%B5%AD%2F2021-04-19 HTTP/1.1" 200 50 "-" "DoCoMo/2.0 N905i(c100;TB;W24H16) (compatible; Googlebot-Mobile/2.1; +http://www.google.com/bot.html)"
157.55.32.103 - - [07/Apr/2013:05:12:08 +0900] "GET /~yosshi/blog/2009/04/06/ HTTP/1.1" 404 222 "-" "Mozilla/5.0 (compatible; bingbot/2.0; +http://www.bing.com/bingbot.htm)"
157.55.32.103 - - [07/Apr/2013:05:12:08 +0900] "GET /~info3/wiki/index.php?cmd=edit&page=2006%2Finfo3%2F%CD%A7%B4%F3%A1%F5%BE%E5%B8%B6%C8%C9 HTTP/1.1" 401 6868 "-" "Mozilla/5.0 (compatible; bingbot/2.0; +http://www.bing.com/bingbot.htm)"
157.55.32.103 - - [07/Apr/2013:05:12:10 +0900] "GET /ontolopedia/disp/word_show/136119 HTTP/1.1" 403 235 "-" "Mozilla/5.0 (compatible; bingbot/2.0; +http://www.bing.com/bingbot.htm)"
66.249.76.52 - - [07/Apr/2013:05:12:14 +0900] "GET /ontolopedia/disp/word_show/478393 HTTP/1.1" 200 6501 "-" "Mozilla/5.0 (compatible; Googlebot/2.1; +http://www.google.com/bot.html)"
66.249.76.52 - - [07/Apr/2013:05:12:15 +0900] "GET /ontolopedia/disp/word_show/151838 HTTP/1.1" 200 4202 "-" "Mozilla/5.0 (compatible; Googlebot/2.1; +http://www.google.com/bot.html)"
66.249.76.52 - - [07/Apr/2013:05:12:16 +0900] "GET /ontolopedia/disp/word_show/480800 HTTP/1.1" 200 20398 "-" "Mozilla/5.0 (compatible; Googlebot/2.1; +http://www.google.com/bot.html)"
178.238.235.184 - - [07/Apr/2013:05:12:07 +0900] "GET /~yosshi/rbc_wiki/ HTTP/1.1" 200 981108 "-" "Mozilla/5.0 (Windows; U; Windows NT 5.1; en-US; rv:1.9.1.3) Gecko/20090824 Firefox/3.5.3 GTB5"
66.249.76.52 - - [07/Apr/2013:05:12:19 +0900] "GET /~yosshi/wiki-old/index.php?plugin=newpage&refer=%C6%FC%B5%AD%2F1957-08-05 HTTP/1.1" 200 795 "-" "SAMSUNG-SGH-E250/1.0 Profile/MIDP-2.0 Configuration/CLDC-1.1 UP.Browser/6.2.3.3.c.1.101 (GUI) MMP/2.0 (compatible; Googlebot-Mobile/2.1; +http://www.google.com/bot.html)"
178.238.235.184 - - [07/Apr/2013:05:12:20 +0900] "GET /~yosshi/rbc_wiki/ HTTP/1.1" 200 981108 "-" "Mozilla/5.0 (Windows; U; Windows NT 5.1; en-US; rv:1.9.0.7) Gecko/2009021910 Firefox/3.0.7"
182.118.25.216 - - [07/Apr/2013:05:13:10 +0900] "GET /ontolopedia/disp/word_show/1278 HTTP/1.1" 200 13300 "http://www.nal.ie.u-ryukyu.ac.jp/ontolopedia/disp/word_show/1278" "Mozilla/5.0 (Windows; U; Windows NT 5.1; zh-CN; rv:1.8.0.11)  Firefox/1.5.0.11; 360Spider"
72.14.199.52 - - [07/Apr/2013:05:13:21 +0900] "GET /~yosshi/wiki-old/index.php?cmd=edit&page=%C6%FC%B5%AD%2F2021-05-05&refer=%C6%FC%B5%AD HTTP/1.1" 200 1805 "-" "DoCoMo/2.0 N905i(c100;TB;W24H16) (compatible; Googlebot-Mobile/2.1; +http://www.google.com/bot.html)"
66.249.76.52 - - [07/Apr/2013:05:13:33 +0900] "GET /~yosshi/wiki-old/index.php?plugin=calendar2&file=%C6%FC%B5%AD&date=201705 HTTP/1.1" 200 4566 "-" "SAMSUNG-SGH-E250/1.0 Profile/MIDP-2.0 Configuration/CLDC-1.1 UP.Browser/6.2.3.3.c.1.101 (GUI) MMP/2.0 (compatible; Googlebot-Mobile/2.1; +http://www.google.com/bot.html)"
66.249.76.52 - - [07/Apr/2013:05:14:16 +0900] "GET /note/tag/?tag=%E3%82%BD%E3%83%BC%E3%82%B7%E3%83%A3%E3%83%AB%E3%83%AF%E3%83%BC%E3%82%AF HTTP/1.1" 200 4948 "-" "Mozilla/5.0 (iPhone; U; CPU iPhone OS 4_1 like Mac OS X; en-us) AppleWebKit/532.9 (KHTML, like Gecko) Version/4.0.5 Mobile/8B117 Safari/6531.22.7 (compatible; Googlebot-Mobile/2.1; +http://www.google.com/bot.html)"
182.118.20.161 - - [07/Apr/2013:05:14:24 +0900] "GET /ontolopedia/disp/word_show/137112 HTTP/1.1" 200 6684 "http://www.nal.ie.u-ryukyu.ac.jp/ontolopedia/disp/word_show/137112" "Mozilla/5.0 (Windows; U; Windows NT 5.1; zh-CN; rv:1.8.0.11)  Firefox/1.5.0.11; 360Spider"
182.118.20.165 - - [07/Apr/2013:05:14:24 +0900] "GET /ontolopedia/disp/word_show/132210 HTTP/1.1" 200 10955 "http://www.nal.ie.u-ryukyu.ac.jp/ontolopedia/disp/word_show/132210" "Mozilla/5.0 (Windows; U; Windows NT 5.1; zh-CN; rv:1.8.0.11)  Firefox/1.5.0.11; 360Spider"
182.118.20.187 - - [07/Apr/2013:05:14:24 +0900] "GET /ontolopedia/disp/word_show/15985 HTTP/1.1" 200 53978 "http://www.nal.ie.u-ryukyu.ac.jp/ontolopedia/disp/word_show/15985" "Mozilla/5.0 (Windows; U; Windows NT 5.1; zh-CN; rv:1.8.0.11)  Firefox/1.5.0.11; 360Spider"
157.56.93.71 - - [07/Apr/2013:05:14:41 +0900] "GET /~info3/wiki/index.php?cmd=read&page=%B5%DC%BE%EB%A1%F5%CB%DC%C2%BC%C8%C9%2FLevel3 HTTP/1.1" 200 32627 "-" "Mozilla/5.0 (compatible; bingbot/2.0; +http://www.bing.com/bingbot.htm)"
66.249.76.52 - - [07/Apr/2013:05:14:48 +0900] "GET /~yosshi/wiki-old/index.php?cmd=edit&page=%C6%FC%B5%AD%2F1950-09-07&refer=%C6%FC%B5%AD HTTP/1.1" 200 1805 "-" "SAMSUNG-SGH-E250/1.0 Profile/MIDP-2.0 Configuration/CLDC-1.1 UP.Browser/6.2.3.3.c.1.101 (GUI) MMP/2.0 (compatible; Googlebot-Mobile/2.1; +http://www.google.com/bot.html)"
66.249.76.52 - - [07/Apr/2013:05:15:16 +0900] "GET /~yosshi/wiki-old/index.php?plugin=calendar2&file=%C6%FC%B5%AD&date=201706 HTTP/1.1" 200 4566 "-" "SAMSUNG-SGH-E250/1.0 Profile/MIDP-2.0 Configuration/CLDC-1.1 UP.Browser/6.2.3.3.c.1.101 (GUI) MMP/2.0 (compatible; Googlebot-Mobile/2.1; +http://www.google.com/bot.html)"
72.14.199.52 - - [07/Apr/2013:05:15:56 +0900] "GET /~yosshi/wiki-old/index.php?plugin=newpage&refer=%C6%FC%B5%AD%2F2021-04-08 HTTP/1.1" 200 795 "-" "DoCoMo/2.0 N905i(c100;TB;W24H16) (compatible; Googlebot-Mobile/2.1; +http://www.google.com/bot.html)"
157.56.93.196 - - [07/Apr/2013:05:16:38 +0900] "GET /~info3/wiki/index.php?cmd=backup&page=2006%2Finfo4&age=1&action=diff HTTP/1.1" 200 5692 "-" "Mozilla/5.0 (compatible; bingbot/2.0; +http://www.bing.com/bingbot.htm)"
66.249.76.52 - - [07/Apr/2013:05:16:59 +0900] "GET /ontolopedia/disp/word_show/200487 HTTP/1.1" 200 4183 "-" "Mozilla/5.0 (compatible; Googlebot/2.1; +http://www.google.com/bot.html)"
66.249.76.52 - - [07/Apr/2013:05:18:02 +0900] "GET /~yosshi/wiki-old/index.php?cmd=edit&help=true&page=%C6%FC%B5%AD%2F1950-10-16 HTTP/1.1" 200 50 "-" "SAMSUNG-SGH-E250/1.0 Profile/MIDP-2.0 Configuration/CLDC-1.1 UP.Browser/6.2.3.3.c.1.101 (GUI) MMP/2.0 (compatible; Googlebot-Mobile/2.1; +http://www.google.com/bot.html)"
72.14.199.52 - - [07/Apr/2013:05:18:19 +0900] "GET /note/rss/comment/ HTTP/1.1" 200 9009 "-" "Feedfetcher-Google; (+http://www.google.com/feedfetcher.html; 7 subscribers; feed-id=3512785683584006639)"
182.118.22.218 - - [07/Apr/2013:05:18:56 +0900] "GET /ontolopedia/disp/word_show/1303 HTTP/1.1" 200 74460 "http://www.nal.ie.u-ryukyu.ac.jp/ontolopedia/disp/word_show/1303" "Mozilla/5.0 (Windows; U; Windows NT 5.1; zh-CN; rv:1.8.0.11)  Firefox/1.5.0.11; 360Spider"
72.14.199.52 - - [07/Apr/2013:05:19:08 +0900] "GET /~yosshi/wiki-old/index.php?cmd=edit&page=%C6%FC%B5%AD%2F2021-04-22 HTTP/1.1" 200 1805 "-" "DoCoMo/2.0 N905i(c100;TB;W24H16) (compatible; Googlebot-Mobile/2.1; +http://www.google.com/bot.html)"
66.249.76.52 - - [07/Apr/2013:05:19:20 +0900] "GET /~yosshi/wiki-old/index.php?cmd=edit&page=%C6%FC%B5%AD%2F2017-05-01&refer=%C6%FC%B5%AD HTTP/1.1" 200 1805 "-" "SAMSUNG-SGH-E250/1.0 Profile/MIDP-2.0 Configuration/CLDC-1.1 UP.Browser/6.2.3.3.c.1.101 (GUI) MMP/2.0 (compatible; Googlebot-Mobile/2.1; +http://www.google.com/bot.html)"
66.249.76.52 - - [07/Apr/2013:05:19:29 +0900] "GET /ontolopedia/disp/word_show/488024 HTTP/1.1" 200 15442 "-" "Mozilla/5.0 (compatible; Googlebot/2.1; +http://www.google.com/bot.html)"
66.249.76.52 - - [07/Apr/2013:05:19:30 +0900] "GET /ontolopedia/disp/word_show/157332 HTTP/1.1" 200 4241 "-" "Mozilla/5.0 (compatible; Googlebot/2.1; +http://www.google.com/bot.html)"
157.56.93.71 - - [07/Apr/2013:05:19:40 +0900] "GET /~info3/wiki/index.php?cmd=backup&action=source&page=%B1%A6%BB%B3%A1%F5%BA%D8%C6%A3&age=2 HTTP/1.1" 200 6237 "-" "Mozilla/5.0 (compatible; bingbot/2.0; +http://www.bing.com/bingbot.htm)"
157.56.93.71 - - [07/Apr/2013:05:20:26 +0900] "GET /note/note_detail/835/ HTTP/1.1" 200 6464 "-" "Mozilla/5.0 (compatible; bingbot/2.0; +http://www.bing.com/bingbot.htm)"
66.249.76.52 - - [07/Apr/2013:05:20:40 +0900] "GET /~yosshi/wiki-old/index.php?cmd=edit&page=%C6%FC%B5%AD%2F1957-08-04 HTTP/1.1" 200 1805 "-" "SAMSUNG-SGH-E250/1.0 Profile/MIDP-2.0 Configuration/CLDC-1.1 UP.Browser/6.2.3.3.c.1.101 (GUI) MMP/2.0 (compatible; Googlebot-Mobile/2.1; +http://www.google.com/bot.html)"
66.249.76.52 - - [07/Apr/2013:05:21:04 +0900] "GET /ontolopedia/disp/word_show/55680 HTTP/1.1" 200 8297 "-" "Mozilla/5.0 (compatible; Googlebot/2.1; +http://www.google.com/bot.html)"
157.55.32.61 - - [07/Apr/2013:05:21:09 +0900] "GET /note/note_detail/1644/ HTTP/1.1" 200 7029 "-" "Mozilla/5.0 (compatible; bingbot/2.0; +http://www.bing.com/bingbot.htm)"
157.55.32.61 - - [07/Apr/2013:05:21:09 +0900] "GET /note/note_detail/1093/ HTTP/1.1" 200 6611 "-" "Mozilla/5.0 (compatible; bingbot/2.0; +http://www.bing.com/bingbot.htm)"
157.55.32.61 - - [07/Apr/2013:05:21:10 +0900] "GET /~info3/wiki/index.php?cmd=backup&page=CVS%2FHowTo&age=2&action=diff HTTP/1.1" 200 7540 "-" "Mozilla/5.0 (compatible; bingbot/2.0; +http://www.bing.com/bingbot.htm)"
157.55.32.61 - - [07/Apr/2013:05:21:10 +0900] "GET /~info3/wiki/index.php?plugin=template&refer=CVS%2F%B0%EC%CD%F7 HTTP/1.1" 200 45482 "-" "Mozilla/5.0 (compatible; bingbot/2.0; +http://www.bing.com/bingbot.htm)"
66.249.76.52 - - [07/Apr/2013:05:21:20 +0900] "GET /ontolopedia/disp/word_show/192988 HTTP/1.1" 200 4247 "-" "Mozilla/5.0 (compatible; Googlebot/2.1; +http://www.google.com/bot.html)"
66.249.76.52 - - [07/Apr/2013:05:21:21 +0900] "GET /ontolopedia/disp/word_show/261786 HTTP/1.1" 200 6338 "-" "Mozilla/5.0 (compatible; Googlebot/2.1; +http://www.google.com/bot.html)"
66.249.76.52 - - [07/Apr/2013:05:21:22 +0900] "GET /ontolopedia/disp/word_show/404419 HTTP/1.1" 500 309 "-" "Mozilla/5.0 (compatible; Googlebot/2.1; +http://www.google.com/bot.html)"
119.63.196.96 - - [07/Apr/2013:05:21:31 +0900] "GET /~info3/wiki/index.php?\xbe\xe5\xb8\xb6\xa1\xf5\xb6\xcc\xbe\xeb HTTP/1.1" 200 29268 "-" "Mozilla/5.0 (compatible; Baiduspider/2.0; +http://www.baidu.com/search/spider.html)"
72.14.199.52 - - [07/Apr/2013:05:21:45 +0900] "GET /~yosshi/wiki-old/index.php?cmd=edit&help=true&page=%C6%FC%B5%AD%2F2021-04-03 HTTP/1.1" 200 50 "-" "DoCoMo/2.0 N905i(c100;TB;W24H16) (compatible; Googlebot-Mobile/2.1; +http://www.google.com/bot.html)"
66.249.76.52 - - [07/Apr/2013:05:22:22 +0900] "GET /~yosshi/wiki-old/index.php?cmd=edit&page=%C6%FC%B5%AD%2F2017-05-01 HTTP/1.1" 200 1805 "-" "SAMSUNG-SGH-E250/1.0 Profile/MIDP-2.0 Configuration/CLDC-1.1 UP.Browser/6.2.3.3.c.1.101 (GUI) MMP/2.0 (compatible; Googlebot-Mobile/2.1; +http://www.google.com/bot.html)"
66.249.76.52 - - [07/Apr/2013:05:23:25 +0900] "GET /ontolopedia/disp/word_show/403578 HTTP/1.1" 200 4257 "-" "Mozilla/5.0 (compatible; Googlebot/2.1; +http://www.google.com/bot.html)"
66.249.76.52 - - [07/Apr/2013:05:23:35 +0900] "GET /~yosshi/wiki-old/index.php?cmd=edit&help=true&page=%C6%FC%B5%AD%2F1950-10-03 HTTP/1.1" 200 50 "-" "SAMSUNG-SGH-E250/1.0 Profile/MIDP-2.0 Configuration/CLDC-1.1 UP.Browser/6.2.3.3.c.1.101 (GUI) MMP/2.0 (compatible; Googlebot-Mobile/2.1; +http://www.google.com/bot.html)"
157.55.35.82 - - [07/Apr/2013:05:23:38 +0900] "GET /~info3/wiki/index.php?plugin=rename&refer=2008%2Finfo4%2F%BA%A3%C6%FC%A4%CE%C0%B8%A4%B1%EC%D3doxygen%CA%D4%2FExtra%B2%DD%C2%EA HTTP/1.1" 200 4686 "-" "Mozilla/5.0 (compatible; bingbot/2.0; +http://www.bing.com/bingbot.htm)"
66.249.76.52 - - [07/Apr/2013:05:24:22 +0900] "GET /note/note_detail/1278/ HTTP/1.1" 200 7731 "-" "Mozilla/5.0 (iPhone; U; CPU iPhone OS 4_1 like Mac OS X; en-us) AppleWebKit/532.9 (KHTML, like Gecko) Version/4.0.5 Mobile/8B117 Safari/6531.22.7 (compatible; Googlebot-Mobile/2.1; +http://www.google.com/bot.html)"
72.14.199.52 - - [07/Apr/2013:05:24:30 +0900] "GET /~tnal/uruma/index.php?cmd=rss HTTP/1.1" 200 3922 "-" "Feedfetcher-Google; (+http://www.google.com/feedfetcher.html; 1 subscribers; feed-id=18203233066697862269)"
72.14.199.52 - - [07/Apr/2013:05:24:34 +0900] "GET /~yosshi/wiki-old/index.php?cmd=edit&help=true&page=%C6%FC%B5%AD%2F2004-12-23 HTTP/1.1" 200 50 "-" "DoCoMo/2.0 N905i(c100;TB;W24H16) (compatible; Googlebot-Mobile/2.1; +http://www.google.com/bot.html)"
66.249.76.52 - - [07/Apr/2013:05:25:05 +0900] "GET /~yosshi/wiki-old/index.php?cmd=edit&page=%C6%FC%B5%AD%2F2017-05-08&refer=%C6%FC%B5%AD HTTP/1.1" 200 1805 "-" "SAMSUNG-SGH-E250/1.0 Profile/MIDP-2.0 Configuration/CLDC-1.1 UP.Browser/6.2.3.3.c.1.101 (GUI) MMP/2.0 (compatible; Googlebot-Mobile/2.1; +http://www.google.com/bot.html)"
176.34.19.192 - - [07/Apr/2013:05:26:02 +0900] "GET /ontolopedia/disp/word_show/292660 HTTP/1.1" 200 6148 "-" "Mozilla/5.0 (X11; Linux i686; rv:6.0) Gecko/20100101 Firefox/6.0"
66.249.76.52 - - [07/Apr/2013:05:26:19 +0900] "GET /~yosshi/wiki-old/index.php?cmd=edit&page=%C6%FC%B5%AD%2F1950-09-11&refer=%C6%FC%B5%AD HTTP/1.1" 200 1805 "-" "SAMSUNG-SGH-E250/1.0 Profile/MIDP-2.0 Configuration/CLDC-1.1 UP.Browser/6.2.3.3.c.1.101 (GUI) MMP/2.0 (compatible; Googlebot-Mobile/2.1; +http://www.google.com/bot.html)"
66.249.76.52 - - [07/Apr/2013:05:26:35 +0900] "GET /~yosshi/wiki-old/index.php?cmd=edit&page=%C6%FC%B5%AD%2F2017-06-13&refer=%C6%FC%B5%AD HTTP/1.1" 200 1805 "-" "SAMSUNG-SGH-E250/1.0 Profile/MIDP-2.0 Configuration/CLDC-1.1 UP.Browser/6.2.3.3.c.1.101 (GUI) MMP/2.0 (compatible; Googlebot-Mobile/2.1; +http://www.google.com/bot.html)"
157.56.93.196 - - [07/Apr/2013:05:27:08 +0900] "GET /~info3/wiki/index.php?cmd=backup&page=Level1%20%C3%E7%BE%BE%A1%F5%C3%E6%C2%BC HTTP/1.1" 200 5215 "-" "Mozilla/5.0 (compatible; bingbot/2.0; +http://www.bing.com/bingbot.htm)"
157.56.93.196 - - [07/Apr/2013:05:27:08 +0900] "GET /~yosshi/rbc_wiki/index.php?cmd=backup&page=WikiWikiWeb HTTP/1.1" 200 5701 "-" "Mozilla/5.0 (compatible; bingbot/2.0; +http://www.bing.com/bingbot.htm)"
66.249.76.52 - - [07/Apr/2013:05:27:13 +0900] "GET /ontolopedia/disp/word_show/486578 HTTP/1.1" 200 5663 "-" "Mozilla/5.0 (compatible; Googlebot/2.1; +http://www.google.com/bot.html)"
72.14.199.52 - - [07/Apr/2013:05:27:27 +0900] "GET /~yosshi/wiki-old/index.php?cmd=edit&help=true&page=%C6%FC%B5%AD%2F2004-12-24 HTTP/1.1" 200 50 "-" "DoCoMo/2.0 N905i(c100;TB;W24H16) (compatible; Googlebot-Mobile/2.1; +http://www.google.com/bot.html)"
66.249.76.52 - - [07/Apr/2013:05:28:58 +0900] "GET /~yosshi/wiki-old/index.php?plugin=newpage&refer=%C6%FC%B5%AD%2F2017-05-08 HTTP/1.1" 200 795 "-" "SAMSUNG-SGH-E250/1.0 Profile/MIDP-2.0 Configuration/CLDC-1.1 UP.Browser/6.2.3.3.c.1.101 (GUI) MMP/2.0 (compatible; Googlebot-Mobile/2.1; +http://www.google.com/bot.html)"
72.14.199.52 - - [07/Apr/2013:05:29:34 +0900] "GET /wiki/index.php?cmd=rss HTTP/1.1" 200 5345 "-" "Feedfetcher-Google; (+http://www.google.com/feedfetcher.html; 2 subscribers; feed-id=3761214362253605742)"
66.249.76.52 - - [07/Apr/2013:05:29:46 +0900] "GET /ontolopedia/disp/word_show/224018 HTTP/1.1" 200 8940 "-" "Mozilla/5.0 (compatible; Googlebot/2.1; +http://www.google.com/bot.html)"
66.249.76.52 - - [07/Apr/2013:05:29:51 +0900] "GET /ontolopedia/disp/word_show/416198 HTTP/1.1" 200 6591 "-" "Mozilla/5.0 (compatible; Googlebot/2.1; +http://www.google.com/bot.html)"
157.55.33.109 - - [07/Apr/2013:05:30:19 +0900] "GET /~info3/wiki/index.php?plugin=newpage&refer=2008%2Finfo4%2F%BF%B7%CE%A4%A1%F5%C3%A8%BB%B3%C8%C9%2Flevel4-3 HTTP/1.1" 200 4346 "-" "Mozilla/5.0 (compatible; bingbot/2.0; +http://www.bing.com/bingbot.htm)"
72.14.199.52 - - [07/Apr/2013:05:30:20 +0900] "GET /~yosshi/wiki-old/index.php?plugin=newpage&refer=%C6%FC%B5%AD%2F2021-04-09 HTTP/1.1" 200 795 "-" "DoCoMo/2.0 N905i(c100;TB;W24H16) (compatible; Googlebot-Mobile/2.1; +http://www.google.com/bot.html)"
66.249.76.52 - - [07/Apr/2013:05:30:22 +0900] "GET /ontolopedia/disp/word_show/381996 HTTP/1.1" 200 5443 "-" "Mozilla/5.0 (compatible; Googlebot/2.1; +http://www.google.com/bot.html)"
93.158.149.31 - - [07/Apr/2013:05:31:10 +0900] "GET /robots.txt HTTP/1.1" 404 208 "-" "Mozilla/5.0 (compatible; YandexBot/3.0; +http://yandex.com/bots)"
66.249.76.52 - - [07/Apr/2013:05:31:19 +0900] "GET /~yosshi/wiki-old/index.php?cmd=edit&help=true&page=%C6%FC%B5%AD%2F1957-08-11 HTTP/1.1" 200 50 "-" "SAMSUNG-SGH-E250/1.0 Profile/MIDP-2.0 Configuration/CLDC-1.1 UP.Browser/6.2.3.3.c.1.101 (GUI) MMP/2.0 (compatible; Googlebot-Mobile/2.1; +http://www.google.com/bot.html)"
72.14.199.52 - - [07/Apr/2013:05:31:20 +0900] "GET /~yosshi/blog/?feed=rss2 HTTP/1.1" 200 18920 "-" "Feedfetcher-Google; (+http://www.google.com/feedfetcher.html; 2 subscribers; feed-id=12397007534115446545)"
66.249.76.52 - - [07/Apr/2013:05:31:51 +0900] "GET /~yosshi/wiki-old/index.php?cmd=edit&page=%C6%FC%B5%AD%2F2017-05-13&refer=%C6%FC%B5%AD HTTP/1.1" 200 1805 "-" "SAMSUNG-SGH-E250/1.0 Profile/MIDP-2.0 Configuration/CLDC-1.1 UP.Browser/6.2.3.3.c.1.101 (GUI) MMP/2.0 (compatible; Googlebot-Mobile/2.1; +http://www.google.com/bot.html)"
66.249.76.52 - - [07/Apr/2013:05:32:36 +0900] "GET /ontolopedia/disp/word_show/169261 HTTP/1.1" 200 10277 "-" "Mozilla/5.0 (compatible; Googlebot/2.1; +http://www.google.com/bot.html)"
72.14.199.52 - - [07/Apr/2013:05:33:13 +0900] "GET /~yosshi/wiki-old/index.php?cmd=edit&help=true&page=%C6%FC%B5%AD%2F2004-12-20 HTTP/1.1" 200 50 "-" "DoCoMo/2.0 N905i(c100;TB;W24H16) (compatible; Googlebot-Mobile/2.1; +http://www.google.com/bot.html)"
119.235.237.17 - - [07/Apr/2013:05:33:38 +0900] "GET /~yosshi/wiki-old/index.php?page=PukiWiki%2F1.4%2FManual%2FPlugin%2FE-G&plugin=related HTTP/1.1" 200 6536 "-" "Yeti/1.0 (NHN Corp.; http://help.naver.com/robots/)"
66.249.76.52 - - [07/Apr/2013:05:34:18 +0900] "GET /~yosshi/wiki-old/index.php?cmd=edit&page=%C6%FC%B5%AD%2F1957-09-07&refer=%C6%FC%B5%AD HTTP/1.1" 200 1805 "-" "SAMSUNG-SGH-E250/1.0 Profile/MIDP-2.0 Configuration/CLDC-1.1 UP.Browser/6.2.3.3.c.1.101 (GUI) MMP/2.0 (compatible; Googlebot-Mobile/2.1; +http://www.google.com/bot.html)"
66.249.76.52 - - [07/Apr/2013:05:34:35 +0900] "GET /note/note_detail/2157 HTTP/1.1" 301 - "-" "Mozilla/5.0 (iPhone; U; CPU iPhone OS 4_1 like Mac OS X; en-us) AppleWebKit/532.9 (KHTML, like Gecko) Version/4.0.5 Mobile/8B117 Safari/6531.22.7 (compatible; Googlebot-Mobile/2.1; +http://www.google.com/bot.html)"
66.249.76.52 - - [07/Apr/2013:05:34:35 +0900] "GET /note/note_detail/2157/ HTTP/1.1" 200 6342 "-" "Mozilla/5.0 (iPhone; U; CPU iPhone OS 4_1 like Mac OS X; en-us) AppleWebKit/532.9 (KHTML, like Gecko) Version/4.0.5 Mobile/8B117 Safari/6531.22.7 (compatible; Googlebot-Mobile/2.1; +http://www.google.com/bot.html)"
66.249.76.52 - - [07/Apr/2013:05:34:44 +0900] "GET /~yosshi/wiki-old/index.php?cmd=edit&help=true&page=%C6%FC%B5%AD%2F2017-05-13 HTTP/1.1" 200 50 "-" "SAMSUNG-SGH-E250/1.0 Profile/MIDP-2.0 Configuration/CLDC-1.1 UP.Browser/6.2.3.3.c.1.101 (GUI) MMP/2.0 (compatible; Googlebot-Mobile/2.1; +http://www.google.com/bot.html)"
119.63.196.92 - - [07/Apr/2013:05:35:29 +0900] "GET /note/note_detail/944 HTTP/1.1" 301 - "-" "Mozilla/5.0 (compatible; Baiduspider/2.0; +http://www.baidu.com/search/spider.html)"
119.63.196.95 - - [07/Apr/2013:05:35:30 +0900] "GET /note/note_detail/944/ HTTP/1.1" 200 10859 "-" "Mozilla/5.0 (compatible; Baiduspider/2.0; +http://www.baidu.com/search/spider.html)"
72.14.199.52 - - [07/Apr/2013:05:36:06 +0900] "GET /~yosshi/wiki-old/index.php?cmd=edit&help=true&page=%C6%FC%B5%AD%2F2021-04-29 HTTP/1.1" 200 50 "-" "DoCoMo/2.0 N905i(c100;TB;W24H16) (compatible; Googlebot-Mobile/2.1; +http://www.google.com/bot.html)"
66.249.76.52 - - [07/Apr/2013:05:36:18 +0900] "GET /ontolopedia/disp/word_show/117470 HTTP/1.1" 500 309 "-" "Mozilla/5.0 (compatible; Googlebot/2.1; +http://www.google.com/bot.html)"
124.100.210.107 - - [07/Apr/2013:05:37:00 +0900] "GET /note/note_detail/1969/ HTTP/1.1" 200 12818 "https://www.google.co.jp/" "Mozilla/5.0 (Windows NT 6.1) AppleWebKit/537.31 (KHTML, like Gecko) Chrome/26.0.1410.43 Safari/537.31"
124.100.210.107 - - [07/Apr/2013:05:37:01 +0900] "GET /site_media/js/jquery.jqplot.min.js HTTP/1.1" 200 109976 "http://www.nal.ie.u-ryukyu.ac.jp/note/note_detail/1969/" "Mozilla/5.0 (Windows NT 6.1) AppleWebKit/537.31 (KHTML, like Gecko) Chrome/26.0.1410.43 Safari/537.31"
124.100.210.107 - - [07/Apr/2013:05:37:01 +0900] "GET /site_media/js/jquery-1.5.1.min.js HTTP/1.1" 200 85260 "http://www.nal.ie.u-ryukyu.ac.jp/note/note_detail/1969/" "Mozilla/5.0 (Windows NT 6.1) AppleWebKit/537.31 (KHTML, like Gecko) Chrome/26.0.1410.43 Safari/537.31"
124.100.210.107 - - [07/Apr/2013:05:37:01 +0900] "GET /site_media/js/note_form.js HTTP/1.1" 200 1669 "http://www.nal.ie.u-ryukyu.ac.jp/note/note_detail/1969/" "Mozilla/5.0 (Windows NT 6.1) AppleWebKit/537.31 (KHTML, like Gecko) Chrome/26.0.1410.43 Safari/537.31"
124.100.210.107 - - [07/Apr/2013:05:37:01 +0900] "GET /site_media/css/jquery.jqplot.min.css HTTP/1.1" 200 3057 "http://www.nal.ie.u-ryukyu.ac.jp/note/note_detail/1969/" "Mozilla/5.0 (Windows NT 6.1) AppleWebKit/537.31 (KHTML, like Gecko) Chrome/26.0.1410.43 Safari/537.31"
124.100.210.107 - - [07/Apr/2013:05:37:01 +0900] "GET /site_media/css/scaffold.css HTTP/1.1" 200 1697 "http://www.nal.ie.u-ryukyu.ac.jp/note/note_detail/1969/" "Mozilla/5.0 (Windows NT 6.1) AppleWebKit/537.31 (KHTML, like Gecko) Chrome/26.0.1410.43 Safari/537.31"
124.100.210.107 - - [07/Apr/2013:05:37:01 +0900] "GET /site_media/js/jquery.jqplot.js HTTP/1.1" 200 297129 "http://www.nal.ie.u-ryukyu.ac.jp/note/note_detail/1969/" "Mozilla/5.0 (Windows NT 6.1) AppleWebKit/537.31 (KHTML, like Gecko) Chrome/26.0.1410.43 Safari/537.31"
124.100.210.107 - - [07/Apr/2013:05:37:01 +0900] "GET /site_media/js/jqplot.barRenderer.min.js HTTP/1.1" 200 12614 "http://www.nal.ie.u-ryukyu.ac.jp/note/note_detail/1969/" "Mozilla/5.0 (Windows NT 6.1) AppleWebKit/537.31 (KHTML, like Gecko) Chrome/26.0.1410.43 Safari/537.31"
124.100.210.107 - - [07/Apr/2013:05:37:01 +0900] "GET /site_media/js/jqplot.cursor.min.js HTTP/1.1" 200 18517 "http://www.nal.ie.u-ryukyu.ac.jp/note/note_detail/1969/" "Mozilla/5.0 (Windows NT 6.1) AppleWebKit/537.31 (KHTML, like Gecko) Chrome/26.0.1410.43 Safari/537.31"
124.100.210.107 - - [07/Apr/2013:05:37:01 +0900] "GET /site_media/js/jqplot.dateAxisRenderer.min.js HTTP/1.1" 200 5434 "http://www.nal.ie.u-ryukyu.ac.jp/note/note_detail/1969/" "Mozilla/5.0 (Windows NT 6.1) AppleWebKit/537.31 (KHTML, like Gecko) Chrome/26.0.1410.43 Safari/537.31"
124.100.210.107 - - [07/Apr/2013:05:37:01 +0900] "GET /site_media/js/jqplot.canvasTextRenderer.min.js HTTP/1.1" 200 17281 "http://www.nal.ie.u-ryukyu.ac.jp/note/note_detail/1969/" "Mozilla/5.0 (Windows NT 6.1) AppleWebKit/537.31 (KHTML, like Gecko) Chrome/26.0.1410.43 Safari/537.31"
124.100.210.107 - - [07/Apr/2013:05:37:01 +0900] "GET /site_media/js/jqplot.canvasAxisTickRenderer.min.js HTTP/1.1" 200 4610 "http://www.nal.ie.u-ryukyu.ac.jp/note/note_detail/1969/" "Mozilla/5.0 (Windows NT 6.1) AppleWebKit/537.31 (KHTML, like Gecko) Chrome/26.0.1410.43 Safari/537.31"
124.100.210.107 - - [07/Apr/2013:05:37:02 +0900] "GET /note/json/Yamauchi HTTP/1.1" 200 519 "http://www.nal.ie.u-ryukyu.ac.jp/note/note_detail/1969/" "Mozilla/5.0 (Windows NT 6.1) AppleWebKit/537.31 (KHTML, like Gecko) Chrome/26.0.1410.43 Safari/537.31"
124.100.210.107 - - [07/Apr/2013:05:37:02 +0900] "GET /favicon.ico HTTP/1.1" 200 3638 "-" "Mozilla/5.0 (Windows NT 6.1) AppleWebKit/537.31 (KHTML, like Gecko) Chrome/26.0.1410.43 Safari/537.31"
66.249.76.52 - - [07/Apr/2013:05:37:04 +0900] "GET /~yosshi/wiki-old/index.php?cmd=edit&page=%C6%FC%B5%AD%2F1957-09-13&refer=%C6%FC%B5%AD HTTP/1.1" 200 1805 "-" "SAMSUNG-SGH-E250/1.0 Profile/MIDP-2.0 Configuration/CLDC-1.1 UP.Browser/6.2.3.3.c.1.101 (GUI) MMP/2.0 (compatible; Googlebot-Mobile/2.1; +http://www.google.com/bot.html)"
66.249.76.52 - - [07/Apr/2013:05:37:36 +0900] "GET /~yosshi/wiki-old/index.php?cmd=edit&page=%C6%FC%B5%AD%2F2017-05-05&refer=%C6%FC%B5%AD HTTP/1.1" 200 1805 "-" "SAMSUNG-SGH-E250/1.0 Profile/MIDP-2.0 Configuration/CLDC-1.1 UP.Browser/6.2.3.3.c.1.101 (GUI) MMP/2.0 (compatible; Googlebot-Mobile/2.1; +http://www.google.com/bot.html)"
157.55.35.113 - - [07/Apr/2013:05:38:08 +0900] "GET /~info3/wiki/index.php?cmd=backup&page=%B5%DC%BE%EB&age=2&action=source HTTP/1.1" 200 5066 "-" "Mozilla/5.0 (compatible; bingbot/2.0; +http://www.bing.com/bingbot.htm)"
157.55.35.113 - - [07/Apr/2013:05:38:08 +0900] "GET /wiki/index.php?Top%20Page%2F2007-04-20 HTTP/1.1" 200 8519 "-" "Mozilla/5.0 (compatible; bingbot/2.0; +http://www.bing.com/bingbot.htm)"
