157.55.32.77 - - [07/Apr/2013:12:12:44 +0900] "GET /~info3/wiki/index.php?cmd=backup&page=info3%20wiki&age=37&action=nowdiff HTTP/1.1" 200 20573 "-" "Mozilla/5.0 (compatible; bingbot/2.0; +http://www.bing.com/bingbot.htm)"
157.55.32.103 - - [07/Apr/2013:12:12:44 +0900] "GET /wiki/index.php?cmd=edit&page=hdsobzton HTTP/1.1" 401 7769 "-" "Mozilla/5.0 (compatible; bingbot/2.0; +http://www.bing.com/bingbot.htm)"
157.55.32.103 - - [07/Apr/2013:12:12:44 +0900] "GET /wiki/index.php?cmd=edit&page=guwcu HTTP/1.1" 401 7729 "-" "Mozilla/5.0 (compatible; bingbot/2.0; +http://www.bing.com/bingbot.htm)"
157.55.32.103 - - [07/Apr/2013:12:12:44 +0900] "GET /wiki/index.php?cmd=edit&page=hogeq&refer=%A5%B3%A5%E1%A5%F3%A5%C8%2F%A5%BC%A5%DF%A5%ED%A5%B0%2F%C2%E828%B2%F3%2F%C3%E6%B4%D6%C8%AF%C9%BD%B8%B6%B9%C62%28%B6%CC%BE%EB%B3%A8%C8%FE%29 HTTP/1.1" 401 7729 "-" "Mozilla/5.0 (compatible; bingbot/2.0; +http://www.bing.com/bingbot.htm)"
202.180.34.186 - - [07/Apr/2013:12:12:44 +0900] "GET /ontolopedia/disp/word_show/215726 HTTP/1.1" 200 8916 "-" "ICC-Crawler/2.0 (Mozilla-compatible; ; http://kc.nict.go.jp/project1/crawl.html)"
157.55.32.77 - - [07/Apr/2013:12:12:45 +0900] "GET /~info3/wiki/index.php?cmd=backup&page=info3%20wiki&age=56&action=nowdiff HTTP/1.1" 200 18923 "-" "Mozilla/5.0 (compatible; bingbot/2.0; +http://www.bing.com/bingbot.htm)"
157.55.32.77 - - [07/Apr/2013:12:12:45 +0900] "GET /~info3/wiki/index.php?plugin=attach&pcmd=upload&page=EqEi HTTP/1.1" 200 6305 "-" "Mozilla/5.0 (compatible; bingbot/2.0; +http://www.bing.com/bingbot.htm)"
157.55.32.77 - - [07/Apr/2013:12:12:45 +0900] "GET /~info3/wiki/index.php?cmd=backup&page=info3%20wiki&age=59 HTTP/1.1" 200 30466 "-" "Mozilla/5.0 (compatible; bingbot/2.0; +http://www.bing.com/bingbot.htm)"
157.55.35.82 - - [07/Apr/2013:12:12:45 +0900] "GET /wiki/index.php?cmd=diff&page=Emi%2F%C2%B4%CF%C0%C6%FC%BB%EF%28%A5%BF%A5%DE%A5%AD%A5%A8%A5%DF%29%2F2005-04-04 HTTP/1.1" 200 9258 "-" "Mozilla/5.0 (compatible; bingbot/2.0; +http://www.bing.com/bingbot.htm)"
157.55.35.82 - - [07/Apr/2013:12:12:45 +0900] "GET /wiki/index.php?cmd=edit&page=life%20insurance%20quotes&refer=%A5%BC%A5%DF%A5%ED%A5%B0%2F%C2%E823%B2%F3%2F1.%BC%C2%C1%F5%B2%BD%28%BD%E9%B4%FC%BD%E8%CD%FD%29%28%B6%CC%BE%EB%B3%A8%C8%FE%29 HTTP/1.1" 401 7913 "-" "Mozilla/5.0 (compatible; bingbot/2.0; +http://www.bing.com/bingbot.htm)"
157.55.35.82 - - [07/Apr/2013:12:12:45 +0900] "GET /wiki/index.php?cmd=edit&page=nal%2F%C6%FC%BB%EF%28%A5%C8%A5%A6%A5%DE%A5%CA%A5%EB%A5%A2%A5%AD%29%2F2005-05-23 HTTP/1.1" 401 8492 "-" "Mozilla/5.0 (compatible; bingbot/2.0; +http://www.bing.com/bingbot.htm)"
157.55.32.103 - - [07/Apr/2013:12:12:45 +0900] "GET /wiki/index.php?cmd=edit&page=hogeq&refer=%A5%BC%A5%DF%A5%ED%A5%B0%2F%C2%E828%B2%F3%2F%C3%E6%B4%D6%C8%AF%C9%BD%B8%B6%B9%C62%28%B6%CC%BE%EB%B3%A8%C8%FE%29 HTTP/1.1" 401 7729 "-" "Mozilla/5.0 (compatible; bingbot/2.0; +http://www.bing.com/bingbot.htm)"
157.55.32.103 - - [07/Apr/2013:12:12:45 +0900] "GET /wiki/index.php?cmd=edit&page=nal%2F%C6%FC%BB%EF%28%A5%C8%A5%A6%A5%DE%A5%CA%A5%EB%A5%A2%A5%AD%29%2F2005-05-24 HTTP/1.1" 401 8492 "-" "Mozilla/5.0 (compatible; bingbot/2.0; +http://www.bing.com/bingbot.htm)"
157.55.32.103 - - [07/Apr/2013:12:12:45 +0900] "GET /wiki/index.php?cmd=edit&page=jonn3&refer=%A5%BC%A5%DF%A5%ED%A5%B0%2F%C2%E828%B2%F3%2F%C3%E6%B4%D6%C8%AF%C9%BD%B8%B6%B9%C63%28%B6%CC%BE%EB%B3%A8%C8%FE%29 HTTP/1.1" 401 7729 "-" "Mozilla/5.0 (compatible; bingbot/2.0; +http://www.bing.com/bingbot.htm)"
157.55.32.77 - - [07/Apr/2013:12:12:45 +0900] "GET /~info3/wiki/index.php?plugin=attach&pcmd=upload&page=Gvltumrw HTTP/1.1" 200 6385 "-" "Mozilla/5.0 (compatible; bingbot/2.0; +http://www.bing.com/bingbot.htm)"
157.55.32.77 - - [07/Apr/2013:12:12:45 +0900] "GET /~info3/wiki/index.php?plugin=attach&pcmd=upload&page=HupfGxmuus HTTP/1.1" 200 6425 "-" "Mozilla/5.0 (compatible; bingbot/2.0; +http://www.bing.com/bingbot.htm)"
157.55.35.82 - - [07/Apr/2013:12:12:46 +0900] "GET /wiki/index.php?cmd=edit&page=nal%2F%C6%FC%BB%EF%28%A5%C8%A5%A6%A5%DE%A5%CA%A5%EB%A5%A2%A5%AD%29%2F2005-06-21 HTTP/1.1" 401 8492 "-" "Mozilla/5.0 (compatible; bingbot/2.0; +http://www.bing.com/bingbot.htm)"
157.55.35.82 - - [07/Apr/2013:12:12:46 +0900] "GET /wiki/index.php?cmd=edit&page=nal%2Fsociety HTTP/1.1" 401 7869 "-" "Mozilla/5.0 (compatible; bingbot/2.0; +http://www.bing.com/bingbot.htm)"
157.55.35.82 - - [07/Apr/2013:12:12:46 +0900] "GET /wiki/index.php?cmd=edit&page=test HTTP/1.1" 401 7719 "-" "Mozilla/5.0 (compatible; bingbot/2.0; +http://www.bing.com/bingbot.htm)"
157.55.32.77 - - [07/Apr/2013:12:12:46 +0900] "GET /~info3/wiki/index.php?plugin=attach&pcmd=upload&page=Jezzsfjn HTTP/1.1" 200 6385 "-" "Mozilla/5.0 (compatible; bingbot/2.0; +http://www.bing.com/bingbot.htm)"
157.55.32.103 - - [07/Apr/2013:12:12:46 +0900] "GET /wiki/index.php?cmd=edit&page=nal%2F%C6%FC%BB%EF%28%A5%C8%A5%A6%A5%DE%A5%CA%A5%EB%A5%A2%A5%AD%29%2F2005-06-30 HTTP/1.1" 401 8492 "-" "Mozilla/5.0 (compatible; bingbot/2.0; +http://www.bing.com/bingbot.htm)"
157.55.32.103 - - [07/Apr/2013:12:12:46 +0900] "GET /wiki/index.php?cmd=edit&page=nal%2Fworks%2F2007 HTTP/1.1" 401 7987 "-" "Mozilla/5.0 (compatible; bingbot/2.0; +http://www.bing.com/bingbot.htm)"
157.55.32.103 - - [07/Apr/2013:12:12:46 +0900] "GET /wiki/index.php?cmd=edit&page=nbxdhvubtfr HTTP/1.1" 401 7789 "-" "Mozilla/5.0 (compatible; bingbot/2.0; +http://www.bing.com/bingbot.htm)"
157.55.32.77 - - [07/Apr/2013:12:12:46 +0900] "GET /~info3/wiki/index.php?plugin=attach&pcmd=upload&page=Kaori HTTP/1.1" 200 6325 "-" "Mozilla/5.0 (compatible; bingbot/2.0; +http://www.bing.com/bingbot.htm)"
157.55.32.77 - - [07/Apr/2013:12:12:46 +0900] "GET /~info3/wiki/index.php?plugin=attach&pcmd=upload&page=NetDesign HTTP/1.1" 200 6405 "-" "Mozilla/5.0 (compatible; bingbot/2.0; +http://www.bing.com/bingbot.htm)"
66.249.76.52 - - [07/Apr/2013:12:12:46 +0900] "GET /ontolopedia/disp/word_show/378853 HTTP/1.1" 200 7790 "-" "Mozilla/5.0 (compatible; Googlebot/2.1; +http://www.google.com/bot.html)"
157.55.35.82 - - [07/Apr/2013:12:12:47 +0900] "GET /wiki/index.php?cmd=freeze&page=%A5%BC%A5%DF%A5%ED%A5%B0%2F%C2%E814%B2%F3%2F%B7%DA%A4%AF%A5%B7%A1%BC%A5%B1%A5%F3%A5%B9%28%B6%CC%BE%EB%B3%A8%C8%FE%29 HTTP/1.1" 200 9111 "-" "Mozilla/5.0 (compatible; bingbot/2.0; +http://www.bing.com/bingbot.htm)"
157.55.35.82 - - [07/Apr/2013:12:12:47 +0900] "GET /wiki/index.php?cmd=edit&page=warnz&refer=%A5%BC%A5%DF%A5%ED%A5%B0%2F%C2%E828%B2%F3%2F%C3%E6%B4%D6%C8%AF%C9%BD%B8%B6%B9%C63%28%B6%CC%BE%EB%B3%A8%C8%FE%29 HTTP/1.1" 401 7729 "-" "Mozilla/5.0 (compatible; bingbot/2.0; +http://www.bing.com/bingbot.htm)"
157.55.35.82 - - [07/Apr/2013:12:12:47 +0900] "GET /wiki/index.php?cmd=edit&page=yosshi%2F%A5%D7%A5%ED%A5%B0%A5%E9%A5%E0%2FWikipedia%CA%AC%B3%E4 HTTP/1.1" 401 8356 "-" "Mozilla/5.0 (compatible; bingbot/2.0; +http://www.bing.com/bingbot.htm)"
157.55.32.77 - - [07/Apr/2013:12:12:47 +0900] "GET /~info3/wiki/index.php?plugin=attach&pcmd=upload&page=porno%20tube HTTP/1.1" 200 6461 "-" "Mozilla/5.0 (compatible; bingbot/2.0; +http://www.bing.com/bingbot.htm)"
157.55.32.103 - - [07/Apr/2013:12:12:47 +0900] "GET /wiki/index.php?cmd=edit&page=order%20cialis%20online HTTP/1.1" 401 7893 "-" "Mozilla/5.0 (compatible; bingbot/2.0; +http://www.bing.com/bingbot.htm)"
157.55.32.103 - - [07/Apr/2013:12:12:47 +0900] "GET /wiki/index.php?cmd=edit&page=vacant%20home%20insurance&refer=%A5%BC%A5%DF%A5%ED%A5%B0%2F%C2%E823%B2%F3%2F1.%BC%C2%C1%F5%B2%BD%28%BD%E9%B4%FC%BD%E8%CD%FD%29%28%B6%CC%BE%EB%B3%A8%C8%FE%29 HTTP/1.1" 401 7913 "-" "Mozilla/5.0 (compatible; bingbot/2.0; +http://www.bing.com/bingbot.htm)"
157.55.32.103 - - [07/Apr/2013:12:12:47 +0900] "GET /wiki/index.php?cmd=edit&page=uipru HTTP/1.1" 401 7729 "-" "Mozilla/5.0 (compatible; bingbot/2.0; +http://www.bing.com/bingbot.htm)"
157.55.32.77 - - [07/Apr/2013:12:12:47 +0900] "GET /~yosshi/wiki-old/index.php?cmd=freeze&page=%C6%FC%B5%AD%2F2005-05-15 HTTP/1.1" 200 6519 "-" "Mozilla/5.0 (compatible; bingbot/2.0; +http://www.bing.com/bingbot.htm)"
157.55.32.77 - - [07/Apr/2013:12:12:47 +0900] "GET /~info3/wiki/index.php?plugin=attach&pcmd=upload&page=pornotv HTTP/1.1" 200 6365 "-" "Mozilla/5.0 (compatible; bingbot/2.0; +http://www.bing.com/bingbot.htm)"
66.249.76.52 - - [07/Apr/2013:12:12:47 +0900] "GET /ontolopedia/disp/word_show/310172 HTTP/1.1" 200 6580 "-" "Mozilla/5.0 (compatible; Googlebot/2.1; +http://www.google.com/bot.html)"
157.55.35.82 - - [07/Apr/2013:12:12:47 +0900] "GET /wiki/index.php?plugin=attach&pcmd=list&refer=daily%2Fsho HTTP/1.1" 200 6497 "-" "Mozilla/5.0 (compatible; bingbot/2.0; +http://www.bing.com/bingbot.htm)"
157.55.32.77 - - [07/Apr/2013:12:12:48 +0900] "GET /ontolopedia/disp/word_show/252082 HTTP/1.1" 403 235 "-" "Mozilla/5.0 (compatible; bingbot/2.0; +http://www.bing.com/bingbot.htm)"
157.55.35.82 - - [07/Apr/2013:12:12:48 +0900] "GET /wiki/index.php?plugin=attach&pcmd=list&refer=moveunece HTTP/1.1" 200 6497 "-" "Mozilla/5.0 (compatible; bingbot/2.0; +http://www.bing.com/bingbot.htm)"
157.55.35.82 - - [07/Apr/2013:12:12:48 +0900] "GET /wiki/index.php?plugin=attach&pcmd=list&refer=nal%2F%C6%FC%BB%EF%28%A5%C8%A5%A6%A5%DE%A5%CA%A5%EB%A5%A2%A5%AD%29%2F2005-06-01 HTTP/1.1" 200 6549 "-" "Mozilla/5.0 (compatible; bingbot/2.0; +http://www.bing.com/bingbot.htm)"
157.55.32.103 - - [07/Apr/2013:12:12:48 +0900] "GET /wiki/index.php?cmd=freeze&page=%A5%BC%A5%DF%A5%ED%A5%B0%2F%C2%E823%B2%F3%2F2.%A5%C7%A1%BC%A5%BF%A5%D9%A1%BC%A5%B9%A4%AB%A4%E9%C3%CD%A4%F2%BC%E8%A4%C3%A4%C6%A4%AF%A4%EB%28%B6%CC%BE%EB%B3%A8%C8%FE%29 HTTP/1.1" 200 9483 "-" "Mozilla/5.0 (compatible; bingbot/2.0; +http://www.bing.com/bingbot.htm)"
157.55.32.103 - - [07/Apr/2013:12:12:48 +0900] "GET /wiki/index.php?cmd=freeze&page=%A5%BC%A5%DF%A5%ED%A5%B0%2F%C2%E824%B2%F3%2F1.%A1%D8%28%C1%B0%CE%AC%29%A5%DE%A1%BC%A5%AB%A4%F2%CD%D1%A4%A4%A4%CA%A4%A4%A3%B3%BC%A1%B8%B5%CA%AA%C2%CE%C4%C9%C0%D7%BC%EA%CB%A1%A1%D9%A4%CE%BE%D2%B2%F0%28%B6%CC%BE%EB%B3%A8%C8%FE%29 HTTP/1.1" 200 9923 "-" "Mozilla/5.0 (compatible; bingbot/2.0; +http://www.bing.com/bingbot.htm)"
157.55.32.103 - - [07/Apr/2013:12:12:48 +0900] "GET /wiki/index.php?cmd=freeze&page=%A5%BC%A5%DF%A5%ED%A5%B0%2F%C2%E824%B2%F3%2F3.%A1%D8%BB%B0%BC%A1%B8%B5%B6%F5%B4%D6%A4%C7%A4%CE%C6%B0%A4%AD%A4%CE%B8%A1%BD%D0%A1%D9%A4%CE%BE%D2%B2%F0%28%B6%CC%BE%EB%B3%A8%C8%FE%29 HTTP/1.1" 200 9343 "-" "Mozilla/5.0 (compatible; bingbot/2.0; +http://www.bing.com/bingbot.htm)"
119.235.237.20 - - [07/Apr/2013:12:12:48 +0900] "GET /note/user/jackkitte/ HTTP/1.1" 200 69107 "-" "Yeti/1.0 (NHN Corp.; http://help.naver.com/robots/)"
157.55.32.77 - - [07/Apr/2013:12:12:48 +0900] "GET /ontolopedia/disp/word_show/252105 HTTP/1.1" 403 235 "-" "Mozilla/5.0 (compatible; bingbot/2.0; +http://www.bing.com/bingbot.htm)"
157.55.32.77 - - [07/Apr/2013:12:12:48 +0900] "GET /ontolopedia/disp/word_show/252253 HTTP/1.1" 403 235 "-" "Mozilla/5.0 (compatible; bingbot/2.0; +http://www.bing.com/bingbot.htm)"
157.55.35.82 - - [07/Apr/2013:12:12:49 +0900] "GET /wiki/index.php?plugin=attach&pcmd=list&refer=order%20cialis HTTP/1.1" 200 6503 "-" "Mozilla/5.0 (compatible; bingbot/2.0; +http://www.bing.com/bingbot.htm)"
157.55.32.77 - - [07/Apr/2013:12:12:49 +0900] "GET /ontolopedia/disp/word_show/252322 HTTP/1.1" 403 235 "-" "Mozilla/5.0 (compatible; bingbot/2.0; +http://www.bing.com/bingbot.htm)"
157.55.35.82 - - [07/Apr/2013:12:12:49 +0900] "GET /wiki/index.php?plugin=attach&pcmd=list&refer=uipru HTTP/1.1" 200 6489 "-" "Mozilla/5.0 (compatible; bingbot/2.0; +http://www.bing.com/bingbot.htm)"
157.55.35.82 - - [07/Apr/2013:12:12:49 +0900] "GET /wiki/index.php?plugin=attach&pcmd=list&refer=zemi%2F2005-04-18 HTTP/1.1" 200 6509 "-" "Mozilla/5.0 (compatible; bingbot/2.0; +http://www.bing.com/bingbot.htm)"
157.55.32.103 - - [07/Apr/2013:12:12:49 +0900] "GET /wiki/index.php?plugin=attach&pcmd=list&refer=nal%2F%C6%FC%BB%EF%28%A5%C8%A5%A6%A5%DE%A5%CA%A5%EB%A5%A2%A5%AD%29%2F2005-04-25 HTTP/1.1" 200 6549 "-" "Mozilla/5.0 (compatible; bingbot/2.0; +http://www.bing.com/bingbot.htm)"
157.55.32.103 - - [07/Apr/2013:12:12:49 +0900] "GET /wiki/index.php?plugin=attach&pcmd=list&refer=nal%2F%C6%FC%BB%EF%28%A5%C8%A5%A6%A5%DE%A5%CA%A5%EB%A5%A2%A5%AD%29%2F2005-05-13 HTTP/1.1" 200 6549 "-" "Mozilla/5.0 (compatible; bingbot/2.0; +http://www.bing.com/bingbot.htm)"
157.55.32.103 - - [07/Apr/2013:12:12:49 +0900] "GET /wiki/index.php?plugin=attach&pcmd=list&refer=nal%2F%C6%FC%BB%EF%28%A5%C8%A5%A6%A5%DE%A5%CA%A5%EB%A5%A2%A5%AD%29%2F2005-05-18 HTTP/1.1" 200 6549 "-" "Mozilla/5.0 (compatible; bingbot/2.0; +http://www.bing.com/bingbot.htm)"
157.55.32.77 - - [07/Apr/2013:12:12:49 +0900] "GET /ontolopedia/disp/word_show/252551 HTTP/1.1" 403 235 "-" "Mozilla/5.0 (compatible; bingbot/2.0; +http://www.bing.com/bingbot.htm)"
157.55.32.77 - - [07/Apr/2013:12:12:49 +0900] "GET /ontolopedia/disp/word_show/252484 HTTP/1.1" 403 235 "-" "Mozilla/5.0 (compatible; bingbot/2.0; +http://www.bing.com/bingbot.htm)"
157.55.32.77 - - [07/Apr/2013:12:12:50 +0900] "GET /ontolopedia/disp/word_show/270828 HTTP/1.1" 403 235 "-" "Mozilla/5.0 (compatible; bingbot/2.0; +http://www.bing.com/bingbot.htm)"
202.180.34.186 - - [07/Apr/2013:12:12:50 +0900] "GET /ontolopedia/disp/word_show/239906 HTTP/1.1" 200 16532 "-" "ICC-Crawler/2.0 (Mozilla-compatible; ; http://kc.nict.go.jp/project1/crawl.html)"
157.55.35.82 - - [07/Apr/2013:12:12:50 +0900] "GET /wiki/index.php?plugin=rename&refer=Emi%2F%C2%B4%CF%C0%C6%FC%BB%EF%28%A5%BF%A5%DE%A5%AD%A5%A8%A5%DF%29%2F2005-09-23 HTTP/1.1" 200 7161 "-" "Mozilla/5.0 (compatible; bingbot/2.0; +http://www.bing.com/bingbot.htm)"
157.55.35.82 - - [07/Apr/2013:12:12:50 +0900] "GET /wiki/index.php?plugin=rename&refer=PwXv HTTP/1.1" 200 49716 "-" "Mozilla/5.0 (compatible; bingbot/2.0; +http://www.bing.com/bingbot.htm)"
157.55.35.82 - - [07/Apr/2013:12:12:50 +0900] "GET /~info3/wiki/index.php?Zznuvmeh HTTP/1.1" 401 6092 "-" "Mozilla/5.0 (compatible; bingbot/2.0; +http://www.bing.com/bingbot.htm)"
157.55.32.77 - - [07/Apr/2013:12:12:50 +0900] "GET /ontolopedia/disp/word_show/27107 HTTP/1.1" 403 234 "-" "Mozilla/5.0 (compatible; bingbot/2.0; +http://www.bing.com/bingbot.htm)"
157.55.32.77 - - [07/Apr/2013:12:12:50 +0900] "GET /ontolopedia/disp/word_show/271112 HTTP/1.1" 403 235 "-" "Mozilla/5.0 (compatible; bingbot/2.0; +http://www.bing.com/bingbot.htm)"
157.55.32.103 - - [07/Apr/2013:12:12:50 +0900] "GET /wiki/index.php?plugin=attach&pcmd=list&refer=nal%2F%C6%FC%BB%EF%28%A5%C8%A5%A6%A5%DE%A5%CA%A5%EB%A5%A2%A5%AD%29%2F2005-06-16 HTTP/1.1" 200 6549 "-" "Mozilla/5.0 (compatible; bingbot/2.0; +http://www.bing.com/bingbot.htm)"
157.55.32.103 - - [07/Apr/2013:12:12:51 +0900] "GET /wiki/index.php?plugin=attach&pcmd=list&refer=nal%2F%C6%FC%BB%EF%28%A5%C8%A5%A6%A5%DE%A5%CA%A5%EB%A5%A2%A5%AD%29%2F2005-06-22 HTTP/1.1" 200 6549 "-" "Mozilla/5.0 (compatible; bingbot/2.0; +http://www.bing.com/bingbot.htm)"
157.55.32.103 - - [07/Apr/2013:12:12:51 +0900] "GET /wiki/index.php?plugin=attach&pcmd=list&refer=nal%2F%C6%FC%BB%EF%28%A5%C8%A5%A6%A5%DE%A5%CA%A5%EB%A5%A2%A5%AD%29%2F2005-06-24 HTTP/1.1" 200 6549 "-" "Mozilla/5.0 (compatible; bingbot/2.0; +http://www.bing.com/bingbot.htm)"
157.55.32.77 - - [07/Apr/2013:12:12:51 +0900] "GET /ontolopedia/disp/word_show/271223 HTTP/1.1" 403 235 "-" "Mozilla/5.0 (compatible; bingbot/2.0; +http://www.bing.com/bingbot.htm)"
157.55.35.82 - - [07/Apr/2013:12:12:51 +0900] "GET /~info3/wiki/index.php?cmd=backup&action=&page=%C0%AE%C5%C4%A1%F5%B6%E2%BE%EB%C8%C9&age=4 HTTP/1.1" 200 15876 "-" "Mozilla/5.0 (compatible; bingbot/2.0; +http://www.bing.com/bingbot.htm)"
157.55.32.77 - - [07/Apr/2013:12:12:51 +0900] "GET /ontolopedia/disp/word_show/271233 HTTP/1.1" 403 235 "-" "Mozilla/5.0 (compatible; bingbot/2.0; +http://www.bing.com/bingbot.htm)"
157.55.32.77 - - [07/Apr/2013:12:12:51 +0900] "GET /ontolopedia/disp/word_show/271267 HTTP/1.1" 403 235 "-" "Mozilla/5.0 (compatible; bingbot/2.0; +http://www.bing.com/bingbot.htm)"
157.55.35.82 - - [07/Apr/2013:12:12:51 +0900] "GET /~info3/wiki/index.php?cmd=backup&action=&page=%CA%BF%C5%C4%A1%F5%B6%E2%BE%EB%2FLevel3&age=3 HTTP/1.1" 200 10678 "-" "Mozilla/5.0 (compatible; bingbot/2.0; +http://www.bing.com/bingbot.htm)"
157.55.35.82 - - [07/Apr/2013:12:12:51 +0900] "GET /~info3/wiki/index.php?cmd=backup&action=&page=%C0%AE%C5%C4%A1%F5%B6%E2%BE%EB%C8%C9&age=32 HTTP/1.1" 200 166778 "-" "Mozilla/5.0 (compatible; bingbot/2.0; +http://www.bing.com/bingbot.htm)"
157.55.32.103 - - [07/Apr/2013:12:12:52 +0900] "GET /wiki/index.php?plugin=attach&pcmd=list&refer=nal%2Fworks%2F2006 HTTP/1.1" 200 6507 "-" "Mozilla/5.0 (compatible; bingbot/2.0; +http://www.bing.com/bingbot.htm)"
157.55.32.103 - - [07/Apr/2013:12:12:52 +0900] "GET /wiki/index.php?plugin=attach&pcmd=list&refer=nal%2Fworks%2F2007 HTTP/1.1" 200 6507 "-" "Mozilla/5.0 (compatible; bingbot/2.0; +http://www.bing.com/bingbot.htm)"
157.55.32.103 - - [07/Apr/2013:12:12:52 +0900] "GET /wiki/index.php?plugin=attach&pcmd=list&refer=order%20cialis%20online HTTP/1.1" 200 6517 "-" "Mozilla/5.0 (compatible; bingbot/2.0; +http://www.bing.com/bingbot.htm)"
157.55.32.77 - - [07/Apr/2013:12:12:52 +0900] "GET /ontolopedia/disp/word_show/271271 HTTP/1.1" 403 235 "-" "Mozilla/5.0 (compatible; bingbot/2.0; +http://www.bing.com/bingbot.htm)"
66.249.76.52 - - [07/Apr/2013:12:12:52 +0900] "GET /~yosshi/wiki-old/index.php?cmd=edit&help=true&page=%C6%FC%B5%AD%2F2017-08-17 HTTP/1.1" 200 50 "-" "SAMSUNG-SGH-E250/1.0 Profile/MIDP-2.0 Configuration/CLDC-1.1 UP.Browser/6.2.3.3.c.1.101 (GUI) MMP/2.0 (compatible; Googlebot-Mobile/2.1; +http://www.google.com/bot.html)"
157.55.32.77 - - [07/Apr/2013:12:12:52 +0900] "GET /ontolopedia/disp/word_show/27135 HTTP/1.1" 403 234 "-" "Mozilla/5.0 (compatible; bingbot/2.0; +http://www.bing.com/bingbot.htm)"
157.55.32.77 - - [07/Apr/2013:12:12:52 +0900] "GET /ontolopedia/disp/word_show/271733 HTTP/1.1" 403 235 "-" "Mozilla/5.0 (compatible; bingbot/2.0; +http://www.bing.com/bingbot.htm)"
157.55.35.82 - - [07/Apr/2013:12:12:52 +0900] "GET /~info3/wiki/index.php?cmd=backup&action=&page=Level1&age=3 HTTP/1.1" 200 11970 "-" "Mozilla/5.0 (compatible; bingbot/2.0; +http://www.bing.com/bingbot.htm)"
157.55.35.82 - - [07/Apr/2013:12:12:53 +0900] "GET /~info3/wiki/index.php?cmd=backup&action=delete&page=%B1%A6%BB%B3%A1%F5%BA%D8%C6%A3 HTTP/1.1" 200 4640 "-" "Mozilla/5.0 (compatible; bingbot/2.0; +http://www.bing.com/bingbot.htm)"
157.55.32.103 - - [07/Apr/2013:12:12:53 +0900] "GET /wiki/index.php?plugin=attach&pcmd=list&refer=zemi HTTP/1.1" 200 6487 "-" "Mozilla/5.0 (compatible; bingbot/2.0; +http://www.bing.com/bingbot.htm)"
157.55.32.103 - - [07/Apr/2013:12:12:53 +0900] "GET /wiki/index.php?plugin=rename&refer=Emi%2F%C2%B4%CF%C0%C6%FC%BB%EF%28%A5%BF%A5%DE%A5%AD%A5%A8%A5%DF%29%2F2005-09-22 HTTP/1.1" 200 7161 "-" "Mozilla/5.0 (compatible; bingbot/2.0; +http://www.bing.com/bingbot.htm)"
157.55.32.103 - - [07/Apr/2013:12:12:53 +0900] "GET /wiki/index.php?plugin=attach&pcmd=list&refer=yosshi%2F%C3%E6%B4%D6%C8%AF%C9%BD%A4%BD%A4%CE%A3%B1 HTTP/1.1" 200 9137 "-" "Mozilla/5.0 (compatible; bingbot/2.0; +http://www.bing.com/bingbot.htm)"
157.55.32.77 - - [07/Apr/2013:12:12:53 +0900] "GET /ontolopedia/disp/word_show/271863 HTTP/1.1" 403 235 "-" "Mozilla/5.0 (compatible; bingbot/2.0; +http://www.bing.com/bingbot.htm)"
157.55.32.77 - - [07/Apr/2013:12:12:53 +0900] "GET /ontolopedia/disp/word_show/271919 HTTP/1.1" 403 235 "-" "Mozilla/5.0 (compatible; bingbot/2.0; +http://www.bing.com/bingbot.htm)"
157.55.32.77 - - [07/Apr/2013:12:12:53 +0900] "GET /ontolopedia/disp/word_show/27204 HTTP/1.1" 403 234 "-" "Mozilla/5.0 (compatible; bingbot/2.0; +http://www.bing.com/bingbot.htm)"
157.55.35.82 - - [07/Apr/2013:12:12:53 +0900] "GET /~info3/wiki/index.php?cmd=backup&action=delete&page=%B4%E4%C0%A5%E6%C6 HTTP/1.1" 200 4592 "-" "Mozilla/5.0 (compatible; bingbot/2.0; +http://www.bing.com/bingbot.htm)"
66.249.76.52 - - [07/Apr/2013:12:12:53 +0900] "GET /ontolopedia/disp/word_show/212687 HTTP/1.1" 200 10387 "-" "Mozilla/5.0 (compatible; Googlebot/2.1; +http://www.google.com/bot.html)"
157.55.32.103 - - [07/Apr/2013:12:12:54 +0900] "GET /wiki/index.php?plugin=rename&refer=Emi%2F%C2%B4%CF%C0%C6%FC%BB%EF%28%A5%BF%A5%DE%A5%AD%A5%A8%A5%DF%29%2F2005-11-16 HTTP/1.1" 200 7161 "-" "Mozilla/5.0 (compatible; bingbot/2.0; +http://www.bing.com/bingbot.htm)"
157.55.32.103 - - [07/Apr/2013:12:12:54 +0900] "GET /wiki/index.php?plugin=rename&refer=OwnsvnrrkIhPu HTTP/1.1" 200 49725 "-" "Mozilla/5.0 (compatible; bingbot/2.0; +http://www.bing.com/bingbot.htm)"
157.55.32.103 - - [07/Apr/2013:12:12:54 +0900] "GET /wiki/index.php?plugin=rename&refer=SourceForge HTTP/1.1" 200 49723 "-" "Mozilla/5.0 (compatible; bingbot/2.0; +http://www.bing.com/bingbot.htm)"
157.55.32.77 - - [07/Apr/2013:12:12:54 +0900] "GET /ontolopedia/disp/word_show/27215 HTTP/1.1" 403 234 "-" "Mozilla/5.0 (compatible; bingbot/2.0; +http://www.bing.com/bingbot.htm)"
157.55.35.82 - - [07/Apr/2013:12:12:54 +0900] "GET /~info3/wiki/index.php?cmd=backup&action=delete&page=%B5%DC%CE%A4%A1%F5%CD%BF%B5%B7%C8%C9 HTTP/1.1" 200 4664 "-" "Mozilla/5.0 (compatible; bingbot/2.0; +http://www.bing.com/bingbot.htm)"
157.55.35.82 - - [07/Apr/2013:12:12:54 +0900] "GET /~info3/wiki/index.php?cmd=backup&action=delete&page=%B6%CC%BE%EB%BD%CA%B5%AA HTTP/1.1" 200 4616 "-" "Mozilla/5.0 (compatible; bingbot/2.0; +http://www.bing.com/bingbot.htm)"
157.55.32.77 - - [07/Apr/2013:12:12:54 +0900] "GET /ontolopedia/disp/word_show/272313 HTTP/1.1" 403 235 "-" "Mozilla/5.0 (compatible; bingbot/2.0; +http://www.bing.com/bingbot.htm)"
157.55.32.77 - - [07/Apr/2013:12:12:54 +0900] "GET /ontolopedia/disp/word_show/27263 HTTP/1.1" 403 234 "-" "Mozilla/5.0 (compatible; bingbot/2.0; +http://www.bing.com/bingbot.htm)"
157.55.35.82 - - [07/Apr/2013:12:12:54 +0900] "GET /~info3/wiki/index.php?cmd=backup&action=delete&page=%BB%B3%BE%EB%A1%F5%B5%DC%BE%EB%C8%C9 HTTP/1.1" 200 4664 "-" "Mozilla/5.0 (compatible; bingbot/2.0; +http://www.bing.com/bingbot.htm)"
157.55.32.103 - - [07/Apr/2013:12:12:55 +0900] "GET /wiki/index.php?plugin=rename&refer=TGmarrickville HTTP/1.1" 200 49726 "-" "Mozilla/5.0 (compatible; bingbot/2.0; +http://www.bing.com/bingbot.htm)"
157.55.32.77 - - [07/Apr/2013:12:12:55 +0900] "GET /ontolopedia/disp/word_show/272719 HTTP/1.1" 403 235 "-" "Mozilla/5.0 (compatible; bingbot/2.0; +http://www.bing.com/bingbot.htm)"
66.249.76.52 - - [07/Apr/2013:12:12:55 +0900] "GET /ontolopedia/disp/word_show/410903 HTTP/1.1" 200 9826 "-" "Mozilla/5.0 (compatible; Googlebot/2.1; +http://www.google.com/bot.html)"
157.55.35.82 - - [07/Apr/2013:12:12:55 +0900] "GET /~info3/wiki/index.php?cmd=backup&action=delete&page=%C8%E6%B2%C5%CD%CE%B2%F0 HTTP/1.1" 200 4616 "-" "Mozilla/5.0 (compatible; bingbot/2.0; +http://www.bing.com/bingbot.htm)"
157.55.35.82 - - [07/Apr/2013:12:12:55 +0900] "GET /~info3/wiki/index.php?cmd=backup&action=delete&page=2005%2Finfo4%2FLevel3 HTTP/1.1" 200 4634 "-" "Mozilla/5.0 (compatible; bingbot/2.0; +http://www.bing.com/bingbot.htm)"
202.180.34.186 - - [07/Apr/2013:12:12:55 +0900] "GET /ontolopedia/disp/word_show/22379 HTTP/1.1" 200 4193 "-" "ICC-Crawler/2.0 (Mozilla-compatible; ; http://kc.nict.go.jp/project1/crawl.html)"
157.55.32.77 - - [07/Apr/2013:12:12:55 +0900] "GET /ontolopedia/disp/word_show/272785 HTTP/1.1" 403 235 "-" "Mozilla/5.0 (compatible; bingbot/2.0; +http://www.bing.com/bingbot.htm)"
157.55.32.77 - - [07/Apr/2013:12:12:55 +0900] "GET /ontolopedia/disp/word_show/273065 HTTP/1.1" 403 235 "-" "Mozilla/5.0 (compatible; bingbot/2.0; +http://www.bing.com/bingbot.htm)"
157.55.32.103 - - [07/Apr/2013:12:12:55 +0900] "GET /~info3/wiki/index.php?cmd=backup&action=&page=%B6%B6%CB%DC%A1%F5%B6%CC%C6%E1%C7%C6%C8%CB%B9%F1&age=4 HTTP/1.1" 200 6887 "-" "Mozilla/5.0 (compatible; bingbot/2.0; +http://www.bing.com/bingbot.htm)"
157.55.32.103 - - [07/Apr/2013:12:12:55 +0900] "GET /~info3/wiki/index.php?cmd=backup&action=&page=%C0%AE%C5%C4%A1%F5%B6%E2%BE%EB%C8%C9&age=3 HTTP/1.1" 200 15595 "-" "Mozilla/5.0 (compatible; bingbot/2.0; +http://www.bing.com/bingbot.htm)"
157.55.32.77 - - [07/Apr/2013:12:12:56 +0900] "GET /ontolopedia/disp/word_show/273420 HTTP/1.1" 403 235 "-" "Mozilla/5.0 (compatible; bingbot/2.0; +http://www.bing.com/bingbot.htm)"
157.55.35.82 - - [07/Apr/2013:12:12:56 +0900] "GET /~info3/wiki/index.php?cmd=backup&action=delete&page=2005%2Finfo4%2FLevel5 HTTP/1.1" 200 4634 "-" "Mozilla/5.0 (compatible; bingbot/2.0; +http://www.bing.com/bingbot.htm)"
157.55.35.82 - - [07/Apr/2013:12:12:56 +0900] "GET /~info3/wiki/index.php?cmd=backup&action=delete&page=2005%2Finfo4%2FLevel9 HTTP/1.1" 200 4634 "-" "Mozilla/5.0 (compatible; bingbot/2.0; +http://www.bing.com/bingbot.htm)"
157.55.35.82 - - [07/Apr/2013:12:12:56 +0900] "GET /~info3/wiki/index.php?cmd=backup&action=diff&page=%3ARenameLog&age=3 HTTP/1.1" 200 5981 "-" "Mozilla/5.0 (compatible; bingbot/2.0; +http://www.bing.com/bingbot.htm)"
157.55.32.77 - - [07/Apr/2013:12:12:56 +0900] "GET /ontolopedia/disp/word_show/273749 HTTP/1.1" 403 235 "-" "Mozilla/5.0 (compatible; bingbot/2.0; +http://www.bing.com/bingbot.htm)"
157.55.32.77 - - [07/Apr/2013:12:12:56 +0900] "GET /ontolopedia/disp/word_show/2739 HTTP/1.1" 403 233 "-" "Mozilla/5.0 (compatible; bingbot/2.0; +http://www.bing.com/bingbot.htm)"
157.55.32.103 - - [07/Apr/2013:12:12:56 +0900] "GET /~info3/wiki/index.php?cmd=backup&action=&page=%CA%BF%C5%C4%A1%F5%B6%E2%BE%EB%2FLevel3&age=2 HTTP/1.1" 200 9536 "-" "Mozilla/5.0 (compatible; bingbot/2.0; +http://www.bing.com/bingbot.htm)"
157.55.32.103 - - [07/Apr/2013:12:12:56 +0900] "GET /~info3/wiki/index.php?cmd=backup&action=&page=2%B7%EE1%C6%FC&age=2 HTTP/1.1" 200 8819 "-" "Mozilla/5.0 (compatible; bingbot/2.0; +http://www.bing.com/bingbot.htm)"
157.55.32.77 - - [07/Apr/2013:12:12:57 +0900] "GET /ontolopedia/disp/word_show/291448 HTTP/1.1" 403 235 "-" "Mozilla/5.0 (compatible; bingbot/2.0; +http://www.bing.com/bingbot.htm)"
157.55.32.103 - - [07/Apr/2013:12:12:57 +0900] "GET /~info3/wiki/index.php?cmd=backup&action=delete&page=%B2%CF%CC%EE%C2%EE%CC%E9%2C%C0%D0%B8%B6%B9%C0%2Flevel3 HTTP/1.1" 200 4748 "-" "Mozilla/5.0 (compatible; bingbot/2.0; +http://www.bing.com/bingbot.htm)"
157.55.35.82 - - [07/Apr/2013:12:12:57 +0900] "GET /~info3/wiki/index.php?cmd=backup&action=diff&page=%B5%C4%BB%F6%CF%BF2007&age=6 HTTP/1.1" 200 9538 "-" "Mozilla/5.0 (compatible; bingbot/2.0; +http://www.bing.com/bingbot.htm)"
157.55.35.82 - - [07/Apr/2013:12:12:57 +0900] "GET /~info3/wiki/index.php?cmd=backup&action=diff&page=%B5%DC%BE%EB%A1%F5%CB%DC%C2%BC%C8%C9&age=3 HTTP/1.1" 200 6644 "-" "Mozilla/5.0 (compatible; bingbot/2.0; +http://www.bing.com/bingbot.htm)"
157.55.35.82 - - [07/Apr/2013:12:12:57 +0900] "GET /~info3/wiki/index.php?cmd=backup&action=diff&page=%B5%DC%CE%A4%A1%F5%CD%BF%B5%B7%C8%C9&age=5 HTTP/1.1" 200 8734 "-" "Mozilla/5.0 (compatible; bingbot/2.0; +http://www.bing.com/bingbot.htm)"
157.55.32.77 - - [07/Apr/2013:12:12:57 +0900] "GET /ontolopedia/disp/word_show/29148 HTTP/1.1" 403 234 "-" "Mozilla/5.0 (compatible; bingbot/2.0; +http://www.bing.com/bingbot.htm)"
157.55.32.77 - - [07/Apr/2013:12:12:57 +0900] "GET /ontolopedia/disp/word_show/291779 HTTP/1.1" 403 235 "-" "Mozilla/5.0 (compatible; bingbot/2.0; +http://www.bing.com/bingbot.htm)"
157.55.32.77 - - [07/Apr/2013:12:12:58 +0900] "GET /ontolopedia/disp/word_show/292323 HTTP/1.1" 403 235 "-" "Mozilla/5.0 (compatible; bingbot/2.0; +http://www.bing.com/bingbot.htm)"
157.55.35.82 - - [07/Apr/2013:12:12:58 +0900] "GET /~info3/wiki/index.php?cmd=backup&action=diff&page=%B5%DC%CE%A4%A1%F5%CD%BF%B5%B7%C8%C9&age=9 HTTP/1.1" 200 9072 "-" "Mozilla/5.0 (compatible; bingbot/2.0; +http://www.bing.com/bingbot.htm)"
157.55.35.82 - - [07/Apr/2013:12:12:58 +0900] "GET /~info3/wiki/index.php?cmd=backup&page=%B5%DC%CE%A4%A1%F5%CD%BF%B5%B7%C8%C9&age=11&action=source HTTP/1.1" 200 9200 "-" "Mozilla/5.0 (compatible; bingbot/2.0; +http://www.bing.com/bingbot.htm)"
157.55.35.82 - - [07/Apr/2013:12:12:58 +0900] "GET /~info3/wiki/index.php?cmd=backup&page=%B5%DC%CE%A4%A1%F5%CD%BF%B5%B7%C8%C9&age=1&action=nowdiff HTTP/1.1" 200 10154 "-" "Mozilla/5.0 (compatible; bingbot/2.0; +http://www.bing.com/bingbot.htm)"
157.55.32.77 - - [07/Apr/2013:12:12:58 +0900] "GET /ontolopedia/disp/word_show/292611 HTTP/1.1" 403 235 "-" "Mozilla/5.0 (compatible; bingbot/2.0; +http://www.bing.com/bingbot.htm)"
157.55.32.77 - - [07/Apr/2013:12:12:58 +0900] "GET /ontolopedia/disp/word_show/29309 HTTP/1.1" 403 234 "-" "Mozilla/5.0 (compatible; bingbot/2.0; +http://www.bing.com/bingbot.htm)"
157.55.32.103 - - [07/Apr/2013:12:12:58 +0900] "GET /~info3/wiki/index.php?cmd=backup&action=delete&page=%B9%E2%C2%BC%A1%F5%C3%E7%B4%D6%C8%C9%2FLevel2 HTTP/1.1" 200 4712 "-" "Mozilla/5.0 (compatible; bingbot/2.0; +http://www.bing.com/bingbot.htm)"
157.55.32.103 - - [07/Apr/2013:12:12:58 +0900] "GET /~info3/wiki/index.php?cmd=backup&action=delete&page=%BA%BD%C0%EE%A1%F5%CD%BF%B5%B7%C8%C9 HTTP/1.1" 200 4664 "-" "Mozilla/5.0 (compatible; bingbot/2.0; +http://www.bing.com/bingbot.htm)"
157.55.32.77 - - [07/Apr/2013:12:12:59 +0900] "GET /ontolopedia/disp/word_show/293487 HTTP/1.1" 403 235 "-" "Mozilla/5.0 (compatible; bingbot/2.0; +http://www.bing.com/bingbot.htm)"
157.55.32.103 - - [07/Apr/2013:12:12:59 +0900] "GET /~info3/wiki/index.php?cmd=backup&action=delete&page=%BA%C2%B4%D6%CC%A3%A1%F5%BF%F9%B4%DD%C8%C9 HTTP/1.1" 200 4688 "-" "Mozilla/5.0 (compatible; bingbot/2.0; +http://www.bing.com/bingbot.htm)"
157.55.35.82 - - [07/Apr/2013:12:12:59 +0900] "GET /~info3/wiki/index.php?cmd=backup&page=%B5%DC%CE%A4%A1%F5%CD%BF%B5%B7%C8%C9&age=7&action=diff HTTP/1.1" 200 8891 "-" "Mozilla/5.0 (compatible; bingbot/2.0; +http://www.bing.com/bingbot.htm)"
157.55.35.82 - - [07/Apr/2013:12:12:59 +0900] "GET /~info3/wiki/index.php?cmd=backup&page=%B5%DC%CE%A4%A1%F5%CD%BF%B5%B7%C8%C9&age=9&action=nowdiff HTTP/1.1" 200 9780 "-" "Mozilla/5.0 (compatible; bingbot/2.0; +http://www.bing.com/bingbot.htm)"
157.55.35.82 - - [07/Apr/2013:12:12:59 +0900] "GET /~info3/wiki/index.php?cmd=backup&page=%B6%B6%CB%DC%A1%F5%B6%CC%C6%E1%C7%C6%C8%CB%B9%F1%2FLevel2&age=1 HTTP/1.1" 200 6367 "-" "Mozilla/5.0 (compatible; bingbot/2.0; +http://www.bing.com/bingbot.htm)"
157.55.32.103 - - [07/Apr/2013:12:12:59 +0900] "GET /~info3/wiki/index.php?cmd=backup&action=delete&page=%BD%C5%BF%AE%C2%F6%BF%CD%A1%F5%B5%DC%CE%A4%CD%A7%C8%FE HTTP/1.1" 200 4736 "-" "Mozilla/5.0 (compatible; bingbot/2.0; +http://www.bing.com/bingbot.htm)"
66.249.76.52 - - [07/Apr/2013:12:12:59 +0900] "GET /ontolopedia/disp/word_show/233683 HTTP/1.1" 200 7641 "-" "Mozilla/5.0 (compatible; Googlebot/2.1; +http://www.google.com/bot.html)"
157.55.32.77 - - [07/Apr/2013:12:12:59 +0900] "GET /ontolopedia/disp/word_show/294385 HTTP/1.1" 403 235 "-" "Mozilla/5.0 (compatible; bingbot/2.0; +http://www.bing.com/bingbot.htm)"
157.55.32.103 - - [07/Apr/2013:12:12:59 +0900] "GET /~info3/wiki/index.php?cmd=backup&action=delete&page=%C4%AE%C5%C4%BD%A1%B1%FB%A1%F5%BE%C2%C5%C4%E6%C6%CA%BF HTTP/1.1" 200 4736 "-" "Mozilla/5.0 (compatible; bingbot/2.0; +http://www.bing.com/bingbot.htm)"
157.55.32.77 - - [07/Apr/2013:12:13:00 +0900] "GET /ontolopedia/disp/word_show/295199 HTTP/1.1" 403 235 "-" "Mozilla/5.0 (compatible; bingbot/2.0; +http://www.bing.com/bingbot.htm)"
157.55.32.77 - - [07/Apr/2013:12:13:00 +0900] "GET /ontolopedia/disp/word_show/295499 HTTP/1.1" 403 235 "-" "Mozilla/5.0 (compatible; bingbot/2.0; +http://www.bing.com/bingbot.htm)"
157.55.35.82 - - [07/Apr/2013:12:13:00 +0900] "GET /~info3/wiki/index.php?cmd=backup&page=%B6%B6%CB%DC%A1%F5%B6%CC%C6%E1%C7%C6%C8%CB%B9%F1%2FLevel2&age=1&action=diff HTTP/1.1" 200 6303 "-" "Mozilla/5.0 (compatible; bingbot/2.0; +http://www.bing.com/bingbot.htm)"
157.55.32.103 - - [07/Apr/2013:12:13:00 +0900] "GET /~info3/wiki/index.php?cmd=backup&action=delete&page=2005%2Finfo4%2FLevel10 HTTP/1.1" 200 4640 "-" "Mozilla/5.0 (compatible; bingbot/2.0; +http://www.bing.com/bingbot.htm)"
157.55.35.82 - - [07/Apr/2013:12:13:00 +0900] "GET /~info3/wiki/index.php?plugin=attach&pcmd=upload&page=GenesNum HTTP/1.1" 200 6385 "-" "Mozilla/5.0 (compatible; bingbot/2.0; +http://www.bing.com/bingbot.htm)"
157.55.35.82 - - [07/Apr/2013:12:13:00 +0900] "GET /~info3/wiki/index.php?cmd=backup&page=%B6%B6%CB%DC%A1%F5%B6%CC%C6%E1%C7%C6%C8%CB%B9%F1%2FLevel2&age=1&action=nowdiff HTTP/1.1" 200 12196 "-" "Mozilla/5.0 (compatible; bingbot/2.0; +http://www.bing.com/bingbot.htm)"
157.55.32.103 - - [07/Apr/2013:12:13:00 +0900] "GET /~info3/wiki/index.php?cmd=backup&action=delete&page=2006%2Finfo4 HTTP/1.1" 200 4586 "-" "Mozilla/5.0 (compatible; bingbot/2.0; +http://www.bing.com/bingbot.htm)"
157.55.32.103 - - [07/Apr/2013:12:13:00 +0900] "GET /~info3/wiki/index.php?cmd=backup&action=delete&page=2006%2Finfo3%2F%C2%E7%BE%EB%A1%F5%C3%CE%C7%B0%C8%C9 HTTP/1.1" 200 4742 "-" "Mozilla/5.0 (compatible; bingbot/2.0; +http://www.bing.com/bingbot.htm)"
157.55.32.77 - - [07/Apr/2013:12:13:00 +0900] "GET /ontolopedia/disp/word_show/295635 HTTP/1.1" 403 235 "-" "Mozilla/5.0 (compatible; bingbot/2.0; +http://www.bing.com/bingbot.htm)"
157.55.32.77 - - [07/Apr/2013:12:13:00 +0900] "GET /ontolopedia/disp/word_show/295863 HTTP/1.1" 403 235 "-" "Mozilla/5.0 (compatible; bingbot/2.0; +http://www.bing.com/bingbot.htm)"
157.55.32.77 - - [07/Apr/2013:12:13:01 +0900] "GET /ontolopedia/disp/word_show/319616 HTTP/1.1" 403 235 "-" "Mozilla/5.0 (compatible; bingbot/2.0; +http://www.bing.com/bingbot.htm)"
157.55.35.82 - - [07/Apr/2013:12:13:01 +0900] "GET /~info3/wiki/index.php?plugin=attach&pcmd=upload&page=Kxhcjpjb HTTP/1.1" 200 6385 "-" "Mozilla/5.0 (compatible; bingbot/2.0; +http://www.bing.com/bingbot.htm)"
157.55.32.103 - - [07/Apr/2013:12:13:01 +0900] "GET /~info3/wiki/index.php?cmd=backup&action=delete&page=Level3%28GA%20Planning%29 HTTP/1.1" 200 4652 "-" "Mozilla/5.0 (compatible; bingbot/2.0; +http://www.bing.com/bingbot.htm)"
157.55.35.82 - - [07/Apr/2013:12:13:01 +0900] "GET /~info3/wiki/index.php?plugin=attach&pcmd=upload&page=Level0_04G HTTP/1.1" 200 7106 "-" "Mozilla/5.0 (compatible; bingbot/2.0; +http://www.bing.com/bingbot.htm)"
157.55.35.82 - - [07/Apr/2013:12:13:01 +0900] "GET /~info3/wiki/index.php?plugin=attach&pcmd=upload&page=LtPn HTTP/1.1" 200 6305 "-" "Mozilla/5.0 (compatible; bingbot/2.0; +http://www.bing.com/bingbot.htm)"
202.180.34.186 - - [07/Apr/2013:12:13:01 +0900] "GET /ontolopedia/disp/word_show/81172 HTTP/1.1" 200 14092 "-" "ICC-Crawler/2.0 (Mozilla-compatible; ; http://kc.nict.go.jp/project1/crawl.html)"
157.55.32.103 - - [07/Apr/2013:12:13:01 +0900] "GET /~info3/wiki/index.php?cmd=backup&action=delete&page=weekly-meeting HTTP/1.1" 200 4604 "-" "Mozilla/5.0 (compatible; bingbot/2.0; +http://www.bing.com/bingbot.htm)"
157.55.32.103 - - [07/Apr/2013:12:13:01 +0900] "GET /~info3/wiki/index.php?cmd=backup&action=diff&page=%B5%C4%BB%F6%CF%BF&age=7 HTTP/1.1" 200 7337 "-" "Mozilla/5.0 (compatible; bingbot/2.0; +http://www.bing.com/bingbot.htm)"
157.55.32.77 - - [07/Apr/2013:12:13:02 +0900] "GET /ontolopedia/disp/word_show/37174 HTTP/1.1" 403 234 "-" "Mozilla/5.0 (compatible; bingbot/2.0; +http://www.bing.com/bingbot.htm)"
157.55.32.77 - - [07/Apr/2013:12:13:02 +0900] "GET /ontolopedia/disp/word_show/319808 HTTP/1.1" 403 235 "-" "Mozilla/5.0 (compatible; bingbot/2.0; +http://www.bing.com/bingbot.htm)"
157.55.32.77 - - [07/Apr/2013:12:13:02 +0900] "GET /ontolopedia/disp/word_show/372004 HTTP/1.1" 403 235 "-" "Mozilla/5.0 (compatible; bingbot/2.0; +http://www.bing.com/bingbot.htm)"
157.55.35.82 - - [07/Apr/2013:12:13:02 +0900] "GET /~info3/wiki/index.php?plugin=attach&pcmd=upload&page=Swtaydxq HTTP/1.1" 200 6385 "-" "Mozilla/5.0 (compatible; bingbot/2.0; +http://www.bing.com/bingbot.htm)"
157.55.32.103 - - [07/Apr/2013:12:13:02 +0900] "GET /~info3/wiki/index.php?cmd=backup&action=diff&page=%B5%DC%BE%EB%A1%F5%CB%DC%C2%BC%C8%C9&age=2 HTTP/1.1" 200 6761 "-" "Mozilla/5.0 (compatible; bingbot/2.0; +http://www.bing.com/bingbot.htm)"
157.55.35.82 - - [07/Apr/2013:12:13:02 +0900] "GET /~info3/wiki/index.php?plugin=attach&pcmd=upload&page=Tpeyrkwf HTTP/1.1" 200 6385 "-" "Mozilla/5.0 (compatible; bingbot/2.0; +http://www.bing.com/bingbot.htm)"
157.55.35.82 - - [07/Apr/2013:12:13:02 +0900] "GET /~info3/wiki/index.php?plugin=attach&pcmd=upload&page=WindowCloseEvent HTTP/1.1" 200 6545 "-" "Mozilla/5.0 (compatible; bingbot/2.0; +http://www.bing.com/bingbot.htm)"
157.55.32.103 - - [07/Apr/2013:12:13:02 +0900] "GET /~info3/wiki/index.php?cmd=backup&action=diff&page=%B5%DC%BE%EB%A1%F5%CB%DC%C2%BC%C8%C9&age=4 HTTP/1.1" 200 6715 "-" "Mozilla/5.0 (compatible; bingbot/2.0; +http://www.bing.com/bingbot.htm)"
157.55.32.103 - - [07/Apr/2013:12:13:02 +0900] "GET /~info3/wiki/index.php?cmd=backup&action=diff&page=%B5%DC%CE%A4%A1%F5%CD%BF%B5%B7%C8%C9&age=12 HTTP/1.1" 200 9455 "-" "Mozilla/5.0 (compatible; bingbot/2.0; +http://www.bing.com/bingbot.htm)"
157.55.32.77 - - [07/Apr/2013:12:13:03 +0900] "GET /ontolopedia/disp/word_show/398307 HTTP/1.1" 403 235 "-" "Mozilla/5.0 (compatible; bingbot/2.0; +http://www.bing.com/bingbot.htm)"
157.55.32.77 - - [07/Apr/2013:12:13:03 +0900] "GET /ontolopedia/disp/word_show/372085 HTTP/1.1" 403 235 "-" "Mozilla/5.0 (compatible; bingbot/2.0; +http://www.bing.com/bingbot.htm)"
157.55.32.77 - - [07/Apr/2013:12:13:03 +0900] "GET /ontolopedia/disp/word_show/372012 HTTP/1.1" 403 235 "-" "Mozilla/5.0 (compatible; bingbot/2.0; +http://www.bing.com/bingbot.htm)"
157.55.35.82 - - [07/Apr/2013:12:13:03 +0900] "GET /ontolopedia/disp/word_show/251951 HTTP/1.1" 403 235 "-" "Mozilla/5.0 (compatible; bingbot/2.0; +http://www.bing.com/bingbot.htm)"
157.55.35.82 - - [07/Apr/2013:12:13:03 +0900] "GET /ontolopedia/disp/word_show/25217 HTTP/1.1" 403 234 "-" "Mozilla/5.0 (compatible; bingbot/2.0; +http://www.bing.com/bingbot.htm)"
157.55.35.82 - - [07/Apr/2013:12:13:03 +0900] "GET /ontolopedia/disp/word_show/252682 HTTP/1.1" 403 235 "-" "Mozilla/5.0 (compatible; bingbot/2.0; +http://www.bing.com/bingbot.htm)"
157.55.32.103 - - [07/Apr/2013:12:13:03 +0900] "GET /~info3/wiki/index.php?cmd=backup&action=diff&page=%B5%DC%CE%A4%A1%F5%CD%BF%B5%B7%C8%C9&age=8 HTTP/1.1" 200 8975 "-" "Mozilla/5.0 (compatible; bingbot/2.0; +http://www.bing.com/bingbot.htm)"
157.55.32.103 - - [07/Apr/2013:12:13:03 +0900] "GET /~info3/wiki/index.php?cmd=backup&page=%B5%DC%CE%A4%A1%F5%CD%BF%B5%B7%C8%C9&age=14&action=source HTTP/1.1" 200 9489 "-" "Mozilla/5.0 (compatible; bingbot/2.0; +http://www.bing.com/bingbot.htm)"
157.55.32.103 - - [07/Apr/2013:12:13:03 +0900] "GET /~info3/wiki/index.php?cmd=backup&page=%B5%DC%CE%A4%A1%F5%CD%BF%B5%B7%C8%C9&age=6&action=diff HTTP/1.1" 200 8814 "-" "Mozilla/5.0 (compatible; bingbot/2.0; +http://www.bing.com/bingbot.htm)"
157.55.32.77 - - [07/Apr/2013:12:13:03 +0900] "GET /ontolopedia/disp/word_show/400125 HTTP/1.1" 403 235 "-" "Mozilla/5.0 (compatible; bingbot/2.0; +http://www.bing.com/bingbot.htm)"
157.55.32.77 - - [07/Apr/2013:12:13:03 +0900] "GET /ontolopedia/disp/word_show/400369 HTTP/1.1" 403 235 "-" "Mozilla/5.0 (compatible; bingbot/2.0; +http://www.bing.com/bingbot.htm)"
157.55.32.77 - - [07/Apr/2013:12:13:04 +0900] "GET /ontolopedia/disp/word_show/400511 HTTP/1.1" 403 235 "-" "Mozilla/5.0 (compatible; bingbot/2.0; +http://www.bing.com/bingbot.htm)"
157.55.35.82 - - [07/Apr/2013:12:13:04 +0900] "GET /ontolopedia/disp/word_show/271096 HTTP/1.1" 403 235 "-" "Mozilla/5.0 (compatible; bingbot/2.0; +http://www.bing.com/bingbot.htm)"
157.55.35.82 - - [07/Apr/2013:12:13:04 +0900] "GET /ontolopedia/disp/word_show/27120 HTTP/1.1" 403 234 "-" "Mozilla/5.0 (compatible; bingbot/2.0; +http://www.bing.com/bingbot.htm)"
157.55.35.82 - - [07/Apr/2013:12:13:04 +0900] "GET /ontolopedia/disp/word_show/27121 HTTP/1.1" 403 234 "-" "Mozilla/5.0 (compatible; bingbot/2.0; +http://www.bing.com/bingbot.htm)"
157.55.32.103 - - [07/Apr/2013:12:13:04 +0900] "GET /~info3/wiki/index.php?cmd=backup&page=%B5%DC%CE%A4%A1%F5%CD%BF%B5%B7%C8%C9&age=6&action=source HTTP/1.1" 200 8631 "-" "Mozilla/5.0 (compatible; bingbot/2.0; +http://www.bing.com/bingbot.htm)"
157.55.32.103 - - [07/Apr/2013:12:13:04 +0900] "GET /~info3/wiki/index.php?cmd=backup&page=%B5%DC%CE%A4%A1%F5%CD%BF%B5%B7%C8%C9&age=8&action=diff HTTP/1.1" 200 8975 "-" "Mozilla/5.0 (compatible; bingbot/2.0; +http://www.bing.com/bingbot.htm)"
157.55.32.103 - - [07/Apr/2013:12:13:04 +0900] "GET /~info3/wiki/index.php?cmd=backup&page=%B5%DC%CE%A4%A1%F5%CD%BF%B5%B7%C8%C9&age=9&action=source HTTP/1.1" 200 8886 "-" "Mozilla/5.0 (compatible; bingbot/2.0; +http://www.bing.com/bingbot.htm)"
157.55.32.77 - - [07/Apr/2013:12:13:05 +0900] "GET /ontolopedia/disp/word_show/400861 HTTP/1.1" 403 235 "-" "Mozilla/5.0 (compatible; bingbot/2.0; +http://www.bing.com/bingbot.htm)"
157.55.32.77 - - [07/Apr/2013:12:13:05 +0900] "GET /ontolopedia/disp/word_show/401875 HTTP/1.1" 403 235 "-" "Mozilla/5.0 (compatible; bingbot/2.0; +http://www.bing.com/bingbot.htm)"
157.55.32.77 - - [07/Apr/2013:12:13:05 +0900] "GET /ontolopedia/disp/word_show/429210 HTTP/1.1" 403 235 "-" "Mozilla/5.0 (compatible; bingbot/2.0; +http://www.bing.com/bingbot.htm)"
157.55.35.82 - - [07/Apr/2013:12:13:05 +0900] "GET /ontolopedia/disp/word_show/27198 HTTP/1.1" 403 234 "-" "Mozilla/5.0 (compatible; bingbot/2.0; +http://www.bing.com/bingbot.htm)"
157.55.35.82 - - [07/Apr/2013:12:13:05 +0900] "GET /ontolopedia/disp/word_show/272068 HTTP/1.1" 403 235 "-" "Mozilla/5.0 (compatible; bingbot/2.0; +http://www.bing.com/bingbot.htm)"
157.55.35.82 - - [07/Apr/2013:12:13:05 +0900] "GET /ontolopedia/disp/word_show/2721 HTTP/1.1" 403 233 "-" "Mozilla/5.0 (compatible; bingbot/2.0; +http://www.bing.com/bingbot.htm)"
157.55.32.103 - - [07/Apr/2013:12:13:05 +0900] "GET /~info3/wiki/index.php?plugin=attach&pcmd=upload&page=HroHgj HTTP/1.1" 200 6345 "-" "Mozilla/5.0 (compatible; bingbot/2.0; +http://www.bing.com/bingbot.htm)"
157.55.32.103 - - [07/Apr/2013:12:13:05 +0900] "GET /~info3/wiki/index.php?cmd=backup&page=info3%20wiki&age=57&action=nowdiff HTTP/1.1" 200 18891 "-" "Mozilla/5.0 (compatible; bingbot/2.0; +http://www.bing.com/bingbot.htm)"
157.55.32.103 - - [07/Apr/2013:12:13:05 +0900] "GET /~info3/wiki/index.php?plugin=attach&pcmd=upload&page=Iajpkpli HTTP/1.1" 200 6385 "-" "Mozilla/5.0 (compatible; bingbot/2.0; +http://www.bing.com/bingbot.htm)"
66.249.76.52 - - [07/Apr/2013:12:13:05 +0900] "GET /ontolopedia/disp/word_show/330693 HTTP/1.1" 200 5677 "-" "Mozilla/5.0 (compatible; Googlebot/2.1; +http://www.google.com/bot.html)"
157.55.35.82 - - [07/Apr/2013:12:13:05 +0900] "GET /ontolopedia/disp/word_show/272658 HTTP/1.1" 403 235 "-" "Mozilla/5.0 (compatible; bingbot/2.0; +http://www.bing.com/bingbot.htm)"
157.55.32.77 - - [07/Apr/2013:12:13:06 +0900] "GET /ontolopedia/disp/word_show/429978 HTTP/1.1" 403 235 "-" "Mozilla/5.0 (compatible; bingbot/2.0; +http://www.bing.com/bingbot.htm)"
157.55.32.77 - - [07/Apr/2013:12:13:06 +0900] "GET /ontolopedia/disp/word_show/43114 HTTP/1.1" 403 234 "-" "Mozilla/5.0 (compatible; bingbot/2.0; +http://www.bing.com/bingbot.htm)"
157.55.32.77 - - [07/Apr/2013:12:13:06 +0900] "GET /ontolopedia/disp/word_show/43140 HTTP/1.1" 403 234 "-" "Mozilla/5.0 (compatible; bingbot/2.0; +http://www.bing.com/bingbot.htm)"
157.55.35.82 - - [07/Apr/2013:12:13:06 +0900] "GET /ontolopedia/disp/word_show/272671 HTTP/1.1" 403 235 "-" "Mozilla/5.0 (compatible; bingbot/2.0; +http://www.bing.com/bingbot.htm)"
157.55.35.82 - - [07/Apr/2013:12:13:06 +0900] "GET /ontolopedia/disp/word_show/272745 HTTP/1.1" 403 235 "-" "Mozilla/5.0 (compatible; bingbot/2.0; +http://www.bing.com/bingbot.htm)"
157.55.32.77 - - [07/Apr/2013:12:13:06 +0900] "GET /ontolopedia/disp/word_show/46210 HTTP/1.1" 403 234 "-" "Mozilla/5.0 (compatible; bingbot/2.0; +http://www.bing.com/bingbot.htm)"
157.55.32.103 - - [07/Apr/2013:12:13:06 +0900] "GET /~info3/wiki/index.php?plugin=attach&pcmd=upload&page=Jiahzveq HTTP/1.1" 200 6385 "-" "Mozilla/5.0 (compatible; bingbot/2.0; +http://www.bing.com/bingbot.htm)"
157.55.32.103 - - [07/Apr/2013:12:13:06 +0900] "GET /~info3/wiki/index.php?plugin=attach&pcmd=upload&page=JavaApplication HTTP/1.1" 200 6525 "-" "Mozilla/5.0 (compatible; bingbot/2.0; +http://www.bing.com/bingbot.htm)"
157.55.35.82 - - [07/Apr/2013:12:13:07 +0900] "GET /ontolopedia/disp/word_show/272749 HTTP/1.1" 403 235 "-" "Mozilla/5.0 (compatible; bingbot/2.0; +http://www.bing.com/bingbot.htm)"
157.55.32.103 - - [07/Apr/2013:12:13:06 +0900] "GET /~info3/wiki/index.php?plugin=attach&pcmd=upload&page=Level0 HTTP/1.1" 200 7022 "-" "Mozilla/5.0 (compatible; bingbot/2.0; +http://www.bing.com/bingbot.htm)"
157.55.32.77 - - [07/Apr/2013:12:13:07 +0900] "GET /ontolopedia/disp/word_show/46211 HTTP/1.1" 403 234 "-" "Mozilla/5.0 (compatible; bingbot/2.0; +http://www.bing.com/bingbot.htm)"
157.55.32.77 - - [07/Apr/2013:12:13:07 +0900] "GET /ontolopedia/disp/word_show/462125 HTTP/1.1" 403 235 "-" "Mozilla/5.0 (compatible; bingbot/2.0; +http://www.bing.com/bingbot.htm)"
202.180.34.186 - - [07/Apr/2013:12:13:06 +0900] "GET /ontolopedia/disp/word_show/89278 HTTP/1.1" 200 21204 "-" "ICC-Crawler/2.0 (Mozilla-compatible; ; http://kc.nict.go.jp/project1/crawl.html)"
157.55.35.82 - - [07/Apr/2013:12:13:07 +0900] "GET /ontolopedia/disp/word_show/273567 HTTP/1.1" 403 235 "-" "Mozilla/5.0 (compatible; bingbot/2.0; +http://www.bing.com/bingbot.htm)"
157.55.35.82 - - [07/Apr/2013:12:13:07 +0900] "GET /ontolopedia/disp/word_show/273602 HTTP/1.1" 403 235 "-" "Mozilla/5.0 (compatible; bingbot/2.0; +http://www.bing.com/bingbot.htm)"
157.55.32.77 - - [07/Apr/2013:12:13:07 +0900] "GET /ontolopedia/disp/word_show/58435 HTTP/1.1" 403 234 "-" "Mozilla/5.0 (compatible; bingbot/2.0; +http://www.bing.com/bingbot.htm)"
157.55.32.77 - - [07/Apr/2013:12:13:07 +0900] "GET /ontolopedia/disp/word_show/58544 HTTP/1.1" 403 234 "-" "Mozilla/5.0 (compatible; bingbot/2.0; +http://www.bing.com/bingbot.htm)"
157.55.32.77 - - [07/Apr/2013:12:13:07 +0900] "GET /ontolopedia/disp/word_show/58605 HTTP/1.1" 403 234 "-" "Mozilla/5.0 (compatible; bingbot/2.0; +http://www.bing.com/bingbot.htm)"
157.55.35.82 - - [07/Apr/2013:12:13:08 +0900] "GET /ontolopedia/disp/word_show/291475 HTTP/1.1" 403 235 "-" "Mozilla/5.0 (compatible; bingbot/2.0; +http://www.bing.com/bingbot.htm)"
157.55.32.103 - - [07/Apr/2013:12:13:08 +0900] "GET /~info3/wiki/index.php?plugin=attach&pcmd=upload&page=PlnEew HTTP/1.1" 200 6345 "-" "Mozilla/5.0 (compatible; bingbot/2.0; +http://www.bing.com/bingbot.htm)"
157.55.35.82 - - [07/Apr/2013:12:13:08 +0900] "GET /ontolopedia/disp/word_show/291878 HTTP/1.1" 403 235 "-" "Mozilla/5.0 (compatible; bingbot/2.0; +http://www.bing.com/bingbot.htm)"
157.55.35.82 - - [07/Apr/2013:12:13:08 +0900] "GET /ontolopedia/disp/word_show/291984 HTTP/1.1" 403 235 "-" "Mozilla/5.0 (compatible; bingbot/2.0; +http://www.bing.com/bingbot.htm)"
157.55.32.103 - - [07/Apr/2013:12:13:08 +0900] "GET /~info3/wiki/index.php?plugin=attach&pcmd=upload&page=PukiWiki%2F1.4%2FManual%2FPlugin%2FV-Z HTTP/1.1" 200 7670 "-" "Mozilla/5.0 (compatible; bingbot/2.0; +http://www.bing.com/bingbot.htm)"
157.55.32.103 - - [07/Apr/2013:12:13:08 +0900] "GET /~info3/wiki/index.php?plugin=attach&pcmd=upload&page=ToDo HTTP/1.1" 200 6305 "-" "Mozilla/5.0 (compatible; bingbot/2.0; +http://www.bing.com/bingbot.htm)"
157.55.32.77 - - [07/Apr/2013:12:13:08 +0900] "GET /ontolopedia/disp/word_show/58682 HTTP/1.1" 403 234 "-" "Mozilla/5.0 (compatible; bingbot/2.0; +http://www.bing.com/bingbot.htm)"
157.55.32.77 - - [07/Apr/2013:12:13:08 +0900] "GET /ontolopedia/disp/word_show/58699 HTTP/1.1" 403 234 "-" "Mozilla/5.0 (compatible; bingbot/2.0; +http://www.bing.com/bingbot.htm)"
157.55.32.103 - - [07/Apr/2013:12:13:08 +0900] "GET /~info3/wiki/index.php?plugin=attach&pcmd=upload&page=Wbikooov HTTP/1.1" 200 6385 "-" "Mozilla/5.0 (compatible; bingbot/2.0; +http://www.bing.com/bingbot.htm)"
157.55.32.103 - - [07/Apr/2013:12:13:08 +0900] "GET /~info3/wiki/index.php?plugin=attach&pcmd=upload&page=eskimo%20tube HTTP/1.1" 200 6481 "-" "Mozilla/5.0 (compatible; bingbot/2.0; +http://www.bing.com/bingbot.htm)"
157.55.32.77 - - [07/Apr/2013:12:13:09 +0900] "GET /ontolopedia/disp/word_show/58727 HTTP/1.1" 403 234 "-" "Mozilla/5.0 (compatible; bingbot/2.0; +http://www.bing.com/bingbot.htm)"
157.55.32.77 - - [07/Apr/2013:12:13:09 +0900] "GET /ontolopedia/disp/word_show/58779 HTTP/1.1" 403 234 "-" "Mozilla/5.0 (compatible; bingbot/2.0; +http://www.bing.com/bingbot.htm)"
157.55.32.76 - - [07/Apr/2013:12:13:09 +0900] "GET /wiki/index.php?cmd=diff&page=%A5%BC%A5%DF%A5%ED%A5%B0%2F%C2%E824%B2%F3%2F5.POC%A4%CEJava%A5%D1%A5%C3%A5%B1%A1%BC%A5%B8%28%B6%CC%BE%EB%B3%A8%C8%FE%29 HTTP/1.1" 200 9562 "-" "Mozilla/5.0 (compatible; bingbot/2.0; +http://www.bing.com/bingbot.htm)"
157.55.32.76 - - [07/Apr/2013:12:13:09 +0900] "GET /wiki/index.php?cmd=diff&page=%A5%BC%A5%DF%A5%ED%A5%B0%2F%C2%E824%B2%F3%2F4.Lucas-kanade%28%B6%CC%BE%EB%B3%A8%C8%FE%29 HTTP/1.1" 200 53735 "-" "Mozilla/5.0 (compatible; bingbot/2.0; +http://www.bing.com/bingbot.htm)"
157.55.32.77 - - [07/Apr/2013:12:13:10 +0900] "GET /ontolopedia/disp/word_show/58793 HTTP/1.1" 403 234 "-" "Mozilla/5.0 (compatible; bingbot/2.0; +http://www.bing.com/bingbot.htm)"
157.55.32.77 - - [07/Apr/2013:12:13:10 +0900] "GET /ontolopedia/disp/word_show/5882 HTTP/1.1" 403 233 "-" "Mozilla/5.0 (compatible; bingbot/2.0; +http://www.bing.com/bingbot.htm)"
157.55.32.76 - - [07/Apr/2013:12:13:10 +0900] "GET /wiki/index.php?cmd=diff&page=%C2%E824%B2%F3%2F2.%A1%D8%BB%B0%BC%A1%B8%B5%B6%F5%B4%D6%A4%C7%A4%CE%C6%B0%A4%AD%A4%CE%B8%A1%BD%D0%A1%D9%A4%CE%BE%D2%B2%F0 HTTP/1.1" 200 11025 "-" "Mozilla/5.0 (compatible; bingbot/2.0; +http://www.bing.com/bingbot.htm)"
157.55.35.82 - - [07/Apr/2013:12:13:10 +0900] "GET /ontolopedia/disp/word_show/292024 HTTP/1.1" 403 235 "-" "Mozilla/5.0 (compatible; bingbot/2.0; +http://www.bing.com/bingbot.htm)"
157.55.35.82 - - [07/Apr/2013:12:13:10 +0900] "GET /ontolopedia/disp/word_show/29223 HTTP/1.1" 403 234 "-" "Mozilla/5.0 (compatible; bingbot/2.0; +http://www.bing.com/bingbot.htm)"
