66.249.76.52 - - [07/Apr/2013:12:30:58 +0900] "GET /~yosshi/wiki-old/index.php?cmd=edit&page=%C6%FC%B5%AD%2F2017-05-07&refer=%C6%FC%B5%AD HTTP/1.1" 200 1805 "-" "SAMSUNG-SGH-E250/1.0 Profile/MIDP-2.0 Configuration/CLDC-1.1 UP.Browser/6.2.3.3.c.1.101 (GUI) MMP/2.0 (compatible; Googlebot-Mobile/2.1; +http://www.google.com/bot.html)"
202.180.34.186 - - [07/Apr/2013:12:30:59 +0900] "GET /ontolopedia/disp/word_show/299432 HTTP/1.1" 200 5740 "-" "ICC-Crawler/2.0 (Mozilla-compatible; ; http://kc.nict.go.jp/project1/crawl.html)"
66.249.76.52 - - [07/Apr/2013:12:31:00 +0900] "GET /ontolopedia/disp/word_show/450408 HTTP/1.1" 200 6732 "-" "Mozilla/5.0 (compatible; Googlebot/2.1; +http://www.google.com/bot.html)"
66.249.76.52 - - [07/Apr/2013:12:31:04 +0900] "GET /ontolopedia/disp/word_show/280776 HTTP/1.1" 200 5783 "-" "Mozilla/5.0 (compatible; Googlebot/2.1; +http://www.google.com/bot.html)"
202.180.34.186 - - [07/Apr/2013:12:31:05 +0900] "GET /ontolopedia/disp/word_show/42108 HTTP/1.1" 200 9583 "-" "ICC-Crawler/2.0 (Mozilla-compatible; ; http://kc.nict.go.jp/project1/crawl.html)"
66.249.76.52 - - [07/Apr/2013:12:31:06 +0900] "GET /ontolopedia/disp/word_show/53407 HTTP/1.1" 200 10275 "-" "Mozilla/5.0 (compatible; Googlebot/2.1; +http://www.google.com/bot.html)"
66.249.76.52 - - [07/Apr/2013:12:31:07 +0900] "GET /ontolopedia/disp/word_show/21913 HTTP/1.1" 200 7617 "-" "Mozilla/5.0 (compatible; Googlebot/2.1; +http://www.google.com/bot.html)"
66.249.76.52 - - [07/Apr/2013:12:31:08 +0900] "GET /ontolopedia/disp/word_show/46786 HTTP/1.1" 200 8217 "-" "Mozilla/5.0 (compatible; Googlebot/2.1; +http://www.google.com/bot.html)"
202.180.34.186 - - [07/Apr/2013:12:31:10 +0900] "GET /ontolopedia/disp/word_show/354489 HTTP/1.1" 200 5270 "-" "ICC-Crawler/2.0 (Mozilla-compatible; ; http://kc.nict.go.jp/project1/crawl.html)"
66.249.76.52 - - [07/Apr/2013:12:31:12 +0900] "GET /ontolopedia/disp/word_show/151512 HTTP/1.1" 200 5119 "-" "Mozilla/5.0 (compatible; Googlebot/2.1; +http://www.google.com/bot.html)"
202.180.34.186 - - [07/Apr/2013:12:31:15 +0900] "GET /ontolopedia/disp/word_show/181967 HTTP/1.1" 200 18858 "-" "ICC-Crawler/2.0 (Mozilla-compatible; ; http://kc.nict.go.jp/project1/crawl.html)"
66.249.76.52 - - [07/Apr/2013:12:31:18 +0900] "GET /ontolopedia/disp/word_show/160022 HTTP/1.1" 200 6286 "-" "Mozilla/5.0 (compatible; Googlebot/2.1; +http://www.google.com/bot.html)"
66.249.76.52 - - [07/Apr/2013:12:31:19 +0900] "GET /ontolopedia/disp/word_show/458272 HTTP/1.1" 200 10977 "-" "Mozilla/5.0 (compatible; Googlebot/2.1; +http://www.google.com/bot.html)"
202.180.34.186 - - [07/Apr/2013:12:31:21 +0900] "GET /ontolopedia/disp/word_show/213230 HTTP/1.1" 200 6828 "-" "ICC-Crawler/2.0 (Mozilla-compatible; ; http://kc.nict.go.jp/project1/crawl.html)"
66.249.76.52 - - [07/Apr/2013:12:31:24 +0900] "GET /ontolopedia/disp/word_show/161597 HTTP/1.1" 200 4167 "-" "Mozilla/5.0 (compatible; Googlebot/2.1; +http://www.google.com/bot.html)"
66.249.76.52 - - [07/Apr/2013:12:31:25 +0900] "GET /~yosshi/wiki-old/index.php?cmd=edit&page=%C6%FC%B5%AD%2F2032-04-11 HTTP/1.1" 200 1805 "-" "SAMSUNG-SGH-E250/1.0 Profile/MIDP-2.0 Configuration/CLDC-1.1 UP.Browser/6.2.3.3.c.1.101 (GUI) MMP/2.0 (compatible; Googlebot-Mobile/2.1; +http://www.google.com/bot.html)"
202.180.34.186 - - [07/Apr/2013:12:31:26 +0900] "GET /ontolopedia/disp/word_show/40256 HTTP/1.1" 200 4214 "-" "ICC-Crawler/2.0 (Mozilla-compatible; ; http://kc.nict.go.jp/project1/crawl.html)"
66.249.76.52 - - [07/Apr/2013:12:31:30 +0900] "GET /ontolopedia/disp/word_show/189061 HTTP/1.1" 200 6510 "-" "Mozilla/5.0 (compatible; Googlebot/2.1; +http://www.google.com/bot.html)"
202.180.34.186 - - [07/Apr/2013:12:31:32 +0900] "GET /ontolopedia/disp/word_show/320165 HTTP/1.1" 200 9526 "-" "ICC-Crawler/2.0 (Mozilla-compatible; ; http://kc.nict.go.jp/project1/crawl.html)"
66.249.76.52 - - [07/Apr/2013:12:31:33 +0900] "GET /ontolopedia/disp/word_show/340977 HTTP/1.1" 200 4190 "-" "Mozilla/5.0 (compatible; Googlebot/2.1; +http://www.google.com/bot.html)"
66.249.76.52 - - [07/Apr/2013:12:31:36 +0900] "GET /ontolopedia/disp/word_show/137282 HTTP/1.1" 200 8055 "-" "Mozilla/5.0 (compatible; Googlebot/2.1; +http://www.google.com/bot.html)"
202.180.34.186 - - [07/Apr/2013:12:31:37 +0900] "GET /ontolopedia/disp/word_show/15186 HTTP/1.1" 200 5167 "-" "ICC-Crawler/2.0 (Mozilla-compatible; ; http://kc.nict.go.jp/project1/crawl.html)"
66.249.76.52 - - [07/Apr/2013:12:31:42 +0900] "GET /ontolopedia/disp/word_show/108073 HTTP/1.1" 200 4166 "-" "Mozilla/5.0 (compatible; Googlebot/2.1; +http://www.google.com/bot.html)"
202.180.34.186 - - [07/Apr/2013:12:31:42 +0900] "GET /ontolopedia/disp/word_show/233535 HTTP/1.1" 200 8904 "-" "ICC-Crawler/2.0 (Mozilla-compatible; ; http://kc.nict.go.jp/project1/crawl.html)"
66.249.76.52 - - [07/Apr/2013:12:31:47 +0900] "GET /ontolopedia/disp/word_show/402955 HTTP/1.1" 200 7736 "-" "Mozilla/5.0 (compatible; Googlebot/2.1; +http://www.google.com/bot.html)"
202.180.34.186 - - [07/Apr/2013:12:31:48 +0900] "GET /ontolopedia/disp/word_show/55149 HTTP/1.1" 200 11394 "-" "ICC-Crawler/2.0 (Mozilla-compatible; ; http://kc.nict.go.jp/project1/crawl.html)"
66.249.76.52 - - [07/Apr/2013:12:31:48 +0900] "GET /ontolopedia/disp/word_show/166510 HTTP/1.1" 200 11022 "-" "Mozilla/5.0 (compatible; Googlebot/2.1; +http://www.google.com/bot.html)"
202.180.34.186 - - [07/Apr/2013:12:31:53 +0900] "GET /ontolopedia/disp/word_show/99745 HTTP/1.1" 200 10190 "-" "ICC-Crawler/2.0 (Mozilla-compatible; ; http://kc.nict.go.jp/project1/crawl.html)"
66.249.76.52 - - [07/Apr/2013:12:31:54 +0900] "GET /ontolopedia/disp/word_show/44472 HTTP/1.1" 200 9574 "-" "Mozilla/5.0 (compatible; Googlebot/2.1; +http://www.google.com/bot.html)"
157.55.35.113 - - [07/Apr/2013:12:31:57 +0900] "GET /ontolopedia/disp/word_show/384403 HTTP/1.1" 403 235 "-" "Mozilla/5.0 (compatible; bingbot/2.0; +http://www.bing.com/bingbot.htm)"
157.55.35.113 - - [07/Apr/2013:12:31:57 +0900] "GET /~info3/wiki/index.php?cmd=backup&action=delete&page=%B4%EE%B2%B0%C9%F0%A1%F5%BF%F9%B4%DD%C8%C9%2FLevel1 HTTP/1.1" 200 4736 "-" "Mozilla/5.0 (compatible; bingbot/2.0; +http://www.bing.com/bingbot.htm)"
157.55.35.113 - - [07/Apr/2013:12:31:57 +0900] "GET /wiki/index.php?cmd=diff&page=%A5%BC%A5%DF%A5%ED%A5%B0%2F%C2%E823%B2%F3%2F8.%BB%D8%C0%E8%A4%F2%A4%A2%A4%EF%A4%BB%A4%EB%A5%D7%A5%ED%A5%B0%A5%E9%A5%E0%28%B6%CC%BE%EB%B3%A8%C8%FE%29 HTTP/1.1" 200 9994 "-" "Mozilla/5.0 (compatible; bingbot/2.0; +http://www.bing.com/bingbot.htm)"
157.55.35.113 - - [07/Apr/2013:12:31:59 +0900] "GET /~info3/wiki/index.php?cmd=backup&action=delete&page=%B9%E2%C2%BC%A1%F5%C3%E7%B4%D6%C8%C9%2FLevel4 HTTP/1.1" 200 4712 "-" "Mozilla/5.0 (compatible; bingbot/2.0; +http://www.bing.com/bingbot.htm)"
157.55.35.113 - - [07/Apr/2013:12:31:59 +0900] "GET /wiki/index.php?cmd=diff&page=%A5%BC%A5%DF%A5%ED%A5%B0%2F%C2%E828%B2%F3%2F%C3%E6%B4%D6%C8%AF%C9%BD%B8%B6%B9%C62%28%B6%CC%BE%EB%B3%A8%C8%FE%29 HTTP/1.1" 200 18485 "-" "Mozilla/5.0 (compatible; bingbot/2.0; +http://www.bing.com/bingbot.htm)"
157.55.35.113 - - [07/Apr/2013:12:31:59 +0900] "GET /wiki/index.php?cmd=diff&page=%A5%BC%A5%DF%A5%ED%A5%B0%2F%C2%E829%B2%F3%2F%C3%E6%B4%D6%C8%AF%C9%BD%CD%D1%A5%C7%A5%E2%A5%F3%A5%B9%A5%C8%A5%EC%A1%BC%A5%B7%A5%E7%A5%F3%A1%C1Colors%A1%C1%28%B6%CC%BE%EB%B3%A8%C8%FE%29 HTTP/1.1" 200 13356 "-" "Mozilla/5.0 (compatible; bingbot/2.0; +http://www.bing.com/bingbot.htm)"
202.180.34.186 - - [07/Apr/2013:12:31:59 +0900] "GET /ontolopedia/disp/word_show/352051 HTTP/1.1" 200 6109 "-" "ICC-Crawler/2.0 (Mozilla-compatible; ; http://kc.nict.go.jp/project1/crawl.html)"
157.55.35.113 - - [07/Apr/2013:12:32:00 +0900] "GET /wiki/index.php?cmd=diff&page=%A5%BC%A5%DF%A5%ED%A5%B0%2F2006%2F%C2%E806%B2%F3 HTTP/1.1" 200 9387 "-" "Mozilla/5.0 (compatible; bingbot/2.0; +http://www.bing.com/bingbot.htm)"
157.55.35.113 - - [07/Apr/2013:12:32:00 +0900] "GET /wiki/index.php?cmd=diff&page=Emi%2F%C2%B4%CF%C0%C6%FC%BB%EF%28%A5%BF%A5%DE%A5%AD%A5%A8%A5%DF%29%2F2005-04-05 HTTP/1.1" 200 9286 "-" "Mozilla/5.0 (compatible; bingbot/2.0; +http://www.bing.com/bingbot.htm)"
157.55.35.113 - - [07/Apr/2013:12:32:00 +0900] "GET /wiki/index.php?cmd=edit&page=grmbs HTTP/1.1" 401 7729 "-" "Mozilla/5.0 (compatible; bingbot/2.0; +http://www.bing.com/bingbot.htm)"
66.249.76.52 - - [07/Apr/2013:12:32:00 +0900] "GET /ontolopedia/disp/word_show/477645 HTTP/1.1" 200 11230 "-" "Mozilla/5.0 (compatible; Googlebot/2.1; +http://www.google.com/bot.html)"
157.55.35.113 - - [07/Apr/2013:12:32:01 +0900] "GET /wiki/index.php?cmd=edit&page=lindlyholl&refer=%A5%BC%A5%DF%A5%ED%A5%B0%2F%C2%E828%B2%F3%2F%C3%E6%B4%D6%C8%AF%C9%BD%B8%B6%B9%C63%28%B6%CC%BE%EB%B3%A8%C8%FE%29 HTTP/1.1" 401 7779 "-" "Mozilla/5.0 (compatible; bingbot/2.0; +http://www.bing.com/bingbot.htm)"
157.55.35.113 - - [07/Apr/2013:12:32:01 +0900] "GET /wiki/index.php?cmd=edit&page=mnjblbxw&refer=%A5%BC%A5%DF%A5%ED%A5%B0%2F%C2%E828%B2%F3%2F%C3%E6%B4%D6%C8%AF%C9%BD%B8%B6%B9%C63%28%B6%CC%BE%EB%B3%A8%C8%FE%29 HTTP/1.1" 401 7759 "-" "Mozilla/5.0 (compatible; bingbot/2.0; +http://www.bing.com/bingbot.htm)"
157.55.35.113 - - [07/Apr/2013:12:32:01 +0900] "GET /wiki/index.php?cmd=edit&page=nal%2F%A5%C8%A5%A6%A5%DE%A5%CA%A5%EB%A5%A2%A5%AD-%BB%FE%B4%D6%C9%BD HTTP/1.1" 401 8249 "-" "Mozilla/5.0 (compatible; bingbot/2.0; +http://www.bing.com/bingbot.htm)"
72.14.199.52 - - [07/Apr/2013:12:32:01 +0900] "GET /~yosshi/blog/?feed=rss2 HTTP/1.1" 200 18920 "-" "Feedfetcher-Google; (+http://www.google.com/feedfetcher.html; 2 subscribers; feed-id=12397007534115446545)"
157.55.35.113 - - [07/Apr/2013:12:32:02 +0900] "GET /wiki/index.php?cmd=edit&page=nal%2F%C6%FC%BB%EF%28%A5%C8%A5%A6%A5%DE%A5%CA%A5%EB%A5%A2%A5%AD%29%2F2005-05-10 HTTP/1.1" 401 8492 "-" "Mozilla/5.0 (compatible; bingbot/2.0; +http://www.bing.com/bingbot.htm)"
157.55.35.113 - - [07/Apr/2013:12:32:02 +0900] "GET /wiki/index.php?cmd=edit&page=nal%2F%C6%FC%BB%EF%28%A5%C8%A5%A6%A5%DE%A5%CA%A5%EB%A5%A2%A5%AD%29%2F2005-05-16 HTTP/1.1" 401 8492 "-" "Mozilla/5.0 (compatible; bingbot/2.0; +http://www.bing.com/bingbot.htm)"
157.55.35.113 - - [07/Apr/2013:12:32:02 +0900] "GET /wiki/index.php?cmd=edit&page=nal%2F%C6%FC%BB%EF%28%A5%C8%A5%A6%A5%DE%A5%CA%A5%EB%A5%A2%A5%AD%29%2F2005-05-25 HTTP/1.1" 401 8492 "-" "Mozilla/5.0 (compatible; bingbot/2.0; +http://www.bing.com/bingbot.htm)"
66.249.76.52 - - [07/Apr/2013:12:32:02 +0900] "GET /ontolopedia/disp/word_show/163228 HTTP/1.1" 200 8746 "-" "Mozilla/5.0 (compatible; Googlebot/2.1; +http://www.google.com/bot.html)"
157.55.35.113 - - [07/Apr/2013:12:32:04 +0900] "GET /wiki/index.php?cmd=edit&page=nal%2F%C6%FC%BB%EF%28%A5%C8%A5%A6%A5%DE%A5%CA%A5%EB%A5%A2%A5%AD%29%2F2005-06-02 HTTP/1.1" 401 8492 "-" "Mozilla/5.0 (compatible; bingbot/2.0; +http://www.bing.com/bingbot.htm)"
157.55.35.113 - - [07/Apr/2013:12:32:04 +0900] "GET /wiki/index.php?cmd=edit&page=yono%2F%C3%E6%B4%D6%C8%AF%C9%BD%B1%D1%B8%EC HTTP/1.1" 401 8074 "-" "Mozilla/5.0 (compatible; bingbot/2.0; +http://www.bing.com/bingbot.htm)"
157.55.35.113 - - [07/Apr/2013:12:32:04 +0900] "GET /wiki/index.php?cmd=edit&page=yosshi%2F%CF%C0%CA%B8%A5%B5%A1%BC%A5%D9%A5%A4%2F%C2%BF%B3%D1%C5%AA%A4%CA%CF%C3%C2%EA%A4%CE%BC%FD%BD%B8%A4%F2%CC%DC%C5%AA%A4%C8%A4%B7%A4%BF%CF%C3%C2%EA%A4%CE%C6%C8%BC%AB%C0%AD%A4%CB%B4%F0%A4%C5%A4%AFWeb%A5%DA%A1%BC%A5%B8%A4%CE%CA%AC%CE%E0%A5%B7%A5%B9%A5%C6%A5%E0 HTTP/1.1" 401 9798 "-" "Mozilla/5.0 (compatible; bingbot/2.0; +http://www.bing.com/bingbot.htm)"
157.55.35.113 - - [07/Apr/2013:12:32:05 +0900] "GET /wiki/index.php?cmd=freeze&page=%A5%BC%A5%DF%A5%ED%A5%B0%2F%C2%E80%B2%F3%2F%A1%D8%B5%EF%BD%BB%A5%BB%A5%F3%A5%B5%B6%F5%B4%D6%A4%AB%A4%E9%C6%C0%A4%E9%A4%EC%A4%EB%C4%B9%B4%FC%B9%D4%C6%B0%BE%F0%CA%F3%A4%CB%B4%F0%A4%C5%A4%AF%C0%B8%B3%E8%CD%D7%CC%F3%A5%B7%A5%B9%A5%C6%A5%E0%A1%D9%A4%CE%BE%D2%B2%F0%28%B6%CC%BE%EB%20%B3%A8%C8%FE%29 HTTP/1.1" 200 10398 "-" "Mozilla/5.0 (compatible; bingbot/2.0; +http://www.bing.com/bingbot.htm)"
157.55.35.113 - - [07/Apr/2013:12:32:05 +0900] "GET /wiki/index.php?cmd=freeze&page=%A5%BC%A5%DF%A5%ED%A5%B0%2F%C2%E819%B2%F3%2F%C5%AC%C0%DA%A4%CA%A5%D5%A5%EC%A1%BC%A5%E0%A5%B5%A5%A4%A5%BA%A4%F2%C3%CE%A4%EB%BC%C2%B8%B3%28%B6%CC%BE%EB%B3%A8%C8%FE%29 HTTP/1.1" 200 9463 "-" "Mozilla/5.0 (compatible; bingbot/2.0; +http://www.bing.com/bingbot.htm)"
157.55.35.113 - - [07/Apr/2013:12:32:05 +0900] "GET /wiki/index.php?cmd=freeze&page=%A5%BC%A5%DF%A5%ED%A5%B0%2F%C2%E823%B2%F3%2F7.%B9%FC%F1%EE%B2%BD%A4%B9%A4%EB%A5%D7%A5%ED%A5%B0%A5%E9%A5%E0%28%B6%CC%BE%EB%B3%A8%C8%FE%29 HTTP/1.1" 200 9263 "-" "Mozilla/5.0 (compatible; bingbot/2.0; +http://www.bing.com/bingbot.htm)"
202.180.34.186 - - [07/Apr/2013:12:32:05 +0900] "GET /ontolopedia/disp/word_show/106279 HTTP/1.1" 200 9493 "-" "ICC-Crawler/2.0 (Mozilla-compatible; ; http://kc.nict.go.jp/project1/crawl.html)"
157.55.35.113 - - [07/Apr/2013:12:32:06 +0900] "GET /wiki/index.php?cmd=freeze&page=%A5%BC%A5%DF%A5%ED%A5%B0%2F%C2%E826%B2%F3%2FJMyron_BgSub HTTP/1.1" 200 8703 "-" "Mozilla/5.0 (compatible; bingbot/2.0; +http://www.bing.com/bingbot.htm)"
157.55.35.113 - - [07/Apr/2013:12:32:06 +0900] "GET /wiki/index.php?plugin=attach&pcmd=list&refer=nal%2F%A5%C8%A5%A6%A5%DE%A5%CA%A5%EB%A5%A2%A5%AD-%A5%BF%A5%B9%A5%AF%C3%A3 HTTP/1.1" 200 6533 "-" "Mozilla/5.0 (compatible; bingbot/2.0; +http://www.bing.com/bingbot.htm)"
66.249.76.52 - - [07/Apr/2013:12:32:06 +0900] "GET /ontolopedia/disp/word_show/147074 HTTP/1.1" 200 8341 "-" "Mozilla/5.0 (compatible; Googlebot/2.1; +http://www.google.com/bot.html)"
157.55.35.113 - - [07/Apr/2013:12:32:06 +0900] "GET /wiki/index.php?plugin=attach&pcmd=list&refer=kazuki%2F%C3%E6%B4%D6%C8%AF%C9%BD HTTP/1.1" 200 10820 "-" "Mozilla/5.0 (compatible; bingbot/2.0; +http://www.bing.com/bingbot.htm)"
157.55.35.113 - - [07/Apr/2013:12:32:07 +0900] "GET /wiki/index.php?plugin=attach&pcmd=list&refer=nal%2F%C6%FC%BB%EF%28%A5%C8%A5%A6%A5%DE%A5%CA%A5%EB%A5%A2%A5%AD%29%2F2005-05-30 HTTP/1.1" 200 6549 "-" "Mozilla/5.0 (compatible; bingbot/2.0; +http://www.bing.com/bingbot.htm)"
157.55.35.113 - - [07/Apr/2013:12:32:07 +0900] "GET /wiki/index.php?plugin=attach&pcmd=list&refer=nal%2F%C6%FC%BB%EF%28%A5%C8%A5%A6%A5%DE%A5%CA%A5%EB%A5%A2%A5%AD%29%2F2005-06-06 HTTP/1.1" 200 6549 "-" "Mozilla/5.0 (compatible; bingbot/2.0; +http://www.bing.com/bingbot.htm)"
157.55.35.113 - - [07/Apr/2013:12:32:07 +0900] "GET /wiki/index.php?plugin=attach&pcmd=list&refer=nal%2F%C6%FC%BB%EF%28%A5%C8%A5%A6%A5%DE%A5%CA%A5%EB%A5%A2%A5%AD%29%2F2005-06-17 HTTP/1.1" 200 6549 "-" "Mozilla/5.0 (compatible; bingbot/2.0; +http://www.bing.com/bingbot.htm)"
157.55.35.113 - - [07/Apr/2013:12:32:08 +0900] "GET /wiki/index.php?plugin=attach&pcmd=list&refer=yosshi HTTP/1.1" 200 6491 "-" "Mozilla/5.0 (compatible; bingbot/2.0; +http://www.bing.com/bingbot.htm)"
157.55.35.113 - - [07/Apr/2013:12:32:08 +0900] "GET /wiki/index.php?plugin=attach&pcmd=list&refer=xtlqs HTTP/1.1" 200 6489 "-" "Mozilla/5.0 (compatible; bingbot/2.0; +http://www.bing.com/bingbot.htm)"
157.55.35.113 - - [07/Apr/2013:12:32:08 +0900] "GET /wiki/index.php?plugin=attach&pcmd=list&refer=yosshi%2F%C3%E6%B4%D6%C8%AF%C9%BD%A4%BD%A4%CE2 HTTP/1.1" 200 7662 "-" "Mozilla/5.0 (compatible; bingbot/2.0; +http://www.bing.com/bingbot.htm)"
157.55.35.113 - - [07/Apr/2013:12:32:09 +0900] "GET /wiki/index.php?plugin=attach&pcmd=list&refer=yosshi%2F%CF%C0%CA%B8%A5%B5%A1%BC%A5%D9%A5%A4%2F%C2%BF%B3%D1%C5%AA%A4%CA%CF%C3%C2%EA%A4%CE%BC%FD%BD%B8%A4%F2%CC%DC%C5%AA%A4%C8%A4%B7%A4%BF%CF%C3%C2%EA%A4%CE%C6%C8%BC%AB%C0%AD%A4%CB%B4%F0%A4%C5%A4%AFWeb%A5%DA%A1%BC%A5%B8%A4%CE%CA%AC%CE%E0%A5%B7%A5%B9%A5%C6%A5%E0 HTTP/1.1" 200 6665 "-" "Mozilla/5.0 (compatible; bingbot/2.0; +http://www.bing.com/bingbot.htm)"
157.55.35.113 - - [07/Apr/2013:12:32:09 +0900] "GET /wiki/index.php?plugin=rename&refer=Emi%2F%C2%B4%CF%C0%C6%FC%BB%EF%28%A5%BF%A5%DE%A5%AD%A5%A8%A5%DF%29%2F2005-10-04 HTTP/1.1" 200 7161 "-" "Mozilla/5.0 (compatible; bingbot/2.0; +http://www.bing.com/bingbot.htm)"
157.55.35.113 - - [07/Apr/2013:12:32:09 +0900] "GET /wiki/index.php?plugin=rename&refer=Emi%2F%C2%B4%CF%C0%C6%FC%BB%EF%28%A5%BF%A5%DE%A5%AD%A5%A8%A5%DF%29%2F2005-10-03 HTTP/1.1" 200 7161 "-" "Mozilla/5.0 (compatible; bingbot/2.0; +http://www.bing.com/bingbot.htm)"
202.180.34.186 - - [07/Apr/2013:12:32:10 +0900] "GET /ontolopedia/disp/word_show/21315 HTTP/1.1" 200 5282 "-" "ICC-Crawler/2.0 (Mozilla-compatible; ; http://kc.nict.go.jp/project1/crawl.html)"
157.55.35.113 - - [07/Apr/2013:12:32:10 +0900] "GET /wiki/index.php?plugin=rename&refer=Emi%2F%C2%B4%CF%C0%C6%FC%BB%EF%28%A5%BF%A5%DE%A5%AD%A5%A8%A5%DF%29%2F2005-10-21 HTTP/1.1" 200 7161 "-" "Mozilla/5.0 (compatible; bingbot/2.0; +http://www.bing.com/bingbot.htm)"
157.55.35.113 - - [07/Apr/2013:12:32:10 +0900] "GET /wiki/index.php?plugin=rename&refer=ManDownload HTTP/1.1" 200 49723 "-" "Mozilla/5.0 (compatible; bingbot/2.0; +http://www.bing.com/bingbot.htm)"
157.55.35.113 - - [07/Apr/2013:12:32:10 +0900] "GET /wiki/index.php?plugin=rename&refer=PukiWiki%2F1.4%2FManual%2FPlugin%2FA-D HTTP/1.1" 200 7100 "-" "Mozilla/5.0 (compatible; bingbot/2.0; +http://www.bing.com/bingbot.htm)"
157.55.35.113 - - [07/Apr/2013:12:32:11 +0900] "GET /~info3/wiki/index.php?cmd=backup&action=&page=%C3%E7%BE%BE%A1%F5%C3%E6%C2%BC%C8%C9&age=4 HTTP/1.1" 200 7395 "-" "Mozilla/5.0 (compatible; bingbot/2.0; +http://www.bing.com/bingbot.htm)"
157.55.35.113 - - [07/Apr/2013:12:32:11 +0900] "GET /~info3/wiki/index.php?cmd=backup&action=&page=%C0%AE%C5%C4%A1%F5%B6%E2%BE%EB%C8%C9&age=2 HTTP/1.1" 200 15318 "-" "Mozilla/5.0 (compatible; bingbot/2.0; +http://www.bing.com/bingbot.htm)"
157.55.35.113 - - [07/Apr/2013:12:32:12 +0900] "GET /~info3/wiki/index.php?cmd=backup&action=&page=Level4%20%C2%E7%BE%EB%A1%F5%B5%C8%B1%CA&age=2 HTTP/1.1" 200 8825 "-" "Mozilla/5.0 (compatible; bingbot/2.0; +http://www.bing.com/bingbot.htm)"
157.55.35.113 - - [07/Apr/2013:12:32:12 +0900] "GET /~info3/wiki/index.php?cmd=backup&action=delete&page=%B2%CF%CC%EE%C2%EE%CC%E9%2C%C0%D0%B8%B6%B9%C0 HTTP/1.1" 200 4700 "-" "Mozilla/5.0 (compatible; bingbot/2.0; +http://www.bing.com/bingbot.htm)"
157.55.35.113 - - [07/Apr/2013:12:32:12 +0900] "GET /~info3/wiki/index.php?cmd=backup&action=delete&page=%B3%B0%B4%D6%BF%D8%CC%E9%A1%F5%B7%AC%B9%BE%BF%BF%C8%DE%2Flevel.0 HTTP/1.1" 200 4790 "-" "Mozilla/5.0 (compatible; bingbot/2.0; +http://www.bing.com/bingbot.htm)"
66.249.76.52 - - [07/Apr/2013:12:32:12 +0900] "GET /ontolopedia/disp/word_show/203869 HTTP/1.1" 200 5324 "-" "Mozilla/5.0 (compatible; Googlebot/2.1; +http://www.google.com/bot.html)"
157.55.35.113 - - [07/Apr/2013:12:32:13 +0900] "GET /~info3/wiki/index.php?cmd=backup&action=delete&page=%B5%C4%BB%F6%CF%BF HTTP/1.1" 200 4592 "-" "Mozilla/5.0 (compatible; bingbot/2.0; +http://www.bing.com/bingbot.htm)"
157.55.35.113 - - [07/Apr/2013:12:32:13 +0900] "GET /~info3/wiki/index.php?cmd=backup&action=delete&page=%C0%BE%C5%E7%CB%DC%BD%E3 HTTP/1.1" 200 4616 "-" "Mozilla/5.0 (compatible; bingbot/2.0; +http://www.bing.com/bingbot.htm)"
157.55.35.113 - - [07/Apr/2013:12:32:13 +0900] "GET /~info3/wiki/index.php?cmd=backup&action=delete&page=%C8%E6%B2%C5%A1%F5%B6%CC%C6%E1%C7%C6%CD%A5%BA%EE%2FLevel3 HTTP/1.1" 200 4760 "-" "Mozilla/5.0 (compatible; bingbot/2.0; +http://www.bing.com/bingbot.htm)"
157.55.35.113 - - [07/Apr/2013:12:32:14 +0900] "GET /~info3/wiki/index.php?cmd=backup&action=delete&page=2005%2Finfo4%2FLevel2 HTTP/1.1" 200 4634 "-" "Mozilla/5.0 (compatible; bingbot/2.0; +http://www.bing.com/bingbot.htm)"
157.55.35.113 - - [07/Apr/2013:12:32:14 +0900] "GET /~info3/wiki/index.php?cmd=backup&action=diff&page=%B5%C4%BB%F6%CF%BF&age=6 HTTP/1.1" 200 7324 "-" "Mozilla/5.0 (compatible; bingbot/2.0; +http://www.bing.com/bingbot.htm)"
157.55.35.113 - - [07/Apr/2013:12:32:14 +0900] "GET /~info3/wiki/index.php?cmd=backup&action=diff&page=%A1%A6Level2&age=2 HTTP/1.1" 200 13584 "-" "Mozilla/5.0 (compatible; bingbot/2.0; +http://www.bing.com/bingbot.htm)"
157.55.35.113 - - [07/Apr/2013:12:32:15 +0900] "GET /~info3/wiki/index.php?cmd=backup&action=diff&page=%B5%C4%BB%F6%CF%BF2007&age=7 HTTP/1.1" 200 11455 "-" "Mozilla/5.0 (compatible; bingbot/2.0; +http://www.bing.com/bingbot.htm)"
157.55.35.113 - - [07/Apr/2013:12:32:16 +0900] "GET /~info3/wiki/index.php?cmd=backup&action=diff&page=%B5%DC%CE%A4%A1%F5%CD%BF%B5%B7%C8%C9&age=15 HTTP/1.1" 200 9853 "-" "Mozilla/5.0 (compatible; bingbot/2.0; +http://www.bing.com/bingbot.htm)"
157.55.35.113 - - [07/Apr/2013:12:32:16 +0900] "GET /~info3/wiki/index.php?cmd=backup&action=diff&page=%B5%DC%CE%A4%A1%F5%CD%BF%B5%B7%C8%C9&age=2 HTTP/1.1" 200 8643 "-" "Mozilla/5.0 (compatible; bingbot/2.0; +http://www.bing.com/bingbot.htm)"
202.180.34.186 - - [07/Apr/2013:12:32:15 +0900] "GET /ontolopedia/disp/word_show/84366 HTTP/1.1" 200 7872 "-" "ICC-Crawler/2.0 (Mozilla-compatible; ; http://kc.nict.go.jp/project1/crawl.html)"
66.249.76.52 - - [07/Apr/2013:12:32:16 +0900] "GET /ontolopedia/disp/word_show/290146 HTTP/1.1" 200 11353 "-" "Mozilla/5.0 (compatible; Googlebot/2.1; +http://www.google.com/bot.html)"
157.55.35.113 - - [07/Apr/2013:12:32:17 +0900] "GET /~info3/wiki/index.php?cmd=backup&action=diff&page=%B6%E2%BE%EB%A1%F5%C5%E7%B8%B6%C8%C9%2Flevel3&age=4 HTTP/1.1" 200 10270 "-" "Mozilla/5.0 (compatible; bingbot/2.0; +http://www.bing.com/bingbot.htm)"
157.55.35.113 - - [07/Apr/2013:12:32:17 +0900] "GET /~info3/wiki/index.php?cmd=backup&page=%B5%DC%CE%A4%A1%F5%CD%BF%B5%B7%C8%C9&age=1&action=diff HTTP/1.1" 200 8369 "-" "Mozilla/5.0 (compatible; bingbot/2.0; +http://www.bing.com/bingbot.htm)"
157.55.35.113 - - [07/Apr/2013:12:32:17 +0900] "GET /~info3/wiki/index.php?cmd=backup&page=%B5%DC%CE%A4%A1%F5%CD%BF%B5%B7%C8%C9&age=17&action=diff HTTP/1.1" 200 9661 "-" "Mozilla/5.0 (compatible; bingbot/2.0; +http://www.bing.com/bingbot.htm)"
157.55.35.113 - - [07/Apr/2013:12:32:18 +0900] "GET /~info3/wiki/index.php?cmd=backup&page=%B5%DC%CE%A4%A1%F5%CD%BF%B5%B7%C8%C9&age=5&action=nowdiff HTTP/1.1" 200 9908 "-" "Mozilla/5.0 (compatible; bingbot/2.0; +http://www.bing.com/bingbot.htm)"
157.55.35.113 - - [07/Apr/2013:12:32:18 +0900] "GET /~info3/wiki/index.php?cmd=backup&page=%B5%DC%CE%A4%A1%F5%CD%BF%B5%B7%C8%C9&age=7&action=nowdiff HTTP/1.1" 200 9844 "-" "Mozilla/5.0 (compatible; bingbot/2.0; +http://www.bing.com/bingbot.htm)"
157.55.35.113 - - [07/Apr/2013:12:32:18 +0900] "GET /~info3/wiki/index.php?cmd=backup&page=%B5%DC%CE%A4%A1%F5%CD%BF%B5%B7%C8%C9&age=3&action=source HTTP/1.1" 200 8420 "-" "Mozilla/5.0 (compatible; bingbot/2.0; +http://www.bing.com/bingbot.htm)"
66.249.76.52 - - [07/Apr/2013:12:32:18 +0900] "GET /ontolopedia/disp/word_show/209049 HTTP/1.1" 200 5278 "-" "Mozilla/5.0 (compatible; Googlebot/2.1; +http://www.google.com/bot.html)"
157.55.35.113 - - [07/Apr/2013:12:32:19 +0900] "GET /~info3/wiki/index.php?cmd=backup&page=%B6%B6%CB%DC%A1%F5%B6%CC%C6%E1%C7%C6%C8%CB%B9%F1%2FLevel2&age=2&action=source HTTP/1.1" 200 7118 "-" "Mozilla/5.0 (compatible; bingbot/2.0; +http://www.bing.com/bingbot.htm)"
157.55.35.113 - - [07/Apr/2013:12:32:19 +0900] "GET /~info3/wiki/index.php?cmd=backup&page=info3%20wiki&age=58&action=diff HTTP/1.1" 200 18105 "-" "Mozilla/5.0 (compatible; bingbot/2.0; +http://www.bing.com/bingbot.htm)"
157.55.35.113 - - [07/Apr/2013:12:32:19 +0900] "GET /~info3/wiki/index.php?plugin=attach&pcmd=upload&page=Level1-%C7%D8%B7%CA%A1%A6%B4%F0%C1%C3%C3%CE%BC%B1%C5%F9 HTTP/1.1" 200 7261 "-" "Mozilla/5.0 (compatible; bingbot/2.0; +http://www.bing.com/bingbot.htm)"
157.55.35.113 - - [07/Apr/2013:12:32:20 +0900] "GET /~info3/wiki/index.php?plugin=attach&pcmd=upload&page=QvBtt HTTP/1.1" 200 6325 "-" "Mozilla/5.0 (compatible; bingbot/2.0; +http://www.bing.com/bingbot.htm)"
157.55.35.113 - - [07/Apr/2013:12:32:20 +0900] "GET /~info3/wiki/index.php?plugin=attach&pcmd=upload&page=info3%20wiki%2F%C2%E7%BE%EB%A1%F5%B5%C8%B1%CA%C8%C9%2FLevel4%20%C2%E7%BE%EB%A1%F5%B5%C8%B1%CA HTTP/1.1" 200 7981 "-" "Mozilla/5.0 (compatible; bingbot/2.0; +http://www.bing.com/bingbot.htm)"
157.55.35.113 - - [07/Apr/2013:12:32:20 +0900] "GET /~info3/wiki/index.php?plugin=attach&pcmd=upload&page=info3%20wiki%2F%C2%E7%BE%EB%A1%F5%B5%C8%B1%CA%C8%C9%2FLevel6%20%C2%E7%BE%EB%A1%F5%B5%C8%B1%CA HTTP/1.1" 200 7981 "-" "Mozilla/5.0 (compatible; bingbot/2.0; +http://www.bing.com/bingbot.htm)"
157.55.35.113 - - [07/Apr/2013:12:32:21 +0900] "GET /~info3/wiki/index.php?plugin=attach&pcmd=upload&page=kftklzflofb HTTP/1.1" 200 6445 "-" "Mozilla/5.0 (compatible; bingbot/2.0; +http://www.bing.com/bingbot.htm)"
157.55.35.113 - - [07/Apr/2013:12:32:21 +0900] "GET /~info3/wiki/index.php?plugin=attach&pcmd=upload&page=porn%20hub HTTP/1.1" 200 6421 "-" "Mozilla/5.0 (compatible; bingbot/2.0; +http://www.bing.com/bingbot.htm)"
157.55.35.113 - - [07/Apr/2013:12:32:21 +0900] "GET /~info3/wiki/index.php?plugin=attach&pcmd=upload&page=tube8 HTTP/1.1" 200 6325 "-" "Mozilla/5.0 (compatible; bingbot/2.0; +http://www.bing.com/bingbot.htm)"
202.180.34.186 - - [07/Apr/2013:12:32:21 +0900] "GET /ontolopedia/disp/word_show/294422 HTTP/1.1" 200 8275 "-" "ICC-Crawler/2.0 (Mozilla-compatible; ; http://kc.nict.go.jp/project1/crawl.html)"
157.55.35.113 - - [07/Apr/2013:12:32:22 +0900] "GET /ontolopedia/disp/word_show/25228 HTTP/1.1" 403 234 "-" "Mozilla/5.0 (compatible; bingbot/2.0; +http://www.bing.com/bingbot.htm)"
157.55.35.113 - - [07/Apr/2013:12:32:22 +0900] "GET /ontolopedia/disp/word_show/25224 HTTP/1.1" 403 234 "-" "Mozilla/5.0 (compatible; bingbot/2.0; +http://www.bing.com/bingbot.htm)"
157.55.35.113 - - [07/Apr/2013:12:32:22 +0900] "GET /ontolopedia/disp/word_show/252275 HTTP/1.1" 403 235 "-" "Mozilla/5.0 (compatible; bingbot/2.0; +http://www.bing.com/bingbot.htm)"
157.55.35.113 - - [07/Apr/2013:12:32:23 +0900] "GET /ontolopedia/disp/word_show/2523 HTTP/1.1" 403 233 "-" "Mozilla/5.0 (compatible; bingbot/2.0; +http://www.bing.com/bingbot.htm)"
157.55.35.113 - - [07/Apr/2013:12:32:23 +0900] "GET /ontolopedia/disp/word_show/252410 HTTP/1.1" 403 235 "-" "Mozilla/5.0 (compatible; bingbot/2.0; +http://www.bing.com/bingbot.htm)"
157.55.35.113 - - [07/Apr/2013:12:32:23 +0900] "GET /ontolopedia/disp/word_show/25248 HTTP/1.1" 403 234 "-" "Mozilla/5.0 (compatible; bingbot/2.0; +http://www.bing.com/bingbot.htm)"
157.55.35.113 - - [07/Apr/2013:12:32:24 +0900] "GET /ontolopedia/disp/word_show/270869 HTTP/1.1" 403 235 "-" "Mozilla/5.0 (compatible; bingbot/2.0; +http://www.bing.com/bingbot.htm)"
157.55.35.113 - - [07/Apr/2013:12:32:24 +0900] "GET /ontolopedia/disp/word_show/271 HTTP/1.1" 403 232 "-" "Mozilla/5.0 (compatible; bingbot/2.0; +http://www.bing.com/bingbot.htm)"
157.55.35.113 - - [07/Apr/2013:12:32:24 +0900] "GET /ontolopedia/disp/word_show/27119 HTTP/1.1" 403 234 "-" "Mozilla/5.0 (compatible; bingbot/2.0; +http://www.bing.com/bingbot.htm)"
66.249.76.52 - - [07/Apr/2013:12:32:24 +0900] "GET /ontolopedia/disp/word_show/291096 HTTP/1.1" 200 4738 "-" "Mozilla/5.0 (compatible; Googlebot/2.1; +http://www.google.com/bot.html)"
157.55.35.113 - - [07/Apr/2013:12:32:25 +0900] "GET /ontolopedia/disp/word_show/271250 HTTP/1.1" 403 235 "-" "Mozilla/5.0 (compatible; bingbot/2.0; +http://www.bing.com/bingbot.htm)"
157.55.35.113 - - [07/Apr/2013:12:32:25 +0900] "GET /ontolopedia/disp/word_show/27136 HTTP/1.1" 403 234 "-" "Mozilla/5.0 (compatible; bingbot/2.0; +http://www.bing.com/bingbot.htm)"
157.55.35.113 - - [07/Apr/2013:12:32:25 +0900] "GET /ontolopedia/disp/word_show/271384 HTTP/1.1" 403 235 "-" "Mozilla/5.0 (compatible; bingbot/2.0; +http://www.bing.com/bingbot.htm)"
202.180.34.186 - - [07/Apr/2013:12:32:26 +0900] "GET /ontolopedia/disp/word_show/70853 HTTP/1.1" 200 18096 "-" "ICC-Crawler/2.0 (Mozilla-compatible; ; http://kc.nict.go.jp/project1/crawl.html)"
157.55.32.76 - - [07/Apr/2013:12:32:30 +0900] "GET /note/note_detail/1057/ HTTP/1.1" 200 8281 "-" "Mozilla/5.0 (compatible; bingbot/2.0; +http://www.bing.com/bingbot.htm)"
66.249.76.52 - - [07/Apr/2013:12:32:31 +0900] "GET /ontolopedia/disp/word_show/141534 HTTP/1.1" 200 7887 "-" "Mozilla/5.0 (compatible; Googlebot/2.1; +http://www.google.com/bot.html)"
66.249.76.52 - - [07/Apr/2013:12:32:31 +0900] "GET /ontolopedia/disp/word_show/445003 HTTP/1.1" 200 5436 "-" "Mozilla/5.0 (compatible; Googlebot/2.1; +http://www.google.com/bot.html)"
202.180.34.186 - - [07/Apr/2013:12:32:32 +0900] "GET /ontolopedia/disp/word_show/244342 HTTP/1.1" 200 5421 "-" "ICC-Crawler/2.0 (Mozilla-compatible; ; http://kc.nict.go.jp/project1/crawl.html)"
157.55.35.113 - - [07/Apr/2013:12:32:32 +0900] "GET /ontolopedia/disp/word_show/271552 HTTP/1.1" 403 235 "-" "Mozilla/5.0 (compatible; bingbot/2.0; +http://www.bing.com/bingbot.htm)"
157.55.35.113 - - [07/Apr/2013:12:32:32 +0900] "GET /ontolopedia/disp/word_show/27164 HTTP/1.1" 403 234 "-" "Mozilla/5.0 (compatible; bingbot/2.0; +http://www.bing.com/bingbot.htm)"
157.55.35.113 - - [07/Apr/2013:12:32:32 +0900] "GET /ontolopedia/disp/word_show/271718 HTTP/1.1" 403 235 "-" "Mozilla/5.0 (compatible; bingbot/2.0; +http://www.bing.com/bingbot.htm)"
66.249.76.52 - - [07/Apr/2013:12:32:37 +0900] "GET /ontolopedia/disp/word_show/319926 HTTP/1.1" 200 4182 "-" "Mozilla/5.0 (compatible; Googlebot/2.1; +http://www.google.com/bot.html)"
202.180.34.186 - - [07/Apr/2013:12:32:37 +0900] "GET /ontolopedia/disp/word_show/6943 HTTP/1.1" 200 10906 "-" "ICC-Crawler/2.0 (Mozilla-compatible; ; http://kc.nict.go.jp/project1/crawl.html)"
66.249.76.52 - - [07/Apr/2013:12:32:38 +0900] "GET /~yosshi/wiki-old/index.php?plugin=newpage&refer=%C6%FC%B5%AD%2F2017-05-07 HTTP/1.1" 200 795 "-" "SAMSUNG-SGH-E250/1.0 Profile/MIDP-2.0 Configuration/CLDC-1.1 UP.Browser/6.2.3.3.c.1.101 (GUI) MMP/2.0 (compatible; Googlebot-Mobile/2.1; +http://www.google.com/bot.html)"
157.55.35.113 - - [07/Apr/2013:12:32:38 +0900] "GET /ontolopedia/disp/word_show/2720 HTTP/1.1" 403 233 "-" "Mozilla/5.0 (compatible; bingbot/2.0; +http://www.bing.com/bingbot.htm)"
157.55.35.113 - - [07/Apr/2013:12:32:38 +0900] "GET /ontolopedia/disp/word_show/271721 HTTP/1.1" 403 235 "-" "Mozilla/5.0 (compatible; bingbot/2.0; +http://www.bing.com/bingbot.htm)"
157.55.35.113 - - [07/Apr/2013:12:32:38 +0900] "GET /ontolopedia/disp/word_show/27223 HTTP/1.1" 403 234 "-" "Mozilla/5.0 (compatible; bingbot/2.0; +http://www.bing.com/bingbot.htm)"
157.55.35.113 - - [07/Apr/2013:12:32:41 +0900] "GET /ontolopedia/disp/word_show/27238 HTTP/1.1" 403 234 "-" "Mozilla/5.0 (compatible; bingbot/2.0; +http://www.bing.com/bingbot.htm)"
157.55.35.113 - - [07/Apr/2013:12:32:41 +0900] "GET /ontolopedia/disp/word_show/27243 HTTP/1.1" 403 234 "-" "Mozilla/5.0 (compatible; bingbot/2.0; +http://www.bing.com/bingbot.htm)"
157.55.35.113 - - [07/Apr/2013:12:32:41 +0900] "GET /ontolopedia/disp/word_show/272512 HTTP/1.1" 403 235 "-" "Mozilla/5.0 (compatible; bingbot/2.0; +http://www.bing.com/bingbot.htm)"
157.55.35.113 - - [07/Apr/2013:12:32:43 +0900] "GET /ontolopedia/disp/word_show/272777 HTTP/1.1" 403 235 "-" "Mozilla/5.0 (compatible; bingbot/2.0; +http://www.bing.com/bingbot.htm)"
157.55.35.113 - - [07/Apr/2013:12:32:43 +0900] "GET /ontolopedia/disp/word_show/272690 HTTP/1.1" 403 235 "-" "Mozilla/5.0 (compatible; bingbot/2.0; +http://www.bing.com/bingbot.htm)"
157.55.35.113 - - [07/Apr/2013:12:32:43 +0900] "GET /ontolopedia/disp/word_show/27255 HTTP/1.1" 403 234 "-" "Mozilla/5.0 (compatible; bingbot/2.0; +http://www.bing.com/bingbot.htm)"
66.249.76.52 - - [07/Apr/2013:12:32:43 +0900] "GET /ontolopedia/disp/word_show/274929 HTTP/1.1" 200 8552 "-" "Mozilla/5.0 (compatible; Googlebot/2.1; +http://www.google.com/bot.html)"
202.180.34.186 - - [07/Apr/2013:12:32:43 +0900] "GET /ontolopedia/disp/word_show/421510 HTTP/1.1" 200 4170 "-" "ICC-Crawler/2.0 (Mozilla-compatible; ; http://kc.nict.go.jp/project1/crawl.html)"
157.55.35.113 - - [07/Apr/2013:12:32:44 +0900] "GET /ontolopedia/disp/word_show/272941 HTTP/1.1" 403 235 "-" "Mozilla/5.0 (compatible; bingbot/2.0; +http://www.bing.com/bingbot.htm)"
157.55.35.113 - - [07/Apr/2013:12:32:44 +0900] "GET /ontolopedia/disp/word_show/273158 HTTP/1.1" 403 235 "-" "Mozilla/5.0 (compatible; bingbot/2.0; +http://www.bing.com/bingbot.htm)"
157.55.35.113 - - [07/Apr/2013:12:32:44 +0900] "GET /ontolopedia/disp/word_show/273166 HTTP/1.1" 403 235 "-" "Mozilla/5.0 (compatible; bingbot/2.0; +http://www.bing.com/bingbot.htm)"
157.55.35.113 - - [07/Apr/2013:12:32:45 +0900] "GET /ontolopedia/disp/word_show/273428 HTTP/1.1" 403 235 "-" "Mozilla/5.0 (compatible; bingbot/2.0; +http://www.bing.com/bingbot.htm)"
66.249.76.52 - - [07/Apr/2013:12:32:45 +0900] "GET /ontolopedia/disp/word_show/421882 HTTP/1.1" 200 4318 "-" "Mozilla/5.0 (compatible; Googlebot/2.1; +http://www.google.com/bot.html)"
157.55.35.113 - - [07/Apr/2013:12:32:45 +0900] "GET /ontolopedia/disp/word_show/291634 HTTP/1.1" 403 235 "-" "Mozilla/5.0 (compatible; bingbot/2.0; +http://www.bing.com/bingbot.htm)"
157.55.35.113 - - [07/Apr/2013:12:32:45 +0900] "GET /ontolopedia/disp/word_show/291503 HTTP/1.1" 403 235 "-" "Mozilla/5.0 (compatible; bingbot/2.0; +http://www.bing.com/bingbot.htm)"
157.55.35.113 - - [07/Apr/2013:12:32:46 +0900] "GET /ontolopedia/disp/word_show/292910 HTTP/1.1" 403 235 "-" "Mozilla/5.0 (compatible; bingbot/2.0; +http://www.bing.com/bingbot.htm)"
157.55.35.113 - - [07/Apr/2013:12:32:46 +0900] "GET /ontolopedia/disp/word_show/29349 HTTP/1.1" 403 234 "-" "Mozilla/5.0 (compatible; bingbot/2.0; +http://www.bing.com/bingbot.htm)"
157.55.35.113 - - [07/Apr/2013:12:32:46 +0900] "GET /ontolopedia/disp/word_show/293895 HTTP/1.1" 403 235 "-" "Mozilla/5.0 (compatible; bingbot/2.0; +http://www.bing.com/bingbot.htm)"
157.55.35.113 - - [07/Apr/2013:12:32:47 +0900] "GET /ontolopedia/disp/word_show/294092 HTTP/1.1" 403 235 "-" "Mozilla/5.0 (compatible; bingbot/2.0; +http://www.bing.com/bingbot.htm)"
157.55.35.113 - - [07/Apr/2013:12:32:47 +0900] "GET /ontolopedia/disp/word_show/29475 HTTP/1.1" 403 234 "-" "Mozilla/5.0 (compatible; bingbot/2.0; +http://www.bing.com/bingbot.htm)"
157.55.35.113 - - [07/Apr/2013:12:32:47 +0900] "GET /ontolopedia/disp/word_show/29456 HTTP/1.1" 403 234 "-" "Mozilla/5.0 (compatible; bingbot/2.0; +http://www.bing.com/bingbot.htm)"
202.180.34.186 - - [07/Apr/2013:12:32:48 +0900] "GET /ontolopedia/disp/word_show/56432 HTTP/1.1" 200 10350 "-" "ICC-Crawler/2.0 (Mozilla-compatible; ; http://kc.nict.go.jp/project1/crawl.html)"
157.55.35.113 - - [07/Apr/2013:12:32:48 +0900] "GET /ontolopedia/disp/word_show/29495 HTTP/1.1" 403 234 "-" "Mozilla/5.0 (compatible; bingbot/2.0; +http://www.bing.com/bingbot.htm)"
157.55.35.113 - - [07/Apr/2013:12:32:48 +0900] "GET /ontolopedia/disp/word_show/295010 HTTP/1.1" 403 235 "-" "Mozilla/5.0 (compatible; bingbot/2.0; +http://www.bing.com/bingbot.htm)"
157.55.35.113 - - [07/Apr/2013:12:32:48 +0900] "GET /ontolopedia/disp/word_show/295170 HTTP/1.1" 403 235 "-" "Mozilla/5.0 (compatible; bingbot/2.0; +http://www.bing.com/bingbot.htm)"
66.249.76.52 - - [07/Apr/2013:12:32:49 +0900] "GET /ontolopedia/disp/word_show/146727 HTTP/1.1" 200 4213 "-" "Mozilla/5.0 (compatible; Googlebot/2.1; +http://www.google.com/bot.html)"
157.55.35.113 - - [07/Apr/2013:12:32:50 +0900] "GET /ontolopedia/disp/word_show/295331 HTTP/1.1" 403 235 "-" "Mozilla/5.0 (compatible; bingbot/2.0; +http://www.bing.com/bingbot.htm)"
157.55.35.113 - - [07/Apr/2013:12:32:50 +0900] "GET /ontolopedia/disp/word_show/295197 HTTP/1.1" 403 235 "-" "Mozilla/5.0 (compatible; bingbot/2.0; +http://www.bing.com/bingbot.htm)"
157.55.35.113 - - [07/Apr/2013:12:32:50 +0900] "GET /ontolopedia/disp/word_show/295398 HTTP/1.1" 403 235 "-" "Mozilla/5.0 (compatible; bingbot/2.0; +http://www.bing.com/bingbot.htm)"
157.55.35.113 - - [07/Apr/2013:12:32:51 +0900] "GET /ontolopedia/disp/word_show/3985 HTTP/1.1" 403 233 "-" "Mozilla/5.0 (compatible; bingbot/2.0; +http://www.bing.com/bingbot.htm)"
157.55.35.113 - - [07/Apr/2013:12:32:51 +0900] "GET /ontolopedia/disp/word_show/399248 HTTP/1.1" 403 235 "-" "Mozilla/5.0 (compatible; bingbot/2.0; +http://www.bing.com/bingbot.htm)"
157.55.35.113 - - [07/Apr/2013:12:32:51 +0900] "GET /ontolopedia/disp/word_show/371739 HTTP/1.1" 403 235 "-" "Mozilla/5.0 (compatible; bingbot/2.0; +http://www.bing.com/bingbot.htm)"
157.55.35.113 - - [07/Apr/2013:12:32:52 +0900] "GET /ontolopedia/disp/word_show/400585 HTTP/1.1" 403 235 "-" "Mozilla/5.0 (compatible; bingbot/2.0; +http://www.bing.com/bingbot.htm)"
157.55.35.113 - - [07/Apr/2013:12:32:52 +0900] "GET /ontolopedia/disp/word_show/400413 HTTP/1.1" 403 235 "-" "Mozilla/5.0 (compatible; bingbot/2.0; +http://www.bing.com/bingbot.htm)"
157.55.35.113 - - [07/Apr/2013:12:32:52 +0900] "GET /ontolopedia/disp/word_show/401160 HTTP/1.1" 403 235 "-" "Mozilla/5.0 (compatible; bingbot/2.0; +http://www.bing.com/bingbot.htm)"
157.55.35.113 - - [07/Apr/2013:12:32:53 +0900] "GET /ontolopedia/disp/word_show/430787 HTTP/1.1" 403 235 "-" "Mozilla/5.0 (compatible; bingbot/2.0; +http://www.bing.com/bingbot.htm)"
157.55.35.113 - - [07/Apr/2013:12:32:53 +0900] "GET /ontolopedia/disp/word_show/430324 HTTP/1.1" 403 235 "-" "Mozilla/5.0 (compatible; bingbot/2.0; +http://www.bing.com/bingbot.htm)"
157.55.35.113 - - [07/Apr/2013:12:32:53 +0900] "GET /ontolopedia/disp/word_show/43139 HTTP/1.1" 403 234 "-" "Mozilla/5.0 (compatible; bingbot/2.0; +http://www.bing.com/bingbot.htm)"
202.180.34.186 - - [07/Apr/2013:12:32:54 +0900] "GET /ontolopedia/disp/word_show/74413 HTTP/1.1" 200 12978 "-" "ICC-Crawler/2.0 (Mozilla-compatible; ; http://kc.nict.go.jp/project1/crawl.html)"
157.55.35.113 - - [07/Apr/2013:12:32:54 +0900] "GET /ontolopedia/disp/word_show/43190 HTTP/1.1" 403 234 "-" "Mozilla/5.0 (compatible; bingbot/2.0; +http://www.bing.com/bingbot.htm)"
157.55.35.113 - - [07/Apr/2013:12:32:54 +0900] "GET /ontolopedia/disp/word_show/43197 HTTP/1.1" 403 234 "-" "Mozilla/5.0 (compatible; bingbot/2.0; +http://www.bing.com/bingbot.htm)"
157.55.35.113 - - [07/Apr/2013:12:32:54 +0900] "GET /ontolopedia/disp/word_show/432008 HTTP/1.1" 403 235 "-" "Mozilla/5.0 (compatible; bingbot/2.0; +http://www.bing.com/bingbot.htm)"
66.249.76.52 - - [07/Apr/2013:12:32:55 +0900] "GET /ontolopedia/disp/word_show/98206 HTTP/1.1" 200 4797 "-" "Mozilla/5.0 (compatible; Googlebot/2.1; +http://www.google.com/bot.html)"
157.55.35.113 - - [07/Apr/2013:12:32:55 +0900] "GET /ontolopedia/disp/word_show/4322 HTTP/1.1" 403 233 "-" "Mozilla/5.0 (compatible; bingbot/2.0; +http://www.bing.com/bingbot.htm)"
157.55.35.113 - - [07/Apr/2013:12:32:55 +0900] "GET /ontolopedia/disp/word_show/432360 HTTP/1.1" 403 235 "-" "Mozilla/5.0 (compatible; bingbot/2.0; +http://www.bing.com/bingbot.htm)"
157.55.35.113 - - [07/Apr/2013:12:32:55 +0900] "GET /ontolopedia/disp/word_show/43227 HTTP/1.1" 403 234 "-" "Mozilla/5.0 (compatible; bingbot/2.0; +http://www.bing.com/bingbot.htm)"
157.55.35.113 - - [07/Apr/2013:12:32:56 +0900] "GET /ontolopedia/disp/word_show/5844 HTTP/1.1" 403 233 "-" "Mozilla/5.0 (compatible; bingbot/2.0; +http://www.bing.com/bingbot.htm)"
157.55.35.113 - - [07/Apr/2013:12:32:56 +0900] "GET /ontolopedia/disp/word_show/46264 HTTP/1.1" 403 234 "-" "Mozilla/5.0 (compatible; bingbot/2.0; +http://www.bing.com/bingbot.htm)"
157.55.35.113 - - [07/Apr/2013:12:32:56 +0900] "GET /ontolopedia/disp/word_show/58483 HTTP/1.1" 403 234 "-" "Mozilla/5.0 (compatible; bingbot/2.0; +http://www.bing.com/bingbot.htm)"
157.55.35.113 - - [07/Apr/2013:12:32:59 +0900] "GET /ontolopedia/disp/word_show/58530 HTTP/1.1" 403 234 "-" "Mozilla/5.0 (compatible; bingbot/2.0; +http://www.bing.com/bingbot.htm)"
157.55.35.113 - - [07/Apr/2013:12:32:59 +0900] "GET /ontolopedia/disp/word_show/58743 HTTP/1.1" 403 234 "-" "Mozilla/5.0 (compatible; bingbot/2.0; +http://www.bing.com/bingbot.htm)"
202.180.34.186 - - [07/Apr/2013:12:32:59 +0900] "GET /ontolopedia/disp/word_show/45042 HTTP/1.1" 200 4519 "-" "ICC-Crawler/2.0 (Mozilla-compatible; ; http://kc.nict.go.jp/project1/crawl.html)"
157.55.35.113 - - [07/Apr/2013:12:32:59 +0900] "GET /ontolopedia/disp/word_show/58697 HTTP/1.1" 403 234 "-" "Mozilla/5.0 (compatible; bingbot/2.0; +http://www.bing.com/bingbot.htm)"
66.249.76.52 - - [07/Apr/2013:12:32:59 +0900] "GET /ontolopedia/disp/word_show/105142 HTTP/1.1" 200 6004 "-" "Mozilla/5.0 (compatible; Googlebot/2.1; +http://www.google.com/bot.html)"
157.55.35.113 - - [07/Apr/2013:12:33:00 +0900] "GET /ontolopedia/disp/word_show/58753 HTTP/1.1" 403 234 "-" "Mozilla/5.0 (compatible; bingbot/2.0; +http://www.bing.com/bingbot.htm)"
157.55.35.113 - - [07/Apr/2013:12:33:00 +0900] "GET /ontolopedia/disp/word_show/58878 HTTP/1.1" 403 234 "-" "Mozilla/5.0 (compatible; bingbot/2.0; +http://www.bing.com/bingbot.htm)"
157.55.35.113 - - [07/Apr/2013:12:33:00 +0900] "GET /ontolopedia/disp/word_show/66193 HTTP/1.1" 403 234 "-" "Mozilla/5.0 (compatible; bingbot/2.0; +http://www.bing.com/bingbot.htm)"
66.249.76.52 - - [07/Apr/2013:12:33:01 +0900] "GET /ontolopedia/disp/word_show/164462 HTTP/1.1" 200 4162 "-" "Mozilla/5.0 (compatible; Googlebot/2.1; +http://www.google.com/bot.html)"
157.55.35.113 - - [07/Apr/2013:12:33:01 +0900] "GET /ontolopedia/disp/word_show/6622 HTTP/1.1" 403 233 "-" "Mozilla/5.0 (compatible; bingbot/2.0; +http://www.bing.com/bingbot.htm)"
157.55.35.113 - - [07/Apr/2013:12:33:02 +0900] "GET /ontolopedia/disp/word_show/66361 HTTP/1.1" 403 234 "-" "Mozilla/5.0 (compatible; bingbot/2.0; +http://www.bing.com/bingbot.htm)"
157.55.35.113 - - [07/Apr/2013:12:33:02 +0900] "GET /ontolopedia/disp/word_show/66290 HTTP/1.1" 403 234 "-" "Mozilla/5.0 (compatible; bingbot/2.0; +http://www.bing.com/bingbot.htm)"
157.55.35.113 - - [07/Apr/2013:12:33:02 +0900] "GET /ontolopedia/disp/word_show/7506 HTTP/1.1" 403 233 "-" "Mozilla/5.0 (compatible; bingbot/2.0; +http://www.bing.com/bingbot.htm)"
157.55.35.113 - - [07/Apr/2013:12:33:03 +0900] "GET /ontolopedia/disp/word_show/75089 HTTP/1.1" 403 234 "-" "Mozilla/5.0 (compatible; bingbot/2.0; +http://www.bing.com/bingbot.htm)"
157.55.35.113 - - [07/Apr/2013:12:33:03 +0900] "GET /ontolopedia/disp/word_show/7511 HTTP/1.1" 403 233 "-" "Mozilla/5.0 (compatible; bingbot/2.0; +http://www.bing.com/bingbot.htm)"
157.55.35.113 - - [07/Apr/2013:12:33:03 +0900] "GET /ontolopedia/disp/word_show/75115 HTTP/1.1" 403 234 "-" "Mozilla/5.0 (compatible; bingbot/2.0; +http://www.bing.com/bingbot.htm)"
157.55.35.113 - - [07/Apr/2013:12:33:04 +0900] "GET /ontolopedia/disp/word_show/7522 HTTP/1.1" 403 233 "-" "Mozilla/5.0 (compatible; bingbot/2.0; +http://www.bing.com/bingbot.htm)"
202.180.34.186 - - [07/Apr/2013:12:33:05 +0900] "GET /ontolopedia/disp/word_show/354441 HTTP/1.1" 200 4991 "-" "ICC-Crawler/2.0 (Mozilla-compatible; ; http://kc.nict.go.jp/project1/crawl.html)"
66.249.76.52 - - [07/Apr/2013:12:33:07 +0900] "GET /ontolopedia/disp/word_show/196286 HTTP/1.1" 200 4201 "-" "Mozilla/5.0 (compatible; Googlebot/2.1; +http://www.google.com/bot.html)"
202.180.34.186 - - [07/Apr/2013:12:33:10 +0900] "GET /ontolopedia/disp/word_show/473090 HTTP/1.1" 200 7252 "-" "ICC-Crawler/2.0 (Mozilla-compatible; ; http://kc.nict.go.jp/project1/crawl.html)"
66.249.76.52 - - [07/Apr/2013:12:33:13 +0900] "GET /ontolopedia/disp/word_show/134371 HTTP/1.1" 200 5313 "-" "Mozilla/5.0 (compatible; Googlebot/2.1; +http://www.google.com/bot.html)"
66.249.76.52 - - [07/Apr/2013:12:33:14 +0900] "GET /ontolopedia/disp/word_show/349027 HTTP/1.1" 200 6227 "-" "Mozilla/5.0 (compatible; Googlebot/2.1; +http://www.google.com/bot.html)"
202.180.34.186 - - [07/Apr/2013:12:33:15 +0900] "GET /ontolopedia/disp/word_show/276130 HTTP/1.1" 200 5708 "-" "ICC-Crawler/2.0 (Mozilla-compatible; ; http://kc.nict.go.jp/project1/crawl.html)"
66.249.76.52 - - [07/Apr/2013:12:33:19 +0900] "GET /ontolopedia/disp/word_show/190604 HTTP/1.1" 200 5625 "-" "Mozilla/5.0 (compatible; Googlebot/2.1; +http://www.google.com/bot.html)"
202.180.34.186 - - [07/Apr/2013:12:33:21 +0900] "GET /ontolopedia/disp/word_show/267235 HTTP/1.1" 200 5221 "-" "ICC-Crawler/2.0 (Mozilla-compatible; ; http://kc.nict.go.jp/project1/crawl.html)"
66.249.76.52 - - [07/Apr/2013:12:33:25 +0900] "GET /ontolopedia/disp/word_show/371558 HTTP/1.1" 200 8516 "-" "Mozilla/5.0 (compatible; Googlebot/2.1; +http://www.google.com/bot.html)"
202.180.34.186 - - [07/Apr/2013:12:33:26 +0900] "GET /ontolopedia/disp/word_show/142098 HTTP/1.1" 200 6964 "-" "ICC-Crawler/2.0 (Mozilla-compatible; ; http://kc.nict.go.jp/project1/crawl.html)"
66.249.76.52 - - [07/Apr/2013:12:33:28 +0900] "GET /ontolopedia/disp/word_show/328564 HTTP/1.1" 200 7732 "-" "Mozilla/5.0 (compatible; Googlebot/2.1; +http://www.google.com/bot.html)"
66.249.76.52 - - [07/Apr/2013:12:33:31 +0900] "GET /ontolopedia/disp/word_show/172657 HTTP/1.1" 200 4175 "-" "Mozilla/5.0 (compatible; Googlebot/2.1; +http://www.google.com/bot.html)"
202.180.34.186 - - [07/Apr/2013:12:33:32 +0900] "GET /ontolopedia/disp/word_show/481281 HTTP/1.1" 200 6691 "-" "ICC-Crawler/2.0 (Mozilla-compatible; ; http://kc.nict.go.jp/project1/crawl.html)"
66.249.76.52 - - [07/Apr/2013:12:33:37 +0900] "GET /ontolopedia/disp/word_show/166530 HTTP/1.1" 200 5205 "-" "Mozilla/5.0 (compatible; Googlebot/2.1; +http://www.google.com/bot.html)"
202.180.34.186 - - [07/Apr/2013:12:33:37 +0900] "GET /ontolopedia/disp/word_show/262083 HTTP/1.1" 200 22082 "-" "ICC-Crawler/2.0 (Mozilla-compatible; ; http://kc.nict.go.jp/project1/crawl.html)"
72.14.199.52 - - [07/Apr/2013:12:33:41 +0900] "GET /~yosshi/wiki-old/index.php?plugin=newpage&refer=%C6%FC%B5%AD%2F2021-05-07 HTTP/1.1" 200 795 "-" "DoCoMo/2.0 N905i(c100;TB;W24H16) (compatible; Googlebot-Mobile/2.1; +http://www.google.com/bot.html)"
202.180.34.186 - - [07/Apr/2013:12:33:43 +0900] "GET /ontolopedia/disp/word_show/28289 HTTP/1.1" 200 15582 "-" "ICC-Crawler/2.0 (Mozilla-compatible; ; http://kc.nict.go.jp/project1/crawl.html)"
66.249.76.52 - - [07/Apr/2013:12:33:43 +0900] "GET /ontolopedia/disp/word_show/111391 HTTP/1.1" 200 4652 "-" "Mozilla/5.0 (compatible; Googlebot/2.1; +http://www.google.com/bot.html)"
66.249.76.52 - - [07/Apr/2013:12:33:44 +0900] "GET /ontolopedia/disp/word_show/472306 HTTP/1.1" 200 10574 "-" "Mozilla/5.0 (compatible; Googlebot/2.1; +http://www.google.com/bot.html)"
202.180.34.186 - - [07/Apr/2013:12:33:48 +0900] "GET /ontolopedia/disp/word_show/5458 HTTP/1.1" 200 4159 "-" "ICC-Crawler/2.0 (Mozilla-compatible; ; http://kc.nict.go.jp/project1/crawl.html)"
66.249.76.52 - - [07/Apr/2013:12:33:49 +0900] "GET /ontolopedia/disp/word_show/367626 HTTP/1.1" 200 4247 "-" "Mozilla/5.0 (compatible; Googlebot/2.1; +http://www.google.com/bot.html)"
157.56.93.73 - - [07/Apr/2013:12:33:50 +0900] "GET /ontolopedia/disp/word_show/293433 HTTP/1.1" 403 235 "-" "Mozilla/5.0 (compatible; bingbot/2.0; +http://www.bing.com/bingbot.htm)"
202.180.34.186 - - [07/Apr/2013:12:33:54 +0900] "GET /ontolopedia/disp/word_show/89393 HTTP/1.1" 200 10528 "-" "ICC-Crawler/2.0 (Mozilla-compatible; ; http://kc.nict.go.jp/project1/crawl.html)"
157.56.93.73 - - [07/Apr/2013:12:33:55 +0900] "GET /ontolopedia/disp/word_show/293942 HTTP/1.1" 403 235 "-" "Mozilla/5.0 (compatible; bingbot/2.0; +http://www.bing.com/bingbot.htm)"
66.249.76.52 - - [07/Apr/2013:12:33:55 +0900] "GET /ontolopedia/disp/word_show/483913 HTTP/1.1" 200 6073 "-" "Mozilla/5.0 (compatible; Googlebot/2.1; +http://www.google.com/bot.html)"
66.249.76.52 - - [07/Apr/2013:12:33:57 +0900] "GET /ontolopedia/disp/word_show/124747 HTTP/1.1" 200 8244 "-" "Mozilla/5.0 (compatible; Googlebot/2.1; +http://www.google.com/bot.html)"
202.180.34.186 - - [07/Apr/2013:12:33:59 +0900] "GET /ontolopedia/disp/word_show/265173 HTTP/1.1" 200 6961 "-" "ICC-Crawler/2.0 (Mozilla-compatible; ; http://kc.nict.go.jp/project1/crawl.html)"
66.249.76.52 - - [07/Apr/2013:12:34:01 +0900] "GET /ontolopedia/disp/word_show/379916 HTTP/1.1" 200 5746 "-" "Mozilla/5.0 (compatible; Googlebot/2.1; +http://www.google.com/bot.html)"
202.180.34.186 - - [07/Apr/2013:12:34:05 +0900] "GET /ontolopedia/disp/word_show/359802 HTTP/1.1" 200 5258 "-" "ICC-Crawler/2.0 (Mozilla-compatible; ; http://kc.nict.go.jp/project1/crawl.html)"
66.249.76.52 - - [07/Apr/2013:12:34:07 +0900] "GET /ontolopedia/disp/word_show/136939 HTTP/1.1" 200 4223 "-" "Mozilla/5.0 (compatible; Googlebot/2.1; +http://www.google.com/bot.html)"
157.56.93.73 - - [07/Apr/2013:12:34:09 +0900] "GET /ontolopedia/disp/word_show/294052 HTTP/1.1" 403 235 "-" "Mozilla/5.0 (compatible; bingbot/2.0; +http://www.bing.com/bingbot.htm)"
157.56.93.73 - - [07/Apr/2013:12:34:09 +0900] "GET /ontolopedia/disp/word_show/294694 HTTP/1.1" 403 235 "-" "Mozilla/5.0 (compatible; bingbot/2.0; +http://www.bing.com/bingbot.htm)"
157.56.93.73 - - [07/Apr/2013:12:34:09 +0900] "GET /ontolopedia/disp/word_show/295184 HTTP/1.1" 403 235 "-" "Mozilla/5.0 (compatible; bingbot/2.0; +http://www.bing.com/bingbot.htm)"
202.180.34.186 - - [07/Apr/2013:12:34:10 +0900] "GET /ontolopedia/disp/word_show/118668 HTTP/1.1" 200 7312 "-" "ICC-Crawler/2.0 (Mozilla-compatible; ; http://kc.nict.go.jp/project1/crawl.html)"
66.249.76.52 - - [07/Apr/2013:12:34:12 +0900] "GET /ontolopedia/disp/word_show/360583 HTTP/1.1" 200 10273 "-" "Mozilla/5.0 (compatible; Googlebot/2.1; +http://www.google.com/bot.html)"
66.249.76.52 - - [07/Apr/2013:12:34:13 +0900] "GET /ontolopedia/disp/word_show/471897 HTTP/1.1" 200 4836 "-" "Mozilla/5.0 (compatible; Googlebot/2.1; +http://www.google.com/bot.html)"
202.180.34.186 - - [07/Apr/2013:12:34:15 +0900] "GET /ontolopedia/disp/word_show/286647 HTTP/1.1" 200 12475 "-" "ICC-Crawler/2.0 (Mozilla-compatible; ; http://kc.nict.go.jp/project1/crawl.html)"
157.56.93.73 - - [07/Apr/2013:12:34:17 +0900] "GET /ontolopedia/disp/word_show/295575 HTTP/1.1" 403 235 "-" "Mozilla/5.0 (compatible; bingbot/2.0; +http://www.bing.com/bingbot.htm)"
157.56.93.73 - - [07/Apr/2013:12:34:17 +0900] "GET /ontolopedia/disp/word_show/295830 HTTP/1.1" 403 235 "-" "Mozilla/5.0 (compatible; bingbot/2.0; +http://www.bing.com/bingbot.htm)"
157.56.93.73 - - [07/Apr/2013:12:34:17 +0900] "GET /ontolopedia/disp/word_show/31967 HTTP/1.1" 403 234 "-" "Mozilla/5.0 (compatible; bingbot/2.0; +http://www.bing.com/bingbot.htm)"
66.249.76.52 - - [07/Apr/2013:12:34:17 +0900] "GET /~yosshi/wiki-old/index.php?plugin=newpage&refer=%C6%FC%B5%AD%2F1950-10-16 HTTP/1.1" 200 795 "-" "SAMSUNG-SGH-E250/1.0 Profile/MIDP-2.0 Configuration/CLDC-1.1 UP.Browser/6.2.3.3.c.1.101 (GUI) MMP/2.0 (compatible; Googlebot-Mobile/2.1; +http://www.google.com/bot.html)"
