157.55.32.76 - - [07/Apr/2013:08:27:45 +0900] "GET /ontolopedia/disp/word_show/83930 HTTP/1.1" 403 234 "-" "Mozilla/5.0 (compatible; bingbot/2.0; +http://www.bing.com/bingbot.htm)"
157.55.33.109 - - [07/Apr/2013:08:27:46 +0900] "GET /ontolopedia/disp/word_show/34802 HTTP/1.1" 403 234 "-" "Mozilla/5.0 (compatible; bingbot/2.0; +http://www.bing.com/bingbot.htm)"
157.55.33.109 - - [07/Apr/2013:08:27:46 +0900] "GET /ontolopedia/disp/word_show/348210 HTTP/1.1" 403 235 "-" "Mozilla/5.0 (compatible; bingbot/2.0; +http://www.bing.com/bingbot.htm)"
157.55.32.76 - - [07/Apr/2013:08:27:46 +0900] "GET /ontolopedia/disp/word_show/8398 HTTP/1.1" 403 233 "-" "Mozilla/5.0 (compatible; bingbot/2.0; +http://www.bing.com/bingbot.htm)"
157.55.32.76 - - [07/Apr/2013:08:27:46 +0900] "GET /ontolopedia/disp/word_show/84094 HTTP/1.1" 403 234 "-" "Mozilla/5.0 (compatible; bingbot/2.0; +http://www.bing.com/bingbot.htm)"
157.55.32.76 - - [07/Apr/2013:08:27:46 +0900] "GET /ontolopedia/disp/word_show/84103 HTTP/1.1" 403 234 "-" "Mozilla/5.0 (compatible; bingbot/2.0; +http://www.bing.com/bingbot.htm)"
157.55.32.76 - - [07/Apr/2013:08:27:47 +0900] "GET /ontolopedia/disp/word_show/84114 HTTP/1.1" 403 234 "-" "Mozilla/5.0 (compatible; bingbot/2.0; +http://www.bing.com/bingbot.htm)"
157.55.32.76 - - [07/Apr/2013:08:27:47 +0900] "GET /ontolopedia/disp/word_show/84113 HTTP/1.1" 403 234 "-" "Mozilla/5.0 (compatible; bingbot/2.0; +http://www.bing.com/bingbot.htm)"
157.55.32.76 - - [07/Apr/2013:08:27:47 +0900] "GET /ontolopedia/disp/word_show/84131 HTTP/1.1" 403 234 "-" "Mozilla/5.0 (compatible; bingbot/2.0; +http://www.bing.com/bingbot.htm)"
157.55.33.109 - - [07/Apr/2013:08:27:47 +0900] "GET /ontolopedia/disp/word_show/348660 HTTP/1.1" 403 235 "-" "Mozilla/5.0 (compatible; bingbot/2.0; +http://www.bing.com/bingbot.htm)"
157.55.33.109 - - [07/Apr/2013:08:27:47 +0900] "GET /ontolopedia/disp/word_show/34974 HTTP/1.1" 403 234 "-" "Mozilla/5.0 (compatible; bingbot/2.0; +http://www.bing.com/bingbot.htm)"
157.55.32.76 - - [07/Apr/2013:08:27:48 +0900] "GET /ontolopedia/disp/word_show/84156 HTTP/1.1" 403 234 "-" "Mozilla/5.0 (compatible; bingbot/2.0; +http://www.bing.com/bingbot.htm)"
157.55.32.76 - - [07/Apr/2013:08:27:48 +0900] "GET /ontolopedia/disp/word_show/84307 HTTP/1.1" 403 234 "-" "Mozilla/5.0 (compatible; bingbot/2.0; +http://www.bing.com/bingbot.htm)"
157.55.32.76 - - [07/Apr/2013:08:27:48 +0900] "GET /ontolopedia/disp/word_show/84345 HTTP/1.1" 403 234 "-" "Mozilla/5.0 (compatible; bingbot/2.0; +http://www.bing.com/bingbot.htm)"
157.55.33.109 - - [07/Apr/2013:08:27:48 +0900] "GET /ontolopedia/disp/word_show/402479 HTTP/1.1" 403 235 "-" "Mozilla/5.0 (compatible; bingbot/2.0; +http://www.bing.com/bingbot.htm)"
157.55.33.109 - - [07/Apr/2013:08:27:48 +0900] "GET /ontolopedia/disp/word_show/40249 HTTP/1.1" 403 234 "-" "Mozilla/5.0 (compatible; bingbot/2.0; +http://www.bing.com/bingbot.htm)"
157.55.33.109 - - [07/Apr/2013:08:27:49 +0900] "GET /ontolopedia/disp/word_show/43269 HTTP/1.1" 403 234 "-" "Mozilla/5.0 (compatible; bingbot/2.0; +http://www.bing.com/bingbot.htm)"
157.55.33.109 - - [07/Apr/2013:08:27:49 +0900] "GET /ontolopedia/disp/word_show/433022 HTTP/1.1" 403 235 "-" "Mozilla/5.0 (compatible; bingbot/2.0; +http://www.bing.com/bingbot.htm)"
157.55.32.76 - - [07/Apr/2013:08:27:49 +0900] "GET /ontolopedia/disp/word_show/84436 HTTP/1.1" 403 234 "-" "Mozilla/5.0 (compatible; bingbot/2.0; +http://www.bing.com/bingbot.htm)"
66.249.76.52 - - [07/Apr/2013:08:27:50 +0900] "GET /ontolopedia/disp/word_show/260504 HTTP/1.1" 200 35500 "-" "Mozilla/5.0 (compatible; Googlebot/2.1; +http://www.google.com/bot.html)"
157.55.33.109 - - [07/Apr/2013:08:27:50 +0900] "GET /ontolopedia/disp/word_show/43330 HTTP/1.1" 403 234 "-" "Mozilla/5.0 (compatible; bingbot/2.0; +http://www.bing.com/bingbot.htm)"
157.55.33.109 - - [07/Apr/2013:08:27:50 +0900] "GET /ontolopedia/disp/word_show/433453 HTTP/1.1" 403 235 "-" "Mozilla/5.0 (compatible; bingbot/2.0; +http://www.bing.com/bingbot.htm)"
157.55.33.109 - - [07/Apr/2013:08:27:51 +0900] "GET /ontolopedia/disp/word_show/43350 HTTP/1.1" 403 234 "-" "Mozilla/5.0 (compatible; bingbot/2.0; +http://www.bing.com/bingbot.htm)"
157.55.33.109 - - [07/Apr/2013:08:27:51 +0900] "GET /ontolopedia/disp/word_show/433580 HTTP/1.1" 403 235 "-" "Mozilla/5.0 (compatible; bingbot/2.0; +http://www.bing.com/bingbot.htm)"
66.249.76.52 - - [07/Apr/2013:08:27:52 +0900] "GET /ontolopedia/disp/word_show/304582 HTTP/1.1" 200 5333 "-" "Mozilla/5.0 (compatible; Googlebot/2.1; +http://www.google.com/bot.html)"
157.55.33.109 - - [07/Apr/2013:08:27:52 +0900] "GET /ontolopedia/disp/word_show/434033 HTTP/1.1" 403 235 "-" "Mozilla/5.0 (compatible; bingbot/2.0; +http://www.bing.com/bingbot.htm)"
157.55.33.109 - - [07/Apr/2013:08:27:52 +0900] "GET /ontolopedia/disp/word_show/4345 HTTP/1.1" 403 233 "-" "Mozilla/5.0 (compatible; bingbot/2.0; +http://www.bing.com/bingbot.htm)"
157.55.33.109 - - [07/Apr/2013:08:27:53 +0900] "GET /ontolopedia/disp/word_show/58983 HTTP/1.1" 403 234 "-" "Mozilla/5.0 (compatible; bingbot/2.0; +http://www.bing.com/bingbot.htm)"
157.55.33.109 - - [07/Apr/2013:08:27:54 +0900] "GET /ontolopedia/disp/word_show/59215 HTTP/1.1" 403 234 "-" "Mozilla/5.0 (compatible; bingbot/2.0; +http://www.bing.com/bingbot.htm)"
157.55.33.109 - - [07/Apr/2013:08:27:56 +0900] "GET /ontolopedia/disp/word_show/59231 HTTP/1.1" 403 234 "-" "Mozilla/5.0 (compatible; bingbot/2.0; +http://www.bing.com/bingbot.htm)"
157.55.33.109 - - [07/Apr/2013:08:27:56 +0900] "GET /ontolopedia/disp/word_show/59294 HTTP/1.1" 403 234 "-" "Mozilla/5.0 (compatible; bingbot/2.0; +http://www.bing.com/bingbot.htm)"
157.55.33.109 - - [07/Apr/2013:08:27:56 +0900] "GET /ontolopedia/disp/word_show/59357 HTTP/1.1" 403 234 "-" "Mozilla/5.0 (compatible; bingbot/2.0; +http://www.bing.com/bingbot.htm)"
66.249.76.52 - - [07/Apr/2013:08:27:56 +0900] "GET /ontolopedia/disp/word_show/147182 HTTP/1.1" 200 11568 "-" "Mozilla/5.0 (compatible; Googlebot/2.1; +http://www.google.com/bot.html)"
66.249.76.52 - - [07/Apr/2013:08:28:00 +0900] "GET /ontolopedia/disp/word_show/280598 HTTP/1.1" 200 9352 "-" "Mozilla/5.0 (compatible; Googlebot/2.1; +http://www.google.com/bot.html)"
66.249.76.52 - - [07/Apr/2013:08:28:02 +0900] "GET /ontolopedia/disp/word_show/170064 HTTP/1.1" 200 6112 "-" "Mozilla/5.0 (compatible; Googlebot/2.1; +http://www.google.com/bot.html)"
66.249.76.52 - - [07/Apr/2013:08:28:04 +0900] "GET /~yosshi/wiki-old/index.php?cmd=edit&page=%C6%FC%B5%AD%2F2017-08-09 HTTP/1.1" 200 1805 "-" "SAMSUNG-SGH-E250/1.0 Profile/MIDP-2.0 Configuration/CLDC-1.1 UP.Browser/6.2.3.3.c.1.101 (GUI) MMP/2.0 (compatible; Googlebot-Mobile/2.1; +http://www.google.com/bot.html)"
157.55.33.109 - - [07/Apr/2013:08:28:05 +0900] "GET /ontolopedia/disp/word_show/59549 HTTP/1.1" 403 234 "-" "Mozilla/5.0 (compatible; bingbot/2.0; +http://www.bing.com/bingbot.htm)"
157.55.33.109 - - [07/Apr/2013:08:28:05 +0900] "GET /ontolopedia/disp/word_show/59558 HTTP/1.1" 403 234 "-" "Mozilla/5.0 (compatible; bingbot/2.0; +http://www.bing.com/bingbot.htm)"
157.55.33.109 - - [07/Apr/2013:08:28:05 +0900] "GET /ontolopedia/disp/word_show/83665 HTTP/1.1" 403 234 "-" "Mozilla/5.0 (compatible; bingbot/2.0; +http://www.bing.com/bingbot.htm)"
157.55.33.109 - - [07/Apr/2013:08:28:07 +0900] "GET /ontolopedia/disp/word_show/83910 HTTP/1.1" 403 234 "-" "Mozilla/5.0 (compatible; bingbot/2.0; +http://www.bing.com/bingbot.htm)"
157.55.33.109 - - [07/Apr/2013:08:28:07 +0900] "GET /ontolopedia/disp/word_show/84022 HTTP/1.1" 403 234 "-" "Mozilla/5.0 (compatible; bingbot/2.0; +http://www.bing.com/bingbot.htm)"
157.55.33.109 - - [07/Apr/2013:08:28:07 +0900] "GET /ontolopedia/disp/word_show/83925 HTTP/1.1" 403 234 "-" "Mozilla/5.0 (compatible; bingbot/2.0; +http://www.bing.com/bingbot.htm)"
157.55.33.109 - - [07/Apr/2013:08:28:08 +0900] "GET /ontolopedia/disp/word_show/84251 HTTP/1.1" 403 234 "-" "Mozilla/5.0 (compatible; bingbot/2.0; +http://www.bing.com/bingbot.htm)"
157.55.33.109 - - [07/Apr/2013:08:28:08 +0900] "GET /ontolopedia/disp/word_show/84288 HTTP/1.1" 403 234 "-" "Mozilla/5.0 (compatible; bingbot/2.0; +http://www.bing.com/bingbot.htm)"
157.55.33.109 - - [07/Apr/2013:08:28:08 +0900] "GET /ontolopedia/disp/word_show/84461 HTTP/1.1" 403 234 "-" "Mozilla/5.0 (compatible; bingbot/2.0; +http://www.bing.com/bingbot.htm)"
66.249.76.52 - - [07/Apr/2013:08:28:08 +0900] "GET /ontolopedia/disp/word_show/240157 HTTP/1.1" 200 6399 "-" "Mozilla/5.0 (compatible; Googlebot/2.1; +http://www.google.com/bot.html)"
66.249.76.52 - - [07/Apr/2013:08:28:09 +0900] "GET /ontolopedia/disp/word_show/384050 HTTP/1.1" 200 6424 "-" "Mozilla/5.0 (compatible; Googlebot/2.1; +http://www.google.com/bot.html)"
66.249.76.52 - - [07/Apr/2013:08:28:15 +0900] "GET /ontolopedia/disp/word_show/328784 HTTP/1.1" 200 4191 "-" "Mozilla/5.0 (compatible; Googlebot/2.1; +http://www.google.com/bot.html)"
66.249.76.52 - - [07/Apr/2013:08:28:15 +0900] "GET /ontolopedia/disp/word_show/169338 HTTP/1.1" 200 5339 "-" "Mozilla/5.0 (compatible; Googlebot/2.1; +http://www.google.com/bot.html)"
66.249.76.52 - - [07/Apr/2013:08:28:19 +0900] "GET /ontolopedia/disp/word_show/371863 HTTP/1.1" 200 8353 "-" "Mozilla/5.0 (compatible; Googlebot/2.1; +http://www.google.com/bot.html)"
66.249.76.52 - - [07/Apr/2013:08:28:20 +0900] "GET /ontolopedia/disp/word_show/46347 HTTP/1.1" 200 10550 "-" "Mozilla/5.0 (compatible; Googlebot/2.1; +http://www.google.com/bot.html)"
66.249.76.52 - - [07/Apr/2013:08:28:26 +0900] "GET /ontolopedia/disp/word_show/145301 HTTP/1.1" 200 9076 "-" "Mozilla/5.0 (compatible; Googlebot/2.1; +http://www.google.com/bot.html)"
157.56.93.196 - - [07/Apr/2013:08:28:27 +0900] "GET /ontolopedia/disp/word_show/2741 HTTP/1.1" 403 233 "-" "Mozilla/5.0 (compatible; bingbot/2.0; +http://www.bing.com/bingbot.htm)"
157.56.93.196 - - [07/Apr/2013:08:28:27 +0900] "GET /note/note_detail/1481/ HTTP/1.1" 200 6758 "-" "Mozilla/5.0 (compatible; bingbot/2.0; +http://www.bing.com/bingbot.htm)"
157.56.93.196 - - [07/Apr/2013:08:28:27 +0900] "GET /~info3/wiki/index.php?plugin=related&page=%C6%FC%CB%DC%B8%EC HTTP/1.1" 200 6453 "-" "Mozilla/5.0 (compatible; bingbot/2.0; +http://www.bing.com/bingbot.htm)"
157.56.93.196 - - [07/Apr/2013:08:28:29 +0900] "GET /ontolopedia/disp/word_show/274133 HTTP/1.1" 403 235 "-" "Mozilla/5.0 (compatible; bingbot/2.0; +http://www.bing.com/bingbot.htm)"
66.249.76.52 - - [07/Apr/2013:08:28:29 +0900] "GET /ontolopedia/disp/word_show/351383 HTTP/1.1" 200 4203 "-" "Mozilla/5.0 (compatible; Googlebot/2.1; +http://www.google.com/bot.html)"
157.56.93.196 - - [07/Apr/2013:08:28:29 +0900] "GET /~info3/wiki/index.php?plugin=attach&pcmd=upload&page=%C4%C5%C7%C8%B8%C5 HTTP/1.1" 200 7238 "-" "Mozilla/5.0 (compatible; bingbot/2.0; +http://www.bing.com/bingbot.htm)"
157.56.93.196 - - [07/Apr/2013:08:28:29 +0900] "GET /~info3/wiki/index.php?cmd=backup&action=diff&page=info3%20wiki%2F%C2%E7%BE%EB%A1%F5%B5%C8%B1%CA%C8%C9%2F%A5%E1%A5%E2%A1%F5%B0%D5%B8%AB%B8%F2%B4%B9%BD%EA&age=5 HTTP/1.1" 200 11035 "-" "Mozilla/5.0 (compatible; bingbot/2.0; +http://www.bing.com/bingbot.htm)"
157.56.93.196 - - [07/Apr/2013:08:28:30 +0900] "GET /ontolopedia/disp/word_show/320619 HTTP/1.1" 403 235 "-" "Mozilla/5.0 (compatible; bingbot/2.0; +http://www.bing.com/bingbot.htm)"
157.56.93.196 - - [07/Apr/2013:08:28:30 +0900] "GET /ontolopedia/disp/word_show/32066 HTTP/1.1" 403 234 "-" "Mozilla/5.0 (compatible; bingbot/2.0; +http://www.bing.com/bingbot.htm)"
157.56.93.196 - - [07/Apr/2013:08:28:30 +0900] "GET /ontolopedia/disp/word_show/320692 HTTP/1.1" 403 235 "-" "Mozilla/5.0 (compatible; bingbot/2.0; +http://www.bing.com/bingbot.htm)"
157.56.93.196 - - [07/Apr/2013:08:28:31 +0900] "GET /ontolopedia/disp/word_show/320757 HTTP/1.1" 403 235 "-" "Mozilla/5.0 (compatible; bingbot/2.0; +http://www.bing.com/bingbot.htm)"
157.56.93.196 - - [07/Apr/2013:08:28:31 +0900] "GET /ontolopedia/disp/word_show/32100 HTTP/1.1" 403 234 "-" "Mozilla/5.0 (compatible; bingbot/2.0; +http://www.bing.com/bingbot.htm)"
157.56.93.196 - - [07/Apr/2013:08:28:31 +0900] "GET /ontolopedia/disp/word_show/32144 HTTP/1.1" 403 234 "-" "Mozilla/5.0 (compatible; bingbot/2.0; +http://www.bing.com/bingbot.htm)"
157.56.93.196 - - [07/Apr/2013:08:28:32 +0900] "GET /ontolopedia/disp/word_show/321803 HTTP/1.1" 403 235 "-" "Mozilla/5.0 (compatible; bingbot/2.0; +http://www.bing.com/bingbot.htm)"
157.56.93.196 - - [07/Apr/2013:08:28:32 +0900] "GET /ontolopedia/disp/word_show/321670 HTTP/1.1" 403 235 "-" "Mozilla/5.0 (compatible; bingbot/2.0; +http://www.bing.com/bingbot.htm)"
157.56.93.196 - - [07/Apr/2013:08:28:32 +0900] "GET /ontolopedia/disp/word_show/321912 HTTP/1.1" 403 235 "-" "Mozilla/5.0 (compatible; bingbot/2.0; +http://www.bing.com/bingbot.htm)"
66.249.76.52 - - [07/Apr/2013:08:28:32 +0900] "GET /ontolopedia/disp/word_show/30821 HTTP/1.1" 200 10899 "-" "Mozilla/5.0 (compatible; Googlebot/2.1; +http://www.google.com/bot.html)"
157.56.93.196 - - [07/Apr/2013:08:28:33 +0900] "GET /ontolopedia/disp/word_show/322854 HTTP/1.1" 403 235 "-" "Mozilla/5.0 (compatible; bingbot/2.0; +http://www.bing.com/bingbot.htm)"
157.56.93.196 - - [07/Apr/2013:08:28:33 +0900] "GET /ontolopedia/disp/word_show/322929 HTTP/1.1" 403 235 "-" "Mozilla/5.0 (compatible; bingbot/2.0; +http://www.bing.com/bingbot.htm)"
157.56.93.196 - - [07/Apr/2013:08:28:34 +0900] "GET /ontolopedia/disp/word_show/323229 HTTP/1.1" 403 235 "-" "Mozilla/5.0 (compatible; bingbot/2.0; +http://www.bing.com/bingbot.htm)"
157.56.93.196 - - [07/Apr/2013:08:28:34 +0900] "GET /ontolopedia/disp/word_show/32368 HTTP/1.1" 403 234 "-" "Mozilla/5.0 (compatible; bingbot/2.0; +http://www.bing.com/bingbot.htm)"
157.56.93.196 - - [07/Apr/2013:08:28:34 +0900] "GET /ontolopedia/disp/word_show/324421 HTTP/1.1" 403 235 "-" "Mozilla/5.0 (compatible; bingbot/2.0; +http://www.bing.com/bingbot.htm)"
157.56.93.196 - - [07/Apr/2013:08:28:35 +0900] "GET /ontolopedia/disp/word_show/325227 HTTP/1.1" 403 235 "-" "Mozilla/5.0 (compatible; bingbot/2.0; +http://www.bing.com/bingbot.htm)"
157.56.93.196 - - [07/Apr/2013:08:28:36 +0900] "GET /ontolopedia/disp/word_show/325678 HTTP/1.1" 403 235 "-" "Mozilla/5.0 (compatible; bingbot/2.0; +http://www.bing.com/bingbot.htm)"
157.56.93.196 - - [07/Apr/2013:08:28:36 +0900] "GET /ontolopedia/disp/word_show/347953 HTTP/1.1" 403 235 "-" "Mozilla/5.0 (compatible; bingbot/2.0; +http://www.bing.com/bingbot.htm)"
157.56.93.196 - - [07/Apr/2013:08:28:36 +0900] "GET /ontolopedia/disp/word_show/34805 HTTP/1.1" 403 234 "-" "Mozilla/5.0 (compatible; bingbot/2.0; +http://www.bing.com/bingbot.htm)"
157.56.93.196 - - [07/Apr/2013:08:28:36 +0900] "GET /ontolopedia/disp/word_show/34831 HTTP/1.1" 403 234 "-" "Mozilla/5.0 (compatible; bingbot/2.0; +http://www.bing.com/bingbot.htm)"
157.56.93.196 - - [07/Apr/2013:08:28:37 +0900] "GET /ontolopedia/disp/word_show/349038 HTTP/1.1" 403 235 "-" "Mozilla/5.0 (compatible; bingbot/2.0; +http://www.bing.com/bingbot.htm)"
157.56.93.196 - - [07/Apr/2013:08:28:37 +0900] "GET /ontolopedia/disp/word_show/349061 HTTP/1.1" 403 235 "-" "Mozilla/5.0 (compatible; bingbot/2.0; +http://www.bing.com/bingbot.htm)"
157.56.93.196 - - [07/Apr/2013:08:28:38 +0900] "GET /ontolopedia/disp/word_show/349149 HTTP/1.1" 403 235 "-" "Mozilla/5.0 (compatible; bingbot/2.0; +http://www.bing.com/bingbot.htm)"
157.56.93.196 - - [07/Apr/2013:08:28:38 +0900] "GET /ontolopedia/disp/word_show/401891 HTTP/1.1" 403 235 "-" "Mozilla/5.0 (compatible; bingbot/2.0; +http://www.bing.com/bingbot.htm)"
157.56.93.196 - - [07/Apr/2013:08:28:38 +0900] "GET /ontolopedia/disp/word_show/401958 HTTP/1.1" 403 235 "-" "Mozilla/5.0 (compatible; bingbot/2.0; +http://www.bing.com/bingbot.htm)"
66.249.76.52 - - [07/Apr/2013:08:28:38 +0900] "GET /ontolopedia/disp/word_show/416535 HTTP/1.1" 200 6380 "-" "Mozilla/5.0 (compatible; Googlebot/2.1; +http://www.google.com/bot.html)"
157.56.93.196 - - [07/Apr/2013:08:28:39 +0900] "GET /ontolopedia/disp/word_show/40201 HTTP/1.1" 403 234 "-" "Mozilla/5.0 (compatible; bingbot/2.0; +http://www.bing.com/bingbot.htm)"
157.56.93.196 - - [07/Apr/2013:08:28:39 +0900] "GET /ontolopedia/disp/word_show/40277 HTTP/1.1" 403 234 "-" "Mozilla/5.0 (compatible; bingbot/2.0; +http://www.bing.com/bingbot.htm)"
157.56.93.196 - - [07/Apr/2013:08:28:39 +0900] "GET /ontolopedia/disp/word_show/434132 HTTP/1.1" 403 235 "-" "Mozilla/5.0 (compatible; bingbot/2.0; +http://www.bing.com/bingbot.htm)"
66.249.76.52 - - [07/Apr/2013:08:28:39 +0900] "GET /ontolopedia/disp/word_show/260289 HTTP/1.1" 200 9035 "-" "Mozilla/5.0 (compatible; Googlebot/2.1; +http://www.google.com/bot.html)"
157.56.93.196 - - [07/Apr/2013:08:28:41 +0900] "GET /ontolopedia/disp/word_show/434190 HTTP/1.1" 403 235 "-" "Mozilla/5.0 (compatible; bingbot/2.0; +http://www.bing.com/bingbot.htm)"
157.56.93.196 - - [07/Apr/2013:08:28:41 +0900] "GET /ontolopedia/disp/word_show/43445 HTTP/1.1" 403 234 "-" "Mozilla/5.0 (compatible; bingbot/2.0; +http://www.bing.com/bingbot.htm)"
157.56.93.196 - - [07/Apr/2013:08:28:41 +0900] "GET /ontolopedia/disp/word_show/43480 HTTP/1.1" 403 234 "-" "Mozilla/5.0 (compatible; bingbot/2.0; +http://www.bing.com/bingbot.htm)"
157.56.93.196 - - [07/Apr/2013:08:28:42 +0900] "GET /ontolopedia/disp/word_show/43486 HTTP/1.1" 403 234 "-" "Mozilla/5.0 (compatible; bingbot/2.0; +http://www.bing.com/bingbot.htm)"
157.56.93.196 - - [07/Apr/2013:08:28:42 +0900] "GET /ontolopedia/disp/word_show/59025 HTTP/1.1" 403 234 "-" "Mozilla/5.0 (compatible; bingbot/2.0; +http://www.bing.com/bingbot.htm)"
157.56.93.196 - - [07/Apr/2013:08:28:42 +0900] "GET /ontolopedia/disp/word_show/59028 HTTP/1.1" 403 234 "-" "Mozilla/5.0 (compatible; bingbot/2.0; +http://www.bing.com/bingbot.htm)"
157.56.93.196 - - [07/Apr/2013:08:28:43 +0900] "GET /ontolopedia/disp/word_show/59154 HTTP/1.1" 403 234 "-" "Mozilla/5.0 (compatible; bingbot/2.0; +http://www.bing.com/bingbot.htm)"
157.56.93.196 - - [07/Apr/2013:08:28:43 +0900] "GET /ontolopedia/disp/word_show/59302 HTTP/1.1" 403 234 "-" "Mozilla/5.0 (compatible; bingbot/2.0; +http://www.bing.com/bingbot.htm)"
157.56.93.196 - - [07/Apr/2013:08:28:43 +0900] "GET /ontolopedia/disp/word_show/59303 HTTP/1.1" 403 234 "-" "Mozilla/5.0 (compatible; bingbot/2.0; +http://www.bing.com/bingbot.htm)"
157.56.93.196 - - [07/Apr/2013:08:28:44 +0900] "GET /ontolopedia/disp/word_show/59374 HTTP/1.1" 403 234 "-" "Mozilla/5.0 (compatible; bingbot/2.0; +http://www.bing.com/bingbot.htm)"
157.56.93.196 - - [07/Apr/2013:08:28:44 +0900] "GET /ontolopedia/disp/word_show/5949 HTTP/1.1" 403 233 "-" "Mozilla/5.0 (compatible; bingbot/2.0; +http://www.bing.com/bingbot.htm)"
157.56.93.196 - - [07/Apr/2013:08:28:44 +0900] "GET /ontolopedia/disp/word_show/59496 HTTP/1.1" 403 234 "-" "Mozilla/5.0 (compatible; bingbot/2.0; +http://www.bing.com/bingbot.htm)"
66.249.76.52 - - [07/Apr/2013:08:28:44 +0900] "GET /ontolopedia/disp/word_show/205641 HTTP/1.1" 200 7539 "-" "Mozilla/5.0 (compatible; Googlebot/2.1; +http://www.google.com/bot.html)"
157.56.93.196 - - [07/Apr/2013:08:28:46 +0900] "GET /ontolopedia/disp/word_show/59522 HTTP/1.1" 403 234 "-" "Mozilla/5.0 (compatible; bingbot/2.0; +http://www.bing.com/bingbot.htm)"
157.56.93.196 - - [07/Apr/2013:08:28:46 +0900] "GET /ontolopedia/disp/word_show/59543 HTTP/1.1" 403 234 "-" "Mozilla/5.0 (compatible; bingbot/2.0; +http://www.bing.com/bingbot.htm)"
157.56.93.196 - - [07/Apr/2013:08:28:46 +0900] "GET /ontolopedia/disp/word_show/83834 HTTP/1.1" 403 234 "-" "Mozilla/5.0 (compatible; bingbot/2.0; +http://www.bing.com/bingbot.htm)"
157.56.93.196 - - [07/Apr/2013:08:28:47 +0900] "GET /ontolopedia/disp/word_show/8386 HTTP/1.1" 403 233 "-" "Mozilla/5.0 (compatible; bingbot/2.0; +http://www.bing.com/bingbot.htm)"
157.56.93.196 - - [07/Apr/2013:08:28:47 +0900] "GET /ontolopedia/disp/word_show/83906 HTTP/1.1" 403 234 "-" "Mozilla/5.0 (compatible; bingbot/2.0; +http://www.bing.com/bingbot.htm)"
157.56.93.196 - - [07/Apr/2013:08:28:47 +0900] "GET /ontolopedia/disp/word_show/83932 HTTP/1.1" 403 234 "-" "Mozilla/5.0 (compatible; bingbot/2.0; +http://www.bing.com/bingbot.htm)"
157.56.93.196 - - [07/Apr/2013:08:28:48 +0900] "GET /ontolopedia/disp/word_show/8396 HTTP/1.1" 403 233 "-" "Mozilla/5.0 (compatible; bingbot/2.0; +http://www.bing.com/bingbot.htm)"
157.56.93.196 - - [07/Apr/2013:08:28:48 +0900] "GET /ontolopedia/disp/word_show/8430 HTTP/1.1" 403 233 "-" "Mozilla/5.0 (compatible; bingbot/2.0; +http://www.bing.com/bingbot.htm)"
157.56.93.196 - - [07/Apr/2013:08:28:48 +0900] "GET /ontolopedia/disp/word_show/8436 HTTP/1.1" 403 233 "-" "Mozilla/5.0 (compatible; bingbot/2.0; +http://www.bing.com/bingbot.htm)"
66.249.76.52 - - [07/Apr/2013:08:28:48 +0900] "GET /ontolopedia/disp/word_show/189049 HTTP/1.1" 200 7535 "-" "Mozilla/5.0 (compatible; Googlebot/2.1; +http://www.google.com/bot.html)"
157.56.93.196 - - [07/Apr/2013:08:28:49 +0900] "GET /ontolopedia/disp/word_show/8437 HTTP/1.1" 403 233 "-" "Mozilla/5.0 (compatible; bingbot/2.0; +http://www.bing.com/bingbot.htm)"
66.249.76.52 - - [07/Apr/2013:08:28:50 +0900] "GET /ontolopedia/disp/word_show/402772 HTTP/1.1" 200 4251 "-" "Mozilla/5.0 (compatible; Googlebot/2.1; +http://www.google.com/bot.html)"
66.249.76.52 - - [07/Apr/2013:08:28:56 +0900] "GET /ontolopedia/disp/word_show/96653 HTTP/1.1" 200 11790 "-" "Mozilla/5.0 (compatible; Googlebot/2.1; +http://www.google.com/bot.html)"
66.249.76.52 - - [07/Apr/2013:08:28:58 +0900] "GET /ontolopedia/disp/word_show/315396 HTTP/1.1" 200 6872 "-" "Mozilla/5.0 (compatible; Googlebot/2.1; +http://www.google.com/bot.html)"
119.63.196.32 - - [07/Apr/2013:08:29:01 +0900] "GET /~info3/wiki/index.php?RecentDeleted HTTP/1.1" 200 38899 "-" "Mozilla/5.0 (compatible; Baiduspider/2.0; +http://www.baidu.com/search/spider.html)"
66.249.76.52 - - [07/Apr/2013:08:29:02 +0900] "GET /ontolopedia/disp/word_show/21374 HTTP/1.1" 200 8301 "-" "Mozilla/5.0 (compatible; Googlebot/2.1; +http://www.google.com/bot.html)"
66.249.76.52 - - [07/Apr/2013:08:29:08 +0900] "GET /ontolopedia/disp/word_show/371538 HTTP/1.1" 200 5283 "-" "Mozilla/5.0 (compatible; Googlebot/2.1; +http://www.google.com/bot.html)"
66.249.76.52 - - [07/Apr/2013:08:29:09 +0900] "GET /ontolopedia/disp/word_show/73786 HTTP/1.1" 200 8712 "-" "Mozilla/5.0 (compatible; Googlebot/2.1; +http://www.google.com/bot.html)"
66.249.76.52 - - [07/Apr/2013:08:29:14 +0900] "GET /ontolopedia/disp/word_show/165204 HTTP/1.1" 200 9846 "-" "Mozilla/5.0 (compatible; Googlebot/2.1; +http://www.google.com/bot.html)"
66.249.76.52 - - [07/Apr/2013:08:29:17 +0900] "GET /ontolopedia/disp/word_show/479276 HTTP/1.1" 200 5324 "-" "Mozilla/5.0 (compatible; Googlebot/2.1; +http://www.google.com/bot.html)"
66.249.76.52 - - [07/Apr/2013:08:29:20 +0900] "GET /ontolopedia/disp/word_show/6571 HTTP/1.1" 200 5405 "-" "Mozilla/5.0 (compatible; Googlebot/2.1; +http://www.google.com/bot.html)"
66.249.76.52 - - [07/Apr/2013:08:29:26 +0900] "GET /ontolopedia/disp/word_show/393492 HTTP/1.1" 200 8142 "-" "Mozilla/5.0 (compatible; Googlebot/2.1; +http://www.google.com/bot.html)"
66.249.76.52 - - [07/Apr/2013:08:29:27 +0900] "GET /ontolopedia/disp/word_show/471333 HTTP/1.1" 200 5607 "-" "Mozilla/5.0 (compatible; Googlebot/2.1; +http://www.google.com/bot.html)"
66.249.76.52 - - [07/Apr/2013:08:29:32 +0900] "GET /ontolopedia/disp/word_show/423707 HTTP/1.1" 200 4366 "-" "Mozilla/5.0 (compatible; Googlebot/2.1; +http://www.google.com/bot.html)"
157.56.93.71 - - [07/Apr/2013:08:29:35 +0900] "GET /ontolopedia/disp/word_show/8374 HTTP/1.1" 403 233 "-" "Mozilla/5.0 (compatible; bingbot/2.0; +http://www.bing.com/bingbot.htm)"
157.56.93.71 - - [07/Apr/2013:08:29:35 +0900] "GET /ontolopedia/disp/word_show/8383 HTTP/1.1" 403 233 "-" "Mozilla/5.0 (compatible; bingbot/2.0; +http://www.bing.com/bingbot.htm)"
66.249.76.52 - - [07/Apr/2013:08:29:37 +0900] "GET /ontolopedia/disp/word_show/177951 HTTP/1.1" 500 309 "-" "Mozilla/5.0 (compatible; Googlebot/2.1; +http://www.google.com/bot.html)"
157.56.93.71 - - [07/Apr/2013:08:29:41 +0900] "GET /ontolopedia/disp/word_show/8388 HTTP/1.1" 403 233 "-" "Mozilla/5.0 (compatible; bingbot/2.0; +http://www.bing.com/bingbot.htm)"
157.56.93.71 - - [07/Apr/2013:08:29:41 +0900] "GET /ontolopedia/disp/word_show/83883 HTTP/1.1" 403 234 "-" "Mozilla/5.0 (compatible; bingbot/2.0; +http://www.bing.com/bingbot.htm)"
157.56.93.71 - - [07/Apr/2013:08:29:43 +0900] "GET /ontolopedia/disp/word_show/839 HTTP/1.1" 403 232 "-" "Mozilla/5.0 (compatible; bingbot/2.0; +http://www.bing.com/bingbot.htm)"
157.56.93.71 - - [07/Apr/2013:08:29:43 +0900] "GET /ontolopedia/disp/word_show/83913 HTTP/1.1" 403 234 "-" "Mozilla/5.0 (compatible; bingbot/2.0; +http://www.bing.com/bingbot.htm)"
157.56.93.71 - - [07/Apr/2013:08:29:45 +0900] "GET /robots.txt HTTP/1.1" 404 208 "-" "Mozilla/5.0 (compatible; bingbot/2.0; +http://www.bing.com/bingbot.htm)"
157.56.93.71 - - [07/Apr/2013:08:29:45 +0900] "GET /ontolopedia/disp/word_show/8392 HTTP/1.1" 403 233 "-" "Mozilla/5.0 (compatible; bingbot/2.0; +http://www.bing.com/bingbot.htm)"
157.56.93.71 - - [07/Apr/2013:08:29:45 +0900] "GET /ontolopedia/disp/word_show/83920 HTTP/1.1" 403 234 "-" "Mozilla/5.0 (compatible; bingbot/2.0; +http://www.bing.com/bingbot.htm)"
157.56.93.71 - - [07/Apr/2013:08:29:46 +0900] "GET /ontolopedia/disp/word_show/84082 HTTP/1.1" 403 234 "-" "Mozilla/5.0 (compatible; bingbot/2.0; +http://www.bing.com/bingbot.htm)"
157.56.93.71 - - [07/Apr/2013:08:29:46 +0900] "GET /ontolopedia/disp/word_show/8425 HTTP/1.1" 403 233 "-" "Mozilla/5.0 (compatible; bingbot/2.0; +http://www.bing.com/bingbot.htm)"
157.56.93.71 - - [07/Apr/2013:08:29:47 +0900] "GET /ontolopedia/disp/word_show/84259 HTTP/1.1" 403 234 "-" "Mozilla/5.0 (compatible; bingbot/2.0; +http://www.bing.com/bingbot.htm)"
157.56.93.71 - - [07/Apr/2013:08:29:47 +0900] "GET /ontolopedia/disp/word_show/8443 HTTP/1.1" 403 233 "-" "Mozilla/5.0 (compatible; bingbot/2.0; +http://www.bing.com/bingbot.htm)"
66.249.76.52 - - [07/Apr/2013:08:29:47 +0900] "GET /ontolopedia/disp/word_show/138789 HTTP/1.1" 200 12193 "-" "Mozilla/5.0 (compatible; Googlebot/2.1; +http://www.google.com/bot.html)"
66.249.76.52 - - [07/Apr/2013:08:29:48 +0900] "GET /ontolopedia/disp/word_show/359008 HTTP/1.1" 200 8301 "-" "Mozilla/5.0 (compatible; Googlebot/2.1; +http://www.google.com/bot.html)"
66.249.76.52 - - [07/Apr/2013:08:29:49 +0900] "GET /ontolopedia/disp/word_show/444881 HTTP/1.1" 200 4215 "-" "Mozilla/5.0 (compatible; Googlebot/2.1; +http://www.google.com/bot.html)"
66.249.76.52 - - [07/Apr/2013:08:29:50 +0900] "GET /ontolopedia/disp/word_show/352236 HTTP/1.1" 200 6001 "-" "Mozilla/5.0 (compatible; Googlebot/2.1; +http://www.google.com/bot.html)"
66.249.76.52 - - [07/Apr/2013:08:29:56 +0900] "GET /ontolopedia/disp/word_show/411832 HTTP/1.1" 200 5601 "-" "Mozilla/5.0 (compatible; Googlebot/2.1; +http://www.google.com/bot.html)"
66.249.76.52 - - [07/Apr/2013:08:29:57 +0900] "GET /ontolopedia/disp/word_show/363884 HTTP/1.1" 200 5688 "-" "Mozilla/5.0 (compatible; Googlebot/2.1; +http://www.google.com/bot.html)"
66.249.76.52 - - [07/Apr/2013:08:30:02 +0900] "GET /ontolopedia/disp/word_show/126710 HTTP/1.1" 200 5378 "-" "Mozilla/5.0 (compatible; Googlebot/2.1; +http://www.google.com/bot.html)"
66.249.76.52 - - [07/Apr/2013:08:30:06 +0900] "GET /ontolopedia/disp/word_show/364930 HTTP/1.1" 200 19742 "-" "Mozilla/5.0 (compatible; Googlebot/2.1; +http://www.google.com/bot.html)"
66.249.76.52 - - [07/Apr/2013:08:30:08 +0900] "GET /ontolopedia/disp/word_show/318337 HTTP/1.1" 200 4299 "-" "Mozilla/5.0 (compatible; Googlebot/2.1; +http://www.google.com/bot.html)"
66.249.76.52 - - [07/Apr/2013:08:30:15 +0900] "GET /ontolopedia/disp/word_show/206868 HTTP/1.1" 200 4280 "-" "Mozilla/5.0 (compatible; Googlebot/2.1; +http://www.google.com/bot.html)"
66.249.76.52 - - [07/Apr/2013:08:30:16 +0900] "GET /ontolopedia/disp/word_show/247339 HTTP/1.1" 200 4192 "-" "Mozilla/5.0 (compatible; Googlebot/2.1; +http://www.google.com/bot.html)"
66.249.76.52 - - [07/Apr/2013:08:30:20 +0900] "GET /ontolopedia/disp/word_show/200023 HTTP/1.1" 200 6928 "-" "Mozilla/5.0 (compatible; Googlebot/2.1; +http://www.google.com/bot.html)"
66.249.76.52 - - [07/Apr/2013:08:30:25 +0900] "GET /ontolopedia/disp/word_show/370025 HTTP/1.1" 200 17082 "-" "Mozilla/5.0 (compatible; Googlebot/2.1; +http://www.google.com/bot.html)"
66.249.76.52 - - [07/Apr/2013:08:30:27 +0900] "GET /ontolopedia/disp/word_show/356315 HTTP/1.1" 200 4620 "-" "Mozilla/5.0 (compatible; Googlebot/2.1; +http://www.google.com/bot.html)"
66.249.76.52 - - [07/Apr/2013:08:30:32 +0900] "GET /ontolopedia/disp/word_show/336717 HTTP/1.1" 200 7012 "-" "Mozilla/5.0 (compatible; Googlebot/2.1; +http://www.google.com/bot.html)"
66.249.76.52 - - [07/Apr/2013:08:30:35 +0900] "GET /ontolopedia/disp/word_show/245793 HTTP/1.1" 200 7476 "-" "Mozilla/5.0 (compatible; Googlebot/2.1; +http://www.google.com/bot.html)"
66.249.76.52 - - [07/Apr/2013:08:30:38 +0900] "GET /ontolopedia/disp/word_show/348043 HTTP/1.1" 200 4914 "-" "Mozilla/5.0 (compatible; Googlebot/2.1; +http://www.google.com/bot.html)"
66.249.76.52 - - [07/Apr/2013:08:30:44 +0900] "GET /ontolopedia/disp/word_show/357653 HTTP/1.1" 200 5568 "-" "Mozilla/5.0 (compatible; Googlebot/2.1; +http://www.google.com/bot.html)"
66.249.76.52 - - [07/Apr/2013:08:30:45 +0900] "GET /ontolopedia/disp/word_show/413111 HTTP/1.1" 200 9491 "-" "Mozilla/5.0 (compatible; Googlebot/2.1; +http://www.google.com/bot.html)"
2001:2f8:1c:a530:215:17ff:fed7:3777 - - [07/Apr/2013:08:30:47 +0900] "GET /note/rss/latest/ HTTP/1.0" 200 8675 "-" "-"
66.249.85.190 - - [07/Apr/2013:08:30:47 +0900] "GET / HTTP/1.1" 200 4658 "-" "Mozilla/5.0 (Windows NT 6.1; rv:6.0) Gecko/20110814 Firefox/6.0 Google (+https://developers.google.com/+/web/snippet/)"
66.249.85.190 - - [07/Apr/2013:08:30:48 +0900] "GET /favicon.ico HTTP/1.1" 200 3638 "-" "Mozilla/5.0 (Windows NT 6.1; rv:6.0) Gecko/20110814 Firefox/6.0 Google (+https://developers.google.com/+/web/snippet/)"
157.56.93.196 - - [07/Apr/2013:08:30:49 +0900] "GET /note/note_detail/1038 HTTP/1.1" 301 - "-" "Mozilla/5.0 (compatible; bingbot/2.0; +http://www.bing.com/bingbot.htm)"
157.56.93.196 - - [07/Apr/2013:08:30:49 +0900] "GET /wiki/index.php?cmd=backup&page=%A5%BC%A5%DF%A5%ED%A5%B0%2F%C2%E828%B2%F3%2F%C3%E6%B4%D6%C8%AF%C9%BD%B8%B6%B9%C63%28%B6%CC%BE%EB%B3%A8%C8%FE%29&age=94&action=source HTTP/1.1" 200 611729 "-" "Mozilla/5.0 (compatible; bingbot/2.0; +http://www.bing.com/bingbot.htm)"
157.56.93.196 - - [07/Apr/2013:08:30:50 +0900] "GET /wiki/index.php?cmd=backup&page=%A5%BC%A5%DF%A5%ED%A5%B0%2F%C2%E828%B2%F3%2F%C6%FE%CE%CF%A5%C7%A5%D0%A5%A4%A5%B9%A5%A2%A5%F3%A5%B1%A1%BC%A5%C8%28%B6%CC%BE%EB%B3%A8%C8%FE%29 HTTP/1.1" 200 8432 "-" "Mozilla/5.0 (compatible; bingbot/2.0; +http://www.bing.com/bingbot.htm)"
66.249.76.52 - - [07/Apr/2013:08:30:50 +0900] "GET /ontolopedia/disp/word_show/487488 HTTP/1.1" 200 5184 "-" "Mozilla/5.0 (compatible; Googlebot/2.1; +http://www.google.com/bot.html)"
157.56.93.196 - - [07/Apr/2013:08:30:51 +0900] "GET /wiki/index.php?cmd=backup&page=%A5%BC%A5%DF%A5%ED%A5%B0%2F%C2%E828%B2%F3%2FJMyron%A4%AB%A4%E9%A4%CE%C6%B0%B2%E8%A4%AB%A4%E9%C7%D8%B7%CA%A4%F2%BF%E4%C2%AC%A4%B9%A4%EB%28%B6%CC%BE%EB%B3%A8%C8%FE%29&age=11&action=source HTTP/1.1" 200 39605 "-" "Mozilla/5.0 (compatible; bingbot/2.0; +http://www.bing.com/bingbot.htm)"
157.56.93.196 - - [07/Apr/2013:08:30:53 +0900] "GET /wiki/index.php?cmd=backup&page=%A5%BC%A5%DF%A5%ED%A5%B0%2F%C2%E828%B2%F3%2FJMyron%A4%AB%A4%E9%A4%CE%C6%B0%B2%E8%A4%AB%A4%E9%C7%D8%B7%CA%A4%F2%BF%E4%C2%AC%A4%B9%A4%EB%28%B6%CC%BE%EB%B3%A8%C8%FE%29&age=12&action=nowdiff HTTP/1.1" 200 40655 "-" "Mozilla/5.0 (compatible; bingbot/2.0; +http://www.bing.com/bingbot.htm)"
157.56.93.196 - - [07/Apr/2013:08:30:53 +0900] "GET /wiki/index.php?cmd=backup&page=%A5%BC%A5%DF%A5%ED%A5%B0%2F%C2%E828%B2%F3%2FJMyron%A4%AB%A4%E9%A4%CE%C6%B0%B2%E8%A4%AB%A4%E9%C7%D8%B7%CA%A4%F2%BF%E4%C2%AC%A4%B9%A4%EB%28%B6%CC%BE%EB%B3%A8%C8%FE%29&age=18&action=nowdiff HTTP/1.1" 200 108960 "-" "Mozilla/5.0 (compatible; bingbot/2.0; +http://www.bing.com/bingbot.htm)"
157.56.93.196 - - [07/Apr/2013:08:30:54 +0900] "GET /wiki/index.php?cmd=diff&page=Emi%2F%C2%B4%CF%C0%C6%FC%BB%EF%28%A5%BF%A5%DE%A5%AD%A5%A8%A5%DF%29%2F2005-05-10 HTTP/1.1" 200 9478 "-" "Mozilla/5.0 (compatible; bingbot/2.0; +http://www.bing.com/bingbot.htm)"
157.56.93.71 - - [07/Apr/2013:08:30:55 +0900] "GET /note/note_detail/1050 HTTP/1.1" 301 - "-" "Mozilla/5.0 (compatible; bingbot/2.0; +http://www.bing.com/bingbot.htm)"
66.249.76.52 - - [07/Apr/2013:08:30:55 +0900] "GET /ontolopedia/disp/word_show/254074 HTTP/1.1" 200 4181 "-" "Mozilla/5.0 (compatible; Googlebot/2.1; +http://www.google.com/bot.html)"
157.56.93.71 - - [07/Apr/2013:08:30:55 +0900] "GET /wiki/index.php?cmd=backup&page=%A5%BC%A5%DF%A5%ED%A5%B0%2F%C2%E828%B2%F3%2FJMyron%A4%AB%A4%E9%A4%CE%C6%B0%B2%E8%A4%AB%A4%E9%C7%D8%B7%CA%A4%F2%BF%E4%C2%AC%A4%B9%A4%EB%28%B6%CC%BE%EB%B3%A8%C8%FE%29&age=15&action=nowdiff HTTP/1.1" 200 76540 "-" "Mozilla/5.0 (compatible; bingbot/2.0; +http://www.bing.com/bingbot.htm)"
157.56.93.71 - - [07/Apr/2013:08:30:55 +0900] "GET /wiki/index.php?cmd=backup&page=%A5%BC%A5%DF%A5%ED%A5%B0%2F%C2%E828%B2%F3%2FJMyron%A4%AB%A4%E9%A4%CE%C6%B0%B2%E8%A4%AB%A4%E9%C7%D8%B7%CA%A4%F2%BF%E4%C2%AC%A4%B9%A4%EB%28%B6%CC%BE%EB%B3%A8%C8%FE%29&age=18&action=source HTTP/1.1" 200 102471 "-" "Mozilla/5.0 (compatible; bingbot/2.0; +http://www.bing.com/bingbot.htm)"
157.56.93.71 - - [07/Apr/2013:08:30:55 +0900] "GET /wiki/index.php?cmd=backup&page=%A5%BC%A5%DF%A5%ED%A5%B0%2F%C2%E828%B2%F3%2FJMyron%A4%AB%A4%E9%A4%CE%C6%B0%B2%E8%A4%AB%A4%E9%C7%D8%B7%CA%A4%F2%BF%E4%C2%AC%A4%B9%A4%EB%28%B6%CC%BE%EB%B3%A8%C8%FE%29&age=15&action=source HTTP/1.1" 200 72746 "-" "Mozilla/5.0 (compatible; bingbot/2.0; +http://www.bing.com/bingbot.htm)"
66.249.76.52 - - [07/Apr/2013:08:30:56 +0900] "GET /ontolopedia/disp/word_show/118005 HTTP/1.1" 200 6081 "-" "Mozilla/5.0 (compatible; Googlebot/2.1; +http://www.google.com/bot.html)"
66.249.76.52 - - [07/Apr/2013:08:30:57 +0900] "GET /~yosshi/wiki-old/index.php?cmd=edit&help=true&page=%C6%FC%B5%AD%2F2017-05-01 HTTP/1.1" 200 50 "-" "SAMSUNG-SGH-E250/1.0 Profile/MIDP-2.0 Configuration/CLDC-1.1 UP.Browser/6.2.3.3.c.1.101 (GUI) MMP/2.0 (compatible; Googlebot-Mobile/2.1; +http://www.google.com/bot.html)"
157.56.93.71 - - [07/Apr/2013:08:30:58 +0900] "GET /wiki/index.php?cmd=backup&page=%A5%BC%A5%DF%A5%ED%A5%B0%2F%C2%E828%B2%F3%2FJMyron%A4%AB%A4%E9%A4%CE%C6%B0%B2%E8%A4%AB%A4%E9%C7%D8%B7%CA%A4%F2%BF%E4%C2%AC%A4%B9%A4%EB%28%B6%CC%BE%EB%B3%A8%C8%FE%29&age=2&action=source HTTP/1.1" 200 36567 "-" "Mozilla/5.0 (compatible; bingbot/2.0; +http://www.bing.com/bingbot.htm)"
157.56.93.71 - - [07/Apr/2013:08:30:58 +0900] "GET /wiki/index.php?cmd=backup&page=%A5%BC%A5%DF%A5%ED%A5%B0%2F%C2%E828%B2%F3%2FJMyron%A4%AB%A4%E9%A4%CE%C6%B0%B2%E8%A4%AB%A4%E9%C7%D8%B7%CA%A4%F2%BF%E4%C2%AC%A4%B9%A4%EB%28%B6%CC%BE%EB%B3%A8%C8%FE%29&age=20&action=nowdiff HTTP/1.1" 200 121276 "-" "Mozilla/5.0 (compatible; bingbot/2.0; +http://www.bing.com/bingbot.htm)"
157.56.93.71 - - [07/Apr/2013:08:31:00 +0900] "GET /wiki/index.php?cmd=diff&page=Emi%2F%C2%B4%CF%C0%C6%FC%BB%EF%28%A5%BF%A5%DE%A5%AD%A5%A8%A5%DF%29%2F2005-04-22 HTTP/1.1" 200 9205 "-" "Mozilla/5.0 (compatible; bingbot/2.0; +http://www.bing.com/bingbot.htm)"
157.56.93.71 - - [07/Apr/2013:08:31:00 +0900] "GET /wiki/index.php?cmd=diff&page=Emi%2F%C2%B4%CF%C0%C6%FC%BB%EF%28%A5%BF%A5%DE%A5%AD%A5%A8%A5%DF%29%2F2005-05-09 HTTP/1.1" 200 9349 "-" "Mozilla/5.0 (compatible; bingbot/2.0; +http://www.bing.com/bingbot.htm)"
157.56.93.71 - - [07/Apr/2013:08:31:01 +0900] "GET /wiki/index.php?cmd=diff&page=Emi%2F%C2%B4%CF%C0%C6%FC%BB%EF%28%A5%BF%A5%DE%A5%AD%A5%A8%A5%DF%29%2F2005-05-13 HTTP/1.1" 200 9660 "-" "Mozilla/5.0 (compatible; bingbot/2.0; +http://www.bing.com/bingbot.htm)"
157.56.93.71 - - [07/Apr/2013:08:31:02 +0900] "GET /wiki/index.php?cmd=diff&page=Emi%2F%C2%B4%CF%C0%C6%FC%BB%EF%28%A5%BF%A5%DE%A5%AD%A5%A8%A5%DF%29%2F2005-07-15 HTTP/1.1" 200 9456 "-" "Mozilla/5.0 (compatible; bingbot/2.0; +http://www.bing.com/bingbot.htm)"
157.56.93.71 - - [07/Apr/2013:08:31:02 +0900] "GET /wiki/index.php?cmd=diff&page=Emi%2F%C2%B4%CF%C0%C6%FC%BB%EF%28%A5%BF%A5%DE%A5%AD%A5%A8%A5%DF%29%2F2005-09-02 HTTP/1.1" 200 9174 "-" "Mozilla/5.0 (compatible; bingbot/2.0; +http://www.bing.com/bingbot.htm)"
66.249.76.52 - - [07/Apr/2013:08:31:02 +0900] "GET /ontolopedia/disp/word_show/461230 HTTP/1.1" 200 5867 "-" "Mozilla/5.0 (compatible; Googlebot/2.1; +http://www.google.com/bot.html)"
157.56.93.71 - - [07/Apr/2013:08:31:03 +0900] "GET /wiki/index.php?cmd=diff&page=Emi%2F%C2%B4%CF%C0%C6%FC%BB%EF%28%A5%BF%A5%DE%A5%AD%A5%A8%A5%DF%29%2F2005-09-08 HTTP/1.1" 200 9350 "-" "Mozilla/5.0 (compatible; bingbot/2.0; +http://www.bing.com/bingbot.htm)"
157.56.93.71 - - [07/Apr/2013:08:31:03 +0900] "GET /wiki/index.php?cmd=diff&page=Emi%2F%C2%B4%CF%C0%C6%FC%BB%EF%28%A5%BF%A5%DE%A5%AD%A5%A8%A5%DF%29%2F2005-09-12 HTTP/1.1" 200 9471 "-" "Mozilla/5.0 (compatible; bingbot/2.0; +http://www.bing.com/bingbot.htm)"
157.56.93.71 - - [07/Apr/2013:08:31:04 +0900] "GET /wiki/index.php?cmd=diff&page=Emi%2F%C2%B4%CF%C0%C6%FC%BB%EF%28%A5%BF%A5%DE%A5%AD%A5%A8%A5%DF%29%2F2005-09-21 HTTP/1.1" 200 9271 "-" "Mozilla/5.0 (compatible; bingbot/2.0; +http://www.bing.com/bingbot.htm)"
157.56.93.71 - - [07/Apr/2013:08:31:04 +0900] "GET /wiki/index.php?cmd=diff&page=Emi%2F%C2%B4%CF%C0%C6%FC%BB%EF%28%A5%BF%A5%DE%A5%AD%A5%A8%A5%DF%29%2F2005-10-07 HTTP/1.1" 200 9411 "-" "Mozilla/5.0 (compatible; bingbot/2.0; +http://www.bing.com/bingbot.htm)"
66.249.76.52 - - [07/Apr/2013:08:31:04 +0900] "GET /ontolopedia/disp/word_show/238732 HTTP/1.1" 200 4185 "-" "Mozilla/5.0 (compatible; Googlebot/2.1; +http://www.google.com/bot.html)"
157.56.93.71 - - [07/Apr/2013:08:31:05 +0900] "GET /wiki/index.php?cmd=diff&page=Emi%2F%C2%B4%CF%C0%C6%FC%BB%EF%28%A5%BF%A5%DE%A5%AD%A5%A8%A5%DF%29%2F2005-11-02 HTTP/1.1" 200 9616 "-" "Mozilla/5.0 (compatible; bingbot/2.0; +http://www.bing.com/bingbot.htm)"
157.56.93.71 - - [07/Apr/2013:08:31:05 +0900] "GET /wiki/index.php?cmd=diff&page=Emi%2F%C2%B4%CF%C0%C6%FC%BB%EF%28%A5%BF%A5%DE%A5%AD%A5%A8%A5%DF%29%2F2005-10-17 HTTP/1.1" 200 9498 "-" "Mozilla/5.0 (compatible; bingbot/2.0; +http://www.bing.com/bingbot.htm)"
157.56.93.71 - - [07/Apr/2013:08:31:06 +0900] "GET /wiki/index.php?cmd=diff&page=PHP HTTP/1.1" 200 8151 "-" "Mozilla/5.0 (compatible; bingbot/2.0; +http://www.bing.com/bingbot.htm)"
157.56.93.71 - - [07/Apr/2013:08:31:06 +0900] "GET /wiki/index.php?cmd=diff&page=Emi%2F%C2%B4%CF%C0%C6%FC%BB%EF%28%A5%BF%A5%DE%A5%AD%A5%A8%A5%DF%29-%A5%AB%A5%EC%A5%F3%A5%C0%A1%BC HTTP/1.1" 200 9087 "-" "Mozilla/5.0 (compatible; bingbot/2.0; +http://www.bing.com/bingbot.htm)"
157.56.93.71 - - [07/Apr/2013:08:31:07 +0900] "GET /wiki/index.php?plugin=attach&pcmd=upload&page=%A5%BC%A5%DF%A5%ED%A5%B0%2F%C2%E823%B2%F3%2F3.%BF%A7%A4%C8%B0%CC%C1%EA%BF%AE%B9%E6%A4%CE%A5%C7%A1%BC%A5%BF%A5%D9%A1%BC%A5%B9%BA%EE%C0%AE%A5%D7%A5%ED%A5%B0%A5%E9%A5%E0%28%B6%CC%BE%EB%B3%A8%C8%FE%29 HTTP/1.1" 200 10387 "-" "Mozilla/5.0 (compatible; bingbot/2.0; +http://www.bing.com/bingbot.htm)"
157.56.93.71 - - [07/Apr/2013:08:31:07 +0900] "GET /wiki/index.php?plugin=attach&pcmd=upload&page=%A5%BC%A5%DF%A5%ED%A5%B0%2F%C2%E827%B2%F3%2F%C3%E6%B4%D6%C8%AF%C9%BD%A4%DE%A4%C7%A4%CB HTTP/1.1" 200 9465 "-" "Mozilla/5.0 (compatible; bingbot/2.0; +http://www.bing.com/bingbot.htm)"
66.249.76.52 - - [07/Apr/2013:08:31:08 +0900] "GET /ontolopedia/disp/word_show/476739 HTTP/1.1" 200 5251 "-" "Mozilla/5.0 (compatible; Googlebot/2.1; +http://www.google.com/bot.html)"
157.56.93.71 - - [07/Apr/2013:08:31:09 +0900] "GET /wiki/index.php?plugin=attach&pcmd=upload&page=%A5%E1%A5%E2%C4%A2 HTTP/1.1" 200 8698 "-" "Mozilla/5.0 (compatible; bingbot/2.0; +http://www.bing.com/bingbot.htm)"
157.56.93.71 - - [07/Apr/2013:08:31:09 +0900] "GET /wiki/index.php?plugin=attach&pcmd=upload&page=%A5%E1%A5%E2%C4%A2%2F%C2%B4%B8%A6%C6%FC%BB%EF%C0%DF%C3%D6%CA%FD%CB%A1 HTTP/1.1" 200 9206 "-" "Mozilla/5.0 (compatible; bingbot/2.0; +http://www.bing.com/bingbot.htm)"
157.56.93.71 - - [07/Apr/2013:08:31:09 +0900] "GET /wiki/index.php?plugin=attach&pcmd=upload&page=Ambien HTTP/1.1" 200 8018 "-" "Mozilla/5.0 (compatible; bingbot/2.0; +http://www.bing.com/bingbot.htm)"
157.56.93.71 - - [07/Apr/2013:08:31:09 +0900] "GET /wiki/index.php?plugin=attach&pcmd=upload&page=Emi%2F%A5%BD%A5%D5%A5%C8%A5%A6%A5%A7%A5%A2%B9%A9%B3%D8-12 HTTP/1.1" 200 9107 "-" "Mozilla/5.0 (compatible; bingbot/2.0; +http://www.bing.com/bingbot.htm)"
157.56.93.71 - - [07/Apr/2013:08:31:11 +0900] "GET /wiki/index.php?plugin=attach&pcmd=upload&page=Emi%2F%C2%B4%CF%C0%C6%FC%BB%EF%28%A5%BF%A5%DE%A5%AD%A5%A8%A5%DF%29%2F2005-04-04 HTTP/1.1" 200 9440 "-" "Mozilla/5.0 (compatible; bingbot/2.0; +http://www.bing.com/bingbot.htm)"
157.56.93.71 - - [07/Apr/2013:08:31:11 +0900] "GET /wiki/index.php?plugin=attach&pcmd=upload&page=Emi%2F%C2%B4%CF%C0%C6%FC%BB%EF%28%A5%BF%A5%DE%A5%AD%A5%A8%A5%DF%29%2F2005-06-20 HTTP/1.1" 200 9440 "-" "Mozilla/5.0 (compatible; bingbot/2.0; +http://www.bing.com/bingbot.htm)"
157.56.93.71 - - [07/Apr/2013:08:31:12 +0900] "GET /wiki/index.php?plugin=rename&refer=Top%20Page%2F2005-08-04 HTTP/1.1" 200 7041 "-" "Mozilla/5.0 (compatible; bingbot/2.0; +http://www.bing.com/bingbot.htm)"
157.56.93.71 - - [07/Apr/2013:08:31:12 +0900] "GET /wiki/index.php?plugin=rename&refer=Top%20Page%2F2005-08-09 HTTP/1.1" 200 7041 "-" "Mozilla/5.0 (compatible; bingbot/2.0; +http://www.bing.com/bingbot.htm)"
157.56.93.71 - - [07/Apr/2013:08:31:13 +0900] "GET /wiki/index.php?plugin=rename&refer=Top%20Page%2F2005-08-14 HTTP/1.1" 200 7041 "-" "Mozilla/5.0 (compatible; bingbot/2.0; +http://www.bing.com/bingbot.htm)"
157.56.93.71 - - [07/Apr/2013:08:31:13 +0900] "GET /wiki/index.php?plugin=rename&refer=Top%20Page%2F2005-09-16 HTTP/1.1" 200 7041 "-" "Mozilla/5.0 (compatible; bingbot/2.0; +http://www.bing.com/bingbot.htm)"
66.249.76.52 - - [07/Apr/2013:08:31:14 +0900] "GET /~yosshi/wiki-old/index.php?cmd=edit&page=%C6%FC%B5%AD%2F1957-08-07 HTTP/1.1" 200 1805 "-" "SAMSUNG-SGH-E250/1.0 Profile/MIDP-2.0 Configuration/CLDC-1.1 UP.Browser/6.2.3.3.c.1.101 (GUI) MMP/2.0 (compatible; Googlebot-Mobile/2.1; +http://www.google.com/bot.html)"
157.56.93.71 - - [07/Apr/2013:08:31:14 +0900] "GET /wiki/index.php?plugin=rename&refer=Top%20Page%2F2005-09-17 HTTP/1.1" 200 7041 "-" "Mozilla/5.0 (compatible; bingbot/2.0; +http://www.bing.com/bingbot.htm)"
157.56.93.71 - - [07/Apr/2013:08:31:14 +0900] "GET /wiki/index.php?plugin=rename&refer=Top%20Page%2F2006-05-22 HTTP/1.1" 200 7041 "-" "Mozilla/5.0 (compatible; bingbot/2.0; +http://www.bing.com/bingbot.htm)"
66.249.76.52 - - [07/Apr/2013:08:31:15 +0900] "GET /ontolopedia/disp/word_show/441911 HTTP/1.1" 200 5142 "-" "Mozilla/5.0 (compatible; Googlebot/2.1; +http://www.google.com/bot.html)"
157.56.93.71 - - [07/Apr/2013:08:31:15 +0900] "GET /wiki/index.php?plugin=rename&refer=Top%20Page%2F2006-06-13 HTTP/1.1" 200 7041 "-" "Mozilla/5.0 (compatible; bingbot/2.0; +http://www.bing.com/bingbot.htm)"
157.56.93.71 - - [07/Apr/2013:08:31:15 +0900] "GET /wiki/index.php?plugin=rename&refer=Top%20Page%2F2007-01-19 HTTP/1.1" 200 7041 "-" "Mozilla/5.0 (compatible; bingbot/2.0; +http://www.bing.com/bingbot.htm)"
66.249.76.52 - - [07/Apr/2013:08:31:15 +0900] "GET /ontolopedia/disp/word_show/55785 HTTP/1.1" 200 8495 "-" "Mozilla/5.0 (compatible; Googlebot/2.1; +http://www.google.com/bot.html)"
157.56.93.71 - - [07/Apr/2013:08:31:16 +0900] "GET /~info3/wiki/index.php?cmd=backup&action=diff&page=%C3%AA%B8%B6%A1%F5%C2%E7%B5%DC%C8%C9&age=2 HTTP/1.1" 200 9781 "-" "Mozilla/5.0 (compatible; bingbot/2.0; +http://www.bing.com/bingbot.htm)"
157.56.93.71 - - [07/Apr/2013:08:31:16 +0900] "GET /wiki/index.php?plugin=rename&refer=Top%20Page%2F2007-04-27 HTTP/1.1" 200 7041 "-" "Mozilla/5.0 (compatible; bingbot/2.0; +http://www.bing.com/bingbot.htm)"
66.249.76.52 - - [07/Apr/2013:08:31:16 +0900] "GET /~yosshi/wiki-old/index.php?plugin=newpage&refer=%C6%FC%B5%AD%2F1957-08-03 HTTP/1.1" 200 795 "-" "SAMSUNG-SGH-E250/1.0 Profile/MIDP-2.0 Configuration/CLDC-1.1 UP.Browser/6.2.3.3.c.1.101 (GUI) MMP/2.0 (compatible; Googlebot-Mobile/2.1; +http://www.google.com/bot.html)"
157.56.93.71 - - [07/Apr/2013:08:31:17 +0900] "GET /~info3/wiki/index.php?cmd=backup&action=diff&page=%C8%E6%B2%C5%A1%F5%B6%CC%C6%E1%C7%C6%CD%A5%BA%EE%2F%BF%CA%C5%B8%CA%F3%B9%F0%2812%2F17%29&age=1 HTTP/1.1" 200 11285 "-" "Mozilla/5.0 (compatible; bingbot/2.0; +http://www.bing.com/bingbot.htm)"
157.56.93.71 - - [07/Apr/2013:08:31:17 +0900] "GET /~info3/wiki/index.php?cmd=backup&action=diff&page=%C4%C5%C7%C8%B8%C5%C0%B5%B5%B1&age=3 HTTP/1.1" 200 9297 "-" "Mozilla/5.0 (compatible; bingbot/2.0; +http://www.bing.com/bingbot.htm)"
157.56.93.71 - - [07/Apr/2013:08:31:18 +0900] "GET /~info3/wiki/index.php?cmd=backup&page=%B6%B6%CB%DC%A1%F5%B6%CC%C6%E1%C7%C6%C8%CB%B9%F1%2FLevel2&age=3&action=source HTTP/1.1" 200 7188 "-" "Mozilla/5.0 (compatible; bingbot/2.0; +http://www.bing.com/bingbot.htm)"
157.56.93.71 - - [07/Apr/2013:08:31:18 +0900] "GET /~info3/wiki/index.php?cmd=backup&page=%B6%B6%CB%DC%A1%F5%B6%CC%C6%E1%C7%C6%C8%CB%B9%F1%2FLevel2&age=4&action=diff HTTP/1.1" 200 11268 "-" "Mozilla/5.0 (compatible; bingbot/2.0; +http://www.bing.com/bingbot.htm)"
157.56.93.71 - - [07/Apr/2013:08:31:19 +0900] "GET /~info3/wiki/index.php?cmd=backup&page=%B6%E2%BE%EB%A1%F5%C5%E7%B8%B6%C8%C9%2Flevel3 HTTP/1.1" 200 10379 "-" "Mozilla/5.0 (compatible; bingbot/2.0; +http://www.bing.com/bingbot.htm)"
157.56.93.71 - - [07/Apr/2013:08:31:19 +0900] "GET /~info3/wiki/index.php?cmd=backup&page=%B6%B6%CB%DC%A1%F5%B6%CC%C6%E1%C7%C6%C8%CB%B9%F1&age=4&action=diff HTTP/1.1" 200 6451 "-" "Mozilla/5.0 (compatible; bingbot/2.0; +http://www.bing.com/bingbot.htm)"
157.56.93.71 - - [07/Apr/2013:08:31:20 +0900] "GET /~info3/wiki/index.php?cmd=backup&page=%B6%E2%BE%EB%A1%F5%C5%E7%B8%B6%C8%C9%2Flevel3&age=6&action=diff HTTP/1.1" 200 10093 "-" "Mozilla/5.0 (compatible; bingbot/2.0; +http://www.bing.com/bingbot.htm)"
157.56.93.71 - - [07/Apr/2013:08:31:20 +0900] "GET /~info3/wiki/index.php?cmd=backup&page=%B9%E2%B9%BE%BD%A7%A1%F5%B7%F3%BE%EB%2Flevel4&age=2&action=nowdiff HTTP/1.1" 200 8452 "-" "Mozilla/5.0 (compatible; bingbot/2.0; +http://www.bing.com/bingbot.htm)"
66.249.76.52 - - [07/Apr/2013:08:31:20 +0900] "GET /ontolopedia/disp/word_show/377303 HTTP/1.1" 200 5734 "-" "Mozilla/5.0 (compatible; Googlebot/2.1; +http://www.google.com/bot.html)"
157.56.93.71 - - [07/Apr/2013:08:31:21 +0900] "GET /~info3/wiki/index.php?cmd=backup&page=%B9%E2%C2%BC%A1%F5%C3%E7%B4%D6%C8%C9%2FLevel2&age=1&action=source HTTP/1.1" 200 5768 "-" "Mozilla/5.0 (compatible; bingbot/2.0; +http://www.bing.com/bingbot.htm)"
157.56.93.71 - - [07/Apr/2013:08:31:21 +0900] "GET /~info3/wiki/index.php?cmd=backup&page=%B9%E2%C2%BC%A1%F5%C3%E7%B4%D6%C8%C9%2FLevel2&age=4&action=source HTTP/1.1" 200 8071 "-" "Mozilla/5.0 (compatible; bingbot/2.0; +http://www.bing.com/bingbot.htm)"
157.56.93.71 - - [07/Apr/2013:08:31:22 +0900] "GET /~info3/wiki/index.php?cmd=backup&page=%B9%E2%C2%BC%A1%F5%C3%E7%B4%D6%C8%C9%2FLevel3&age=4 HTTP/1.1" 200 9271 "-" "Mozilla/5.0 (compatible; bingbot/2.0; +http://www.bing.com/bingbot.htm)"
157.56.93.71 - - [07/Apr/2013:08:31:22 +0900] "GET /~info3/wiki/index.php?cmd=backup&page=%D4%A2%BE%EC%B9%AC%BE%CD%A1%F5%BF%B7%C5%C4%BD%A9%CA%BF&age=4&action=diff HTTP/1.1" 200 7423 "-" "Mozilla/5.0 (compatible; bingbot/2.0; +http://www.bing.com/bingbot.htm)"
157.56.93.71 - - [07/Apr/2013:08:31:23 +0900] "GET /~info3/wiki/index.php?cmd=backup&page=%D4%A2%BE%EC%B9%AC%BE%CD%A1%F5%BF%B7%C5%C4%BD%A9%CA%BF&age=5 HTTP/1.1" 200 8386 "-" "Mozilla/5.0 (compatible; bingbot/2.0; +http://www.bing.com/bingbot.htm)"
157.56.93.71 - - [07/Apr/2013:08:31:23 +0900] "GET /~info3/wiki/index.php?cmd=backup&page=%D4%A2%BE%EC%B9%AC%BE%CD%A1%F5%BF%B7%C5%C4%BD%A9%CA%BF&age=9 HTTP/1.1" 200 9339 "-" "Mozilla/5.0 (compatible; bingbot/2.0; +http://www.bing.com/bingbot.htm)"
66.249.76.52 - - [07/Apr/2013:08:31:24 +0900] "GET /ontolopedia/disp/word_show/377687 HTTP/1.1" 200 4169 "-" "Mozilla/5.0 (compatible; Googlebot/2.1; +http://www.google.com/bot.html)"
157.56.93.71 - - [07/Apr/2013:08:31:24 +0900] "GET /~info3/wiki/index.php?cmd=backup&page=2005%2Finfo4%2FLevel2&age=1&action=diff HTTP/1.1" 200 5200 "-" "Mozilla/5.0 (compatible; bingbot/2.0; +http://www.bing.com/bingbot.htm)"
157.56.93.71 - - [07/Apr/2013:08:31:24 +0900] "GET /~info3/wiki/index.php?cmd=backup&page=12%B7%EE14%C6%FC&age=2 HTTP/1.1" 200 7061 "-" "Mozilla/5.0 (compatible; bingbot/2.0; +http://www.bing.com/bingbot.htm)"
66.249.76.52 - - [07/Apr/2013:08:31:26 +0900] "GET /ontolopedia/disp/word_show/6027 HTTP/1.1" 200 15032 "-" "Mozilla/5.0 (compatible; Googlebot/2.1; +http://www.google.com/bot.html)"
66.249.76.52 - - [07/Apr/2013:08:31:27 +0900] "GET /ontolopedia/disp/word_show/442006 HTTP/1.1" 200 5193 "-" "Mozilla/5.0 (compatible; Googlebot/2.1; +http://www.google.com/bot.html)"
66.249.76.52 - - [07/Apr/2013:08:31:32 +0900] "GET /ontolopedia/disp/word_show/270961 HTTP/1.1" 200 4575 "-" "Mozilla/5.0 (compatible; Googlebot/2.1; +http://www.google.com/bot.html)"
66.249.76.52 - - [07/Apr/2013:08:31:33 +0900] "GET /ontolopedia/disp/word_show/330645 HTTP/1.1" 200 8967 "-" "Mozilla/5.0 (compatible; Googlebot/2.1; +http://www.google.com/bot.html)"
66.249.76.52 - - [07/Apr/2013:08:31:38 +0900] "GET /ontolopedia/disp/word_show/298985 HTTP/1.1" 200 5567 "-" "Mozilla/5.0 (compatible; Googlebot/2.1; +http://www.google.com/bot.html)"
66.249.76.52 - - [07/Apr/2013:08:31:43 +0900] "GET /ontolopedia/disp/word_show/395898 HTTP/1.1" 200 6441 "-" "Mozilla/5.0 (compatible; Googlebot/2.1; +http://www.google.com/bot.html)"
66.249.76.52 - - [07/Apr/2013:08:31:44 +0900] "GET /ontolopedia/disp/word_show/125355 HTTP/1.1" 200 8152 "-" "Mozilla/5.0 (compatible; Googlebot/2.1; +http://www.google.com/bot.html)"
64.120.171.218 - - [07/Apr/2013:08:31:49 +0900] "GET /~info3/wiki/index.php?CVS/%B0%EC%CD%F7 HTTP/1.0" 200 117756 "http://www.nal.ie.u-ryukyu.ac.jp/" "Mozilla/5.0 (Windows NT 6.1; WOW64) AppleWebKit/535.1 (KHTML, like Gecko) Chrome/13.0.782.112 Safari/535.1"
