157.55.35.113 - - [07/Apr/2013:04:04:55 +0900] "GET /~yosshi/blog/2009/02/02/ HTTP/1.1" 404 222 "-" "Mozilla/5.0 (compatible; bingbot/2.0; +http://www.bing.com/bingbot.htm)"
157.55.35.113 - - [07/Apr/2013:04:04:55 +0900] "GET /~info3/wiki/index.php?cmd=backup&action=nowdiff&page=%BB%B3%BE%EB%A1%F5%B5%DC%BE%EB%C8%C9&age=1 HTTP/1.1" 200 6380 "-" "Mozilla/5.0 (compatible; bingbot/2.0; +http://www.bing.com/bingbot.htm)"
157.55.35.113 - - [07/Apr/2013:04:04:56 +0900] "GET /~info3/wiki/index.php?plugin=attach&pcmd=list&refer=%BA%BD%C0%EE%A1%F5%CA%BF%CE%C9%C8%C9%2FLevel5 HTTP/1.1" 200 5291 "-" "Mozilla/5.0 (compatible; bingbot/2.0; +http://www.bing.com/bingbot.htm)"
157.55.35.113 - - [07/Apr/2013:04:04:56 +0900] "GET /~info3/wiki/index.php?plugin=related&page=%B5%DC%CE%A4%A1%F5%CD%BF%B5%B7%C8%C9%2Flevel3 HTTP/1.1" 200 6766 "-" "Mozilla/5.0 (compatible; bingbot/2.0; +http://www.bing.com/bingbot.htm)"
157.55.35.113 - - [07/Apr/2013:04:04:58 +0900] "GET /~info3/wiki/index.php?cmd=backup&page=%CA%BF%C5%C4%A1%F5%B6%E2%BE%EB%2FLevel2&age=8 HTTP/1.1" 200 17919 "-" "Mozilla/5.0 (compatible; bingbot/2.0; +http://www.bing.com/bingbot.htm)"
66.249.76.52 - - [07/Apr/2013:04:05:12 +0900] "GET /note/note_detail/1436/ HTTP/1.1" 200 11036 "-" "Mozilla/5.0 (iPhone; U; CPU iPhone OS 4_1 like Mac OS X; en-us) AppleWebKit/532.9 (KHTML, like Gecko) Version/4.0.5 Mobile/8B117 Safari/6531.22.7 (compatible; Googlebot-Mobile/2.1; +http://www.google.com/bot.html)"
157.56.93.73 - - [07/Apr/2013:04:05:32 +0900] "GET /~info3/wiki/index.php?cmd=backup&action=&page=Level4-7%20%B4%EB%B2%E8&age=3 HTTP/1.1" 200 8989 "-" "Mozilla/5.0 (compatible; bingbot/2.0; +http://www.bing.com/bingbot.htm)"
2001:2f8:1c:a530:215:17ff:fed7:3777 - - [07/Apr/2013:04:05:57 +0900] "GET /note/rss/latest/ HTTP/1.0" 200 8675 "-" "-"
202.46.54.122 - - [07/Apr/2013:04:05:57 +0900] "GET / HTTP/1.1" 200 4658 "-" "Mozilla/4.0 (compatible; MSIE 7.0; Windows NT 6.0)"
66.249.76.52 - - [07/Apr/2013:04:06:31 +0900] "GET /~yosshi/wiki-old/index.php?plugin=newpage&refer=%C6%FC%B5%AD%2F1950-10-01 HTTP/1.1" 200 795 "-" "SAMSUNG-SGH-E250/1.0 Profile/MIDP-2.0 Configuration/CLDC-1.1 UP.Browser/6.2.3.3.c.1.101 (GUI) MMP/2.0 (compatible; Googlebot-Mobile/2.1; +http://www.google.com/bot.html)"
66.249.76.52 - - [07/Apr/2013:04:06:37 +0900] "GET /ontolopedia/disp/word_show/263513 HTTP/1.1" 500 309 "-" "Mozilla/5.0 (compatible; Googlebot/2.1; +http://www.google.com/bot.html)"
119.63.196.30 - - [07/Apr/2013:04:06:38 +0900] "GET /note/note_detail/2405/ HTTP/1.1" 200 6751 "-" "Mozilla/5.0 (compatible; Baiduspider/2.0; +http://www.baidu.com/search/spider.html)"
66.249.76.52 - - [07/Apr/2013:04:06:41 +0900] "GET /~yosshi/wiki-old/index.php?cmd=edit&help=true&page=%C6%FC%B5%AD%2F2017-03-06 HTTP/1.1" 200 50 "-" "SAMSUNG-SGH-E250/1.0 Profile/MIDP-2.0 Configuration/CLDC-1.1 UP.Browser/6.2.3.3.c.1.101 (GUI) MMP/2.0 (compatible; Googlebot-Mobile/2.1; +http://www.google.com/bot.html)"
66.249.76.52 - - [07/Apr/2013:04:06:48 +0900] "GET /ontolopedia/disp/word_show/16279 HTTP/1.1" 200 6348 "-" "Mozilla/5.0 (compatible; Googlebot/2.1; +http://www.google.com/bot.html)"
2001:2f8:1c:a530:215:17ff:fed7:3777 - - [07/Apr/2013:04:07:01 +0900] "GET /note/rss/latest/ HTTP/1.0" 200 8675 "-" "-"
119.63.193.195 - - [07/Apr/2013:04:07:01 +0900] "GET / HTTP/1.1" 200 4658 "-" "Mozilla/4.0 (compatible; MSIE 7.0; Windows NT 6.0)"
72.14.199.52 - - [07/Apr/2013:04:07:40 +0900] "GET /~yosshi/wiki-old/index.php?cmd=edit&page=%C6%FC%B5%AD%2F2021-04-10 HTTP/1.1" 200 1805 "-" "DoCoMo/2.0 N905i(c100;TB;W24H16) (compatible; Googlebot-Mobile/2.1; +http://www.google.com/bot.html)"
66.249.76.52 - - [07/Apr/2013:04:07:58 +0900] "GET /ontolopedia/disp/word_show/301219 HTTP/1.1" 500 309 "-" "Mozilla/5.0 (compatible; Googlebot/2.1; +http://www.google.com/bot.html)"
157.55.32.76 - - [07/Apr/2013:04:08:57 +0900] "GET /~yosshi/wiki/index.php?cmd=read&page=%E4%BB%8A%E6%97%A5%E3%81%AE%E3%83%A1%E3%83%A2%2F2007-02-25 HTTP/1.1" 200 12852 "-" "Mozilla/5.0 (compatible; bingbot/2.0; +http://www.bing.com/bingbot.htm)"
157.55.32.76 - - [07/Apr/2013:04:08:57 +0900] "GET /~yosshi/blog/2008/05/29/ HTTP/1.1" 404 222 "-" "Mozilla/5.0 (compatible; bingbot/2.0; +http://www.bing.com/bingbot.htm)"
157.55.35.113 - - [07/Apr/2013:04:09:25 +0900] "GET /~info3/wiki/index.php?cmd=edit&page=%CA%BF%C5%C4%A1%F5%B6%E2%BE%EB%2FLevel4%2FLevel4-2&refer=RecentDeleted HTTP/1.1" 401 6860 "-" "Mozilla/5.0 (compatible; bingbot/2.0; +http://www.bing.com/bingbot.htm)"
157.55.35.113 - - [07/Apr/2013:04:09:25 +0900] "GET /~info3/wiki/index.php?cmd=backup&page=MenuBar&age=1&action=nowdiff HTTP/1.1" 200 17193 "-" "Mozilla/5.0 (compatible; bingbot/2.0; +http://www.bing.com/bingbot.htm)"
66.249.76.52 - - [07/Apr/2013:04:09:45 +0900] "GET /~yosshi/wiki-old/index.php?plugin=newpage&refer=%C6%FC%B5%AD%2F2017-03-06 HTTP/1.1" 200 795 "-" "SAMSUNG-SGH-E250/1.0 Profile/MIDP-2.0 Configuration/CLDC-1.1 UP.Browser/6.2.3.3.c.1.101 (GUI) MMP/2.0 (compatible; Googlebot-Mobile/2.1; +http://www.google.com/bot.html)"
157.55.35.82 - - [07/Apr/2013:04:09:55 +0900] "GET /~info3/wiki/index.php?cmd=backup&page=%BA%BD%C0%EE%A1%F5%CA%BF%CE%C9%C8%C9%2FLevel0-%A5%AA%A1%BC%A5%D7%A5%F3%A5%BD%A1%BC%A5%B9&age=1&action=diff HTTP/1.1" 200 5514 "-" "Mozilla/5.0 (compatible; bingbot/2.0; +http://www.bing.com/bingbot.htm)"
72.14.199.52 - - [07/Apr/2013:04:09:58 +0900] "GET /~yosshi/wiki-old/index.php?cmd=edit&page=%C6%FC%B5%AD%2F2021-05-18&refer=%C6%FC%B5%AD HTTP/1.1" 200 1805 "-" "DoCoMo/2.0 N905i(c100;TB;W24H16) (compatible; Googlebot-Mobile/2.1; +http://www.google.com/bot.html)"
66.249.76.52 - - [07/Apr/2013:04:10:52 +0900] "GET /~yosshi/wiki-old/index.php?cmd=edit&help=true&page=%C6%FC%B5%AD%2F1957-08-17 HTTP/1.1" 200 50 "-" "SAMSUNG-SGH-E250/1.0 Profile/MIDP-2.0 Configuration/CLDC-1.1 UP.Browser/6.2.3.3.c.1.101 (GUI) MMP/2.0 (compatible; Googlebot-Mobile/2.1; +http://www.google.com/bot.html)"
157.56.93.73 - - [07/Apr/2013:04:11:27 +0900] "GET /~info3/wiki/index.php?cmd=backup&page=%B9%E2%C2%BC%A1%F5%C3%E7%B4%D6%C8%C9%2FLevel1&age=4 HTTP/1.1" 200 11907 "-" "Mozilla/5.0 (compatible; bingbot/2.0; +http://www.bing.com/bingbot.htm)"
157.56.93.73 - - [07/Apr/2013:04:11:28 +0900] "GET /robots.txt HTTP/1.1" 404 208 "-" "Mozilla/5.0 (compatible; bingbot/2.0; +http://www.bing.com/bingbot.htm)"
157.56.93.73 - - [07/Apr/2013:04:11:51 +0900] "GET /~yosshi/rbc_wiki/index.php?cmd=backup&action=&page=FrontPage&age=5 HTTP/1.1" 200 855217 "-" "Mozilla/5.0 (compatible; bingbot/2.0; +http://www.bing.com/bingbot.htm)"
66.249.76.52 - - [07/Apr/2013:04:12:04 +0900] "GET /~yosshi/wiki-old/index.php?cmd=edit&page=%C6%FC%B5%AD%2F2017-03-09&refer=%C6%FC%B5%AD HTTP/1.1" 200 1805 "-" "SAMSUNG-SGH-E250/1.0 Profile/MIDP-2.0 Configuration/CLDC-1.1 UP.Browser/6.2.3.3.c.1.101 (GUI) MMP/2.0 (compatible; Googlebot-Mobile/2.1; +http://www.google.com/bot.html)"
66.249.76.52 - - [07/Apr/2013:04:12:43 +0900] "GET /ontolopedia/disp/word_show/449957 HTTP/1.1" 500 309 "-" "Mozilla/5.0 (compatible; Googlebot/2.1; +http://www.google.com/bot.html)"
157.55.33.109 - - [07/Apr/2013:04:12:58 +0900] "GET /~info3/wiki/index.php?cmd=diff&page=%BA%BD%C0%EE%A1%F5%CA%BF%CE%C9%C8%C9%2FLevel1 HTTP/1.1" 200 9753 "-" "Mozilla/5.0 (compatible; bingbot/2.0; +http://www.bing.com/bingbot.htm)"
72.14.199.52 - - [07/Apr/2013:04:13:16 +0900] "GET /~yosshi/wiki-old/index.php?cmd=edit&page=%C6%FC%B5%AD%2F2021-04-27 HTTP/1.1" 200 1805 "-" "DoCoMo/2.0 N905i(c100;TB;W24H16) (compatible; Googlebot-Mobile/2.1; +http://www.google.com/bot.html)"
157.55.32.76 - - [07/Apr/2013:04:13:56 +0900] "GET /~info3/wiki/index.php?cmd=backup&page=info3%20wiki%2F%C2%E7%BE%EB%A1%F5%B5%C8%B1%CA%C8%C9%2FLevel8%7E12%20%C2%E7%BE%EB%A1%F5%B5%C8%B1%CA&age=1&action=diff HTTP/1.1" 200 7584 "-" "Mozilla/5.0 (compatible; bingbot/2.0; +http://www.bing.com/bingbot.htm)"
66.249.76.52 - - [07/Apr/2013:04:14:05 +0900] "GET /~yosshi/wiki-old/index.php?cmd=edit&help=true&page=%C6%FC%B5%AD%2F2017-03-12 HTTP/1.1" 200 50 "-" "SAMSUNG-SGH-E250/1.0 Profile/MIDP-2.0 Configuration/CLDC-1.1 UP.Browser/6.2.3.3.c.1.101 (GUI) MMP/2.0 (compatible; Googlebot-Mobile/2.1; +http://www.google.com/bot.html)"
66.249.76.52 - - [07/Apr/2013:04:14:10 +0900] "GET /~yosshi/wiki-old/index.php?cmd=edit&page=%C6%FC%B5%AD%2F1950-10-08 HTTP/1.1" 200 1805 "-" "SAMSUNG-SGH-E250/1.0 Profile/MIDP-2.0 Configuration/CLDC-1.1 UP.Browser/6.2.3.3.c.1.101 (GUI) MMP/2.0 (compatible; Googlebot-Mobile/2.1; +http://www.google.com/bot.html)"
66.249.76.52 - - [07/Apr/2013:04:15:03 +0900] "GET /note/note_detail/1616 HTTP/1.1" 301 - "-" "Mozilla/5.0 (iPhone; U; CPU iPhone OS 4_1 like Mac OS X; en-us) AppleWebKit/532.9 (KHTML, like Gecko) Version/4.0.5 Mobile/8B117 Safari/6531.22.7 (compatible; Googlebot-Mobile/2.1; +http://www.google.com/bot.html)"
66.249.76.52 - - [07/Apr/2013:04:15:04 +0900] "GET /note/note_detail/1616/ HTTP/1.1" 200 6576 "-" "Mozilla/5.0 (iPhone; U; CPU iPhone OS 4_1 like Mac OS X; en-us) AppleWebKit/532.9 (KHTML, like Gecko) Version/4.0.5 Mobile/8B117 Safari/6531.22.7 (compatible; Googlebot-Mobile/2.1; +http://www.google.com/bot.html)"
157.55.35.113 - - [07/Apr/2013:04:15:25 +0900] "GET /~info3/wiki/index.php?plugin=related&page=%B5%DC%CE%A4%A1%F5%CD%BF%B5%B7%C8%C9 HTTP/1.1" 200 7582 "-" "Mozilla/5.0 (compatible; bingbot/2.0; +http://www.bing.com/bingbot.htm)"
72.14.199.52 - - [07/Apr/2013:04:15:33 +0900] "GET /~yosshi/wiki-old/index.php?cmd=edit&page=%C6%FC%B5%AD%2F2004-11-06&refer=%C6%FC%B5%AD HTTP/1.1" 200 1805 "-" "DoCoMo/2.0 N905i(c100;TB;W24H16) (compatible; Googlebot-Mobile/2.1; +http://www.google.com/bot.html)"
66.249.76.52 - - [07/Apr/2013:04:15:56 +0900] "GET /ontolopedia/disp/word_show/271924 HTTP/1.1" 500 309 "-" "Mozilla/5.0 (compatible; Googlebot/2.1; +http://www.google.com/bot.html)"
66.249.76.52 - - [07/Apr/2013:04:16:06 +0900] "GET /ontolopedia/disp/word_show/163719 HTTP/1.1" 200 8144 "-" "Mozilla/5.0 (compatible; Googlebot/2.1; +http://www.google.com/bot.html)"
66.249.76.52 - - [07/Apr/2013:04:16:58 +0900] "GET /~yosshi/wiki-old/index.php?plugin=newpage&refer=%C6%FC%B5%AD%2F2017-03-09 HTTP/1.1" 200 795 "-" "SAMSUNG-SGH-E250/1.0 Profile/MIDP-2.0 Configuration/CLDC-1.1 UP.Browser/6.2.3.3.c.1.101 (GUI) MMP/2.0 (compatible; Googlebot-Mobile/2.1; +http://www.google.com/bot.html)"
66.249.76.52 - - [07/Apr/2013:04:17:21 +0900] "GET /~yosshi/wiki-old/index.php?plugin=calendar2&file=%C6%FC%B5%AD&date=206005 HTTP/1.1" 200 4566 "-" "SAMSUNG-SGH-E250/1.0 Profile/MIDP-2.0 Configuration/CLDC-1.1 UP.Browser/6.2.3.3.c.1.101 (GUI) MMP/2.0 (compatible; Googlebot-Mobile/2.1; +http://www.google.com/bot.html)"
66.249.76.52 - - [07/Apr/2013:04:18:06 +0900] "GET /ontolopedia/disp/word_show/369638 HTTP/1.1" 200 6225 "-" "Mozilla/5.0 (compatible; Googlebot/2.1; +http://www.google.com/bot.html)"
72.14.199.52 - - [07/Apr/2013:04:18:39 +0900] "GET /~yosshi/wiki-old/index.php?plugin=newpage&refer=%C6%FC%B5%AD%2F2004-12-08 HTTP/1.1" 200 795 "-" "DoCoMo/2.0 N905i(c100;TB;W24H16) (compatible; Googlebot-Mobile/2.1; +http://www.google.com/bot.html)"
66.249.76.52 - - [07/Apr/2013:04:18:59 +0900] "GET /ontolopedia/disp/word_show/188008 HTTP/1.1" 500 309 "-" "Mozilla/5.0 (compatible; Googlebot/2.1; +http://www.google.com/bot.html)"
157.55.35.113 - - [07/Apr/2013:04:19:26 +0900] "GET /~yosshi/blog/2009/05/20/tweets-on-2009-05-20/ HTTP/1.1" 404 243 "-" "Mozilla/5.0 (compatible; bingbot/2.0; +http://www.bing.com/bingbot.htm)"
66.249.76.52 - - [07/Apr/2013:04:19:42 +0900] "GET /~yosshi/wiki-old/index.php?plugin=newpage&refer=%C6%FC%B5%AD%2F1950-10-10 HTTP/1.1" 200 795 "-" "SAMSUNG-SGH-E250/1.0 Profile/MIDP-2.0 Configuration/CLDC-1.1 UP.Browser/6.2.3.3.c.1.101 (GUI) MMP/2.0 (compatible; Googlebot-Mobile/2.1; +http://www.google.com/bot.html)"
66.249.76.52 - - [07/Apr/2013:04:19:51 +0900] "GET /~yosshi/wiki-old/index.php?cmd=edit&help=true&page=%C6%FC%B5%AD%2F2017-03-09 HTTP/1.1" 200 50 "-" "SAMSUNG-SGH-E250/1.0 Profile/MIDP-2.0 Configuration/CLDC-1.1 UP.Browser/6.2.3.3.c.1.101 (GUI) MMP/2.0 (compatible; Googlebot-Mobile/2.1; +http://www.google.com/bot.html)"
119.63.196.62 - - [07/Apr/2013:04:20:36 +0900] "GET /note/note_detail/2353/ HTTP/1.1" 200 6529 "-" "Mozilla/5.0 (compatible; Baiduspider/2.0; +http://www.baidu.com/search/spider.html)"
72.14.199.52 - - [07/Apr/2013:04:20:39 +0900] "GET /note/rss/comment/ HTTP/1.1" 200 9009 "-" "Feedfetcher-Google; (+http://www.google.com/feedfetcher.html; 7 subscribers; feed-id=3512785683584006639)"
157.56.93.196 - - [07/Apr/2013:04:20:56 +0900] "GET /~info3/wiki/index.php?cmd=backup&action=source&page=%C8%E6%B2%C5%A1%F5%B6%CC%C6%E1%C7%C6%CD%A5%BA%EE%2F%BF%CA%C5%B8%CA%F3%B9%F0%2801%2F21%29&age=3 HTTP/1.1" 200 6836 "-" "Mozilla/5.0 (compatible; bingbot/2.0; +http://www.bing.com/bingbot.htm)"
157.56.93.196 - - [07/Apr/2013:04:20:56 +0900] "GET /~info3/wiki/index.php?cmd=backup&action=nowdiff&page=info3%20wiki&age=38 HTTP/1.1" 200 20378 "-" "Mozilla/5.0 (compatible; bingbot/2.0; +http://www.bing.com/bingbot.htm)"
157.56.93.196 - - [07/Apr/2013:04:20:57 +0900] "GET /~yosshi/blog/2008/09/03/tweets-on-2008-09-03/ HTTP/1.1" 404 243 "-" "Mozilla/5.0 (compatible; bingbot/2.0; +http://www.bing.com/bingbot.htm)"
66.249.76.52 - - [07/Apr/2013:04:21:02 +0900] "GET /note/note_detail/2360 HTTP/1.1" 301 - "-" "Mozilla/5.0 (iPhone; U; CPU iPhone OS 4_1 like Mac OS X; en-us) AppleWebKit/532.9 (KHTML, like Gecko) Version/4.0.5 Mobile/8B117 Safari/6531.22.7 (compatible; Googlebot-Mobile/2.1; +http://www.google.com/bot.html)"
66.249.76.52 - - [07/Apr/2013:04:21:03 +0900] "GET /note/note_detail/2360/ HTTP/1.1" 200 6404 "-" "Mozilla/5.0 (iPhone; U; CPU iPhone OS 4_1 like Mac OS X; en-us) AppleWebKit/532.9 (KHTML, like Gecko) Version/4.0.5 Mobile/8B117 Safari/6531.22.7 (compatible; Googlebot-Mobile/2.1; +http://www.google.com/bot.html)"
72.14.199.52 - - [07/Apr/2013:04:21:03 +0900] "GET /~yosshi/wiki-old/index.php?cmd=edit&page=%C6%FC%B5%AD%2F2004-11-07&refer=%C6%FC%B5%AD HTTP/1.1" 200 1805 "-" "DoCoMo/2.0 N905i(c100;TB;W24H16) (compatible; Googlebot-Mobile/2.1; +http://www.google.com/bot.html)"
72.14.199.52 - - [07/Apr/2013:04:21:14 +0900] "GET /wiki/index.php?cmd=rss HTTP/1.1" 200 5345 "-" "Feedfetcher-Google; (+http://www.google.com/feedfetcher.html; 2 subscribers; feed-id=3761214362253605742)"
126.253.96.187 - - [07/Apr/2013:04:22:12 +0900] "GET /ontolopedia/disp/word_show/352298 HTTP/1.1" 200 6003 "http://search.yahoo.co.jp/search?ei=UTF-8&p=%E3%83%89%E3%82%A4%E3%83%84%E6%BD%9C%E6%B0%B4%E8%89%A6%E3%83%9E%E3%83%AB%E3%83%80%E3%83%BC&aq=-1&pstart=1&fr=applep2&b=11" "Mozilla/5.0 (iPhone; CPU iPhone OS 6_0_1 like Mac OS X) AppleWebKit/536.26 (KHTML, like Gecko) Version/6.0 Mobile/10A525 Safari/8536.25"
126.253.96.187 - - [07/Apr/2013:04:22:13 +0900] "GET /ontolopedia/stylesheets/default.css?1195659978 HTTP/1.1" 200 7140 "http://www.nal.ie.u-ryukyu.ac.jp/ontolopedia/disp/word_show/352298" "Mozilla/5.0 (iPhone; CPU iPhone OS 6_0_1 like Mac OS X) AppleWebKit/536.26 (KHTML, like Gecko) Version/6.0 Mobile/10A525 Safari/8536.25"
126.253.96.187 - - [07/Apr/2013:04:22:13 +0900] "GET /ontolopedia/stylesheets/formstyle.css?1172129648 HTTP/1.1" 200 4389 "http://www.nal.ie.u-ryukyu.ac.jp/ontolopedia/disp/word_show/352298" "Mozilla/5.0 (iPhone; CPU iPhone OS 6_0_1 like Mac OS X) AppleWebKit/536.26 (KHTML, like Gecko) Version/6.0 Mobile/10A525 Safari/8536.25"
126.253.96.187 - - [07/Apr/2013:04:22:13 +0900] "GET /ontolopedia/javascripts/formstyle.js?1172130636 HTTP/1.1" 200 10047 "http://www.nal.ie.u-ryukyu.ac.jp/ontolopedia/disp/word_show/352298" "Mozilla/5.0 (iPhone; CPU iPhone OS 6_0_1 like Mac OS X) AppleWebKit/536.26 (KHTML, like Gecko) Version/6.0 Mobile/10A525 Safari/8536.25"
126.253.96.187 - - [07/Apr/2013:04:22:13 +0900] "GET /ontolopedia/img/bg.gif HTTP/1.1" 200 1383 "http://www.nal.ie.u-ryukyu.ac.jp/ontolopedia/disp/word_show/352298" "Mozilla/5.0 (iPhone; CPU iPhone OS 6_0_1 like Mac OS X) AppleWebKit/536.26 (KHTML, like Gecko) Version/6.0 Mobile/10A525 Safari/8536.25"
126.253.96.187 - - [07/Apr/2013:04:22:13 +0900] "GET /ontolopedia/img/topleft.gif HTTP/1.1" 200 2971 "http://www.nal.ie.u-ryukyu.ac.jp/ontolopedia/disp/word_show/352298" "Mozilla/5.0 (iPhone; CPU iPhone OS 6_0_1 like Mac OS X) AppleWebKit/536.26 (KHTML, like Gecko) Version/6.0 Mobile/10A525 Safari/8536.25"
126.253.96.187 - - [07/Apr/2013:04:22:13 +0900] "GET /ontolopedia/img/bgfooter.gif HTTP/1.1" 200 598 "http://www.nal.ie.u-ryukyu.ac.jp/ontolopedia/disp/word_show/352298" "Mozilla/5.0 (iPhone; CPU iPhone OS 6_0_1 like Mac OS X) AppleWebKit/536.26 (KHTML, like Gecko) Version/6.0 Mobile/10A525 Safari/8536.25"
126.253.96.187 - - [07/Apr/2013:04:22:13 +0900] "GET /ontolopedia/img/bgmain.gif HTTP/1.1" 200 2248 "http://www.nal.ie.u-ryukyu.ac.jp/ontolopedia/disp/word_show/352298" "Mozilla/5.0 (iPhone; CPU iPhone OS 6_0_1 like Mac OS X) AppleWebKit/536.26 (KHTML, like Gecko) Version/6.0 Mobile/10A525 Safari/8536.25"
66.249.76.52 - - [07/Apr/2013:04:22:37 +0900] "GET /ontolopedia/disp/word_show/253904 HTTP/1.1" 500 309 "-" "Mozilla/5.0 (compatible; Googlebot/2.1; +http://www.google.com/bot.html)"
66.249.76.52 - - [07/Apr/2013:04:22:44 +0900] "GET /~yosshi/wiki-old/index.php?plugin=newpage&refer=%C6%FC%B5%AD%2F2017-02-13 HTTP/1.1" 200 795 "-" "SAMSUNG-SGH-E250/1.0 Profile/MIDP-2.0 Configuration/CLDC-1.1 UP.Browser/6.2.3.3.c.1.101 (GUI) MMP/2.0 (compatible; Googlebot-Mobile/2.1; +http://www.google.com/bot.html)"
66.249.76.52 - - [07/Apr/2013:04:22:48 +0900] "GET /note/note_detail/1608 HTTP/1.1" 301 - "-" "Mozilla/5.0 (compatible; Googlebot/2.1; +http://www.google.com/bot.html)"
66.249.76.52 - - [07/Apr/2013:04:22:48 +0900] "GET /note/note_detail/1608/ HTTP/1.1" 200 7288 "-" "Mozilla/5.0 (compatible; Googlebot/2.1; +http://www.google.com/bot.html)"
66.249.76.52 - - [07/Apr/2013:04:22:59 +0900] "GET /~yosshi/wiki-old/index.php?cmd=edit&page=%C6%FC%B5%AD%2F2032-03-13&refer=%C6%FC%B5%AD HTTP/1.1" 200 1805 "-" "SAMSUNG-SGH-E250/1.0 Profile/MIDP-2.0 Configuration/CLDC-1.1 UP.Browser/6.2.3.3.c.1.101 (GUI) MMP/2.0 (compatible; Googlebot-Mobile/2.1; +http://www.google.com/bot.html)"
66.249.76.52 - - [07/Apr/2013:04:23:45 +0900] "GET /~yosshi/wiki-old/index.php?cmd=edit&page=%C6%FC%B5%AD%2F1957-09-12&refer=%C6%FC%B5%AD HTTP/1.1" 200 1805 "-" "SAMSUNG-SGH-E250/1.0 Profile/MIDP-2.0 Configuration/CLDC-1.1 UP.Browser/6.2.3.3.c.1.101 (GUI) MMP/2.0 (compatible; Googlebot-Mobile/2.1; +http://www.google.com/bot.html)"
157.55.33.109 - - [07/Apr/2013:04:23:58 +0900] "GET /note/note_detail/323/ HTTP/1.1" 200 6415 "-" "Mozilla/5.0 (compatible; bingbot/2.0; +http://www.bing.com/bingbot.htm)"
72.14.199.52 - - [07/Apr/2013:04:24:19 +0900] "GET /~yosshi/wiki-old/index.php?cmd=edit&page=%C6%FC%B5%AD%2F2021-04-16 HTTP/1.1" 200 1805 "-" "DoCoMo/2.0 N905i(c100;TB;W24H16) (compatible; Googlebot-Mobile/2.1; +http://www.google.com/bot.html)"
66.249.76.52 - - [07/Apr/2013:04:24:54 +0900] "GET /note/note_detail/1617 HTTP/1.1" 301 - "-" "Mozilla/5.0 (iPhone; U; CPU iPhone OS 4_1 like Mac OS X; en-us) AppleWebKit/532.9 (KHTML, like Gecko) Version/4.0.5 Mobile/8B117 Safari/6531.22.7 (compatible; Googlebot-Mobile/2.1; +http://www.google.com/bot.html)"
66.249.76.52 - - [07/Apr/2013:04:24:55 +0900] "GET /note/note_detail/1617/ HTTP/1.1" 200 6892 "-" "Mozilla/5.0 (iPhone; U; CPU iPhone OS 4_1 like Mac OS X; en-us) AppleWebKit/532.9 (KHTML, like Gecko) Version/4.0.5 Mobile/8B117 Safari/6531.22.7 (compatible; Googlebot-Mobile/2.1; +http://www.google.com/bot.html)"
66.249.76.52 - - [07/Apr/2013:04:25:00 +0900] "GET /ontolopedia/disp/word_show/135696 HTTP/1.1" 500 309 "-" "Mozilla/5.0 (compatible; Googlebot/2.1; +http://www.google.com/bot.html)"
66.249.76.52 - - [07/Apr/2013:04:25:12 +0900] "GET /ontolopedia/disp/word_show/393665 HTTP/1.1" 200 5208 "-" "Mozilla/5.0 (compatible; Googlebot/2.1; +http://www.google.com/bot.html)"
66.249.76.52 - - [07/Apr/2013:04:25:36 +0900] "GET /~yosshi/wiki-old/index.php?cmd=edit&page=%C6%FC%B5%AD%2F2017-01-03&refer=%C6%FC%B5%AD HTTP/1.1" 200 1805 "-" "SAMSUNG-SGH-E250/1.0 Profile/MIDP-2.0 Configuration/CLDC-1.1 UP.Browser/6.2.3.3.c.1.101 (GUI) MMP/2.0 (compatible; Googlebot-Mobile/2.1; +http://www.google.com/bot.html)"
157.56.93.196 - - [07/Apr/2013:04:25:39 +0900] "GET /~info3/wiki/index.php?cmd=edit&page=%B4%EE%B2%B0%C9%F0%A1%F5%BF%F9%B4%DD%C8%C9%2FLevel0&refer=RecentDeleted HTTP/1.1" 401 6862 "-" "Mozilla/5.0 (compatible; bingbot/2.0; +http://www.bing.com/bingbot.htm)"
66.249.76.52 - - [07/Apr/2013:04:25:50 +0900] "GET /~yosshi/wiki-old/index.php?plugin=newpage&refer=%C6%FC%B5%AD%2F2032-04-07 HTTP/1.1" 200 795 "-" "SAMSUNG-SGH-E250/1.0 Profile/MIDP-2.0 Configuration/CLDC-1.1 UP.Browser/6.2.3.3.c.1.101 (GUI) MMP/2.0 (compatible; Googlebot-Mobile/2.1; +http://www.google.com/bot.html)"
72.14.199.52 - - [07/Apr/2013:04:25:54 +0900] "GET /~yosshi/wiki-old/index.php?cmd=edit&help=true&page=%C6%FC%B5%AD%2F2004-12-07 HTTP/1.1" 200 50 "-" "DoCoMo/2.0 N905i(c100;TB;W24H16) (compatible; Googlebot-Mobile/2.1; +http://www.google.com/bot.html)"
72.14.199.52 - - [07/Apr/2013:04:26:59 +0900] "GET /~yosshi/wiki-old/index.php?cmd=edit&page=%C6%FC%B5%AD%2F2004-11-22&refer=%C6%FC%B5%AD HTTP/1.1" 200 1805 "-" "DoCoMo/2.0 N905i(c100;TB;W24H16) (compatible; Googlebot-Mobile/2.1; +http://www.google.com/bot.html)"
119.235.237.19 - - [07/Apr/2013:04:27:17 +0900] "GET /~yosshi/wiki/index.php?cmd=freeze&page=%E3%83%97%E3%83%A9%E3%83%A2%E6%97%A5%E8%A8%98 HTTP/1.1" 200 11290 "-" "Yeti/1.0 (NHN Corp.; http://help.naver.com/robots/)"
119.235.237.16 - - [07/Apr/2013:04:27:44 +0900] "GET /~yosshi/wiki/index.php?cmd=backup&page=%E3%83%97%E3%83%A9%E3%83%A2%E6%97%A5%E8%A8%98%2F%E3%83%87%E3%83%AD%E3%83%AA%E3%82%A2%E3%83%B3%2F3%E6%97%A5%E7%9B%AE HTTP/1.1" 200 12090 "-" "Yeti/1.0 (NHN Corp.; http://help.naver.com/robots/)"
66.249.76.52 - - [07/Apr/2013:04:28:29 +0900] "GET /~yosshi/wiki-old/index.php?cmd=edit&page=%C6%FC%B5%AD%2F2017-01-03 HTTP/1.1" 200 1805 "-" "SAMSUNG-SGH-E250/1.0 Profile/MIDP-2.0 Configuration/CLDC-1.1 UP.Browser/6.2.3.3.c.1.101 (GUI) MMP/2.0 (compatible; Googlebot-Mobile/2.1; +http://www.google.com/bot.html)"
66.249.76.52 - - [07/Apr/2013:04:28:42 +0900] "GET /ontolopedia/disp/word_show/283066 HTTP/1.1" 500 309 "-" "Mozilla/5.0 (compatible; Googlebot/2.1; +http://www.google.com/bot.html)"
66.249.76.52 - - [07/Apr/2013:04:29:29 +0900] "GET /~yosshi/wiki-old/index.php?cmd=edit&help=true&page=%C6%FC%B5%AD%2F1950-10-09 HTTP/1.1" 200 50 "-" "SAMSUNG-SGH-E250/1.0 Profile/MIDP-2.0 Configuration/CLDC-1.1 UP.Browser/6.2.3.3.c.1.101 (GUI) MMP/2.0 (compatible; Googlebot-Mobile/2.1; +http://www.google.com/bot.html)"
157.55.32.103 - - [07/Apr/2013:04:30:26 +0900] "GET /ontolopedia/disp/word_show/237602 HTTP/1.1" 403 235 "-" "Mozilla/5.0 (compatible; bingbot/2.0; +http://www.bing.com/bingbot.htm)"
157.55.32.103 - - [07/Apr/2013:04:30:26 +0900] "GET /~info3/wiki/index.php?cmd=backup&page=%C5%E7%B8%B6&age=2 HTTP/1.1" 200 5344 "-" "Mozilla/5.0 (compatible; bingbot/2.0; +http://www.bing.com/bingbot.htm)"
157.55.32.103 - - [07/Apr/2013:04:30:27 +0900] "GET /~info3/wiki/index.php?cmd=backup&action=source&page=%B9%E2%C2%BC%A1%F5%C3%E7%B4%D6%C8%C9%2FLevel3&age=3 HTTP/1.1" 200 6678 "-" "Mozilla/5.0 (compatible; bingbot/2.0; +http://www.bing.com/bingbot.htm)"
157.55.32.103 - - [07/Apr/2013:04:30:27 +0900] "GET /~yosshi/rbc_wiki/index.php?cmd=backup&action=&page=2007.09.08-09%2Fyosshi&age=1 HTTP/1.1" 200 6858 "-" "Mozilla/5.0 (compatible; bingbot/2.0; +http://www.bing.com/bingbot.htm)"
72.14.199.52 - - [07/Apr/2013:04:31:01 +0900] "GET /~yosshi/wiki-old/index.php?plugin=newpage&refer=%C6%FC%B5%AD%2F2021-04-07 HTTP/1.1" 200 795 "-" "DoCoMo/2.0 N905i(c100;TB;W24H16) (compatible; Googlebot-Mobile/2.1; +http://www.google.com/bot.html)"
66.249.76.52 - - [07/Apr/2013:04:31:23 +0900] "GET /~yosshi/wiki-old/index.php?plugin=calendar2&file=%C6%FC%B5%AD&date=201704 HTTP/1.1" 200 4566 "-" "SAMSUNG-SGH-E250/1.0 Profile/MIDP-2.0 Configuration/CLDC-1.1 UP.Browser/6.2.3.3.c.1.101 (GUI) MMP/2.0 (compatible; Googlebot-Mobile/2.1; +http://www.google.com/bot.html)"
157.55.33.109 - - [07/Apr/2013:04:31:29 +0900] "GET /~info3/wiki/index.php?cmd=backup&action=diff&page=info3%20wiki%2F%C2%E7%BE%EB%A1%F5%B5%C8%B1%CA%C8%C9%2FLevel5%20%C2%E7%BE%EB%A1%F5%B5%C8%B1%CA&age=5 HTTP/1.1" 200 16454 "-" "Mozilla/5.0 (compatible; bingbot/2.0; +http://www.bing.com/bingbot.htm)"
66.249.76.52 - - [07/Apr/2013:04:31:32 +0900] "GET /ontolopedia/disp/word_show/245360 HTTP/1.1" 500 309 "-" "Mozilla/5.0 (compatible; Googlebot/2.1; +http://www.google.com/bot.html)"
66.249.76.52 - - [07/Apr/2013:04:31:42 +0900] "GET /ontolopedia/disp/word_show/212921 HTTP/1.1" 500 309 "-" "Mozilla/5.0 (compatible; Googlebot/2.1; +http://www.google.com/bot.html)"
66.249.76.52 - - [07/Apr/2013:04:31:53 +0900] "GET /ontolopedia/disp/word_show/394196 HTTP/1.1" 500 309 "-" "Mozilla/5.0 (compatible; Googlebot/2.1; +http://www.google.com/bot.html)"
66.249.76.52 - - [07/Apr/2013:04:31:55 +0900] "GET /~yosshi/wiki-old/index.php?cmd=edit&page=%C6%FC%B5%AD%2F1957-08-10 HTTP/1.1" 200 1805 "-" "SAMSUNG-SGH-E250/1.0 Profile/MIDP-2.0 Configuration/CLDC-1.1 UP.Browser/6.2.3.3.c.1.101 (GUI) MMP/2.0 (compatible; Googlebot-Mobile/2.1; +http://www.google.com/bot.html)"
66.249.76.52 - - [07/Apr/2013:04:32:04 +0900] "GET /ontolopedia/disp/word_show/408375 HTTP/1.1" 500 309 "-" "Mozilla/5.0 (compatible; Googlebot/2.1; +http://www.google.com/bot.html)"
66.249.76.52 - - [07/Apr/2013:04:32:58 +0900] "GET /ontolopedia/flash/spring/sgraph.swf?URL=/ontolopedia/springxml/spring70679.xml HTTP/1.1" 200 247720 "-" "Googlebot-Video/1.0"
72.14.199.52 - - [07/Apr/2013:04:33:30 +0900] "GET /~yosshi/blog/?feed=rss2 HTTP/1.1" 200 18920 "-" "Feedfetcher-Google; (+http://www.google.com/feedfetcher.html; 2 subscribers; feed-id=12397007534115446545)"
72.14.199.52 - - [07/Apr/2013:04:33:52 +0900] "GET /~yosshi/wiki-old/index.php?cmd=edit&help=true&page=%C6%FC%B5%AD%2F2021-04-05 HTTP/1.1" 200 50 "-" "DoCoMo/2.0 N905i(c100;TB;W24H16) (compatible; Googlebot-Mobile/2.1; +http://www.google.com/bot.html)"
66.249.76.52 - - [07/Apr/2013:04:34:15 +0900] "GET /~yosshi/wiki-old/index.php?cmd=edit&page=%C6%FC%B5%AD%2F2017-04-09&refer=%C6%FC%B5%AD HTTP/1.1" 200 1805 "-" "SAMSUNG-SGH-E250/1.0 Profile/MIDP-2.0 Configuration/CLDC-1.1 UP.Browser/6.2.3.3.c.1.101 (GUI) MMP/2.0 (compatible; Googlebot-Mobile/2.1; +http://www.google.com/bot.html)"
182.118.22.224 - - [07/Apr/2013:04:34:16 +0900] "GET /ontolopedia/disp/word_show/16315 HTTP/1.1" 200 14220 "http://www.nal.ie.u-ryukyu.ac.jp/ontolopedia/disp/word_show/16315" "Mozilla/5.0 (Windows; U; Windows NT 5.1; zh-CN; rv:1.8.0.11)  Firefox/1.5.0.11; 360Spider"
182.118.22.223 - - [07/Apr/2013:04:34:16 +0900] "GET /ontolopedia/disp/word_show/16856 HTTP/1.1" 200 14887 "http://www.nal.ie.u-ryukyu.ac.jp/ontolopedia/disp/word_show/16856" "Mozilla/5.0 (Windows; U; Windows NT 5.1; zh-CN; rv:1.8.0.11)  Firefox/1.5.0.11; 360Spider"
66.249.76.52 - - [07/Apr/2013:04:34:29 +0900] "GET /~yosshi/wiki-old/index.php?cmd=edit&help=true&page=%C6%FC%B5%AD%2F2032-04-08 HTTP/1.1" 200 50 "-" "SAMSUNG-SGH-E250/1.0 Profile/MIDP-2.0 Configuration/CLDC-1.1 UP.Browser/6.2.3.3.c.1.101 (GUI) MMP/2.0 (compatible; Googlebot-Mobile/2.1; +http://www.google.com/bot.html)"
66.249.76.52 - - [07/Apr/2013:04:34:33 +0900] "GET /ontolopedia/disp/word_show/254564 HTTP/1.1" 200 6852 "-" "Mozilla/5.0 (compatible; Googlebot/2.1; +http://www.google.com/bot.html)"
119.63.196.94 - - [07/Apr/2013:04:34:34 +0900] "GET /note/note_detail/960 HTTP/1.1" 301 - "-" "Mozilla/5.0 (compatible; Baiduspider/2.0; +http://www.baidu.com/search/spider.html)"
119.63.196.93 - - [07/Apr/2013:04:34:34 +0900] "GET /note/note_detail/960/ HTTP/1.1" 200 15876 "-" "Mozilla/5.0 (compatible; Baiduspider/2.0; +http://www.baidu.com/search/spider.html)"
66.249.76.52 - - [07/Apr/2013:04:34:45 +0900] "GET /note/note_detail/2464/ HTTP/1.1" 200 6834 "-" "Mozilla/5.0 (iPhone; U; CPU iPhone OS 4_1 like Mac OS X; en-us) AppleWebKit/532.9 (KHTML, like Gecko) Version/4.0.5 Mobile/8B117 Safari/6531.22.7 (compatible; Googlebot-Mobile/2.1; +http://www.google.com/bot.html)"
182.118.22.224 - - [07/Apr/2013:04:34:52 +0900] "GET /ontolopedia/disp/word_show/177908 HTTP/1.1" 200 12831 "http://www.nal.ie.u-ryukyu.ac.jp/ontolopedia/disp/word_show/177908" "Mozilla/5.0 (Windows; U; Windows NT 5.1; zh-CN; rv:1.8.0.11)  Firefox/1.5.0.11; 360Spider"
182.118.22.221 - - [07/Apr/2013:04:34:52 +0900] "GET /ontolopedia/disp/word_show/186801 HTTP/1.1" 200 16699 "http://www.nal.ie.u-ryukyu.ac.jp/ontolopedia/disp/word_show/186801" "Mozilla/5.0 (Windows; U; Windows NT 5.1; zh-CN; rv:1.8.0.11)  Firefox/1.5.0.11; 360Spider"
101.226.169.218 - - [07/Apr/2013:04:34:53 +0900] "GET /ontolopedia/disp/word_show/207508 HTTP/1.1" 200 6279 "http://www.nal.ie.u-ryukyu.ac.jp/ontolopedia/disp/word_show/207508" "Mozilla/4.0 (compatible; MSIE 8.0; Windows NT 6.1; Trident/4.0; SLCC2; .NET CLR 2.0.50727; .NET CLR 3.5.30729; .NET CLR 3.0.30729; Media Center PC 6.0; MDDR; .NET4.0C; .NET4.0E; .NET CLR 1.1.4322; Tablet PC 2.0); 360Spider"
182.118.22.225 - - [07/Apr/2013:04:35:33 +0900] "GET /ontolopedia/disp/word_show/195568 HTTP/1.1" 200 7516 "http://www.nal.ie.u-ryukyu.ac.jp/ontolopedia/disp/word_show/195568" "Mozilla/5.0 (Windows; U; Windows NT 5.1; zh-CN; rv:1.8.0.11)  Firefox/1.5.0.11; 360Spider"
182.118.22.223 - - [07/Apr/2013:04:35:33 +0900] "GET /ontolopedia/disp/word_show/2014 HTTP/1.1" 200 13126 "http://www.nal.ie.u-ryukyu.ac.jp/ontolopedia/disp/word_show/2014" "Mozilla/5.0 (Windows; U; Windows NT 5.1; zh-CN; rv:1.8.0.11)  Firefox/1.5.0.11; 360Spider"
72.14.199.52 - - [07/Apr/2013:04:35:37 +0900] "GET /~yosshi/wiki-old/index.php?cmd=edit&page=%C6%FC%B5%AD%2F2021-05-19&refer=%C6%FC%B5%AD HTTP/1.1" 200 1805 "-" "DoCoMo/2.0 N905i(c100;TB;W24H16) (compatible; Googlebot-Mobile/2.1; +http://www.google.com/bot.html)"
66.249.76.52 - - [07/Apr/2013:04:36:00 +0900] "GET /ontolopedia/disp/word_show/476319 HTTP/1.1" 200 5996 "-" "Mozilla/5.0 (compatible; Googlebot/2.1; +http://www.google.com/bot.html)"
101.226.166.207 - - [07/Apr/2013:04:36:12 +0900] "GET /ontolopedia/disp/word_show/22592 HTTP/1.1" 200 5866 "http://www.nal.ie.u-ryukyu.ac.jp/ontolopedia/disp/word_show/22592" "Mozilla/4.0 (compatible; MSIE 8.0; Windows NT 6.1; Trident/4.0; SLCC2; .NET CLR 2.0.50727; .NET CLR 3.5.30729; .NET CLR 3.0.30729; Media Center PC 6.0; MDDR; .NET4.0C; .NET4.0E; .NET CLR 1.1.4322; Tablet PC 2.0); 360Spider"
101.226.166.206 - - [07/Apr/2013:04:36:12 +0900] "GET /ontolopedia/disp/word_show/21879 HTTP/1.1" 200 7692 "http://www.nal.ie.u-ryukyu.ac.jp/ontolopedia/disp/word_show/21879" "Mozilla/4.0 (compatible; MSIE 8.0; Windows NT 6.1; Trident/4.0; SLCC2; .NET CLR 2.0.50727; .NET CLR 3.5.30729; .NET CLR 3.0.30729; Media Center PC 6.0; MDDR; .NET4.0C; .NET4.0E; .NET CLR 1.1.4322; Tablet PC 2.0); 360Spider"
101.226.166.203 - - [07/Apr/2013:04:36:12 +0900] "GET /ontolopedia/disp/word_show/20893 HTTP/1.1" 200 12669 "http://www.nal.ie.u-ryukyu.ac.jp/ontolopedia/disp/word_show/20893" "Mozilla/4.0 (compatible; MSIE 8.0; Windows NT 6.1; Trident/4.0; SLCC2; .NET CLR 2.0.50727; .NET CLR 3.5.30729; .NET CLR 3.0.30729; Media Center PC 6.0; MDDR; .NET4.0C; .NET4.0E; .NET CLR 1.1.4322; Tablet PC 2.0); 360Spider"
182.118.22.223 - - [07/Apr/2013:04:36:17 +0900] "GET /ontolopedia/disp/word_show/203248 HTTP/1.1" 200 5096 "http://www.nal.ie.u-ryukyu.ac.jp/ontolopedia/disp/word_show/203248" "Mozilla/5.0 (Windows; U; Windows NT 5.1; zh-CN; rv:1.8.0.11)  Firefox/1.5.0.11; 360Spider"
182.118.22.225 - - [07/Apr/2013:04:36:17 +0900] "GET /ontolopedia/disp/word_show/153745 HTTP/1.1" 200 6954 "http://www.nal.ie.u-ryukyu.ac.jp/ontolopedia/disp/word_show/153745" "Mozilla/5.0 (Windows; U; Windows NT 5.1; zh-CN; rv:1.8.0.11)  Firefox/1.5.0.11; 360Spider"
101.226.166.204 - - [07/Apr/2013:04:36:55 +0900] "GET /ontolopedia/disp/word_show/232721 HTTP/1.1" 200 5739 "http://www.nal.ie.u-ryukyu.ac.jp/ontolopedia/disp/word_show/232721" "Mozilla/4.0 (compatible; MSIE 8.0; Windows NT 6.1; Trident/4.0; SLCC2; .NET CLR 2.0.50727; .NET CLR 3.5.30729; .NET CLR 3.0.30729; Media Center PC 6.0; MDDR; .NET4.0C; .NET4.0E; .NET CLR 1.1.4322; Tablet PC 2.0); 360Spider"
101.226.166.205 - - [07/Apr/2013:04:36:55 +0900] "GET /ontolopedia/disp/word_show/25205 HTTP/1.1" 200 11574 "http://www.nal.ie.u-ryukyu.ac.jp/ontolopedia/disp/word_show/25205" "Mozilla/4.0 (compatible; MSIE 8.0; Windows NT 6.1; Trident/4.0; SLCC2; .NET CLR 2.0.50727; .NET CLR 3.5.30729; .NET CLR 3.0.30729; Media Center PC 6.0; MDDR; .NET4.0C; .NET4.0E; .NET CLR 1.1.4322; Tablet PC 2.0); 360Spider"
101.226.166.209 - - [07/Apr/2013:04:36:55 +0900] "GET /ontolopedia/disp/word_show/243309 HTTP/1.1" 200 7580 "http://www.nal.ie.u-ryukyu.ac.jp/ontolopedia/disp/word_show/243309" "Mozilla/4.0 (compatible; MSIE 8.0; Windows NT 6.1; Trident/4.0; SLCC2; .NET CLR 2.0.50727; .NET CLR 3.5.30729; .NET CLR 3.0.30729; Media Center PC 6.0; MDDR; .NET4.0C; .NET4.0E; .NET CLR 1.1.4322; Tablet PC 2.0); 360Spider"
66.249.76.52 - - [07/Apr/2013:04:37:08 +0900] "GET /~yosshi/wiki-old/index.php?cmd=edit&help=true&page=%C6%FC%B5%AD%2F2017-04-09 HTTP/1.1" 200 50 "-" "SAMSUNG-SGH-E250/1.0 Profile/MIDP-2.0 Configuration/CLDC-1.1 UP.Browser/6.2.3.3.c.1.101 (GUI) MMP/2.0 (compatible; Googlebot-Mobile/2.1; +http://www.google.com/bot.html)"
66.249.76.52 - - [07/Apr/2013:04:37:22 +0900] "GET /~yosshi/wiki-old/index.php?cmd=edit&page=%C6%FC%B5%AD%2F1957-09-09&refer=%C6%FC%B5%AD HTTP/1.1" 200 1805 "-" "SAMSUNG-SGH-E250/1.0 Profile/MIDP-2.0 Configuration/CLDC-1.1 UP.Browser/6.2.3.3.c.1.101 (GUI) MMP/2.0 (compatible; Googlebot-Mobile/2.1; +http://www.google.com/bot.html)"
101.226.166.206 - - [07/Apr/2013:04:37:36 +0900] "GET /ontolopedia/disp/word_show/264368 HTTP/1.1" 200 16398 "http://www.nal.ie.u-ryukyu.ac.jp/ontolopedia/disp/word_show/264368" "Mozilla/4.0 (compatible; MSIE 8.0; Windows NT 6.1; Trident/4.0; SLCC2; .NET CLR 2.0.50727; .NET CLR 3.5.30729; .NET CLR 3.0.30729; Media Center PC 6.0; MDDR; .NET4.0C; .NET4.0E; .NET CLR 1.1.4322; Tablet PC 2.0); 360Spider"
101.226.166.209 - - [07/Apr/2013:04:37:36 +0900] "GET /ontolopedia/disp/word_show/25286 HTTP/1.1" 200 20350 "http://www.nal.ie.u-ryukyu.ac.jp/ontolopedia/disp/word_show/25286" "Mozilla/4.0 (compatible; MSIE 8.0; Windows NT 6.1; Trident/4.0; SLCC2; .NET CLR 2.0.50727; .NET CLR 3.5.30729; .NET CLR 3.0.30729; Media Center PC 6.0; MDDR; .NET4.0C; .NET4.0E; .NET CLR 1.1.4322; Tablet PC 2.0); 360Spider"
101.226.166.204 - - [07/Apr/2013:04:38:18 +0900] "GET /ontolopedia/disp/word_show/277584 HTTP/1.1" 200 5502 "http://www.nal.ie.u-ryukyu.ac.jp/ontolopedia/disp/word_show/277584" "Mozilla/4.0 (compatible; MSIE 8.0; Windows NT 6.1; Trident/4.0; SLCC2; .NET CLR 2.0.50727; .NET CLR 3.5.30729; .NET CLR 3.0.30729; Media Center PC 6.0; MDDR; .NET4.0C; .NET4.0E; .NET CLR 1.1.4322; Tablet PC 2.0); 360Spider"
101.226.166.210 - - [07/Apr/2013:04:38:18 +0900] "GET /ontolopedia/disp/word_show/279536 HTTP/1.1" 200 7744 "http://www.nal.ie.u-ryukyu.ac.jp/ontolopedia/disp/word_show/279536" "Mozilla/4.0 (compatible; MSIE 8.0; Windows NT 6.1; Trident/4.0; SLCC2; .NET CLR 2.0.50727; .NET CLR 3.5.30729; .NET CLR 3.0.30729; Media Center PC 6.0; MDDR; .NET4.0C; .NET4.0E; .NET CLR 1.1.4322; Tablet PC 2.0); 360Spider"
72.14.199.52 - - [07/Apr/2013:04:38:30 +0900] "GET /~yosshi/wiki-old/index.php?cmd=edit&page=%C6%FC%B5%AD%2F2021-05-08&refer=%C6%FC%B5%AD HTTP/1.1" 200 1805 "-" "DoCoMo/2.0 N905i(c100;TB;W24H16) (compatible; Googlebot-Mobile/2.1; +http://www.google.com/bot.html)"
182.118.25.218 - - [07/Apr/2013:04:39:34 +0900] "GET /ontolopedia/disp/word_show/288140 HTTP/1.1" 200 4185 "http://www.nal.ie.u-ryukyu.ac.jp/ontolopedia/disp/word_show/288140" "Mozilla/5.0 (Windows; U; Windows NT 5.1; zh-CN; rv:1.8.0.11)  Firefox/1.5.0.11; 360Spider"
182.118.25.219 - - [07/Apr/2013:04:39:34 +0900] "GET /ontolopedia/disp/word_show/303078 HTTP/1.1" 200 7184 "http://www.nal.ie.u-ryukyu.ac.jp/ontolopedia/disp/word_show/303078" "Mozilla/5.0 (Windows; U; Windows NT 5.1; zh-CN; rv:1.8.0.11)  Firefox/1.5.0.11; 360Spider"
182.118.25.219 - - [07/Apr/2013:04:39:34 +0900] "GET /ontolopedia/disp/word_show/294723 HTTP/1.1" 200 4160 "http://www.nal.ie.u-ryukyu.ac.jp/ontolopedia/disp/word_show/294723" "Mozilla/5.0 (Windows; U; Windows NT 5.1; zh-CN; rv:1.8.0.11)  Firefox/1.5.0.11; 360Spider"
182.118.25.216 - - [07/Apr/2013:04:39:34 +0900] "GET /ontolopedia/disp/word_show/14515 HTTP/1.1" 200 12997 "http://www.nal.ie.u-ryukyu.ac.jp/ontolopedia/disp/word_show/14515" "Mozilla/5.0 (Windows; U; Windows NT 5.1; zh-CN; rv:1.8.0.11)  Firefox/1.5.0.11; 360Spider"
182.118.25.216 - - [07/Apr/2013:04:39:34 +0900] "GET /ontolopedia/disp/word_show/309 HTTP/1.1" 200 43724 "http://www.nal.ie.u-ryukyu.ac.jp/ontolopedia/disp/word_show/309" "Mozilla/5.0 (Windows; U; Windows NT 5.1; zh-CN; rv:1.8.0.11)  Firefox/1.5.0.11; 360Spider"
101.226.167.235 - - [07/Apr/2013:04:39:44 +0900] "GET /ontolopedia/disp/word_show/286 HTTP/1.1" 200 137310 "http://www.nal.ie.u-ryukyu.ac.jp/ontolopedia/disp/word_show/286" "Mozilla/4.0 (compatible; MSIE 8.0; Windows NT 6.1; Trident/4.0; SLCC2; .NET CLR 2.0.50727; .NET CLR 3.5.30729; .NET CLR 3.0.30729; Media Center PC 6.0; MDDR; .NET4.0C; .NET4.0E; .NET CLR 1.1.4322; Tablet PC 2.0); 360Spider"
66.249.76.52 - - [07/Apr/2013:04:40:04 +0900] "GET /~yosshi/wiki-old/index.php?cmd=edit&page=%C6%FC%B5%AD%2F2017-04-10&refer=%C6%FC%B5%AD HTTP/1.1" 200 1805 "-" "SAMSUNG-SGH-E250/1.0 Profile/MIDP-2.0 Configuration/CLDC-1.1 UP.Browser/6.2.3.3.c.1.101 (GUI) MMP/2.0 (compatible; Googlebot-Mobile/2.1; +http://www.google.com/bot.html)"
66.249.76.52 - - [07/Apr/2013:04:40:07 +0900] "GET /ontolopedia/disp/word_show/60103 HTTP/1.1" 200 9816 "-" "Mozilla/5.0 (compatible; Googlebot/2.1; +http://www.google.com/bot.html)"
66.249.76.52 - - [07/Apr/2013:04:40:14 +0900] "GET /~yosshi/wiki-old/index.php?cmd=edit&page=%C6%FC%B5%AD%2F2032-03-02&refer=%C6%FC%B5%AD HTTP/1.1" 200 1805 "-" "SAMSUNG-SGH-E250/1.0 Profile/MIDP-2.0 Configuration/CLDC-1.1 UP.Browser/6.2.3.3.c.1.101 (GUI) MMP/2.0 (compatible; Googlebot-Mobile/2.1; +http://www.google.com/bot.html)"
182.118.25.216 - - [07/Apr/2013:04:40:37 +0900] "GET /ontolopedia/disp/word_show/31710 HTTP/1.1" 200 7806 "http://www.nal.ie.u-ryukyu.ac.jp/ontolopedia/disp/word_show/31710" "Mozilla/5.0 (Windows; U; Windows NT 5.1; zh-CN; rv:1.8.0.11)  Firefox/1.5.0.11; 360Spider"
182.118.25.216 - - [07/Apr/2013:04:40:37 +0900] "GET /ontolopedia/disp/word_show/31131 HTTP/1.1" 200 18732 "http://www.nal.ie.u-ryukyu.ac.jp/ontolopedia/disp/word_show/31131" "Mozilla/5.0 (Windows; U; Windows NT 5.1; zh-CN; rv:1.8.0.11)  Firefox/1.5.0.11; 360Spider"
66.249.76.52 - - [07/Apr/2013:04:41:22 +0900] "GET /ontolopedia/disp/word_show/458739 HTTP/1.1" 200 4531 "-" "Mozilla/5.0 (compatible; Googlebot/2.1; +http://www.google.com/bot.html)"
72.14.199.52 - - [07/Apr/2013:04:41:23 +0900] "GET /~yosshi/wiki-old/index.php?cmd=edit&page=%C6%FC%B5%AD%2F2004-11-04&refer=%C6%FC%B5%AD HTTP/1.1" 200 1805 "-" "DoCoMo/2.0 N905i(c100;TB;W24H16) (compatible; Googlebot-Mobile/2.1; +http://www.google.com/bot.html)"
182.118.25.219 - - [07/Apr/2013:04:41:23 +0900] "GET /ontolopedia/disp/word_show/326914 HTTP/1.1" 200 5269 "http://www.nal.ie.u-ryukyu.ac.jp/ontolopedia/disp/word_show/326914" "Mozilla/5.0 (Windows; U; Windows NT 5.1; zh-CN; rv:1.8.0.11)  Firefox/1.5.0.11; 360Spider"
182.118.25.219 - - [07/Apr/2013:04:41:24 +0900] "GET /ontolopedia/disp/word_show/328003 HTTP/1.1" 200 6397 "http://www.nal.ie.u-ryukyu.ac.jp/ontolopedia/disp/word_show/328003" "Mozilla/5.0 (Windows; U; Windows NT 5.1; zh-CN; rv:1.8.0.11)  Firefox/1.5.0.11; 360Spider"
72.14.199.52 - - [07/Apr/2013:04:41:32 +0900] "GET /note/rss/latest/ HTTP/1.1" 200 8675 "-" "Feedfetcher-Google; (+http://www.google.com/feedfetcher.html; 7 subscribers; feed-id=3219038629485402054)"
66.249.76.52 - - [07/Apr/2013:04:41:48 +0900] "GET /ontolopedia/disp/word_show/295695 HTTP/1.1" 500 309 "-" "Mozilla/5.0 (compatible; Googlebot/2.1; +http://www.google.com/bot.html)"
182.118.25.216 - - [07/Apr/2013:04:42:01 +0900] "GET /ontolopedia/disp/word_show/33443 HTTP/1.1" 200 9151 "http://www.nal.ie.u-ryukyu.ac.jp/ontolopedia/disp/word_show/33443" "Mozilla/5.0 (Windows; U; Windows NT 5.1; zh-CN; rv:1.8.0.11)  Firefox/1.5.0.11; 360Spider"
101.226.166.208 - - [07/Apr/2013:04:42:31 +0900] "GET /ontolopedia/disp/word_show/380067 HTTP/1.1" 200 6463 "http://www.nal.ie.u-ryukyu.ac.jp/ontolopedia/disp/word_show/380067" "Mozilla/4.0 (compatible; MSIE 8.0; Windows NT 6.1; Trident/4.0; SLCC2; .NET CLR 2.0.50727; .NET CLR 3.5.30729; .NET CLR 3.0.30729; Media Center PC 6.0; MDDR; .NET4.0C; .NET4.0E; .NET CLR 1.1.4322; Tablet PC 2.0); 360Spider"
101.226.166.203 - - [07/Apr/2013:04:42:31 +0900] "GET /ontolopedia/disp/word_show/390335 HTTP/1.1" 200 7984 "http://www.nal.ie.u-ryukyu.ac.jp/ontolopedia/disp/word_show/390335" "Mozilla/4.0 (compatible; MSIE 8.0; Windows NT 6.1; Trident/4.0; SLCC2; .NET CLR 2.0.50727; .NET CLR 3.5.30729; .NET CLR 3.0.30729; Media Center PC 6.0; MDDR; .NET4.0C; .NET4.0E; .NET CLR 1.1.4322; Tablet PC 2.0); 360Spider"
101.226.168.246 - - [07/Apr/2013:04:42:32 +0900] "GET /ontolopedia/disp/word_show/35928 HTTP/1.1" 200 23781 "http://www.nal.ie.u-ryukyu.ac.jp/ontolopedia/disp/word_show/35928" "Mozilla/4.0 (compatible; MSIE 8.0; Windows NT 6.1; Trident/4.0; SLCC2; .NET CLR 2.0.50727; .NET CLR 3.5.30729; .NET CLR 3.0.30729; Media Center PC 6.0; MDDR; .NET4.0C; .NET4.0E; .NET CLR 1.1.4322; Tablet PC 2.0); 360Spider"
101.226.166.206 - - [07/Apr/2013:04:42:31 +0900] "GET /ontolopedia/disp/word_show/3627 HTTP/1.1" 200 43473 "http://www.nal.ie.u-ryukyu.ac.jp/ontolopedia/disp/word_show/3627" "Mozilla/4.0 (compatible; MSIE 8.0; Windows NT 6.1; Trident/4.0; SLCC2; .NET CLR 2.0.50727; .NET CLR 3.5.30729; .NET CLR 3.0.30729; Media Center PC 6.0; MDDR; .NET4.0C; .NET4.0E; .NET CLR 1.1.4322; Tablet PC 2.0); 360Spider"
101.226.166.209 - - [07/Apr/2013:04:42:37 +0900] "GET /ontolopedia/disp/word_show/40699 HTTP/1.1" 200 4964 "http://www.nal.ie.u-ryukyu.ac.jp/ontolopedia/disp/word_show/40699" "Mozilla/4.0 (compatible; MSIE 8.0; Windows NT 6.1; Trident/4.0; SLCC2; .NET CLR 2.0.50727; .NET CLR 3.5.30729; .NET CLR 3.0.30729; Media Center PC 6.0; MDDR; .NET4.0C; .NET4.0E; .NET CLR 1.1.4322; Tablet PC 2.0); 360Spider"
101.226.166.204 - - [07/Apr/2013:04:42:37 +0900] "GET /ontolopedia/disp/word_show/43069 HTTP/1.1" 200 7863 "http://www.nal.ie.u-ryukyu.ac.jp/ontolopedia/disp/word_show/43069" "Mozilla/4.0 (compatible; MSIE 8.0; Windows NT 6.1; Trident/4.0; SLCC2; .NET CLR 2.0.50727; .NET CLR 3.5.30729; .NET CLR 3.0.30729; Media Center PC 6.0; MDDR; .NET4.0C; .NET4.0E; .NET CLR 1.1.4322; Tablet PC 2.0); 360Spider"
101.226.166.210 - - [07/Apr/2013:04:42:37 +0900] "GET /ontolopedia/disp/word_show/4212 HTTP/1.1" 200 19850 "http://www.nal.ie.u-ryukyu.ac.jp/ontolopedia/disp/word_show/4212" "Mozilla/4.0 (compatible; MSIE 8.0; Windows NT 6.1; Trident/4.0; SLCC2; .NET CLR 2.0.50727; .NET CLR 3.5.30729; .NET CLR 3.0.30729; Media Center PC 6.0; MDDR; .NET4.0C; .NET4.0E; .NET CLR 1.1.4322; Tablet PC 2.0); 360Spider"
101.226.166.208 - - [07/Apr/2013:04:42:45 +0900] "GET /ontolopedia/disp/word_show/434473 HTTP/1.1" 200 6418 "http://www.nal.ie.u-ryukyu.ac.jp/ontolopedia/disp/word_show/434473" "Mozilla/4.0 (compatible; MSIE 8.0; Windows NT 6.1; Trident/4.0; SLCC2; .NET CLR 2.0.50727; .NET CLR 3.5.30729; .NET CLR 3.0.30729; Media Center PC 6.0; MDDR; .NET4.0C; .NET4.0E; .NET CLR 1.1.4322; Tablet PC 2.0); 360Spider"
101.226.166.203 - - [07/Apr/2013:04:42:45 +0900] "GET /ontolopedia/disp/word_show/446853 HTTP/1.1" 200 10851 "http://www.nal.ie.u-ryukyu.ac.jp/ontolopedia/disp/word_show/446853" "Mozilla/4.0 (compatible; MSIE 8.0; Windows NT 6.1; Trident/4.0; SLCC2; .NET CLR 2.0.50727; .NET CLR 3.5.30729; .NET CLR 3.0.30729; Media Center PC 6.0; MDDR; .NET4.0C; .NET4.0E; .NET CLR 1.1.4322; Tablet PC 2.0); 360Spider"
66.249.76.52 - - [07/Apr/2013:04:42:54 +0900] "GET /~yosshi/wiki-old/index.php?cmd=edit&page=%C6%FC%B5%AD%2F2017-04-10 HTTP/1.1" 200 1805 "-" "SAMSUNG-SGH-E250/1.0 Profile/MIDP-2.0 Configuration/CLDC-1.1 UP.Browser/6.2.3.3.c.1.101 (GUI) MMP/2.0 (compatible; Googlebot-Mobile/2.1; +http://www.google.com/bot.html)"
101.226.166.203 - - [07/Apr/2013:04:42:56 +0900] "GET /ontolopedia/disp/word_show/456714 HTTP/1.1" 200 6034 "http://www.nal.ie.u-ryukyu.ac.jp/ontolopedia/disp/word_show/456714" "Mozilla/4.0 (compatible; MSIE 8.0; Windows NT 6.1; Trident/4.0; SLCC2; .NET CLR 2.0.50727; .NET CLR 3.5.30729; .NET CLR 3.0.30729; Media Center PC 6.0; MDDR; .NET4.0C; .NET4.0E; .NET CLR 1.1.4322; Tablet PC 2.0); 360Spider"
66.249.76.52 - - [07/Apr/2013:04:43:07 +0900] "GET /~yosshi/wiki-old/index.php?plugin=newpage&refer=%C6%FC%B5%AD%2F1957-08-16 HTTP/1.1" 200 795 "-" "SAMSUNG-SGH-E250/1.0 Profile/MIDP-2.0 Configuration/CLDC-1.1 UP.Browser/6.2.3.3.c.1.101 (GUI) MMP/2.0 (compatible; Googlebot-Mobile/2.1; +http://www.google.com/bot.html)"
101.226.167.244 - - [07/Apr/2013:04:43:05 +0900] "GET /ontolopedia/disp/word_show/34797 HTTP/1.1" 200 100374 "http://www.nal.ie.u-ryukyu.ac.jp/ontolopedia/disp/word_show/34797" "Mozilla/4.0 (compatible; MSIE 8.0; Windows NT 6.1; Trident/4.0; SLCC2; .NET CLR 2.0.50727; .NET CLR 3.5.30729; .NET CLR 3.0.30729; Media Center PC 6.0; MDDR; .NET4.0C; .NET4.0E; .NET CLR 1.1.4322; Tablet PC 2.0); 360Spider"
114.111.95.132 - - [07/Apr/2013:04:43:27 +0900] "GET /note/rss/comment/ HTTP/1.1" 200 9009 "-" "Y!J-BRO/YFSJ crawler (compatible; Mozilla 4.0; MSIE 5.5; http://help.yahoo.co.jp/help/jp/search/indexing/indexing-15.html; YahooFeedSeekerJp/2.0; users 1; views 153)"
157.55.35.82 - - [07/Apr/2013:04:43:41 +0900] "GET /~info3/wiki/index.php?cmd=backup&action=&page=%C4%C5%C7%C8%B8%C5%C0%B5%B5%B1%A1%F5%E1%C4%B4%D6%B7%BC%B2%F0%2F6%2F4%A4%CE%CA%F3%B9%F0&age=2 HTTP/1.1" 200 18588 "-" "Mozilla/5.0 (compatible; bingbot/2.0; +http://www.bing.com/bingbot.htm)"
157.56.93.71 - - [07/Apr/2013:04:43:42 +0900] "GET /~yosshi/blog/2007/12/18/tweets-on-2007-12-18/ HTTP/1.1" 404 243 "-" "Mozilla/5.0 (compatible; bingbot/2.0; +http://www.bing.com/bingbot.htm)"
157.56.93.71 - - [07/Apr/2013:04:43:42 +0900] "GET /note/note_detail/1588/ HTTP/1.1" 200 7002 "-" "Mozilla/5.0 (compatible; bingbot/2.0; +http://www.bing.com/bingbot.htm)"
66.249.76.52 - - [07/Apr/2013:04:43:51 +0900] "GET /ontolopedia/disp/word_show/71161 HTTP/1.1" 200 4175 "-" "Mozilla/5.0 (compatible; Googlebot/2.1; +http://www.google.com/bot.html)"
157.56.93.73 - - [07/Apr/2013:04:44:13 +0900] "GET /~info3/wiki/index.php?cmd=backup&page=2008%2Finfo4%2F%BF%B7%CE%A4%A1%F5%C3%A8%BB%B3%C8%C9%2F%BA%C7%BD%AA%C8%AF%C9%BD&age=2&action=source HTTP/1.1" 200 5747 "-" "Mozilla/5.0 (compatible; bingbot/2.0; +http://www.bing.com/bingbot.htm)"
72.14.199.52 - - [07/Apr/2013:04:44:15 +0900] "GET /~yosshi/wiki-old/index.php?cmd=edit&help=true&page=%C6%FC%B5%AD%2F2004-12-11 HTTP/1.1" 200 50 "-" "DoCoMo/2.0 N905i(c100;TB;W24H16) (compatible; Googlebot-Mobile/2.1; +http://www.google.com/bot.html)"
66.249.76.52 - - [07/Apr/2013:04:44:30 +0900] "GET /ontolopedia/disp/word_show/177974 HTTP/1.1" 500 309 "-" "Mozilla/5.0 (compatible; Googlebot/2.1; +http://www.google.com/bot.html)"
66.249.76.52 - - [07/Apr/2013:04:44:36 +0900] "GET /note/note_detail/1618 HTTP/1.1" 301 - "-" "Mozilla/5.0 (iPhone; U; CPU iPhone OS 4_1 like Mac OS X; en-us) AppleWebKit/532.9 (KHTML, like Gecko) Version/4.0.5 Mobile/8B117 Safari/6531.22.7 (compatible; Googlebot-Mobile/2.1; +http://www.google.com/bot.html)"
66.249.76.52 - - [07/Apr/2013:04:44:37 +0900] "GET /note/note_detail/1618/ HTTP/1.1" 200 6603 "-" "Mozilla/5.0 (iPhone; U; CPU iPhone OS 4_1 like Mac OS X; en-us) AppleWebKit/532.9 (KHTML, like Gecko) Version/4.0.5 Mobile/8B117 Safari/6531.22.7 (compatible; Googlebot-Mobile/2.1; +http://www.google.com/bot.html)"
66.249.76.52 - - [07/Apr/2013:04:45:57 +0900] "GET /~yosshi/wiki-old/index.php?cmd=edit&page=%C6%FC%B5%AD%2F2017-04-13&refer=%C6%FC%B5%AD HTTP/1.1" 200 1805 "-" "SAMSUNG-SGH-E250/1.0 Profile/MIDP-2.0 Configuration/CLDC-1.1 UP.Browser/6.2.3.3.c.1.101 (GUI) MMP/2.0 (compatible; Googlebot-Mobile/2.1; +http://www.google.com/bot.html)"
66.249.76.52 - - [07/Apr/2013:04:46:00 +0900] "GET /~yosshi/wiki-old/index.php?cmd=edit&page=%C6%FC%B5%AD%2F1957-09-05&refer=%C6%FC%B5%AD HTTP/1.1" 200 1805 "-" "SAMSUNG-SGH-E250/1.0 Profile/MIDP-2.0 Configuration/CLDC-1.1 UP.Browser/6.2.3.3.c.1.101 (GUI) MMP/2.0 (compatible; Googlebot-Mobile/2.1; +http://www.google.com/bot.html)"
72.14.199.52 - - [07/Apr/2013:04:47:08 +0900] "GET /~yosshi/wiki-old/index.php?cmd=edit&page=%C6%FC%B5%AD%2F2004-12-27 HTTP/1.1" 200 1805 "-" "DoCoMo/2.0 N905i(c100;TB;W24H16) (compatible; Googlebot-Mobile/2.1; +http://www.google.com/bot.html)"
157.55.32.76 - - [07/Apr/2013:04:48:10 +0900] "GET /~info3/wiki/index.php?cmd=backup&action=diff&page=MenuBar&age=11 HTTP/1.1" 200 11983 "-" "Mozilla/5.0 (compatible; bingbot/2.0; +http://www.bing.com/bingbot.htm)"
157.55.33.109 - - [07/Apr/2013:04:48:13 +0900] "GET /~info3/wiki/index.php?cmd=backup&page=info3%20wiki&age=13 HTTP/1.1" 200 16835 "-" "Mozilla/5.0 (compatible; bingbot/2.0; +http://www.bing.com/bingbot.htm)"
119.63.196.94 - - [07/Apr/2013:04:48:34 +0900] "GET /note/note_detail/2335/ HTTP/1.1" 200 8646 "-" "Mozilla/5.0 (compatible; Baiduspider/2.0; +http://www.baidu.com/search/spider.html)"
203.104.98.220 - - [07/Apr/2013:04:48:34 +0900] "GET /~yosshi/blog/?feed=rss2 HTTP/1.1" 304 - "-" "livedoor FeedFetcher/0.01 (http://reader.livedoor.com/; 1 subscriber)"
66.249.76.52 - - [07/Apr/2013:04:48:54 +0900] "GET /~yosshi/wiki-old/index.php?cmd=edit&page=%C6%FC%B5%AD%2F2017-04-07&refer=%C6%FC%B5%AD HTTP/1.1" 200 1805 "-" "SAMSUNG-SGH-E250/1.0 Profile/MIDP-2.0 Configuration/CLDC-1.1 UP.Browser/6.2.3.3.c.1.101 (GUI) MMP/2.0 (compatible; Googlebot-Mobile/2.1; +http://www.google.com/bot.html)"
66.249.76.52 - - [07/Apr/2013:04:49:30 +0900] "GET /ontolopedia/disp/word_show/301022 HTTP/1.1" 500 309 "-" "Mozilla/5.0 (compatible; Googlebot/2.1; +http://www.google.com/bot.html)"
