66.249.76.52 - - [07/Apr/2013:11:01:10 +0900] "GET /ontolopedia/disp/word_show/85060 HTTP/1.1" 200 10602 "-" "Mozilla/5.0 (compatible; Googlebot/2.1; +http://www.google.com/bot.html)"
66.249.76.52 - - [07/Apr/2013:11:01:16 +0900] "GET /ontolopedia/disp/word_show/47372 HTTP/1.1" 200 11378 "-" "Mozilla/5.0 (compatible; Googlebot/2.1; +http://www.google.com/bot.html)"
66.249.76.52 - - [07/Apr/2013:11:01:22 +0900] "GET /ontolopedia/disp/word_show/325437 HTTP/1.1" 200 5157 "-" "Mozilla/5.0 (compatible; Googlebot/2.1; +http://www.google.com/bot.html)"
66.249.76.52 - - [07/Apr/2013:11:01:28 +0900] "GET /ontolopedia/disp/word_show/21384 HTTP/1.1" 200 9831 "-" "Mozilla/5.0 (compatible; Googlebot/2.1; +http://www.google.com/bot.html)"
66.249.76.52 - - [07/Apr/2013:11:01:34 +0900] "GET /ontolopedia/disp/word_show/479352 HTTP/1.1" 200 8725 "-" "Mozilla/5.0 (compatible; Googlebot/2.1; +http://www.google.com/bot.html)"
66.249.76.52 - - [07/Apr/2013:11:01:40 +0900] "GET /ontolopedia/disp/word_show/282497 HTTP/1.1" 200 5159 "-" "Mozilla/5.0 (compatible; Googlebot/2.1; +http://www.google.com/bot.html)"
66.249.76.52 - - [07/Apr/2013:11:01:46 +0900] "GET /ontolopedia/disp/word_show/152301 HTTP/1.1" 200 7608 "-" "Mozilla/5.0 (compatible; Googlebot/2.1; +http://www.google.com/bot.html)"
66.249.76.52 - - [07/Apr/2013:11:01:52 +0900] "GET /ontolopedia/disp/word_show/9583 HTTP/1.1" 200 9938 "-" "Mozilla/5.0 (compatible; Googlebot/2.1; +http://www.google.com/bot.html)"
66.249.76.52 - - [07/Apr/2013:11:01:58 +0900] "GET /ontolopedia/disp/word_show/301030 HTTP/1.1" 200 4253 "-" "Mozilla/5.0 (compatible; Googlebot/2.1; +http://www.google.com/bot.html)"
66.249.76.52 - - [07/Apr/2013:11:02:04 +0900] "GET /ontolopedia/disp/word_show/21258 HTTP/1.1" 200 8498 "-" "Mozilla/5.0 (compatible; Googlebot/2.1; +http://www.google.com/bot.html)"
66.249.76.52 - - [07/Apr/2013:11:02:05 +0900] "GET /~yosshi/wiki-old/index.php?plugin=newpage&refer=%C6%FC%B5%AD%2F2017-08-16 HTTP/1.1" 200 795 "-" "SAMSUNG-SGH-E250/1.0 Profile/MIDP-2.0 Configuration/CLDC-1.1 UP.Browser/6.2.3.3.c.1.101 (GUI) MMP/2.0 (compatible; Googlebot-Mobile/2.1; +http://www.google.com/bot.html)"
66.249.76.52 - - [07/Apr/2013:11:02:10 +0900] "GET /ontolopedia/disp/word_show/429557 HTTP/1.1" 200 4184 "-" "Mozilla/5.0 (compatible; Googlebot/2.1; +http://www.google.com/bot.html)"
66.249.76.52 - - [07/Apr/2013:11:02:14 +0900] "GET /~yosshi/wiki-old/index.php?cmd=edit&page=%C6%FC%B5%AD%2F1957-08-12 HTTP/1.1" 200 1805 "-" "SAMSUNG-SGH-E250/1.0 Profile/MIDP-2.0 Configuration/CLDC-1.1 UP.Browser/6.2.3.3.c.1.101 (GUI) MMP/2.0 (compatible; Googlebot-Mobile/2.1; +http://www.google.com/bot.html)"
66.249.76.52 - - [07/Apr/2013:11:02:16 +0900] "GET /ontolopedia/disp/word_show/105984 HTTP/1.1" 200 10689 "-" "Mozilla/5.0 (compatible; Googlebot/2.1; +http://www.google.com/bot.html)"
66.249.76.52 - - [07/Apr/2013:11:02:22 +0900] "GET /ontolopedia/disp/word_show/142041 HTTP/1.1" 200 6931 "-" "Mozilla/5.0 (compatible; Googlebot/2.1; +http://www.google.com/bot.html)"
66.249.76.52 - - [07/Apr/2013:11:02:28 +0900] "GET /ontolopedia/disp/word_show/70794 HTTP/1.1" 200 7678 "-" "Mozilla/5.0 (compatible; Googlebot/2.1; +http://www.google.com/bot.html)"
66.249.76.52 - - [07/Apr/2013:11:02:34 +0900] "GET /ontolopedia/disp/word_show/70802 HTTP/1.1" 200 9737 "-" "Mozilla/5.0 (compatible; Googlebot/2.1; +http://www.google.com/bot.html)"
66.249.76.52 - - [07/Apr/2013:11:02:40 +0900] "GET /ontolopedia/disp/word_show/78469 HTTP/1.1" 200 7891 "-" "Mozilla/5.0 (compatible; Googlebot/2.1; +http://www.google.com/bot.html)"
66.249.76.52 - - [07/Apr/2013:11:02:41 +0900] "GET /wiki/index.php?cmd=edit&page=WikiWikiWeb HTTP/1.1" 401 7789 "-" "Mozilla/5.0 (compatible; Googlebot/2.1; +http://www.google.com/bot.html)"
66.249.76.52 - - [07/Apr/2013:11:02:46 +0900] "GET /ontolopedia/disp/word_show/78554 HTTP/1.1" 200 6371 "-" "Mozilla/5.0 (compatible; Googlebot/2.1; +http://www.google.com/bot.html)"
119.63.196.123 - - [07/Apr/2013:11:02:51 +0900] "GET /note/note_detail/1631/ HTTP/1.1" 200 6842 "-" "Mozilla/5.0 (compatible; Baiduspider/2.0; +http://www.baidu.com/search/spider.html)"
66.249.76.52 - - [07/Apr/2013:11:02:52 +0900] "GET /ontolopedia/disp/word_show/328646 HTTP/1.1" 200 6763 "-" "Mozilla/5.0 (compatible; Googlebot/2.1; +http://www.google.com/bot.html)"
66.249.76.52 - - [07/Apr/2013:11:02:58 +0900] "GET /ontolopedia/disp/word_show/110113 HTTP/1.1" 200 9564 "-" "Mozilla/5.0 (compatible; Googlebot/2.1; +http://www.google.com/bot.html)"
66.249.76.52 - - [07/Apr/2013:11:03:04 +0900] "GET /ontolopedia/disp/word_show/269266 HTTP/1.1" 200 4175 "-" "Mozilla/5.0 (compatible; Googlebot/2.1; +http://www.google.com/bot.html)"
157.56.93.196 - - [07/Apr/2013:11:03:09 +0900] "GET /~info3/wiki/index.php?cmd=edit&page=CVS%2F%B0%EC%CD%F7 HTTP/1.1" 401 6262 "-" "Mozilla/5.0 (compatible; bingbot/2.0; +http://www.bing.com/bingbot.htm)"
72.14.199.52 - - [07/Apr/2013:11:03:10 +0900] "GET /~yosshi/wiki-old/index.php?cmd=edit&help=true&page=%C6%FC%B5%AD%2F2021-05-24 HTTP/1.1" 200 50 "-" "DoCoMo/2.0 N905i(c100;TB;W24H16) (compatible; Googlebot-Mobile/2.1; +http://www.google.com/bot.html)"
66.249.76.52 - - [07/Apr/2013:11:03:11 +0900] "GET /ontolopedia/disp/word_show/193887 HTTP/1.1" 200 10058 "-" "Mozilla/5.0 (compatible; Googlebot/2.1; +http://www.google.com/bot.html)"
66.249.76.52 - - [07/Apr/2013:11:03:12 +0900] "GET /ontolopedia/disp/word_show/16645 HTTP/1.1" 200 5269 "-" "Mozilla/5.0 (compatible; Googlebot/2.1; +http://www.google.com/bot.html)"
66.249.76.52 - - [07/Apr/2013:11:03:13 +0900] "GET /ontolopedia/disp/word_show/85301 HTTP/1.1" 200 4202 "-" "Mozilla/5.0 (compatible; Googlebot/2.1; +http://www.google.com/bot.html)"
66.249.76.52 - - [07/Apr/2013:11:03:16 +0900] "GET /ontolopedia/disp/word_show/81263 HTTP/1.1" 200 9262 "-" "Mozilla/5.0 (compatible; Googlebot/2.1; +http://www.google.com/bot.html)"
66.249.76.52 - - [07/Apr/2013:11:03:22 +0900] "GET /ontolopedia/disp/word_show/88360 HTTP/1.1" 200 7247 "-" "Mozilla/5.0 (compatible; Googlebot/2.1; +http://www.google.com/bot.html)"
66.249.76.52 - - [07/Apr/2013:11:03:28 +0900] "GET /ontolopedia/disp/word_show/37232 HTTP/1.1" 200 8510 "-" "Mozilla/5.0 (compatible; Googlebot/2.1; +http://www.google.com/bot.html)"
66.249.76.52 - - [07/Apr/2013:11:03:35 +0900] "GET /ontolopedia/disp/word_show/155687 HTTP/1.1" 200 5981 "-" "Mozilla/5.0 (compatible; Googlebot/2.1; +http://www.google.com/bot.html)"
66.249.76.52 - - [07/Apr/2013:11:03:41 +0900] "GET /ontolopedia/disp/word_show/57303 HTTP/1.1" 200 13314 "-" "Mozilla/5.0 (compatible; Googlebot/2.1; +http://www.google.com/bot.html)"
66.249.76.52 - - [07/Apr/2013:11:03:47 +0900] "GET /ontolopedia/disp/word_show/344712 HTTP/1.1" 200 7793 "-" "Mozilla/5.0 (compatible; Googlebot/2.1; +http://www.google.com/bot.html)"
66.249.76.52 - - [07/Apr/2013:11:03:53 +0900] "GET /ontolopedia/disp/word_show/89116 HTTP/1.1" 200 7499 "-" "Mozilla/5.0 (compatible; Googlebot/2.1; +http://www.google.com/bot.html)"
66.249.76.52 - - [07/Apr/2013:11:03:59 +0900] "GET /ontolopedia/disp/word_show/409952 HTTP/1.1" 200 6210 "-" "Mozilla/5.0 (compatible; Googlebot/2.1; +http://www.google.com/bot.html)"
66.249.76.52 - - [07/Apr/2013:11:04:05 +0900] "GET /ontolopedia/disp/word_show/194384 HTTP/1.1" 200 8782 "-" "Mozilla/5.0 (compatible; Googlebot/2.1; +http://www.google.com/bot.html)"
66.249.76.52 - - [07/Apr/2013:11:04:11 +0900] "GET /ontolopedia/disp/word_show/262645 HTTP/1.1" 200 4608 "-" "Mozilla/5.0 (compatible; Googlebot/2.1; +http://www.google.com/bot.html)"
66.249.76.52 - - [07/Apr/2013:11:04:17 +0900] "GET /ontolopedia/disp/word_show/275902 HTTP/1.1" 200 7617 "-" "Mozilla/5.0 (compatible; Googlebot/2.1; +http://www.google.com/bot.html)"
66.249.76.52 - - [07/Apr/2013:11:04:23 +0900] "GET /ontolopedia/disp/word_show/304768 HTTP/1.1" 200 5525 "-" "Mozilla/5.0 (compatible; Googlebot/2.1; +http://www.google.com/bot.html)"
66.249.76.52 - - [07/Apr/2013:11:04:29 +0900] "GET /ontolopedia/disp/word_show/58533 HTTP/1.1" 200 7790 "-" "Mozilla/5.0 (compatible; Googlebot/2.1; +http://www.google.com/bot.html)"
66.249.76.52 - - [07/Apr/2013:11:04:32 +0900] "GET /~yosshi/wiki-old/index.php?cmd=edit&page=%C6%FC%B5%AD%2F2017-07-13&refer=%C6%FC%B5%AD HTTP/1.1" 200 1805 "-" "SAMSUNG-SGH-E250/1.0 Profile/MIDP-2.0 Configuration/CLDC-1.1 UP.Browser/6.2.3.3.c.1.101 (GUI) MMP/2.0 (compatible; Googlebot-Mobile/2.1; +http://www.google.com/bot.html)"
66.249.76.52 - - [07/Apr/2013:11:04:35 +0900] "GET /ontolopedia/disp/word_show/117409 HTTP/1.1" 200 7743 "-" "Mozilla/5.0 (compatible; Googlebot/2.1; +http://www.google.com/bot.html)"
157.56.93.71 - - [07/Apr/2013:11:04:40 +0900] "GET /~yosshi/blog/2007/11/09/jailbreak/ HTTP/1.1" 404 232 "-" "Mozilla/5.0 (compatible; bingbot/2.0; +http://www.bing.com/bingbot.htm)"
66.249.76.52 - - [07/Apr/2013:11:04:41 +0900] "GET /ontolopedia/disp/word_show/475813 HTTP/1.1" 200 4237 "-" "Mozilla/5.0 (compatible; Googlebot/2.1; +http://www.google.com/bot.html)"
66.249.76.52 - - [07/Apr/2013:11:04:47 +0900] "GET /ontolopedia/disp/word_show/3903 HTTP/1.1" 200 8724 "-" "Mozilla/5.0 (compatible; Googlebot/2.1; +http://www.google.com/bot.html)"
66.249.76.68 - - [07/Apr/2013:11:04:53 +0900] "GET /ontolopedia/disp/word_show/307200 HTTP/1.1" 200 4193 "-" "Mozilla/5.0 (compatible; Googlebot/2.1; +http://www.google.com/bot.html)"
66.249.76.52 - - [07/Apr/2013:11:04:59 +0900] "GET /ontolopedia/disp/word_show/9326 HTTP/1.1" 200 7780 "-" "Mozilla/5.0 (compatible; Googlebot/2.1; +http://www.google.com/bot.html)"
66.249.76.52 - - [07/Apr/2013:11:05:05 +0900] "GET /ontolopedia/disp/word_show/161925 HTTP/1.1" 200 11134 "-" "Mozilla/5.0 (compatible; Googlebot/2.1; +http://www.google.com/bot.html)"
157.56.93.73 - - [07/Apr/2013:11:05:11 +0900] "GET /~info3/wiki/index.php?%C8%E6%B2%C5%A1%F5%B6%CC%C6%E1%C7%C6%CD%A5%BA%EE%2F%BF%CA%C5%B8%CA%F3%B9%F0%2801%2F07%29 HTTP/1.1" 200 32825 "-" "Mozilla/5.0 (compatible; bingbot/2.0; +http://www.bing.com/bingbot.htm)"
66.249.76.52 - - [07/Apr/2013:11:05:11 +0900] "GET /ontolopedia/disp/word_show/133491 HTTP/1.1" 200 8938 "-" "Mozilla/5.0 (compatible; Googlebot/2.1; +http://www.google.com/bot.html)"
157.55.33.109 - - [07/Apr/2013:11:05:11 +0900] "GET /~info3/wiki/index.php?cmd=backup&action=&page=%BE%E5%C3%CF%A1%F5%C4%C5%C7%C8%B8%C5%C8%C9&age=3 HTTP/1.1" 200 7685 "-" "Mozilla/5.0 (compatible; bingbot/2.0; +http://www.bing.com/bingbot.htm)"
66.249.76.52 - - [07/Apr/2013:11:05:16 +0900] "GET /ontolopedia/disp/word_show/76709 HTTP/1.1" 200 6899 "-" "Mozilla/5.0 (compatible; Googlebot/2.1; +http://www.google.com/bot.html)"
66.249.76.52 - - [07/Apr/2013:11:05:17 +0900] "GET /ontolopedia/disp/word_show/23107 HTTP/1.1" 200 9238 "-" "Mozilla/5.0 (compatible; Googlebot/2.1; +http://www.google.com/bot.html)"
66.249.76.52 - - [07/Apr/2013:11:05:23 +0900] "GET /ontolopedia/disp/word_show/310063 HTTP/1.1" 200 4245 "-" "Mozilla/5.0 (compatible; Googlebot/2.1; +http://www.google.com/bot.html)"
66.249.76.52 - - [07/Apr/2013:11:05:29 +0900] "GET /ontolopedia/disp/word_show/67515 HTTP/1.1" 200 7308 "-" "Mozilla/5.0 (compatible; Googlebot/2.1; +http://www.google.com/bot.html)"
66.249.76.52 - - [07/Apr/2013:11:05:35 +0900] "GET /ontolopedia/disp/word_show/104247 HTTP/1.1" 200 9893 "-" "Mozilla/5.0 (compatible; Googlebot/2.1; +http://www.google.com/bot.html)"
66.249.76.52 - - [07/Apr/2013:11:05:41 +0900] "GET /ontolopedia/disp/word_show/155718 HTTP/1.1" 200 12373 "-" "Mozilla/5.0 (compatible; Googlebot/2.1; +http://www.google.com/bot.html)"
66.249.76.52 - - [07/Apr/2013:11:05:47 +0900] "GET /ontolopedia/disp/word_show/86016 HTTP/1.1" 200 10629 "-" "Mozilla/5.0 (compatible; Googlebot/2.1; +http://www.google.com/bot.html)"
66.249.76.52 - - [07/Apr/2013:11:05:53 +0900] "GET /ontolopedia/disp/word_show/28631 HTTP/1.1" 200 7281 "-" "Mozilla/5.0 (compatible; Googlebot/2.1; +http://www.google.com/bot.html)"
66.249.76.52 - - [07/Apr/2013:11:05:59 +0900] "GET /ontolopedia/disp/word_show/229551 HTTP/1.1" 200 10322 "-" "Mozilla/5.0 (compatible; Googlebot/2.1; +http://www.google.com/bot.html)"
66.249.76.52 - - [07/Apr/2013:11:06:00 +0900] "GET /~yosshi/wiki-old/index.php?cmd=edit&help=true&page=%C6%FC%B5%AD%2F1957-08-13 HTTP/1.1" 200 50 "-" "SAMSUNG-SGH-E250/1.0 Profile/MIDP-2.0 Configuration/CLDC-1.1 UP.Browser/6.2.3.3.c.1.101 (GUI) MMP/2.0 (compatible; Googlebot-Mobile/2.1; +http://www.google.com/bot.html)"
66.249.76.52 - - [07/Apr/2013:11:06:01 +0900] "GET /~yosshi/wiki-old/index.php?plugin=newpage&refer=%C6%FC%B5%AD%2F1957-08-10 HTTP/1.1" 200 795 "-" "SAMSUNG-SGH-E250/1.0 Profile/MIDP-2.0 Configuration/CLDC-1.1 UP.Browser/6.2.3.3.c.1.101 (GUI) MMP/2.0 (compatible; Googlebot-Mobile/2.1; +http://www.google.com/bot.html)"
66.249.76.52 - - [07/Apr/2013:11:06:02 +0900] "GET /~yosshi/wiki-old/index.php?plugin=newpage&refer=%C6%FC%B5%AD%2F2032-04-15 HTTP/1.1" 200 795 "-" "SAMSUNG-SGH-E250/1.0 Profile/MIDP-2.0 Configuration/CLDC-1.1 UP.Browser/6.2.3.3.c.1.101 (GUI) MMP/2.0 (compatible; Googlebot-Mobile/2.1; +http://www.google.com/bot.html)"
66.249.76.52 - - [07/Apr/2013:11:06:05 +0900] "GET /ontolopedia/disp/word_show/274529 HTTP/1.1" 200 4694 "-" "Mozilla/5.0 (compatible; Googlebot/2.1; +http://www.google.com/bot.html)"
66.249.76.52 - - [07/Apr/2013:11:06:09 +0900] "GET /~yosshi/wiki-old/index.php?cmd=edit&help=true&page=%C6%FC%B5%AD%2F2017-07-13 HTTP/1.1" 200 50 "-" "SAMSUNG-SGH-E250/1.0 Profile/MIDP-2.0 Configuration/CLDC-1.1 UP.Browser/6.2.3.3.c.1.101 (GUI) MMP/2.0 (compatible; Googlebot-Mobile/2.1; +http://www.google.com/bot.html)"
157.55.35.82 - - [07/Apr/2013:11:06:10 +0900] "GET /~info3/_scope_car_8c.html HTTP/1.1" 404 223 "-" "Mozilla/5.0 (compatible; bingbot/2.0; +http://www.bing.com/bingbot.htm)"
66.249.76.52 - - [07/Apr/2013:11:06:11 +0900] "GET /ontolopedia/disp/word_show/183451 HTTP/1.1" 200 11083 "-" "Mozilla/5.0 (compatible; Googlebot/2.1; +http://www.google.com/bot.html)"
66.249.76.52 - - [07/Apr/2013:11:06:17 +0900] "GET /ontolopedia/disp/word_show/124978 HTTP/1.1" 200 9742 "-" "Mozilla/5.0 (compatible; Googlebot/2.1; +http://www.google.com/bot.html)"
66.249.76.52 - - [07/Apr/2013:11:06:23 +0900] "GET /ontolopedia/disp/word_show/256926 HTTP/1.1" 200 8460 "-" "Mozilla/5.0 (compatible; Googlebot/2.1; +http://www.google.com/bot.html)"
66.249.76.52 - - [07/Apr/2013:11:06:29 +0900] "GET /ontolopedia/disp/word_show/30793 HTTP/1.1" 200 11056 "-" "Mozilla/5.0 (compatible; Googlebot/2.1; +http://www.google.com/bot.html)"
66.249.76.52 - - [07/Apr/2013:11:06:35 +0900] "GET /ontolopedia/disp/word_show/423289 HTTP/1.1" 200 4176 "-" "Mozilla/5.0 (compatible; Googlebot/2.1; +http://www.google.com/bot.html)"
66.249.76.52 - - [07/Apr/2013:11:06:41 +0900] "GET /ontolopedia/disp/word_show/490013 HTTP/1.1" 200 4655 "-" "Mozilla/5.0 (compatible; Googlebot/2.1; +http://www.google.com/bot.html)"
66.249.76.52 - - [07/Apr/2013:11:06:47 +0900] "GET /ontolopedia/disp/word_show/94448 HTTP/1.1" 200 8824 "-" "Mozilla/5.0 (compatible; Googlebot/2.1; +http://www.google.com/bot.html)"
66.249.76.52 - - [07/Apr/2013:11:06:53 +0900] "GET /ontolopedia/disp/word_show/429759 HTTP/1.1" 200 10077 "-" "Mozilla/5.0 (compatible; Googlebot/2.1; +http://www.google.com/bot.html)"
66.249.76.52 - - [07/Apr/2013:11:06:59 +0900] "GET /note/note_detail/1056/ HTTP/1.1" 200 9088 "-" "Mozilla/5.0 (iPhone; U; CPU iPhone OS 4_1 like Mac OS X; en-us) AppleWebKit/532.9 (KHTML, like Gecko) Version/4.0.5 Mobile/8B117 Safari/6531.22.7 (compatible; Googlebot-Mobile/2.1; +http://www.google.com/bot.html)"
66.249.76.52 - - [07/Apr/2013:11:07:00 +0900] "GET /ontolopedia/disp/word_show/434095 HTTP/1.1" 200 5271 "-" "Mozilla/5.0 (compatible; Googlebot/2.1; +http://www.google.com/bot.html)"
66.249.76.52 - - [07/Apr/2013:11:07:05 +0900] "GET /ontolopedia/disp/word_show/85531 HTTP/1.1" 200 4181 "-" "Mozilla/5.0 (compatible; Googlebot/2.1; +http://www.google.com/bot.html)"
66.249.76.52 - - [07/Apr/2013:11:07:11 +0900] "GET /ontolopedia/disp/word_show/364297 HTTP/1.1" 200 6328 "-" "Mozilla/5.0 (compatible; Googlebot/2.1; +http://www.google.com/bot.html)"
72.14.199.52 - - [07/Apr/2013:11:07:14 +0900] "GET /~yosshi/wiki-old/index.php?plugin=newpage&refer=%C6%FC%B5%AD%2F2004-11-18 HTTP/1.1" 200 795 "-" "DoCoMo/2.0 N905i(c100;TB;W24H16) (compatible; Googlebot-Mobile/2.1; +http://www.google.com/bot.html)"
66.249.76.52 - - [07/Apr/2013:11:07:17 +0900] "GET /ontolopedia/disp/word_show/442742 HTTP/1.1" 200 5347 "-" "Mozilla/5.0 (compatible; Googlebot/2.1; +http://www.google.com/bot.html)"
66.249.76.52 - - [07/Apr/2013:11:07:23 +0900] "GET /ontolopedia/disp/word_show/66667 HTTP/1.1" 200 9091 "-" "Mozilla/5.0 (compatible; Googlebot/2.1; +http://www.google.com/bot.html)"
66.249.76.52 - - [07/Apr/2013:11:07:29 +0900] "GET /ontolopedia/disp/word_show/474040 HTTP/1.1" 200 5732 "-" "Mozilla/5.0 (compatible; Googlebot/2.1; +http://www.google.com/bot.html)"
66.249.76.52 - - [07/Apr/2013:11:07:35 +0900] "GET /ontolopedia/disp/word_show/143870 HTTP/1.1" 200 10690 "-" "Mozilla/5.0 (compatible; Googlebot/2.1; +http://www.google.com/bot.html)"
66.249.76.52 - - [07/Apr/2013:11:07:41 +0900] "GET /ontolopedia/disp/word_show/381542 HTTP/1.1" 200 4172 "-" "Mozilla/5.0 (compatible; Googlebot/2.1; +http://www.google.com/bot.html)"
66.249.76.52 - - [07/Apr/2013:11:07:47 +0900] "GET /ontolopedia/disp/word_show/448229 HTTP/1.1" 200 6713 "-" "Mozilla/5.0 (compatible; Googlebot/2.1; +http://www.google.com/bot.html)"
66.249.76.52 - - [07/Apr/2013:11:07:53 +0900] "GET /~yosshi/wiki-old/index.php?cmd=edit&page=%C6%FC%B5%AD%2F1957-09-02&refer=%C6%FC%B5%AD HTTP/1.1" 200 1805 "-" "SAMSUNG-SGH-E250/1.0 Profile/MIDP-2.0 Configuration/CLDC-1.1 UP.Browser/6.2.3.3.c.1.101 (GUI) MMP/2.0 (compatible; Googlebot-Mobile/2.1; +http://www.google.com/bot.html)"
66.249.76.52 - - [07/Apr/2013:11:07:54 +0900] "GET /ontolopedia/disp/word_show/288306 HTTP/1.1" 200 4188 "-" "Mozilla/5.0 (compatible; Googlebot/2.1; +http://www.google.com/bot.html)"
66.249.76.52 - - [07/Apr/2013:11:07:59 +0900] "GET /ontolopedia/disp/word_show/194468 HTTP/1.1" 200 4211 "-" "Mozilla/5.0 (compatible; Googlebot/2.1; +http://www.google.com/bot.html)"
66.249.76.52 - - [07/Apr/2013:11:08:05 +0900] "GET /ontolopedia/disp/word_show/302293 HTTP/1.1" 200 5724 "-" "Mozilla/5.0 (compatible; Googlebot/2.1; +http://www.google.com/bot.html)"
66.249.76.52 - - [07/Apr/2013:11:08:12 +0900] "GET /ontolopedia/disp/word_show/491325 HTTP/1.1" 200 5234 "-" "Mozilla/5.0 (compatible; Googlebot/2.1; +http://www.google.com/bot.html)"
66.249.76.52 - - [07/Apr/2013:11:08:18 +0900] "GET /ontolopedia/disp/word_show/106843 HTTP/1.1" 200 5673 "-" "Mozilla/5.0 (compatible; Googlebot/2.1; +http://www.google.com/bot.html)"
66.249.76.52 - - [07/Apr/2013:11:08:24 +0900] "GET /ontolopedia/disp/word_show/170403 HTTP/1.1" 200 9357 "-" "Mozilla/5.0 (compatible; Googlebot/2.1; +http://www.google.com/bot.html)"
66.249.76.52 - - [07/Apr/2013:11:08:30 +0900] "GET /ontolopedia/disp/word_show/342414 HTTP/1.1" 200 4396 "-" "Mozilla/5.0 (compatible; Googlebot/2.1; +http://www.google.com/bot.html)"
66.249.76.52 - - [07/Apr/2013:11:08:36 +0900] "GET /ontolopedia/disp/word_show/346590 HTTP/1.1" 200 4165 "-" "Mozilla/5.0 (compatible; Googlebot/2.1; +http://www.google.com/bot.html)"
66.249.76.52 - - [07/Apr/2013:11:08:42 +0900] "GET /ontolopedia/disp/word_show/101042 HTTP/1.1" 200 5165 "-" "Mozilla/5.0 (compatible; Googlebot/2.1; +http://www.google.com/bot.html)"
66.249.76.52 - - [07/Apr/2013:11:08:48 +0900] "GET /ontolopedia/disp/word_show/246664 HTTP/1.1" 200 8369 "-" "Mozilla/5.0 (compatible; Googlebot/2.1; +http://www.google.com/bot.html)"
66.249.76.52 - - [07/Apr/2013:11:08:54 +0900] "GET /ontolopedia/disp/word_show/296390 HTTP/1.1" 200 4333 "-" "Mozilla/5.0 (compatible; Googlebot/2.1; +http://www.google.com/bot.html)"
66.249.76.52 - - [07/Apr/2013:11:09:00 +0900] "GET /ontolopedia/disp/word_show/136991 HTTP/1.1" 200 6753 "-" "Mozilla/5.0 (compatible; Googlebot/2.1; +http://www.google.com/bot.html)"
66.249.76.52 - - [07/Apr/2013:11:09:06 +0900] "GET /ontolopedia/disp/word_show/134635 HTTP/1.1" 200 10710 "-" "Mozilla/5.0 (compatible; Googlebot/2.1; +http://www.google.com/bot.html)"
66.249.76.52 - - [07/Apr/2013:11:09:07 +0900] "GET /ontolopedia/disp/word_show/293357 HTTP/1.1" 200 4227 "-" "Mozilla/5.0 (compatible; Googlebot/2.1; +http://www.google.com/bot.html)"
66.249.76.52 - - [07/Apr/2013:11:09:12 +0900] "GET /ontolopedia/disp/word_show/13561 HTTP/1.1" 200 11465 "-" "Mozilla/5.0 (compatible; Googlebot/2.1; +http://www.google.com/bot.html)"
66.249.76.52 - - [07/Apr/2013:11:09:18 +0900] "GET /ontolopedia/disp/word_show/317510 HTTP/1.1" 200 6906 "-" "Mozilla/5.0 (compatible; Googlebot/2.1; +http://www.google.com/bot.html)"
66.249.76.52 - - [07/Apr/2013:11:09:24 +0900] "GET /ontolopedia/disp/word_show/110026 HTTP/1.1" 200 7930 "-" "Mozilla/5.0 (compatible; Googlebot/2.1; +http://www.google.com/bot.html)"
66.249.76.52 - - [07/Apr/2013:11:09:30 +0900] "GET /ontolopedia/disp/word_show/161736 HTTP/1.1" 200 5143 "-" "Mozilla/5.0 (compatible; Googlebot/2.1; +http://www.google.com/bot.html)"
72.14.199.52 - - [07/Apr/2013:11:09:32 +0900] "GET /note/rss/latest/ HTTP/1.1" 200 8675 "-" "Feedfetcher-Google; (+http://www.google.com/feedfetcher.html; 7 subscribers; feed-id=3219038629485402054)"
66.249.76.52 - - [07/Apr/2013:11:09:36 +0900] "GET /ontolopedia/disp/word_show/62896 HTTP/1.1" 200 8650 "-" "Mozilla/5.0 (compatible; Googlebot/2.1; +http://www.google.com/bot.html)"
66.249.76.52 - - [07/Apr/2013:11:09:40 +0900] "GET /ontolopedia/disp/word_show/275515 HTTP/1.1" 200 4193 "-" "Mozilla/5.0 (compatible; Googlebot/2.1; +http://www.google.com/bot.html)"
66.249.76.52 - - [07/Apr/2013:11:09:42 +0900] "GET /ontolopedia/disp/word_show/244632 HTTP/1.1" 200 7579 "-" "Mozilla/5.0 (compatible; Googlebot/2.1; +http://www.google.com/bot.html)"
66.249.76.52 - - [07/Apr/2013:11:09:48 +0900] "GET /ontolopedia/disp/word_show/366084 HTTP/1.1" 200 10898 "-" "Mozilla/5.0 (compatible; Googlebot/2.1; +http://www.google.com/bot.html)"
66.249.76.52 - - [07/Apr/2013:11:09:54 +0900] "GET /ontolopedia/disp/word_show/262346 HTTP/1.1" 200 5428 "-" "Mozilla/5.0 (compatible; Googlebot/2.1; +http://www.google.com/bot.html)"
66.249.76.52 - - [07/Apr/2013:11:10:00 +0900] "GET /ontolopedia/disp/word_show/161709 HTTP/1.1" 200 8768 "-" "Mozilla/5.0 (compatible; Googlebot/2.1; +http://www.google.com/bot.html)"
66.249.76.52 - - [07/Apr/2013:11:10:06 +0900] "GET /ontolopedia/disp/word_show/303061 HTTP/1.1" 200 7730 "-" "Mozilla/5.0 (compatible; Googlebot/2.1; +http://www.google.com/bot.html)"
157.55.32.103 - - [07/Apr/2013:11:10:08 +0900] "GET /~yosshi/blog/2009/07/04/ HTTP/1.1" 404 222 "-" "Mozilla/5.0 (compatible; bingbot/2.0; +http://www.bing.com/bingbot.htm)"
157.55.32.103 - - [07/Apr/2013:11:10:08 +0900] "GET /~yosshi/wiki/index.php?cmd=read&page=%E4%BB%8A%E6%97%A5%E3%81%AE%E3%83%A1%E3%83%A2%2F2006-10-29 HTTP/1.1" 200 13773 "-" "Mozilla/5.0 (compatible; bingbot/2.0; +http://www.bing.com/bingbot.htm)"
119.235.237.16 - - [07/Apr/2013:11:10:08 +0900] "GET /note/note_detail/2544 HTTP/1.1" 301 - "-" "Yeti/1.0 (NHN Corp.; http://help.naver.com/robots/)"
157.55.32.103 - - [07/Apr/2013:11:10:09 +0900] "GET /~info3/wiki/index.php?cmd=backup&action=source&page=%B5%DC%CE%A4%A1%F5%CD%BF%B5%B7%C8%C9&age=8 HTTP/1.1" 200 8790 "-" "Mozilla/5.0 (compatible; bingbot/2.0; +http://www.bing.com/bingbot.htm)"
66.249.76.87 - - [07/Apr/2013:11:10:12 +0900] "GET /ontolopedia/disp/word_show/236594 HTTP/1.1" 200 4948 "-" "Mozilla/5.0 (compatible; Googlebot/2.1; +http://www.google.com/bot.html)"
66.249.76.52 - - [07/Apr/2013:11:10:16 +0900] "GET /ontolopedia/disp/word_show/101758 HTTP/1.1" 200 18359 "-" "Mozilla/5.0 (compatible; Googlebot/2.1; +http://www.google.com/bot.html)"
66.249.76.52 - - [07/Apr/2013:11:10:18 +0900] "GET /ontolopedia/disp/word_show/45704 HTTP/1.1" 200 7221 "-" "Mozilla/5.0 (compatible; Googlebot/2.1; +http://www.google.com/bot.html)"
66.249.76.52 - - [07/Apr/2013:11:10:19 +0900] "GET /~yosshi/wiki-old/index.php?cmd=edit&help=true&page=%C6%FC%B5%AD%2F2017-06-04 HTTP/1.1" 200 50 "-" "SAMSUNG-SGH-E250/1.0 Profile/MIDP-2.0 Configuration/CLDC-1.1 UP.Browser/6.2.3.3.c.1.101 (GUI) MMP/2.0 (compatible; Googlebot-Mobile/2.1; +http://www.google.com/bot.html)"
66.249.76.52 - - [07/Apr/2013:11:10:24 +0900] "GET /ontolopedia/disp/word_show/439390 HTTP/1.1" 200 4226 "-" "Mozilla/5.0 (compatible; Googlebot/2.1; +http://www.google.com/bot.html)"
66.249.76.52 - - [07/Apr/2013:11:10:30 +0900] "GET /ontolopedia/disp/word_show/139633 HTTP/1.1" 200 7847 "-" "Mozilla/5.0 (compatible; Googlebot/2.1; +http://www.google.com/bot.html)"
66.249.76.52 - - [07/Apr/2013:11:10:36 +0900] "GET /ontolopedia/disp/word_show/234635 HTTP/1.1" 200 9634 "-" "Mozilla/5.0 (compatible; Googlebot/2.1; +http://www.google.com/bot.html)"
66.249.76.52 - - [07/Apr/2013:11:10:42 +0900] "GET /ontolopedia/disp/word_show/254590 HTTP/1.1" 200 4247 "-" "Mozilla/5.0 (compatible; Googlebot/2.1; +http://www.google.com/bot.html)"
66.249.76.52 - - [07/Apr/2013:11:10:48 +0900] "GET /ontolopedia/disp/word_show/351186 HTTP/1.1" 200 6913 "-" "Mozilla/5.0 (compatible; Googlebot/2.1; +http://www.google.com/bot.html)"
66.249.76.52 - - [07/Apr/2013:11:10:55 +0900] "GET /ontolopedia/disp/word_show/165501 HTTP/1.1" 200 4717 "-" "Mozilla/5.0 (compatible; Googlebot/2.1; +http://www.google.com/bot.html)"
66.249.76.52 - - [07/Apr/2013:11:11:00 +0900] "GET /ontolopedia/disp/word_show/128046 HTTP/1.1" 200 7651 "-" "Mozilla/5.0 (compatible; Googlebot/2.1; +http://www.google.com/bot.html)"
66.249.76.52 - - [07/Apr/2013:11:11:06 +0900] "GET /ontolopedia/disp/word_show/291511 HTTP/1.1" 200 5197 "-" "Mozilla/5.0 (compatible; Googlebot/2.1; +http://www.google.com/bot.html)"
66.249.76.52 - - [07/Apr/2013:11:11:12 +0900] "GET /ontolopedia/disp/word_show/349796 HTTP/1.1" 200 5999 "-" "Mozilla/5.0 (compatible; Googlebot/2.1; +http://www.google.com/bot.html)"
157.55.32.103 - - [07/Apr/2013:11:11:17 +0900] "GET /~info3/wiki/index.php?2008%2Finfo4%2F%C3%AA%B8%B6%A1%F5%C2%E7%B5%DC%C8%C9%2Flevel4_2 HTTP/1.1" 200 39697 "-" "Mozilla/5.0 (compatible; bingbot/2.0; +http://www.bing.com/bingbot.htm)"
66.249.76.52 - - [07/Apr/2013:11:11:18 +0900] "GET /ontolopedia/disp/word_show/14723 HTTP/1.1" 200 6524 "-" "Mozilla/5.0 (compatible; Googlebot/2.1; +http://www.google.com/bot.html)"
119.235.237.93 - - [07/Apr/2013:11:11:19 +0900] "GET /note/note_detail/2522 HTTP/1.1" 301 - "-" "Yeti/1.0 (NHN Corp.; http://help.naver.com/robots/)"
66.249.76.52 - - [07/Apr/2013:11:11:24 +0900] "GET /ontolopedia/disp/word_show/154639 HTTP/1.1" 200 4181 "-" "Mozilla/5.0 (compatible; Googlebot/2.1; +http://www.google.com/bot.html)"
72.14.199.52 - - [07/Apr/2013:11:11:29 +0900] "GET /~yosshi/wiki-old/index.php?cmd=edit&page=%C6%FC%B5%AD%2F2021-06-22&refer=%C6%FC%B5%AD HTTP/1.1" 200 1805 "-" "DoCoMo/2.0 N905i(c100;TB;W24H16) (compatible; Googlebot-Mobile/2.1; +http://www.google.com/bot.html)"
66.249.76.52 - - [07/Apr/2013:11:11:30 +0900] "GET /ontolopedia/disp/word_show/421800 HTTP/1.1" 200 8527 "-" "Mozilla/5.0 (compatible; Googlebot/2.1; +http://www.google.com/bot.html)"
66.249.76.52 - - [07/Apr/2013:11:11:36 +0900] "GET /ontolopedia/disp/word_show/416841 HTTP/1.1" 200 5113 "-" "Mozilla/5.0 (compatible; Googlebot/2.1; +http://www.google.com/bot.html)"
66.249.76.52 - - [07/Apr/2013:11:11:39 +0900] "GET /ontolopedia/disp/word_show/2668 HTTP/1.1" 200 30249 "-" "Mozilla/5.0 (compatible; Googlebot/2.1; +http://www.google.com/bot.html)"
66.249.76.52 - - [07/Apr/2013:11:11:42 +0900] "GET /ontolopedia/disp/word_show/449538 HTTP/1.1" 200 5122 "-" "Mozilla/5.0 (compatible; Googlebot/2.1; +http://www.google.com/bot.html)"
66.249.76.52 - - [07/Apr/2013:11:11:48 +0900] "GET /ontolopedia/disp/word_show/21133 HTTP/1.1" 200 13026 "-" "Mozilla/5.0 (compatible; Googlebot/2.1; +http://www.google.com/bot.html)"
66.249.76.52 - - [07/Apr/2013:11:11:54 +0900] "GET /ontolopedia/disp/word_show/290941 HTTP/1.1" 200 8863 "-" "Mozilla/5.0 (compatible; Googlebot/2.1; +http://www.google.com/bot.html)"
66.249.76.52 - - [07/Apr/2013:11:12:00 +0900] "GET /ontolopedia/disp/word_show/168186 HTTP/1.1" 200 4265 "-" "Mozilla/5.0 (compatible; Googlebot/2.1; +http://www.google.com/bot.html)"
66.249.76.52 - - [07/Apr/2013:11:12:01 +0900] "GET /ontolopedia/disp/word_show/434083 HTTP/1.1" 200 4203 "-" "Mozilla/5.0 (compatible; Googlebot/2.1; +http://www.google.com/bot.html)"
66.249.76.52 - - [07/Apr/2013:11:12:02 +0900] "GET /ontolopedia/disp/word_show/262508 HTTP/1.1" 500 309 "-" "Mozilla/5.0 (compatible; Googlebot/2.1; +http://www.google.com/bot.html)"
157.55.32.76 - - [07/Apr/2013:11:12:11 +0900] "GET /~info3/wiki/index.php?cmd=backup&page=Level4%20%C2%E7%BE%EB%A1%F5%B5%C8%B1%CA HTTP/1.1" 200 6627 "-" "Mozilla/5.0 (compatible; bingbot/2.0; +http://www.bing.com/bingbot.htm)"
66.249.76.52 - - [07/Apr/2013:11:12:13 +0900] "GET /ontolopedia/disp/word_show/194243 HTTP/1.1" 200 5223 "-" "Mozilla/5.0 (compatible; Googlebot/2.1; +http://www.google.com/bot.html)"
66.249.76.52 - - [07/Apr/2013:11:12:13 +0900] "GET /ontolopedia/disp/word_show/444383 HTTP/1.1" 200 7468 "-" "Mozilla/5.0 (compatible; Googlebot/2.1; +http://www.google.com/bot.html)"
66.249.76.52 - - [07/Apr/2013:11:12:14 +0900] "GET /ontolopedia/disp/word_show/192360 HTTP/1.1" 200 6380 "-" "Mozilla/5.0 (compatible; Googlebot/2.1; +http://www.google.com/bot.html)"
66.249.76.52 - - [07/Apr/2013:11:12:18 +0900] "GET /ontolopedia/disp/word_show/116841 HTTP/1.1" 200 5311 "-" "Mozilla/5.0 (compatible; Googlebot/2.1; +http://www.google.com/bot.html)"
66.249.76.52 - - [07/Apr/2013:11:12:23 +0900] "GET /ontolopedia/disp/word_show/429365 HTTP/1.1" 500 309 "-" "Mozilla/5.0 (compatible; Googlebot/2.1; +http://www.google.com/bot.html)"
66.249.76.52 - - [07/Apr/2013:11:12:34 +0900] "GET /ontolopedia/disp/word_show/73559 HTTP/1.1" 200 5469 "-" "Mozilla/5.0 (compatible; Googlebot/2.1; +http://www.google.com/bot.html)"
66.249.76.52 - - [07/Apr/2013:11:12:34 +0900] "GET /ontolopedia/disp/word_show/472137 HTTP/1.1" 200 6793 "-" "Mozilla/5.0 (compatible; Googlebot/2.1; +http://www.google.com/bot.html)"
66.249.76.52 - - [07/Apr/2013:11:12:36 +0900] "GET /ontolopedia/disp/word_show/198681 HTTP/1.1" 200 8468 "-" "Mozilla/5.0 (compatible; Googlebot/2.1; +http://www.google.com/bot.html)"
66.249.76.52 - - [07/Apr/2013:11:12:37 +0900] "GET /~yosshi/wiki-old/index.php?cmd=edit&page=%C6%FC%B5%AD%2F1950-10-02 HTTP/1.1" 200 1805 "-" "SAMSUNG-SGH-E250/1.0 Profile/MIDP-2.0 Configuration/CLDC-1.1 UP.Browser/6.2.3.3.c.1.101 (GUI) MMP/2.0 (compatible; Googlebot-Mobile/2.1; +http://www.google.com/bot.html)"
66.249.76.52 - - [07/Apr/2013:11:12:43 +0900] "GET /ontolopedia/disp/word_show/145406 HTTP/1.1" 200 6898 "-" "Mozilla/5.0 (compatible; Googlebot/2.1; +http://www.google.com/bot.html)"
66.249.76.52 - - [07/Apr/2013:11:12:49 +0900] "GET /ontolopedia/disp/word_show/93524 HTTP/1.1" 200 7044 "-" "Mozilla/5.0 (compatible; Googlebot/2.1; +http://www.google.com/bot.html)"
66.249.76.52 - - [07/Apr/2013:11:12:52 +0900] "GET /ontolopedia/disp/word_show/375530 HTTP/1.1" 200 8884 "-" "Mozilla/5.0 (compatible; Googlebot/2.1; +http://www.google.com/bot.html)"
66.249.76.52 - - [07/Apr/2013:11:12:55 +0900] "GET /ontolopedia/disp/word_show/24828 HTTP/1.1" 200 5857 "-" "Mozilla/5.0 (compatible; Googlebot/2.1; +http://www.google.com/bot.html)"
66.249.76.52 - - [07/Apr/2013:11:13:01 +0900] "GET /ontolopedia/disp/word_show/263019 HTTP/1.1" 200 4163 "-" "Mozilla/5.0 (compatible; Googlebot/2.1; +http://www.google.com/bot.html)"
66.249.76.52 - - [07/Apr/2013:11:13:07 +0900] "GET /ontolopedia/disp/word_show/64411 HTTP/1.1" 200 8645 "-" "Mozilla/5.0 (compatible; Googlebot/2.1; +http://www.google.com/bot.html)"
66.249.76.52 - - [07/Apr/2013:11:13:13 +0900] "GET /ontolopedia/disp/word_show/277976 HTTP/1.1" 200 4287 "-" "Mozilla/5.0 (compatible; Googlebot/2.1; +http://www.google.com/bot.html)"
66.249.76.52 - - [07/Apr/2013:11:13:19 +0900] "GET /ontolopedia/disp/word_show/100337 HTTP/1.1" 200 11874 "-" "Mozilla/5.0 (compatible; Googlebot/2.1; +http://www.google.com/bot.html)"
66.249.76.52 - - [07/Apr/2013:11:13:21 +0900] "GET /ontolopedia/disp/word_show/397851 HTTP/1.1" 200 5948 "-" "Mozilla/5.0 (compatible; Googlebot/2.1; +http://www.google.com/bot.html)"
66.249.76.52 - - [07/Apr/2013:11:13:25 +0900] "GET /ontolopedia/disp/word_show/358696 HTTP/1.1" 200 4907 "-" "Mozilla/5.0 (compatible; Googlebot/2.1; +http://www.google.com/bot.html)"
66.249.76.52 - - [07/Apr/2013:11:13:30 +0900] "GET /~yosshi/wiki-old/index.php?cmd=edit&page=%C6%FC%B5%AD%2F2017-04-06&refer=%C6%FC%B5%AD HTTP/1.1" 200 1805 "-" "SAMSUNG-SGH-E250/1.0 Profile/MIDP-2.0 Configuration/CLDC-1.1 UP.Browser/6.2.3.3.c.1.101 (GUI) MMP/2.0 (compatible; Googlebot-Mobile/2.1; +http://www.google.com/bot.html)"
66.249.76.52 - - [07/Apr/2013:11:13:31 +0900] "GET /ontolopedia/disp/word_show/27023 HTTP/1.1" 200 4175 "-" "Mozilla/5.0 (compatible; Googlebot/2.1; +http://www.google.com/bot.html)"
66.249.76.52 - - [07/Apr/2013:11:13:37 +0900] "GET /ontolopedia/disp/word_show/172247 HTTP/1.1" 200 10871 "-" "Mozilla/5.0 (compatible; Googlebot/2.1; +http://www.google.com/bot.html)"
66.249.76.52 - - [07/Apr/2013:11:13:43 +0900] "GET /ontolopedia/disp/word_show/453191 HTTP/1.1" 200 7057 "-" "Mozilla/5.0 (compatible; Googlebot/2.1; +http://www.google.com/bot.html)"
66.249.76.52 - - [07/Apr/2013:11:13:49 +0900] "GET /ontolopedia/disp/word_show/238825 HTTP/1.1" 200 7739 "-" "Mozilla/5.0 (compatible; Googlebot/2.1; +http://www.google.com/bot.html)"
66.249.76.52 - - [07/Apr/2013:11:13:50 +0900] "GET /ontolopedia/disp/word_show/258669 HTTP/1.1" 200 6224 "-" "Mozilla/5.0 (compatible; Googlebot/2.1; +http://www.google.com/bot.html)"
66.249.76.52 - - [07/Apr/2013:11:13:55 +0900] "GET /ontolopedia/disp/word_show/72250 HTTP/1.1" 200 8808 "-" "Mozilla/5.0 (compatible; Googlebot/2.1; +http://www.google.com/bot.html)"
66.249.76.52 - - [07/Apr/2013:11:14:01 +0900] "GET /ontolopedia/disp/word_show/314159 HTTP/1.1" 200 6960 "-" "Mozilla/5.0 (compatible; Googlebot/2.1; +http://www.google.com/bot.html)"
66.249.76.52 - - [07/Apr/2013:11:14:07 +0900] "GET /ontolopedia/disp/word_show/151939 HTTP/1.1" 200 7625 "-" "Mozilla/5.0 (compatible; Googlebot/2.1; +http://www.google.com/bot.html)"
66.249.76.52 - - [07/Apr/2013:11:14:13 +0900] "GET /ontolopedia/disp/word_show/177152 HTTP/1.1" 200 8148 "-" "Mozilla/5.0 (compatible; Googlebot/2.1; +http://www.google.com/bot.html)"
66.249.76.52 - - [07/Apr/2013:11:14:19 +0900] "GET /ontolopedia/disp/word_show/225454 HTTP/1.1" 200 6290 "-" "Mozilla/5.0 (compatible; Googlebot/2.1; +http://www.google.com/bot.html)"
66.249.76.52 - - [07/Apr/2013:11:14:20 +0900] "GET /ontolopedia/disp/word_show/191778 HTTP/1.1" 200 5829 "-" "Mozilla/5.0 (compatible; Googlebot/2.1; +http://www.google.com/bot.html)"
66.249.76.52 - - [07/Apr/2013:11:14:25 +0900] "GET /ontolopedia/disp/word_show/95091 HTTP/1.1" 200 8228 "-" "Mozilla/5.0 (compatible; Googlebot/2.1; +http://www.google.com/bot.html)"
66.249.76.52 - - [07/Apr/2013:11:14:31 +0900] "GET /ontolopedia/disp/word_show/162691 HTTP/1.1" 200 8784 "-" "Mozilla/5.0 (compatible; Googlebot/2.1; +http://www.google.com/bot.html)"
66.249.76.52 - - [07/Apr/2013:11:14:35 +0900] "GET /ontolopedia/disp/word_show/86126 HTTP/1.1" 200 8077 "-" "Mozilla/5.0 (compatible; Googlebot/2.1; +http://www.google.com/bot.html)"
66.249.76.52 - - [07/Apr/2013:11:14:37 +0900] "GET /ontolopedia/disp/word_show/172205 HTTP/1.1" 200 10640 "-" "Mozilla/5.0 (compatible; Googlebot/2.1; +http://www.google.com/bot.html)"
66.249.76.52 - - [07/Apr/2013:11:14:38 +0900] "GET /~yosshi/wiki-old/index.php?cmd=edit&help=true&page=%C6%FC%B5%AD%2F2017-04-06 HTTP/1.1" 200 50 "-" "SAMSUNG-SGH-E250/1.0 Profile/MIDP-2.0 Configuration/CLDC-1.1 UP.Browser/6.2.3.3.c.1.101 (GUI) MMP/2.0 (compatible; Googlebot-Mobile/2.1; +http://www.google.com/bot.html)"
157.55.35.82 - - [07/Apr/2013:11:14:40 +0900] "GET /~info3/wiki/index.php?cmd=backup&page=2005%2Finfo4%2FLevel3&age=1 HTTP/1.1" 200 5780 "-" "Mozilla/5.0 (compatible; bingbot/2.0; +http://www.bing.com/bingbot.htm)"
66.249.76.52 - - [07/Apr/2013:11:14:42 +0900] "GET /ontolopedia/disp/word_show/3760 HTTP/1.1" 200 36282 "-" "Mozilla/5.0 (compatible; Googlebot/2.1; +http://www.google.com/bot.html)"
66.249.76.52 - - [07/Apr/2013:11:14:44 +0900] "GET /ontolopedia/disp/word_show/159643 HTTP/1.1" 200 7544 "-" "Mozilla/5.0 (compatible; Googlebot/2.1; +http://www.google.com/bot.html)"
66.249.76.52 - - [07/Apr/2013:11:14:48 +0900] "GET /ontolopedia/disp/word_show/466145 HTTP/1.1" 200 6894 "-" "Mozilla/5.0 (compatible; Googlebot/2.1; +http://www.google.com/bot.html)"
66.249.76.52 - - [07/Apr/2013:11:14:49 +0900] "GET /ontolopedia/disp/word_show/313056 HTTP/1.1" 200 5536 "-" "Mozilla/5.0 (compatible; Googlebot/2.1; +http://www.google.com/bot.html)"
66.249.76.52 - - [07/Apr/2013:11:14:55 +0900] "GET /ontolopedia/disp/word_show/84137 HTTP/1.1" 200 13267 "-" "Mozilla/5.0 (compatible; Googlebot/2.1; +http://www.google.com/bot.html)"
66.249.76.52 - - [07/Apr/2013:11:15:01 +0900] "GET /ontolopedia/disp/word_show/446228 HTTP/1.1" 200 5061 "-" "Mozilla/5.0 (compatible; Googlebot/2.1; +http://www.google.com/bot.html)"
72.14.199.52 - - [07/Apr/2013:11:15:05 +0900] "GET /~yosshi/wiki-old/index.php?cmd=edit&page=%C6%FC%B5%AD%2F2004-10-09&refer=%C6%FC%B5%AD HTTP/1.1" 200 1805 "-" "DoCoMo/2.0 N905i(c100;TB;W24H16) (compatible; Googlebot-Mobile/2.1; +http://www.google.com/bot.html)"
66.249.76.52 - - [07/Apr/2013:11:15:07 +0900] "GET /ontolopedia/disp/word_show/36281 HTTP/1.1" 200 9533 "-" "Mozilla/5.0 (compatible; Googlebot/2.1; +http://www.google.com/bot.html)"
66.249.76.52 - - [07/Apr/2013:11:15:13 +0900] "GET /ontolopedia/disp/word_show/54413 HTTP/1.1" 200 8655 "-" "Mozilla/5.0 (compatible; Googlebot/2.1; +http://www.google.com/bot.html)"
66.249.76.52 - - [07/Apr/2013:11:15:17 +0900] "GET /ontolopedia/disp/word_show/206664 HTTP/1.1" 500 309 "-" "Mozilla/5.0 (compatible; Googlebot/2.1; +http://www.google.com/bot.html)"
66.249.76.52 - - [07/Apr/2013:11:15:28 +0900] "GET /ontolopedia/disp/word_show/339773 HTTP/1.1" 200 5113 "-" "Mozilla/5.0 (compatible; Googlebot/2.1; +http://www.google.com/bot.html)"
66.249.76.52 - - [07/Apr/2013:11:15:28 +0900] "GET /ontolopedia/disp/word_show/359769 HTTP/1.1" 200 5623 "-" "Mozilla/5.0 (compatible; Googlebot/2.1; +http://www.google.com/bot.html)"
66.249.76.52 - - [07/Apr/2013:11:15:31 +0900] "GET /ontolopedia/disp/word_show/311716 HTTP/1.1" 200 7773 "-" "Mozilla/5.0 (compatible; Googlebot/2.1; +http://www.google.com/bot.html)"
66.249.76.52 - - [07/Apr/2013:11:15:37 +0900] "GET /ontolopedia/disp/word_show/37335 HTTP/1.1" 200 5451 "-" "Mozilla/5.0 (compatible; Googlebot/2.1; +http://www.google.com/bot.html)"
157.56.93.71 - - [07/Apr/2013:11:15:39 +0900] "GET /~yosshi/rbc_wiki/index.php?cmd=edit&page=beasttube&refer=FrontPage HTTP/1.1" 401 5414 "-" "Mozilla/5.0 (compatible; bingbot/2.0; +http://www.bing.com/bingbot.htm)"
157.56.93.71 - - [07/Apr/2013:11:15:39 +0900] "GET /~info3/wiki/index.php?cmd=read&page=2009%2Finfo3%2F%E1%C4%B4%D6%B7%BC%B2%F0%2FLevel0 HTTP/1.1" 200 29617 "-" "Mozilla/5.0 (compatible; bingbot/2.0; +http://www.bing.com/bingbot.htm)"
66.249.76.52 - - [07/Apr/2013:11:15:43 +0900] "GET /ontolopedia/disp/word_show/308296 HTTP/1.1" 200 8271 "-" "Mozilla/5.0 (compatible; Googlebot/2.1; +http://www.google.com/bot.html)"
66.249.76.52 - - [07/Apr/2013:11:15:46 +0900] "GET /ontolopedia/disp/word_show/459378 HTTP/1.1" 200 7469 "-" "Mozilla/5.0 (compatible; Googlebot/2.1; +http://www.google.com/bot.html)"
66.249.76.52 - - [07/Apr/2013:11:15:49 +0900] "GET /ontolopedia/disp/word_show/494260 HTTP/1.1" 200 6050 "-" "Mozilla/5.0 (compatible; Googlebot/2.1; +http://www.google.com/bot.html)"
66.249.76.52 - - [07/Apr/2013:11:15:55 +0900] "GET /ontolopedia/disp/word_show/60718 HTTP/1.1" 200 11359 "-" "Mozilla/5.0 (compatible; Googlebot/2.1; +http://www.google.com/bot.html)"
66.249.76.52 - - [07/Apr/2013:11:16:01 +0900] "GET /ontolopedia/disp/word_show/42465 HTTP/1.1" 200 11571 "-" "Mozilla/5.0 (compatible; Googlebot/2.1; +http://www.google.com/bot.html)"
66.249.76.52 - - [07/Apr/2013:11:16:07 +0900] "GET /ontolopedia/disp/word_show/245299 HTTP/1.1" 200 8268 "-" "Mozilla/5.0 (compatible; Googlebot/2.1; +http://www.google.com/bot.html)"
157.55.35.113 - - [07/Apr/2013:11:16:09 +0900] "GET /~info3/wiki/index.php?cmd=diff&action=delete&page=yukA_Level3 HTTP/1.1" 200 6615 "-" "Mozilla/5.0 (compatible; bingbot/2.0; +http://www.bing.com/bingbot.htm)"
157.55.35.113 - - [07/Apr/2013:11:16:09 +0900] "GET /~info3/wiki/index.php?2005%2Finfo4%2FLevel1 HTTP/1.1" 200 28442 "-" "Mozilla/5.0 (compatible; bingbot/2.0; +http://www.bing.com/bingbot.htm)"
66.249.76.52 - - [07/Apr/2013:11:16:13 +0900] "GET /ontolopedia/disp/word_show/182466 HTTP/1.1" 200 4186 "-" "Mozilla/5.0 (compatible; Googlebot/2.1; +http://www.google.com/bot.html)"
66.249.76.52 - - [07/Apr/2013:11:16:15 +0900] "GET /ontolopedia/disp/word_show/129733 HTTP/1.1" 200 11152 "-" "Mozilla/5.0 (compatible; Googlebot/2.1; +http://www.google.com/bot.html)"
157.55.33.109 - - [07/Apr/2013:11:16:16 +0900] "GET /~info3/wiki/index.php?plugin=template&refer=%3Aconfig%2Fplugin%2Ftracker%2Fdefault%2Fform HTTP/1.1" 200 6025 "-" "Mozilla/5.0 (compatible; bingbot/2.0; +http://www.bing.com/bingbot.htm)"
72.14.199.52 - - [07/Apr/2013:11:16:16 +0900] "GET /~yosshi/wiki-old/index.php?cmd=edit&help=true&page=%C6%FC%B5%AD%2F2021-05-12 HTTP/1.1" 200 50 "-" "DoCoMo/2.0 N905i(c100;TB;W24H16) (compatible; Googlebot-Mobile/2.1; +http://www.google.com/bot.html)"
66.249.76.52 - - [07/Apr/2013:11:16:19 +0900] "GET /ontolopedia/disp/word_show/419939 HTTP/1.1" 200 11028 "-" "Mozilla/5.0 (compatible; Googlebot/2.1; +http://www.google.com/bot.html)"
66.249.76.52 - - [07/Apr/2013:11:16:25 +0900] "GET /ontolopedia/disp/word_show/62814 HTTP/1.1" 200 4664 "-" "Mozilla/5.0 (compatible; Googlebot/2.1; +http://www.google.com/bot.html)"
119.235.237.93 - - [07/Apr/2013:11:16:29 +0900] "GET /note/tag/?tag=fflush HTTP/1.1" 200 4961 "-" "Yeti/1.0 (NHN Corp.; http://help.naver.com/robots/)"
72.14.199.52 - - [07/Apr/2013:11:16:31 +0900] "GET /~yosshi/wiki-old/index.php?cmd=edit&page=%C6%FC%B5%AD%2F2004-11-09 HTTP/1.1" 200 1805 "-" "DoCoMo/2.0 N905i(c100;TB;W24H16) (compatible; Googlebot-Mobile/2.1; +http://www.google.com/bot.html)"
66.249.76.52 - - [07/Apr/2013:11:16:32 +0900] "GET /ontolopedia/disp/word_show/63427 HTTP/1.1" 200 6628 "-" "Mozilla/5.0 (compatible; Googlebot/2.1; +http://www.google.com/bot.html)"
157.56.93.71 - - [07/Apr/2013:11:16:35 +0900] "GET /ontolopedia/disp/word_show/48884 HTTP/1.1" 403 234 "-" "Mozilla/5.0 (compatible; bingbot/2.0; +http://www.bing.com/bingbot.htm)"
66.249.76.52 - - [07/Apr/2013:11:16:37 +0900] "GET /ontolopedia/disp/word_show/347255 HTTP/1.1" 200 5402 "-" "Mozilla/5.0 (compatible; Googlebot/2.1; +http://www.google.com/bot.html)"
66.249.76.52 - - [07/Apr/2013:11:16:43 +0900] "GET /ontolopedia/disp/word_show/327524 HTTP/1.1" 200 5691 "-" "Mozilla/5.0 (compatible; Googlebot/2.1; +http://www.google.com/bot.html)"
66.249.76.52 - - [07/Apr/2013:11:16:44 +0900] "GET /ontolopedia/disp/word_show/119241 HTTP/1.1" 200 6421 "-" "Mozilla/5.0 (compatible; Googlebot/2.1; +http://www.google.com/bot.html)"
66.249.76.52 - - [07/Apr/2013:11:16:49 +0900] "GET /ontolopedia/disp/word_show/345966 HTTP/1.1" 200 8960 "-" "Mozilla/5.0 (compatible; Googlebot/2.1; +http://www.google.com/bot.html)"
66.249.76.52 - - [07/Apr/2013:11:16:55 +0900] "GET /ontolopedia/disp/word_show/275880 HTTP/1.1" 200 11463 "-" "Mozilla/5.0 (compatible; Googlebot/2.1; +http://www.google.com/bot.html)"
119.63.196.124 - - [07/Apr/2013:11:16:59 +0900] "GET /note/tag/?tag=Ontolopedia HTTP/1.1" 200 11825 "-" "Mozilla/5.0 (compatible; Baiduspider/2.0; +http://www.baidu.com/search/spider.html)"
66.249.76.52 - - [07/Apr/2013:11:17:01 +0900] "GET /ontolopedia/disp/word_show/81315 HTTP/1.1" 200 7876 "-" "Mozilla/5.0 (compatible; Googlebot/2.1; +http://www.google.com/bot.html)"
66.249.76.52 - - [07/Apr/2013:11:17:04 +0900] "GET /~yosshi/wiki-old/index.php?plugin=newpage&refer=%C6%FC%B5%AD%2F1957-08-17 HTTP/1.1" 200 795 "-" "SAMSUNG-SGH-E250/1.0 Profile/MIDP-2.0 Configuration/CLDC-1.1 UP.Browser/6.2.3.3.c.1.101 (GUI) MMP/2.0 (compatible; Googlebot-Mobile/2.1; +http://www.google.com/bot.html)"
66.249.76.52 - - [07/Apr/2013:11:17:07 +0900] "GET /ontolopedia/disp/word_show/78573 HTTP/1.1" 200 8147 "-" "Mozilla/5.0 (compatible; Googlebot/2.1; +http://www.google.com/bot.html)"
66.249.76.52 - - [07/Apr/2013:11:17:13 +0900] "GET /ontolopedia/disp/word_show/215167 HTTP/1.1" 200 8642 "-" "Mozilla/5.0 (compatible; Googlebot/2.1; +http://www.google.com/bot.html)"
66.249.76.52 - - [07/Apr/2013:11:17:14 +0900] "GET /ontolopedia/disp/word_show/34143 HTTP/1.1" 200 4181 "-" "Mozilla/5.0 (compatible; Googlebot/2.1; +http://www.google.com/bot.html)"
66.249.76.52 - - [07/Apr/2013:11:17:20 +0900] "GET /ontolopedia/disp/word_show/300177 HTTP/1.1" 200 14934 "-" "Mozilla/5.0 (compatible; Googlebot/2.1; +http://www.google.com/bot.html)"
66.249.76.52 - - [07/Apr/2013:11:17:26 +0900] "GET /ontolopedia/disp/word_show/481119 HTTP/1.1" 200 5771 "-" "Mozilla/5.0 (compatible; Googlebot/2.1; +http://www.google.com/bot.html)"
66.249.76.52 - - [07/Apr/2013:11:17:32 +0900] "GET /ontolopedia/disp/word_show/221259 HTTP/1.1" 200 4727 "-" "Mozilla/5.0 (compatible; Googlebot/2.1; +http://www.google.com/bot.html)"
66.249.76.52 - - [07/Apr/2013:11:17:38 +0900] "GET /ontolopedia/disp/word_show/491498 HTTP/1.1" 200 8116 "-" "Mozilla/5.0 (compatible; Googlebot/2.1; +http://www.google.com/bot.html)"
157.55.32.61 - - [07/Apr/2013:11:17:39 +0900] "GET /~info3/wiki/index.php?cmd=backup&action=&page=2008%2Finfo4%2F%BF%B7%CE%A4%A1%F5%C3%A8%BB%B3%C8%C9%2Flevel2&age=1 HTTP/1.1" 200 5635 "-" "Mozilla/5.0 (compatible; bingbot/2.0; +http://www.bing.com/bingbot.htm)"
157.55.32.61 - - [07/Apr/2013:11:17:39 +0900] "GET /~info3/wiki/index.php?plugin=template&refer=%B6%CC%BE%EB%BD%CA%B5%AA%2FLevel%200 HTTP/1.1" 200 13936 "-" "Mozilla/5.0 (compatible; bingbot/2.0; +http://www.bing.com/bingbot.htm)"
157.55.32.61 - - [07/Apr/2013:11:17:40 +0900] "GET /~info3/wiki/index.php?cmd=backup&action=nowdiff&page=%C0%AE%C5%C4%A1%F5%B6%E2%BE%EB%C8%C9&age=20 HTTP/1.1" 200 20095 "-" "Mozilla/5.0 (compatible; bingbot/2.0; +http://www.bing.com/bingbot.htm)"
66.249.76.52 - - [07/Apr/2013:11:17:42 +0900] "GET /ontolopedia/disp/word_show/468820 HTTP/1.1" 200 8304 "-" "Mozilla/5.0 (compatible; Googlebot/2.1; +http://www.google.com/bot.html)"
66.249.76.52 - - [07/Apr/2013:11:17:44 +0900] "GET /ontolopedia/disp/word_show/303292 HTTP/1.1" 200 4181 "-" "Mozilla/5.0 (compatible; Googlebot/2.1; +http://www.google.com/bot.html)"
66.249.76.52 - - [07/Apr/2013:11:17:50 +0900] "GET /ontolopedia/disp/word_show/461364 HTTP/1.1" 200 4686 "-" "Mozilla/5.0 (compatible; Googlebot/2.1; +http://www.google.com/bot.html)"
66.249.76.52 - - [07/Apr/2013:11:17:56 +0900] "GET /ontolopedia/disp/word_show/417250 HTTP/1.1" 200 7364 "-" "Mozilla/5.0 (compatible; Googlebot/2.1; +http://www.google.com/bot.html)"
157.55.32.61 - - [07/Apr/2013:11:17:57 +0900] "GET /note/note_detail/1562/ HTTP/1.1" 200 7032 "-" "Mozilla/5.0 (compatible; bingbot/2.0; +http://www.bing.com/bingbot.htm)"
58.89.194.250 - - [07/Apr/2013:11:17:57 +0900] "GET /wiki/index.php?%A5%BC%A5%DF%A5%ED%A5%B0%2F%C2%E824%B2%F3%2F2.%B4%F0%C1%C3%C3%CE%BC%B1-%A5%AA%A5%D7%A5%C6%A5%A3%A5%AB%A5%EB%A5%D5%A5%ED%A1%BC%28%B6%CC%BE%EB%B3%A8%C8%FE%29 HTTP/1.1" 200 13060 "http://www.nal.ie.u-ryukyu.ac.jp/wiki/index.php?%A5%BC%A5%DF%A5%ED%A5%B0%2F%C2%E824%B2%F3%2F4.Lucas-kanade(%B6%CC%BE%EB%B3%A8%C8%FE)" "Mozilla/5.0 (Windows NT 6.1; WOW64) AppleWebKit/537.31 (KHTML, like Gecko) Chrome/26.0.1410.43 Safari/537.31"
58.89.194.250 - - [07/Apr/2013:11:17:58 +0900] "GET /wiki/skin/basis/base.css.php?charset= HTTP/1.1" 200 8185 "http://www.nal.ie.u-ryukyu.ac.jp/wiki/index.php?%A5%BC%A5%DF%A5%ED%A5%B0%2F%C2%E824%B2%F3%2F2.%B4%F0%C1%C3%C3%CE%BC%B1-%A5%AA%A5%D7%A5%C6%A5%A3%A5%AB%A5%EB%A5%D5%A5%ED%A1%BC%28%B6%CC%BE%EB%B3%A8%C8%FE%29" "Mozilla/5.0 (Windows NT 6.1; WOW64) AppleWebKit/537.31 (KHTML, like Gecko) Chrome/26.0.1410.43 Safari/537.31"
66.249.76.52 - - [07/Apr/2013:11:18:02 +0900] "GET /ontolopedia/disp/word_show/204220 HTTP/1.1" 200 5320 "-" "Mozilla/5.0 (compatible; Googlebot/2.1; +http://www.google.com/bot.html)"
66.249.76.52 - - [07/Apr/2013:11:18:08 +0900] "GET /ontolopedia/disp/word_show/52688 HTTP/1.1" 200 5511 "-" "Mozilla/5.0 (compatible; Googlebot/2.1; +http://www.google.com/bot.html)"
66.249.76.52 - - [07/Apr/2013:11:18:09 +0900] "GET /ontolopedia/disp/word_show/128505 HTTP/1.1" 200 8101 "-" "Mozilla/5.0 (compatible; Googlebot/2.1; +http://www.google.com/bot.html)"
157.55.32.76 - - [07/Apr/2013:11:18:10 +0900] "GET /~yosshi/wiki/index.php?cmd=read&page=%E4%BB%8A%E6%97%A5%E3%81%AE%E3%83%A1%E3%83%A2%2F2007-07-10 HTTP/1.1" 200 13358 "-" "Mozilla/5.0 (compatible; bingbot/2.0; +http://www.bing.com/bingbot.htm)"
66.249.76.52 - - [07/Apr/2013:11:18:14 +0900] "GET /ontolopedia/disp/word_show/57152 HTTP/1.1" 200 9297 "-" "Mozilla/5.0 (compatible; Googlebot/2.1; +http://www.google.com/bot.html)"
66.249.76.52 - - [07/Apr/2013:11:18:20 +0900] "GET /ontolopedia/disp/word_show/112231 HTTP/1.1" 200 7744 "-" "Mozilla/5.0 (compatible; Googlebot/2.1; +http://www.google.com/bot.html)"
58.89.194.250 - - [07/Apr/2013:11:18:24 +0900] "GET /wiki/index.php?Emi%2Fprocessing HTTP/1.1" 200 14557 "http://www.nal.ie.u-ryukyu.ac.jp/wiki/index.php?%A5%BC%A5%DF%A5%ED%A5%B0%2F%C2%E824%B2%F3%2F4.Lucas-kanade(%B6%CC%BE%EB%B3%A8%C8%FE)" "Mozilla/5.0 (Windows NT 6.1; WOW64) AppleWebKit/537.31 (KHTML, like Gecko) Chrome/26.0.1410.43 Safari/537.31"
58.89.194.250 - - [07/Apr/2013:11:18:24 +0900] "GET /wiki/skin/basis/base.css.php?charset= HTTP/1.1" 200 8185 "http://www.nal.ie.u-ryukyu.ac.jp/wiki/index.php?Emi%2Fprocessing" "Mozilla/5.0 (Windows NT 6.1; WOW64) AppleWebKit/537.31 (KHTML, like Gecko) Chrome/26.0.1410.43 Safari/537.31"
