66.249.76.52 - - [07/Apr/2013:08:15:28 +0900] "GET /ontolopedia/disp/word_show/30907 HTTP/1.1" 200 14285 "-" "Mozilla/5.0 (compatible; Googlebot/2.1; +http://www.google.com/bot.html)"
66.249.76.52 - - [07/Apr/2013:08:15:31 +0900] "GET /ontolopedia/disp/word_show/415584 HTTP/1.1" 200 7409 "-" "Mozilla/5.0 (compatible; Googlebot/2.1; +http://www.google.com/bot.html)"
66.249.76.52 - - [07/Apr/2013:08:15:34 +0900] "GET /ontolopedia/disp/word_show/14106 HTTP/1.1" 200 8246 "-" "Mozilla/5.0 (compatible; Googlebot/2.1; +http://www.google.com/bot.html)"
66.249.76.52 - - [07/Apr/2013:08:15:40 +0900] "GET /ontolopedia/disp/word_show/20863 HTTP/1.1" 200 12759 "-" "Mozilla/5.0 (compatible; Googlebot/2.1; +http://www.google.com/bot.html)"
66.249.76.52 - - [07/Apr/2013:08:15:41 +0900] "GET /ontolopedia/disp/word_show/106240 HTTP/1.1" 200 8042 "-" "Mozilla/5.0 (compatible; Googlebot/2.1; +http://www.google.com/bot.html)"
66.249.76.52 - - [07/Apr/2013:08:15:46 +0900] "GET /ontolopedia/disp/word_show/147184 HTTP/1.1" 200 6089 "-" "Mozilla/5.0 (compatible; Googlebot/2.1; +http://www.google.com/bot.html)"
66.249.76.52 - - [07/Apr/2013:08:15:52 +0900] "GET /ontolopedia/disp/word_show/253399 HTTP/1.1" 200 7229 "-" "Mozilla/5.0 (compatible; Googlebot/2.1; +http://www.google.com/bot.html)"
66.249.76.52 - - [07/Apr/2013:08:15:53 +0900] "GET /ontolopedia/disp/word_show/397109 HTTP/1.1" 500 309 "-" "Mozilla/5.0 (compatible; Googlebot/2.1; +http://www.google.com/bot.html)"
119.235.237.17 - - [07/Apr/2013:08:15:56 +0900] "GET /note/user/r_keruma/ HTTP/1.1" 200 45393 "-" "Yeti/1.0 (NHN Corp.; http://help.naver.com/robots/)"
66.249.76.52 - - [07/Apr/2013:08:16:01 +0900] "GET /~yosshi/wiki-old/index.php?cmd=edit&help=true&page=%C6%FC%B5%AD%2F2017-05-16 HTTP/1.1" 200 50 "-" "SAMSUNG-SGH-E250/1.0 Profile/MIDP-2.0 Configuration/CLDC-1.1 UP.Browser/6.2.3.3.c.1.101 (GUI) MMP/2.0 (compatible; Googlebot-Mobile/2.1; +http://www.google.com/bot.html)"
66.249.76.52 - - [07/Apr/2013:08:16:03 +0900] "GET /ontolopedia/disp/word_show/140575 HTTP/1.1" 200 5324 "-" "Mozilla/5.0 (compatible; Googlebot/2.1; +http://www.google.com/bot.html)"
66.249.76.52 - - [07/Apr/2013:08:16:04 +0900] "GET /ontolopedia/disp/word_show/360904 HTTP/1.1" 200 7614 "-" "Mozilla/5.0 (compatible; Googlebot/2.1; +http://www.google.com/bot.html)"
66.249.76.52 - - [07/Apr/2013:08:16:05 +0900] "GET /ontolopedia/disp/word_show/77591 HTTP/1.1" 200 5134 "-" "Mozilla/5.0 (compatible; Googlebot/2.1; +http://www.google.com/bot.html)"
66.249.76.52 - - [07/Apr/2013:08:16:10 +0900] "GET /ontolopedia/disp/word_show/318371 HTTP/1.1" 200 12064 "-" "Mozilla/5.0 (compatible; Googlebot/2.1; +http://www.google.com/bot.html)"
66.249.76.52 - - [07/Apr/2013:08:16:12 +0900] "GET /ontolopedia/disp/word_show/175428 HTTP/1.1" 500 309 "-" "Mozilla/5.0 (compatible; Googlebot/2.1; +http://www.google.com/bot.html)"
66.249.76.52 - - [07/Apr/2013:08:16:22 +0900] "GET /ontolopedia/disp/word_show/110652 HTTP/1.1" 200 5997 "-" "Mozilla/5.0 (compatible; Googlebot/2.1; +http://www.google.com/bot.html)"
66.249.76.52 - - [07/Apr/2013:08:16:23 +0900] "GET /ontolopedia/disp/word_show/334359 HTTP/1.1" 200 7058 "-" "Mozilla/5.0 (compatible; Googlebot/2.1; +http://www.google.com/bot.html)"
66.249.76.52 - - [07/Apr/2013:08:16:24 +0900] "GET /ontolopedia/disp/word_show/363768 HTTP/1.1" 200 9284 "-" "Mozilla/5.0 (compatible; Googlebot/2.1; +http://www.google.com/bot.html)"
66.249.76.52 - - [07/Apr/2013:08:16:27 +0900] "GET /ontolopedia/disp/word_show/27335 HTTP/1.1" 200 10148 "-" "Mozilla/5.0 (compatible; Googlebot/2.1; +http://www.google.com/bot.html)"
66.249.76.52 - - [07/Apr/2013:08:16:32 +0900] "GET /ontolopedia/disp/word_show/163870 HTTP/1.1" 200 6665 "-" "Mozilla/5.0 (compatible; Googlebot/2.1; +http://www.google.com/bot.html)"
66.249.76.52 - - [07/Apr/2013:08:16:33 +0900] "GET /ontolopedia/disp/word_show/72152 HTTP/1.1" 200 8527 "-" "Mozilla/5.0 (compatible; Googlebot/2.1; +http://www.google.com/bot.html)"
66.249.76.52 - - [07/Apr/2013:08:16:39 +0900] "GET /ontolopedia/disp/word_show/320785 HTTP/1.1" 200 6628 "-" "Mozilla/5.0 (compatible; Googlebot/2.1; +http://www.google.com/bot.html)"
66.249.76.52 - - [07/Apr/2013:08:16:43 +0900] "GET /ontolopedia/disp/word_show/410427 HTTP/1.1" 200 7336 "-" "Mozilla/5.0 (compatible; Googlebot/2.1; +http://www.google.com/bot.html)"
66.249.76.52 - - [07/Apr/2013:08:16:45 +0900] "GET /ontolopedia/disp/word_show/29868 HTTP/1.1" 200 13821 "-" "Mozilla/5.0 (compatible; Googlebot/2.1; +http://www.google.com/bot.html)"
66.249.76.52 - - [07/Apr/2013:08:16:51 +0900] "GET /ontolopedia/disp/word_show/30214 HTTP/1.1" 200 6326 "-" "Mozilla/5.0 (compatible; Googlebot/2.1; +http://www.google.com/bot.html)"
66.249.76.52 - - [07/Apr/2013:08:16:53 +0900] "GET /ontolopedia/disp/word_show/343744 HTTP/1.1" 200 16126 "-" "Mozilla/5.0 (compatible; Googlebot/2.1; +http://www.google.com/bot.html)"
66.249.76.52 - - [07/Apr/2013:08:16:57 +0900] "GET /ontolopedia/disp/word_show/16717 HTTP/1.1" 200 4187 "-" "Mozilla/5.0 (compatible; Googlebot/2.1; +http://www.google.com/bot.html)"
66.249.76.52 - - [07/Apr/2013:08:17:03 +0900] "GET /ontolopedia/disp/word_show/386836 HTTP/1.1" 500 309 "-" "Mozilla/5.0 (compatible; Googlebot/2.1; +http://www.google.com/bot.html)"
66.249.76.52 - - [07/Apr/2013:08:17:13 +0900] "GET /ontolopedia/disp/word_show/5520 HTTP/1.1" 200 6990 "-" "Mozilla/5.0 (compatible; Googlebot/2.1; +http://www.google.com/bot.html)"
66.249.76.52 - - [07/Apr/2013:08:17:14 +0900] "GET /ontolopedia/disp/word_show/115638 HTTP/1.1" 200 7528 "-" "Mozilla/5.0 (compatible; Googlebot/2.1; +http://www.google.com/bot.html)"
66.249.76.52 - - [07/Apr/2013:08:17:15 +0900] "GET /ontolopedia/disp/word_show/350569 HTTP/1.1" 200 7307 "-" "Mozilla/5.0 (compatible; Googlebot/2.1; +http://www.google.com/bot.html)"
66.249.76.52 - - [07/Apr/2013:08:17:16 +0900] "GET /ontolopedia/disp/word_show/49377 HTTP/1.1" 200 10501 "-" "Mozilla/5.0 (compatible; Googlebot/2.1; +http://www.google.com/bot.html)"
66.249.76.52 - - [07/Apr/2013:08:17:21 +0900] "GET /ontolopedia/disp/word_show/256796 HTTP/1.1" 200 5411 "-" "Mozilla/5.0 (compatible; Googlebot/2.1; +http://www.google.com/bot.html)"
66.249.76.52 - - [07/Apr/2013:08:17:23 +0900] "GET /ontolopedia/disp/word_show/373575 HTTP/1.1" 200 11474 "-" "Mozilla/5.0 (compatible; Googlebot/2.1; +http://www.google.com/bot.html)"
66.249.76.52 - - [07/Apr/2013:08:17:27 +0900] "GET /ontolopedia/disp/word_show/435552 HTTP/1.1" 200 8059 "-" "Mozilla/5.0 (compatible; Googlebot/2.1; +http://www.google.com/bot.html)"
66.249.76.52 - - [07/Apr/2013:08:17:33 +0900] "GET /ontolopedia/disp/word_show/412487 HTTP/1.1" 200 4291 "-" "Mozilla/5.0 (compatible; Googlebot/2.1; +http://www.google.com/bot.html)"
66.249.76.52 - - [07/Apr/2013:08:17:34 +0900] "GET /ontolopedia/disp/word_show/227044 HTTP/1.1" 200 20225 "-" "Mozilla/5.0 (compatible; Googlebot/2.1; +http://www.google.com/bot.html)"
66.249.76.52 - - [07/Apr/2013:08:17:39 +0900] "GET /ontolopedia/disp/word_show/193368 HTTP/1.1" 200 5017 "-" "Mozilla/5.0 (compatible; Googlebot/2.1; +http://www.google.com/bot.html)"
72.14.199.52 - - [07/Apr/2013:08:17:41 +0900] "GET /~yosshi/wiki-old/index.php?cmd=edit&page=%C6%FC%B5%AD%2F2021-06-01&refer=%C6%FC%B5%AD HTTP/1.1" 200 1805 "-" "DoCoMo/2.0 N905i(c100;TB;W24H16) (compatible; Googlebot-Mobile/2.1; +http://www.google.com/bot.html)"
66.249.76.52 - - [07/Apr/2013:08:17:44 +0900] "GET /ontolopedia/disp/word_show/124765 HTTP/1.1" 200 9453 "-" "Mozilla/5.0 (compatible; Googlebot/2.1; +http://www.google.com/bot.html)"
66.249.76.52 - - [07/Apr/2013:08:17:45 +0900] "GET /ontolopedia/disp/word_show/153213 HTTP/1.1" 200 6423 "-" "Mozilla/5.0 (compatible; Googlebot/2.1; +http://www.google.com/bot.html)"
66.249.76.52 - - [07/Apr/2013:08:17:51 +0900] "GET /ontolopedia/disp/word_show/2510 HTTP/1.1" 200 6520 "-" "Mozilla/5.0 (compatible; Googlebot/2.1; +http://www.google.com/bot.html)"
66.249.76.52 - - [07/Apr/2013:08:17:54 +0900] "GET /ontolopedia/disp/word_show/359993 HTTP/1.1" 200 6272 "-" "Mozilla/5.0 (compatible; Googlebot/2.1; +http://www.google.com/bot.html)"
66.249.76.52 - - [07/Apr/2013:08:17:56 +0900] "GET /ontolopedia/disp/word_show/27027 HTTP/1.1" 200 7062 "-" "Mozilla/5.0 (compatible; Googlebot/2.1; +http://www.google.com/bot.html)"
66.249.76.52 - - [07/Apr/2013:08:17:57 +0900] "GET /ontolopedia/disp/word_show/114496 HTTP/1.1" 200 6213 "-" "Mozilla/5.0 (compatible; Googlebot/2.1; +http://www.google.com/bot.html)"
66.249.76.52 - - [07/Apr/2013:08:18:03 +0900] "GET /ontolopedia/disp/word_show/2521 HTTP/1.1" 200 8287 "-" "Mozilla/5.0 (compatible; Googlebot/2.1; +http://www.google.com/bot.html)"
66.249.76.52 - - [07/Apr/2013:08:18:04 +0900] "GET /ontolopedia/disp/word_show/143692 HTTP/1.1" 200 8290 "-" "Mozilla/5.0 (compatible; Googlebot/2.1; +http://www.google.com/bot.html)"
66.249.76.52 - - [07/Apr/2013:08:18:09 +0900] "GET /ontolopedia/disp/word_show/226897 HTTP/1.1" 200 7496 "-" "Mozilla/5.0 (compatible; Googlebot/2.1; +http://www.google.com/bot.html)"
66.249.76.52 - - [07/Apr/2013:08:18:14 +0900] "GET /ontolopedia/disp/word_show/200188 HTTP/1.1" 200 4815 "-" "Mozilla/5.0 (compatible; Googlebot/2.1; +http://www.google.com/bot.html)"
66.249.76.52 - - [07/Apr/2013:08:18:15 +0900] "GET /ontolopedia/disp/word_show/289646 HTTP/1.1" 200 5522 "-" "Mozilla/5.0 (compatible; Googlebot/2.1; +http://www.google.com/bot.html)"
66.249.76.52 - - [07/Apr/2013:08:18:21 +0900] "GET /ontolopedia/disp/word_show/379193 HTTP/1.1" 200 5086 "-" "Mozilla/5.0 (compatible; Googlebot/2.1; +http://www.google.com/bot.html)"
66.249.76.52 - - [07/Apr/2013:08:18:24 +0900] "GET /ontolopedia/disp/word_show/191100 HTTP/1.1" 200 7152 "-" "Mozilla/5.0 (compatible; Googlebot/2.1; +http://www.google.com/bot.html)"
66.249.76.52 - - [07/Apr/2013:08:18:27 +0900] "GET /ontolopedia/disp/word_show/54820 HTTP/1.1" 200 6387 "-" "Mozilla/5.0 (compatible; Googlebot/2.1; +http://www.google.com/bot.html)"
66.249.76.52 - - [07/Apr/2013:08:18:33 +0900] "GET /ontolopedia/disp/word_show/350079 HTTP/1.1" 200 9799 "-" "Mozilla/5.0 (compatible; Googlebot/2.1; +http://www.google.com/bot.html)"
66.249.76.52 - - [07/Apr/2013:08:18:34 +0900] "GET /ontolopedia/disp/word_show/245103 HTTP/1.1" 200 4247 "-" "Mozilla/5.0 (compatible; Googlebot/2.1; +http://www.google.com/bot.html)"
66.249.76.52 - - [07/Apr/2013:08:18:39 +0900] "GET /ontolopedia/disp/word_show/58024 HTTP/1.1" 200 4943 "-" "Mozilla/5.0 (compatible; Googlebot/2.1; +http://www.google.com/bot.html)"
66.249.76.52 - - [07/Apr/2013:08:18:45 +0900] "GET /ontolopedia/disp/word_show/228155 HTTP/1.1" 200 4217 "-" "Mozilla/5.0 (compatible; Googlebot/2.1; +http://www.google.com/bot.html)"
66.249.76.52 - - [07/Apr/2013:08:18:46 +0900] "GET /ontolopedia/disp/word_show/44325 HTTP/1.1" 200 9710 "-" "Mozilla/5.0 (compatible; Googlebot/2.1; +http://www.google.com/bot.html)"
66.249.76.52 - - [07/Apr/2013:08:18:51 +0900] "GET /ontolopedia/disp/word_show/350418 HTTP/1.1" 200 7627 "-" "Mozilla/5.0 (compatible; Googlebot/2.1; +http://www.google.com/bot.html)"
66.249.76.52 - - [07/Apr/2013:08:18:55 +0900] "GET /ontolopedia/disp/word_show/371742 HTTP/1.1" 500 309 "-" "Mozilla/5.0 (compatible; Googlebot/2.1; +http://www.google.com/bot.html)"
66.249.76.52 - - [07/Apr/2013:08:19:05 +0900] "GET /ontolopedia/disp/word_show/184263 HTTP/1.1" 200 4208 "-" "Mozilla/5.0 (compatible; Googlebot/2.1; +http://www.google.com/bot.html)"
66.249.76.52 - - [07/Apr/2013:08:19:06 +0900] "GET /ontolopedia/disp/word_show/239734 HTTP/1.1" 200 4202 "-" "Mozilla/5.0 (compatible; Googlebot/2.1; +http://www.google.com/bot.html)"
66.249.76.52 - - [07/Apr/2013:08:19:07 +0900] "GET /ontolopedia/disp/word_show/272901 HTTP/1.1" 200 6515 "-" "Mozilla/5.0 (compatible; Googlebot/2.1; +http://www.google.com/bot.html)"
66.249.76.52 - - [07/Apr/2013:08:19:08 +0900] "GET /~yosshi/wiki-old/index.php?cmd=edit&page=%C6%FC%B5%AD%2F2017-07-01 HTTP/1.1" 200 1805 "-" "SAMSUNG-SGH-E250/1.0 Profile/MIDP-2.0 Configuration/CLDC-1.1 UP.Browser/6.2.3.3.c.1.101 (GUI) MMP/2.0 (compatible; Googlebot-Mobile/2.1; +http://www.google.com/bot.html)"
66.249.76.52 - - [07/Apr/2013:08:19:09 +0900] "GET /ontolopedia/disp/word_show/15322 HTTP/1.1" 200 11873 "-" "Mozilla/5.0 (compatible; Googlebot/2.1; +http://www.google.com/bot.html)"
66.249.76.52 - - [07/Apr/2013:08:19:15 +0900] "GET /ontolopedia/disp/word_show/22226 HTTP/1.1" 200 7238 "-" "Mozilla/5.0 (compatible; Googlebot/2.1; +http://www.google.com/bot.html)"
66.249.76.52 - - [07/Apr/2013:08:19:16 +0900] "GET /ontolopedia/disp/word_show/474707 HTTP/1.1" 200 5736 "-" "Mozilla/5.0 (compatible; Googlebot/2.1; +http://www.google.com/bot.html)"
66.249.76.52 - - [07/Apr/2013:08:19:21 +0900] "GET /ontolopedia/disp/word_show/113120 HTTP/1.1" 200 11847 "-" "Mozilla/5.0 (compatible; Googlebot/2.1; +http://www.google.com/bot.html)"
66.249.76.52 - - [07/Apr/2013:08:19:25 +0900] "GET /ontolopedia/disp/word_show/201481 HTTP/1.1" 200 6755 "-" "Mozilla/5.0 (compatible; Googlebot/2.1; +http://www.google.com/bot.html)"
66.249.76.52 - - [07/Apr/2013:08:19:27 +0900] "GET /ontolopedia/disp/word_show/338234 HTTP/1.1" 200 7780 "-" "Mozilla/5.0 (compatible; Googlebot/2.1; +http://www.google.com/bot.html)"
66.249.76.52 - - [07/Apr/2013:08:19:33 +0900] "GET /ontolopedia/disp/word_show/481381 HTTP/1.1" 200 8235 "-" "Mozilla/5.0 (compatible; Googlebot/2.1; +http://www.google.com/bot.html)"
66.249.76.52 - - [07/Apr/2013:08:19:35 +0900] "GET /ontolopedia/disp/word_show/231114 HTTP/1.1" 200 7620 "-" "Mozilla/5.0 (compatible; Googlebot/2.1; +http://www.google.com/bot.html)"
66.249.76.52 - - [07/Apr/2013:08:19:39 +0900] "GET /ontolopedia/disp/word_show/78761 HTTP/1.1" 200 8123 "-" "Mozilla/5.0 (compatible; Googlebot/2.1; +http://www.google.com/bot.html)"
66.249.76.52 - - [07/Apr/2013:08:19:46 +0900] "GET /ontolopedia/disp/word_show/136477 HTTP/1.1" 200 6112 "-" "Mozilla/5.0 (compatible; Googlebot/2.1; +http://www.google.com/bot.html)"
66.249.76.52 - - [07/Apr/2013:08:19:46 +0900] "GET /ontolopedia/disp/word_show/207483 HTTP/1.1" 500 309 "-" "Mozilla/5.0 (compatible; Googlebot/2.1; +http://www.google.com/bot.html)"
66.249.76.52 - - [07/Apr/2013:08:19:50 +0900] "GET /note/note_detail/2388 HTTP/1.1" 301 - "-" "Mozilla/5.0 (iPhone; U; CPU iPhone OS 4_1 like Mac OS X; en-us) AppleWebKit/532.9 (KHTML, like Gecko) Version/4.0.5 Mobile/8B117 Safari/6531.22.7 (compatible; Googlebot-Mobile/2.1; +http://www.google.com/bot.html)"
66.249.76.52 - - [07/Apr/2013:08:19:51 +0900] "GET /note/note_detail/2388/ HTTP/1.1" 200 6553 "-" "Mozilla/5.0 (iPhone; U; CPU iPhone OS 4_1 like Mac OS X; en-us) AppleWebKit/532.9 (KHTML, like Gecko) Version/4.0.5 Mobile/8B117 Safari/6531.22.7 (compatible; Googlebot-Mobile/2.1; +http://www.google.com/bot.html)"
66.249.76.52 - - [07/Apr/2013:08:19:57 +0900] "GET /ontolopedia/disp/word_show/302068 HTTP/1.1" 200 5227 "-" "Mozilla/5.0 (compatible; Googlebot/2.1; +http://www.google.com/bot.html)"
66.249.76.52 - - [07/Apr/2013:08:19:58 +0900] "GET /ontolopedia/disp/word_show/186281 HTTP/1.1" 200 5337 "-" "Mozilla/5.0 (compatible; Googlebot/2.1; +http://www.google.com/bot.html)"
66.249.76.52 - - [07/Apr/2013:08:19:58 +0900] "GET /ontolopedia/disp/word_show/481670 HTTP/1.1" 200 5203 "-" "Mozilla/5.0 (compatible; Googlebot/2.1; +http://www.google.com/bot.html)"
66.249.76.52 - - [07/Apr/2013:08:20:03 +0900] "GET /ontolopedia/disp/word_show/455948 HTTP/1.1" 200 5178 "-" "Mozilla/5.0 (compatible; Googlebot/2.1; +http://www.google.com/bot.html)"
66.249.76.52 - - [07/Apr/2013:08:20:06 +0900] "GET /ontolopedia/disp/word_show/425054 HTTP/1.1" 200 5789 "-" "Mozilla/5.0 (compatible; Googlebot/2.1; +http://www.google.com/bot.html)"
66.249.76.52 - - [07/Apr/2013:08:20:09 +0900] "GET /ontolopedia/disp/word_show/456580 HTTP/1.1" 200 5323 "-" "Mozilla/5.0 (compatible; Googlebot/2.1; +http://www.google.com/bot.html)"
66.249.76.52 - - [07/Apr/2013:08:20:15 +0900] "GET /ontolopedia/disp/word_show/455936 HTTP/1.1" 200 5179 "-" "Mozilla/5.0 (compatible; Googlebot/2.1; +http://www.google.com/bot.html)"
72.14.199.52 - - [07/Apr/2013:08:20:16 +0900] "GET /~yosshi/wiki-old/index.php?plugin=newpage&refer=%C6%FC%B5%AD%2F2004-11-26 HTTP/1.1" 200 795 "-" "DoCoMo/2.0 N905i(c100;TB;W24H16) (compatible; Googlebot-Mobile/2.1; +http://www.google.com/bot.html)"
66.249.76.52 - - [07/Apr/2013:08:20:17 +0900] "GET /ontolopedia/disp/word_show/168624 HTTP/1.1" 200 4205 "-" "Mozilla/5.0 (compatible; Googlebot/2.1; +http://www.google.com/bot.html)"
66.249.76.52 - - [07/Apr/2013:08:20:21 +0900] "GET /ontolopedia/disp/word_show/274293 HTTP/1.1" 200 7937 "-" "Mozilla/5.0 (compatible; Googlebot/2.1; +http://www.google.com/bot.html)"
66.249.76.52 - - [07/Apr/2013:08:20:27 +0900] "GET /ontolopedia/disp/word_show/465273 HTTP/1.1" 200 5656 "-" "Mozilla/5.0 (compatible; Googlebot/2.1; +http://www.google.com/bot.html)"
66.249.76.52 - - [07/Apr/2013:08:20:28 +0900] "GET /ontolopedia/disp/word_show/110761 HTTP/1.1" 200 7481 "-" "Mozilla/5.0 (compatible; Googlebot/2.1; +http://www.google.com/bot.html)"
66.249.76.52 - - [07/Apr/2013:08:20:33 +0900] "GET /ontolopedia/disp/word_show/119557 HTTP/1.1" 200 5034 "-" "Mozilla/5.0 (compatible; Googlebot/2.1; +http://www.google.com/bot.html)"
66.249.76.52 - - [07/Apr/2013:08:20:37 +0900] "GET /ontolopedia/disp/word_show/189065 HTTP/1.1" 200 4214 "-" "Mozilla/5.0 (compatible; Googlebot/2.1; +http://www.google.com/bot.html)"
66.249.76.52 - - [07/Apr/2013:08:20:39 +0900] "GET /ontolopedia/disp/word_show/101518 HTTP/1.1" 200 4237 "-" "Mozilla/5.0 (compatible; Googlebot/2.1; +http://www.google.com/bot.html)"
72.14.199.52 - - [07/Apr/2013:08:20:40 +0900] "GET /note/rss/comment/ HTTP/1.1" 200 9009 "-" "Feedfetcher-Google; (+http://www.google.com/feedfetcher.html; 7 subscribers; feed-id=3512785683584006639)"
66.249.76.52 - - [07/Apr/2013:08:20:45 +0900] "GET /ontolopedia/disp/word_show/479015 HTTP/1.1" 200 33990 "-" "Mozilla/5.0 (compatible; Googlebot/2.1; +http://www.google.com/bot.html)"
66.249.76.52 - - [07/Apr/2013:08:20:47 +0900] "GET /ontolopedia/disp/word_show/178808 HTTP/1.1" 200 6003 "-" "Mozilla/5.0 (compatible; Googlebot/2.1; +http://www.google.com/bot.html)"
66.249.76.52 - - [07/Apr/2013:08:20:51 +0900] "GET /ontolopedia/disp/word_show/388595 HTTP/1.1" 200 5295 "-" "Mozilla/5.0 (compatible; Googlebot/2.1; +http://www.google.com/bot.html)"
176.34.19.192 - - [07/Apr/2013:08:20:55 +0900] "GET /ontolopedia/disp/word_show/23557 HTTP/1.1" 200 24627 "-" "Mozilla/5.0 (X11; Linux i686; rv:6.0) Gecko/20100101 Firefox/6.0"
176.34.19.192 - - [07/Apr/2013:08:20:56 +0900] "GET /ontolopedia/disp/word_show/113620 HTTP/1.1" 200 15803 "-" "Mozilla/5.0 (X11; Linux i686; rv:6.0) Gecko/20100101 Firefox/6.0"
66.249.76.52 - - [07/Apr/2013:08:20:57 +0900] "GET /ontolopedia/disp/word_show/185577 HTTP/1.1" 200 4309 "-" "Mozilla/5.0 (compatible; Googlebot/2.1; +http://www.google.com/bot.html)"
66.249.76.52 - - [07/Apr/2013:08:20:58 +0900] "GET /ontolopedia/disp/word_show/102065 HTTP/1.1" 200 8200 "-" "Mozilla/5.0 (compatible; Googlebot/2.1; +http://www.google.com/bot.html)"
66.249.76.52 - - [07/Apr/2013:08:21:03 +0900] "GET /ontolopedia/disp/word_show/386063 HTTP/1.1" 200 13007 "-" "Mozilla/5.0 (compatible; Googlebot/2.1; +http://www.google.com/bot.html)"
66.249.76.52 - - [07/Apr/2013:08:21:07 +0900] "GET /ontolopedia/disp/word_show/271195 HTTP/1.1" 200 4179 "-" "Mozilla/5.0 (compatible; Googlebot/2.1; +http://www.google.com/bot.html)"
66.249.76.52 - - [07/Apr/2013:08:21:09 +0900] "GET /ontolopedia/disp/word_show/150395 HTTP/1.1" 200 4172 "-" "Mozilla/5.0 (compatible; Googlebot/2.1; +http://www.google.com/bot.html)"
66.249.76.52 - - [07/Apr/2013:08:21:13 +0900] "GET /ontolopedia/disp/word_show/4605 HTTP/1.1" 200 31148 "-" "Mozilla/5.0 (compatible; Googlebot/2.1; +http://www.google.com/bot.html)"
66.249.76.52 - - [07/Apr/2013:08:21:15 +0900] "GET /ontolopedia/disp/word_show/340933 HTTP/1.1" 200 4161 "-" "Mozilla/5.0 (compatible; Googlebot/2.1; +http://www.google.com/bot.html)"
66.249.76.52 - - [07/Apr/2013:08:21:17 +0900] "GET /ontolopedia/disp/word_show/163972 HTTP/1.1" 200 4741 "-" "Mozilla/5.0 (compatible; Googlebot/2.1; +http://www.google.com/bot.html)"
66.249.76.52 - - [07/Apr/2013:08:21:21 +0900] "GET /ontolopedia/disp/word_show/80210 HTTP/1.1" 200 8004 "-" "Mozilla/5.0 (compatible; Googlebot/2.1; +http://www.google.com/bot.html)"
66.249.76.52 - - [07/Apr/2013:08:21:27 +0900] "GET /ontolopedia/disp/word_show/191908 HTTP/1.1" 200 6553 "-" "Mozilla/5.0 (compatible; Googlebot/2.1; +http://www.google.com/bot.html)"
66.249.76.52 - - [07/Apr/2013:08:21:28 +0900] "GET /ontolopedia/disp/word_show/314878 HTTP/1.1" 200 7438 "-" "Mozilla/5.0 (compatible; Googlebot/2.1; +http://www.google.com/bot.html)"
66.249.76.52 - - [07/Apr/2013:08:21:33 +0900] "GET /ontolopedia/disp/word_show/295928 HTTP/1.1" 200 5141 "-" "Mozilla/5.0 (compatible; Googlebot/2.1; +http://www.google.com/bot.html)"
66.249.76.52 - - [07/Apr/2013:08:21:39 +0900] "GET /ontolopedia/disp/word_show/449780 HTTP/1.1" 200 8378 "-" "Mozilla/5.0 (compatible; Googlebot/2.1; +http://www.google.com/bot.html)"
66.249.76.52 - - [07/Apr/2013:08:21:40 +0900] "GET /ontolopedia/disp/word_show/112490 HTTP/1.1" 200 30698 "-" "Mozilla/5.0 (compatible; Googlebot/2.1; +http://www.google.com/bot.html)"
66.249.76.52 - - [07/Apr/2013:08:21:45 +0900] "GET /ontolopedia/disp/word_show/322669 HTTP/1.1" 200 8081 "-" "Mozilla/5.0 (compatible; Googlebot/2.1; +http://www.google.com/bot.html)"
66.249.76.52 - - [07/Apr/2013:08:21:49 +0900] "GET /ontolopedia/disp/word_show/131275 HTTP/1.1" 200 8200 "-" "Mozilla/5.0 (compatible; Googlebot/2.1; +http://www.google.com/bot.html)"
66.249.76.52 - - [07/Apr/2013:08:21:51 +0900] "GET /ontolopedia/disp/word_show/411588 HTTP/1.1" 200 5210 "-" "Mozilla/5.0 (compatible; Googlebot/2.1; +http://www.google.com/bot.html)"
66.249.76.52 - - [07/Apr/2013:08:21:57 +0900] "GET /ontolopedia/disp/word_show/223130 HTTP/1.1" 200 6430 "-" "Mozilla/5.0 (compatible; Googlebot/2.1; +http://www.google.com/bot.html)"
66.249.76.52 - - [07/Apr/2013:08:22:03 +0900] "GET /ontolopedia/disp/word_show/144696 HTTP/1.1" 200 9052 "-" "Mozilla/5.0 (compatible; Googlebot/2.1; +http://www.google.com/bot.html)"
157.55.33.109 - - [07/Apr/2013:08:22:03 +0900] "GET /~info3/wiki/index.php?cmd=backup&action=delete&page=%B5%DC%CE%A4%A1%F5%CD%BF%B5%B7%C8%C9%2Flevel4 HTTP/1.1" 200 4712 "-" "Mozilla/5.0 (compatible; bingbot/2.0; +http://www.bing.com/bingbot.htm)"
66.249.76.52 - - [07/Apr/2013:08:22:04 +0900] "GET /~yosshi/wiki-old/index.php?plugin=newpage&refer=%C6%FC%B5%AD%2F2017-06-08 HTTP/1.1" 200 795 "-" "SAMSUNG-SGH-E250/1.0 Profile/MIDP-2.0 Configuration/CLDC-1.1 UP.Browser/6.2.3.3.c.1.101 (GUI) MMP/2.0 (compatible; Googlebot-Mobile/2.1; +http://www.google.com/bot.html)"
157.55.33.109 - - [07/Apr/2013:08:22:08 +0900] "GET /robots.txt HTTP/1.1" 404 208 "-" "Mozilla/5.0 (compatible; bingbot/2.0; +http://www.bing.com/bingbot.htm)"
66.249.76.52 - - [07/Apr/2013:08:22:09 +0900] "GET /ontolopedia/disp/word_show/59627 HTTP/1.1" 200 5088 "-" "Mozilla/5.0 (compatible; Googlebot/2.1; +http://www.google.com/bot.html)"
66.249.76.52 - - [07/Apr/2013:08:22:11 +0900] "GET /ontolopedia/disp/word_show/186483 HTTP/1.1" 200 10242 "-" "Mozilla/5.0 (compatible; Googlebot/2.1; +http://www.google.com/bot.html)"
157.55.33.109 - - [07/Apr/2013:08:22:14 +0900] "GET /~info3/wiki/index.php?cmd=freeze&page=info3%20wiki%2F%C2%E7%BE%EB%A1%F5%B5%C8%B1%CA%C8%C9%2FLevel3%20%C2%E7%BE%EB%A1%F5%B5%C8%B1%CA HTTP/1.1" 200 8024 "-" "Mozilla/5.0 (compatible; bingbot/2.0; +http://www.bing.com/bingbot.htm)"
66.249.76.52 - - [07/Apr/2013:08:22:15 +0900] "GET /ontolopedia/disp/word_show/200868 HTTP/1.1" 200 4224 "-" "Mozilla/5.0 (compatible; Googlebot/2.1; +http://www.google.com/bot.html)"
157.55.33.109 - - [07/Apr/2013:08:22:17 +0900] "GET /~yosshi/rbc_wiki/index.php?cmd=edit&page=Vratvins&refer=FrontPage HTTP/1.1" 401 5406 "-" "Mozilla/5.0 (compatible; bingbot/2.0; +http://www.bing.com/bingbot.htm)"
66.249.76.52 - - [07/Apr/2013:08:22:20 +0900] "GET /ontolopedia/disp/word_show/236296 HTTP/1.1" 200 7970 "-" "Mozilla/5.0 (compatible; Googlebot/2.1; +http://www.google.com/bot.html)"
66.249.76.52 - - [07/Apr/2013:08:22:21 +0900] "GET /ontolopedia/disp/word_show/193842 HTTP/1.1" 200 8682 "-" "Mozilla/5.0 (compatible; Googlebot/2.1; +http://www.google.com/bot.html)"
157.56.93.71 - - [07/Apr/2013:08:22:26 +0900] "GET /~info3/wiki/index.php?cmd=read&page=PukiWiki%2F1.4%2FManual%2FPlugin%2FO-R HTTP/1.1" 200 56064 "-" "Mozilla/5.0 (compatible; bingbot/2.0; +http://www.bing.com/bingbot.htm)"
66.249.76.52 - - [07/Apr/2013:08:22:27 +0900] "GET /ontolopedia/disp/word_show/143952 HTTP/1.1" 200 5217 "-" "Mozilla/5.0 (compatible; Googlebot/2.1; +http://www.google.com/bot.html)"
66.249.76.52 - - [07/Apr/2013:08:22:30 +0900] "GET /ontolopedia/disp/word_show/171175 HTTP/1.1" 200 4181 "-" "Mozilla/5.0 (compatible; Googlebot/2.1; +http://www.google.com/bot.html)"
157.55.35.113 - - [07/Apr/2013:08:22:32 +0900] "GET /~info3/wiki/index.php?cmd=edit&page=%B6%E2%BE%EB%A1%F5%C5%E7%B8%B6%C8%C9%2Flevel3 HTTP/1.1" 401 6754 "-" "Mozilla/5.0 (compatible; bingbot/2.0; +http://www.bing.com/bingbot.htm)"
157.55.35.113 - - [07/Apr/2013:08:22:32 +0900] "GET /~info3/wiki/index.php?cmd=read&page=PukiWiki HTTP/1.1" 200 31738 "-" "Mozilla/5.0 (compatible; bingbot/2.0; +http://www.bing.com/bingbot.htm)"
66.249.76.52 - - [07/Apr/2013:08:22:33 +0900] "GET /ontolopedia/disp/word_show/94944 HTTP/1.1" 200 5426 "-" "Mozilla/5.0 (compatible; Googlebot/2.1; +http://www.google.com/bot.html)"
66.249.76.52 - - [07/Apr/2013:08:22:38 +0900] "GET /~yosshi/wiki-old/index.php?plugin=newpage&refer=%C6%FC%B5%AD%2F1950-10-17 HTTP/1.1" 200 795 "-" "SAMSUNG-SGH-E250/1.0 Profile/MIDP-2.0 Configuration/CLDC-1.1 UP.Browser/6.2.3.3.c.1.101 (GUI) MMP/2.0 (compatible; Googlebot-Mobile/2.1; +http://www.google.com/bot.html)"
66.249.76.52 - - [07/Apr/2013:08:22:39 +0900] "GET /ontolopedia/disp/word_show/197222 HTTP/1.1" 200 4186 "-" "Mozilla/5.0 (compatible; Googlebot/2.1; +http://www.google.com/bot.html)"
66.249.76.52 - - [07/Apr/2013:08:22:40 +0900] "GET /ontolopedia/disp/word_show/265285 HTTP/1.1" 200 7521 "-" "Mozilla/5.0 (compatible; Googlebot/2.1; +http://www.google.com/bot.html)"
157.55.35.113 - - [07/Apr/2013:08:22:40 +0900] "GET /~info3/wiki/index.php?cmd=backup&action=diff&page=2006%2Finfo3%2F%C2%E7%BE%EB%A1%F5%C3%CE%C7%B0%C8%C9%2F%C0%DF%B7%D7%BD%F1&age=5 HTTP/1.1" 200 11180 "-" "Mozilla/5.0 (compatible; bingbot/2.0; +http://www.bing.com/bingbot.htm)"
157.55.35.113 - - [07/Apr/2013:08:22:40 +0900] "GET /~yosshi/rbc_wiki/index.php?cmd=backup&page=FrontPage&age=60&action=diff HTTP/1.1" 200 465293 "-" "Mozilla/5.0 (compatible; bingbot/2.0; +http://www.bing.com/bingbot.htm)"
66.249.76.52 - - [07/Apr/2013:08:22:41 +0900] "GET /~yosshi/wiki-old/index.php?plugin=newpage&refer=%C6%FC%B5%AD%2F1950-10-14 HTTP/1.1" 200 795 "-" "SAMSUNG-SGH-E250/1.0 Profile/MIDP-2.0 Configuration/CLDC-1.1 UP.Browser/6.2.3.3.c.1.101 (GUI) MMP/2.0 (compatible; Googlebot-Mobile/2.1; +http://www.google.com/bot.html)"
66.249.76.52 - - [07/Apr/2013:08:22:42 +0900] "GET /~yosshi/wiki-old/index.php?cmd=edit&help=true&page=%C6%FC%B5%AD%2F1957-08-02 HTTP/1.1" 200 50 "-" "SAMSUNG-SGH-E250/1.0 Profile/MIDP-2.0 Configuration/CLDC-1.1 UP.Browser/6.2.3.3.c.1.101 (GUI) MMP/2.0 (compatible; Googlebot-Mobile/2.1; +http://www.google.com/bot.html)"
157.55.35.113 - - [07/Apr/2013:08:22:44 +0900] "GET /note/note_detail/1682/ HTTP/1.1" 200 11158 "-" "Mozilla/5.0 (compatible; bingbot/2.0; +http://www.bing.com/bingbot.htm)"
66.249.76.52 - - [07/Apr/2013:08:22:45 +0900] "GET /ontolopedia/disp/word_show/301289 HTTP/1.1" 200 4166 "-" "Mozilla/5.0 (compatible; Googlebot/2.1; +http://www.google.com/bot.html)"
157.55.35.113 - - [07/Apr/2013:08:22:46 +0900] "GET /~info3/wiki/index.php?cmd=freeze&page=WikiEngines HTTP/1.1" 200 6540 "-" "Mozilla/5.0 (compatible; bingbot/2.0; +http://www.bing.com/bingbot.htm)"
66.249.76.52 - - [07/Apr/2013:08:22:49 +0900] "GET /ontolopedia/disp/word_show/289976 HTTP/1.1" 200 5611 "-" "Mozilla/5.0 (compatible; Googlebot/2.1; +http://www.google.com/bot.html)"
66.249.76.52 - - [07/Apr/2013:08:22:51 +0900] "GET /ontolopedia/disp/word_show/23697 HTTP/1.1" 200 5811 "-" "Mozilla/5.0 (compatible; Googlebot/2.1; +http://www.google.com/bot.html)"
66.249.76.52 - - [07/Apr/2013:08:22:57 +0900] "GET /ontolopedia/disp/word_show/354391 HTTP/1.1" 200 5418 "-" "Mozilla/5.0 (compatible; Googlebot/2.1; +http://www.google.com/bot.html)"
66.249.76.52 - - [07/Apr/2013:08:22:59 +0900] "GET /ontolopedia/disp/word_show/200517 HTTP/1.1" 200 5723 "-" "Mozilla/5.0 (compatible; Googlebot/2.1; +http://www.google.com/bot.html)"
66.249.76.52 - - [07/Apr/2013:08:23:03 +0900] "GET /ontolopedia/disp/word_show/19773 HTTP/1.1" 200 8802 "-" "Mozilla/5.0 (compatible; Googlebot/2.1; +http://www.google.com/bot.html)"
72.14.199.52 - - [07/Apr/2013:08:23:08 +0900] "GET /~yosshi/wiki-old/index.php?cmd=edit&page=%C6%FC%B5%AD%2F2021-05-18 HTTP/1.1" 200 1805 "-" "DoCoMo/2.0 N905i(c100;TB;W24H16) (compatible; Googlebot-Mobile/2.1; +http://www.google.com/bot.html)"
66.249.76.52 - - [07/Apr/2013:08:23:09 +0900] "GET /ontolopedia/disp/word_show/392182 HTTP/1.1" 200 5089 "-" "Mozilla/5.0 (compatible; Googlebot/2.1; +http://www.google.com/bot.html)"
66.249.76.52 - - [07/Apr/2013:08:23:10 +0900] "GET /ontolopedia/disp/word_show/141002 HTTP/1.1" 200 7272 "-" "Mozilla/5.0 (compatible; Googlebot/2.1; +http://www.google.com/bot.html)"
66.249.76.52 - - [07/Apr/2013:08:23:15 +0900] "GET /ontolopedia/disp/word_show/246727 HTTP/1.1" 200 6683 "-" "Mozilla/5.0 (compatible; Googlebot/2.1; +http://www.google.com/bot.html)"
66.249.76.52 - - [07/Apr/2013:08:23:18 +0900] "GET /ontolopedia/disp/word_show/371663 HTTP/1.1" 200 12286 "-" "Mozilla/5.0 (compatible; Googlebot/2.1; +http://www.google.com/bot.html)"
66.249.76.52 - - [07/Apr/2013:08:23:21 +0900] "GET /ontolopedia/disp/word_show/246772 HTTP/1.1" 200 10513 "-" "Mozilla/5.0 (compatible; Googlebot/2.1; +http://www.google.com/bot.html)"
66.249.76.52 - - [07/Apr/2013:08:23:27 +0900] "GET /ontolopedia/disp/word_show/199532 HTTP/1.1" 200 4181 "-" "Mozilla/5.0 (compatible; Googlebot/2.1; +http://www.google.com/bot.html)"
66.249.76.52 - - [07/Apr/2013:08:23:28 +0900] "GET /ontolopedia/disp/word_show/307423 HTTP/1.1" 200 4203 "-" "Mozilla/5.0 (compatible; Googlebot/2.1; +http://www.google.com/bot.html)"
66.249.76.52 - - [07/Apr/2013:08:23:33 +0900] "GET /ontolopedia/disp/word_show/456170 HTTP/1.1" 200 9248 "-" "Mozilla/5.0 (compatible; Googlebot/2.1; +http://www.google.com/bot.html)"
66.249.76.52 - - [07/Apr/2013:08:23:38 +0900] "GET /ontolopedia/disp/word_show/271031 HTTP/1.1" 200 4208 "-" "Mozilla/5.0 (compatible; Googlebot/2.1; +http://www.google.com/bot.html)"
66.249.76.52 - - [07/Apr/2013:08:23:39 +0900] "GET /ontolopedia/disp/word_show/351494 HTTP/1.1" 200 8715 "-" "Mozilla/5.0 (compatible; Googlebot/2.1; +http://www.google.com/bot.html)"
66.249.76.52 - - [07/Apr/2013:08:23:45 +0900] "GET /ontolopedia/disp/word_show/56193 HTTP/1.1" 200 6588 "-" "Mozilla/5.0 (compatible; Googlebot/2.1; +http://www.google.com/bot.html)"
66.249.76.52 - - [07/Apr/2013:08:23:48 +0900] "GET /ontolopedia/disp/word_show/193782 HTTP/1.1" 200 9860 "-" "Mozilla/5.0 (compatible; Googlebot/2.1; +http://www.google.com/bot.html)"
66.249.76.52 - - [07/Apr/2013:08:23:51 +0900] "GET /ontolopedia/disp/word_show/140504 HTTP/1.1" 200 6778 "-" "Mozilla/5.0 (compatible; Googlebot/2.1; +http://www.google.com/bot.html)"
66.249.76.52 - - [07/Apr/2013:08:23:57 +0900] "GET /ontolopedia/disp/word_show/300726 HTTP/1.1" 200 7005 "-" "Mozilla/5.0 (compatible; Googlebot/2.1; +http://www.google.com/bot.html)"
66.249.76.52 - - [07/Apr/2013:08:23:58 +0900] "GET /ontolopedia/disp/word_show/351897 HTTP/1.1" 200 4242 "-" "Mozilla/5.0 (compatible; Googlebot/2.1; +http://www.google.com/bot.html)"
66.249.76.52 - - [07/Apr/2013:08:24:03 +0900] "GET /ontolopedia/disp/word_show/212675 HTTP/1.1" 200 8765 "-" "Mozilla/5.0 (compatible; Googlebot/2.1; +http://www.google.com/bot.html)"
66.249.76.52 - - [07/Apr/2013:08:24:07 +0900] "GET /ontolopedia/disp/word_show/441907 HTTP/1.1" 200 9332 "-" "Mozilla/5.0 (compatible; Googlebot/2.1; +http://www.google.com/bot.html)"
66.249.76.52 - - [07/Apr/2013:08:24:09 +0900] "GET /ontolopedia/disp/word_show/236317 HTTP/1.1" 200 6853 "-" "Mozilla/5.0 (compatible; Googlebot/2.1; +http://www.google.com/bot.html)"
66.249.76.52 - - [07/Apr/2013:08:24:15 +0900] "GET /ontolopedia/disp/word_show/155853 HTTP/1.1" 200 6043 "-" "Mozilla/5.0 (compatible; Googlebot/2.1; +http://www.google.com/bot.html)"
66.249.76.52 - - [07/Apr/2013:08:24:17 +0900] "GET /ontolopedia/disp/word_show/255145 HTTP/1.1" 200 6951 "-" "Mozilla/5.0 (compatible; Googlebot/2.1; +http://www.google.com/bot.html)"
66.249.76.52 - - [07/Apr/2013:08:24:21 +0900] "GET /ontolopedia/disp/word_show/299146 HTTP/1.1" 200 5848 "-" "Mozilla/5.0 (compatible; Googlebot/2.1; +http://www.google.com/bot.html)"
66.249.76.52 - - [07/Apr/2013:08:24:26 +0900] "GET /ontolopedia/disp/word_show/185604 HTTP/1.1" 200 5625 "-" "Mozilla/5.0 (compatible; Googlebot/2.1; +http://www.google.com/bot.html)"
66.249.76.52 - - [07/Apr/2013:08:24:27 +0900] "GET /ontolopedia/disp/word_show/290574 HTTP/1.1" 200 5803 "-" "Mozilla/5.0 (compatible; Googlebot/2.1; +http://www.google.com/bot.html)"
66.249.76.52 - - [07/Apr/2013:08:24:33 +0900] "GET /ontolopedia/disp/word_show/21417 HTTP/1.1" 200 17339 "-" "Mozilla/5.0 (compatible; Googlebot/2.1; +http://www.google.com/bot.html)"
157.56.93.71 - - [07/Apr/2013:08:24:35 +0900] "GET /ontolopedia/disp/word_show/27399 HTTP/1.1" 403 234 "-" "Mozilla/5.0 (compatible; bingbot/2.0; +http://www.bing.com/bingbot.htm)"
157.56.93.71 - - [07/Apr/2013:08:24:35 +0900] "GET /ontolopedia/disp/word_show/274047 HTTP/1.1" 403 235 "-" "Mozilla/5.0 (compatible; bingbot/2.0; +http://www.bing.com/bingbot.htm)"
66.249.76.52 - - [07/Apr/2013:08:24:36 +0900] "GET /ontolopedia/disp/word_show/221453 HTTP/1.1" 200 5723 "-" "Mozilla/5.0 (compatible; Googlebot/2.1; +http://www.google.com/bot.html)"
157.56.93.71 - - [07/Apr/2013:08:24:36 +0900] "GET /ontolopedia/disp/word_show/274270 HTTP/1.1" 403 235 "-" "Mozilla/5.0 (compatible; bingbot/2.0; +http://www.bing.com/bingbot.htm)"
157.56.93.71 - - [07/Apr/2013:08:24:36 +0900] "GET /ontolopedia/disp/word_show/320546 HTTP/1.1" 403 235 "-" "Mozilla/5.0 (compatible; bingbot/2.0; +http://www.bing.com/bingbot.htm)"
157.56.93.71 - - [07/Apr/2013:08:24:37 +0900] "GET /ontolopedia/disp/word_show/320572 HTTP/1.1" 403 235 "-" "Mozilla/5.0 (compatible; bingbot/2.0; +http://www.bing.com/bingbot.htm)"
157.56.93.71 - - [07/Apr/2013:08:24:37 +0900] "GET /ontolopedia/disp/word_show/32063 HTTP/1.1" 403 234 "-" "Mozilla/5.0 (compatible; bingbot/2.0; +http://www.bing.com/bingbot.htm)"
157.56.93.71 - - [07/Apr/2013:08:24:39 +0900] "GET /ontolopedia/disp/word_show/320882 HTTP/1.1" 403 235 "-" "Mozilla/5.0 (compatible; bingbot/2.0; +http://www.bing.com/bingbot.htm)"
157.56.93.71 - - [07/Apr/2013:08:24:39 +0900] "GET /ontolopedia/disp/word_show/321007 HTTP/1.1" 403 235 "-" "Mozilla/5.0 (compatible; bingbot/2.0; +http://www.bing.com/bingbot.htm)"
66.249.76.52 - - [07/Apr/2013:08:24:39 +0900] "GET /ontolopedia/disp/word_show/388607 HTTP/1.1" 200 5065 "-" "Mozilla/5.0 (compatible; Googlebot/2.1; +http://www.google.com/bot.html)"
157.56.93.71 - - [07/Apr/2013:08:24:40 +0900] "GET /ontolopedia/disp/word_show/32127 HTTP/1.1" 403 234 "-" "Mozilla/5.0 (compatible; bingbot/2.0; +http://www.bing.com/bingbot.htm)"
157.56.93.71 - - [07/Apr/2013:08:24:40 +0900] "GET /ontolopedia/disp/word_show/322645 HTTP/1.1" 403 235 "-" "Mozilla/5.0 (compatible; bingbot/2.0; +http://www.bing.com/bingbot.htm)"
157.56.93.71 - - [07/Apr/2013:08:24:41 +0900] "GET /ontolopedia/disp/word_show/32281 HTTP/1.1" 403 234 "-" "Mozilla/5.0 (compatible; bingbot/2.0; +http://www.bing.com/bingbot.htm)"
157.56.93.71 - - [07/Apr/2013:08:24:41 +0900] "GET /ontolopedia/disp/word_show/32317 HTTP/1.1" 403 234 "-" "Mozilla/5.0 (compatible; bingbot/2.0; +http://www.bing.com/bingbot.htm)"
157.56.93.71 - - [07/Apr/2013:08:24:42 +0900] "GET /ontolopedia/disp/word_show/323476 HTTP/1.1" 403 235 "-" "Mozilla/5.0 (compatible; bingbot/2.0; +http://www.bing.com/bingbot.htm)"
157.56.93.71 - - [07/Apr/2013:08:24:42 +0900] "GET /ontolopedia/disp/word_show/323631 HTTP/1.1" 403 235 "-" "Mozilla/5.0 (compatible; bingbot/2.0; +http://www.bing.com/bingbot.htm)"
157.56.93.71 - - [07/Apr/2013:08:24:43 +0900] "GET /ontolopedia/disp/word_show/324497 HTTP/1.1" 403 235 "-" "Mozilla/5.0 (compatible; bingbot/2.0; +http://www.bing.com/bingbot.htm)"
157.56.93.71 - - [07/Apr/2013:08:24:43 +0900] "GET /ontolopedia/disp/word_show/324762 HTTP/1.1" 403 235 "-" "Mozilla/5.0 (compatible; bingbot/2.0; +http://www.bing.com/bingbot.htm)"
157.56.93.71 - - [07/Apr/2013:08:24:44 +0900] "GET /ontolopedia/disp/word_show/324843 HTTP/1.1" 403 235 "-" "Mozilla/5.0 (compatible; bingbot/2.0; +http://www.bing.com/bingbot.htm)"
157.56.93.71 - - [07/Apr/2013:08:24:44 +0900] "GET /ontolopedia/disp/word_show/348860 HTTP/1.1" 403 235 "-" "Mozilla/5.0 (compatible; bingbot/2.0; +http://www.bing.com/bingbot.htm)"
66.249.76.52 - - [07/Apr/2013:08:24:45 +0900] "GET /ontolopedia/disp/word_show/39896 HTTP/1.1" 200 7212 "-" "Mozilla/5.0 (compatible; Googlebot/2.1; +http://www.google.com/bot.html)"
157.56.93.71 - - [07/Apr/2013:08:24:45 +0900] "GET /ontolopedia/disp/word_show/349140 HTTP/1.1" 403 235 "-" "Mozilla/5.0 (compatible; bingbot/2.0; +http://www.bing.com/bingbot.htm)"
157.56.93.71 - - [07/Apr/2013:08:24:45 +0900] "GET /ontolopedia/disp/word_show/349296 HTTP/1.1" 403 235 "-" "Mozilla/5.0 (compatible; bingbot/2.0; +http://www.bing.com/bingbot.htm)"
66.249.76.52 - - [07/Apr/2013:08:24:46 +0900] "GET /ontolopedia/disp/word_show/217674 HTTP/1.1" 200 10109 "-" "Mozilla/5.0 (compatible; Googlebot/2.1; +http://www.google.com/bot.html)"
157.56.93.71 - - [07/Apr/2013:08:24:47 +0900] "GET /ontolopedia/disp/word_show/34959 HTTP/1.1" 403 234 "-" "Mozilla/5.0 (compatible; bingbot/2.0; +http://www.bing.com/bingbot.htm)"
157.56.93.71 - - [07/Apr/2013:08:24:47 +0900] "GET /ontolopedia/disp/word_show/34970 HTTP/1.1" 403 234 "-" "Mozilla/5.0 (compatible; bingbot/2.0; +http://www.bing.com/bingbot.htm)"
157.56.93.71 - - [07/Apr/2013:08:24:48 +0900] "GET /ontolopedia/disp/word_show/402486 HTTP/1.1" 403 235 "-" "Mozilla/5.0 (compatible; bingbot/2.0; +http://www.bing.com/bingbot.htm)"
157.56.93.71 - - [07/Apr/2013:08:24:48 +0900] "GET /ontolopedia/disp/word_show/43291 HTTP/1.1" 403 234 "-" "Mozilla/5.0 (compatible; bingbot/2.0; +http://www.bing.com/bingbot.htm)"
157.56.93.71 - - [07/Apr/2013:08:24:49 +0900] "GET /ontolopedia/disp/word_show/433041 HTTP/1.1" 403 235 "-" "Mozilla/5.0 (compatible; bingbot/2.0; +http://www.bing.com/bingbot.htm)"
157.56.93.71 - - [07/Apr/2013:08:24:49 +0900] "GET /ontolopedia/disp/word_show/433216 HTTP/1.1" 403 235 "-" "Mozilla/5.0 (compatible; bingbot/2.0; +http://www.bing.com/bingbot.htm)"
157.56.93.71 - - [07/Apr/2013:08:24:50 +0900] "GET /ontolopedia/disp/word_show/433409 HTTP/1.1" 403 235 "-" "Mozilla/5.0 (compatible; bingbot/2.0; +http://www.bing.com/bingbot.htm)"
157.56.93.71 - - [07/Apr/2013:08:24:50 +0900] "GET /ontolopedia/disp/word_show/4340 HTTP/1.1" 403 233 "-" "Mozilla/5.0 (compatible; bingbot/2.0; +http://www.bing.com/bingbot.htm)"
157.56.93.71 - - [07/Apr/2013:08:24:51 +0900] "GET /ontolopedia/disp/word_show/43492 HTTP/1.1" 403 234 "-" "Mozilla/5.0 (compatible; bingbot/2.0; +http://www.bing.com/bingbot.htm)"
66.249.76.52 - - [07/Apr/2013:08:24:51 +0900] "GET /ontolopedia/disp/word_show/312590 HTTP/1.1" 200 4240 "-" "Mozilla/5.0 (compatible; Googlebot/2.1; +http://www.google.com/bot.html)"
157.56.93.71 - - [07/Apr/2013:08:24:51 +0900] "GET /ontolopedia/disp/word_show/5904 HTTP/1.1" 403 233 "-" "Mozilla/5.0 (compatible; bingbot/2.0; +http://www.bing.com/bingbot.htm)"
157.56.93.71 - - [07/Apr/2013:08:24:52 +0900] "GET /ontolopedia/disp/word_show/59040 HTTP/1.1" 403 234 "-" "Mozilla/5.0 (compatible; bingbot/2.0; +http://www.bing.com/bingbot.htm)"
157.56.93.71 - - [07/Apr/2013:08:24:52 +0900] "GET /ontolopedia/disp/word_show/59088 HTTP/1.1" 403 234 "-" "Mozilla/5.0 (compatible; bingbot/2.0; +http://www.bing.com/bingbot.htm)"
66.249.76.52 - - [07/Apr/2013:08:24:53 +0900] "GET /~yosshi/wiki-old/index.php?cmd=edit&page=%C6%FC%B5%AD%2F2032-03-12&refer=%C6%FC%B5%AD HTTP/1.1" 200 1805 "-" "SAMSUNG-SGH-E250/1.0 Profile/MIDP-2.0 Configuration/CLDC-1.1 UP.Browser/6.2.3.3.c.1.101 (GUI) MMP/2.0 (compatible; Googlebot-Mobile/2.1; +http://www.google.com/bot.html)"
157.56.93.71 - - [07/Apr/2013:08:24:53 +0900] "GET /ontolopedia/disp/word_show/5915 HTTP/1.1" 403 233 "-" "Mozilla/5.0 (compatible; bingbot/2.0; +http://www.bing.com/bingbot.htm)"
157.56.93.71 - - [07/Apr/2013:08:24:53 +0900] "GET /ontolopedia/disp/word_show/5940 HTTP/1.1" 403 233 "-" "Mozilla/5.0 (compatible; bingbot/2.0; +http://www.bing.com/bingbot.htm)"
157.56.93.71 - - [07/Apr/2013:08:24:54 +0900] "GET /ontolopedia/disp/word_show/5963 HTTP/1.1" 403 233 "-" "Mozilla/5.0 (compatible; bingbot/2.0; +http://www.bing.com/bingbot.htm)"
157.56.93.71 - - [07/Apr/2013:08:24:54 +0900] "GET /ontolopedia/disp/word_show/597 HTTP/1.1" 403 232 "-" "Mozilla/5.0 (compatible; bingbot/2.0; +http://www.bing.com/bingbot.htm)"
66.249.76.52 - - [07/Apr/2013:08:24:56 +0900] "GET /ontolopedia/disp/word_show/163762 HTTP/1.1" 200 7193 "-" "Mozilla/5.0 (compatible; Googlebot/2.1; +http://www.google.com/bot.html)"
66.249.76.52 - - [07/Apr/2013:08:24:57 +0900] "GET /ontolopedia/disp/word_show/334389 HTTP/1.1" 200 7155 "-" "Mozilla/5.0 (compatible; Googlebot/2.1; +http://www.google.com/bot.html)"
66.249.76.52 - - [07/Apr/2013:08:25:03 +0900] "GET /ontolopedia/disp/word_show/466758 HTTP/1.1" 200 4214 "-" "Mozilla/5.0 (compatible; Googlebot/2.1; +http://www.google.com/bot.html)"
66.249.76.52 - - [07/Apr/2013:08:25:05 +0900] "GET /ontolopedia/disp/word_show/163941 HTTP/1.1" 200 11773 "-" "Mozilla/5.0 (compatible; Googlebot/2.1; +http://www.google.com/bot.html)"
66.249.76.52 - - [07/Apr/2013:08:25:09 +0900] "GET /ontolopedia/disp/word_show/141267 HTTP/1.1" 200 8623 "-" "Mozilla/5.0 (compatible; Googlebot/2.1; +http://www.google.com/bot.html)"
66.249.76.52 - - [07/Apr/2013:08:25:11 +0900] "GET /~yosshi/wiki-old/index.php?cmd=edit&page=%C6%FC%B5%AD%2F2017-09-01 HTTP/1.1" 200 1805 "-" "SAMSUNG-SGH-E250/1.0 Profile/MIDP-2.0 Configuration/CLDC-1.1 UP.Browser/6.2.3.3.c.1.101 (GUI) MMP/2.0 (compatible; Googlebot-Mobile/2.1; +http://www.google.com/bot.html)"
66.249.76.52 - - [07/Apr/2013:08:25:15 +0900] "GET /ontolopedia/disp/word_show/395138 HTTP/1.1" 200 6723 "-" "Mozilla/5.0 (compatible; Googlebot/2.1; +http://www.google.com/bot.html)"
66.249.76.52 - - [07/Apr/2013:08:25:15 +0900] "GET /ontolopedia/disp/word_show/179295 HTTP/1.1" 200 4178 "-" "Mozilla/5.0 (compatible; Googlebot/2.1; +http://www.google.com/bot.html)"
66.249.76.52 - - [07/Apr/2013:08:25:21 +0900] "GET /ontolopedia/disp/word_show/184200 HTTP/1.1" 200 6206 "-" "Mozilla/5.0 (compatible; Googlebot/2.1; +http://www.google.com/bot.html)"
66.249.76.52 - - [07/Apr/2013:08:25:25 +0900] "GET /ontolopedia/disp/word_show/269677 HTTP/1.1" 200 4960 "-" "Mozilla/5.0 (compatible; Googlebot/2.1; +http://www.google.com/bot.html)"
157.55.35.113 - - [07/Apr/2013:08:25:25 +0900] "GET /ontolopedia/disp/word_show/274006 HTTP/1.1" 403 235 "-" "Mozilla/5.0 (compatible; bingbot/2.0; +http://www.bing.com/bingbot.htm)"
157.55.35.113 - - [07/Apr/2013:08:25:25 +0900] "GET /ontolopedia/disp/word_show/27402 HTTP/1.1" 403 234 "-" "Mozilla/5.0 (compatible; bingbot/2.0; +http://www.bing.com/bingbot.htm)"
157.55.35.113 - - [07/Apr/2013:08:25:25 +0900] "GET /ontolopedia/disp/word_show/27405 HTTP/1.1" 403 234 "-" "Mozilla/5.0 (compatible; bingbot/2.0; +http://www.bing.com/bingbot.htm)"
157.55.35.113 - - [07/Apr/2013:08:25:27 +0900] "GET /ontolopedia/disp/word_show/27419 HTTP/1.1" 403 234 "-" "Mozilla/5.0 (compatible; bingbot/2.0; +http://www.bing.com/bingbot.htm)"
157.55.35.113 - - [07/Apr/2013:08:25:27 +0900] "GET /ontolopedia/disp/word_show/27426 HTTP/1.1" 403 234 "-" "Mozilla/5.0 (compatible; bingbot/2.0; +http://www.bing.com/bingbot.htm)"
157.55.35.113 - - [07/Apr/2013:08:25:27 +0900] "GET /ontolopedia/disp/word_show/3206 HTTP/1.1" 403 233 "-" "Mozilla/5.0 (compatible; bingbot/2.0; +http://www.bing.com/bingbot.htm)"
66.249.76.52 - - [07/Apr/2013:08:25:27 +0900] "GET /ontolopedia/disp/word_show/409434 HTTP/1.1" 200 5872 "-" "Mozilla/5.0 (compatible; Googlebot/2.1; +http://www.google.com/bot.html)"
157.55.35.113 - - [07/Apr/2013:08:25:28 +0900] "GET /ontolopedia/disp/word_show/32129 HTTP/1.1" 403 234 "-" "Mozilla/5.0 (compatible; bingbot/2.0; +http://www.bing.com/bingbot.htm)"
157.55.35.113 - - [07/Apr/2013:08:25:28 +0900] "GET /ontolopedia/disp/word_show/3216 HTTP/1.1" 403 233 "-" "Mozilla/5.0 (compatible; bingbot/2.0; +http://www.bing.com/bingbot.htm)"
157.55.35.113 - - [07/Apr/2013:08:25:28 +0900] "GET /ontolopedia/disp/word_show/32221 HTTP/1.1" 403 234 "-" "Mozilla/5.0 (compatible; bingbot/2.0; +http://www.bing.com/bingbot.htm)"
157.55.35.113 - - [07/Apr/2013:08:25:29 +0900] "GET /ontolopedia/disp/word_show/324083 HTTP/1.1" 403 235 "-" "Mozilla/5.0 (compatible; bingbot/2.0; +http://www.bing.com/bingbot.htm)"
157.55.35.113 - - [07/Apr/2013:08:25:29 +0900] "GET /ontolopedia/disp/word_show/324802 HTTP/1.1" 403 235 "-" "Mozilla/5.0 (compatible; bingbot/2.0; +http://www.bing.com/bingbot.htm)"
157.55.35.113 - - [07/Apr/2013:08:25:29 +0900] "GET /ontolopedia/disp/word_show/348 HTTP/1.1" 403 232 "-" "Mozilla/5.0 (compatible; bingbot/2.0; +http://www.bing.com/bingbot.htm)"
157.55.35.113 - - [07/Apr/2013:08:25:31 +0900] "GET /ontolopedia/disp/word_show/348118 HTTP/1.1" 403 235 "-" "Mozilla/5.0 (compatible; bingbot/2.0; +http://www.bing.com/bingbot.htm)"
157.55.35.113 - - [07/Apr/2013:08:25:31 +0900] "GET /ontolopedia/disp/word_show/349 HTTP/1.1" 403 232 "-" "Mozilla/5.0 (compatible; bingbot/2.0; +http://www.bing.com/bingbot.htm)"
157.55.35.113 - - [07/Apr/2013:08:25:31 +0900] "GET /ontolopedia/disp/word_show/348716 HTTP/1.1" 403 235 "-" "Mozilla/5.0 (compatible; bingbot/2.0; +http://www.bing.com/bingbot.htm)"
157.55.35.113 - - [07/Apr/2013:08:25:32 +0900] "GET /ontolopedia/disp/word_show/349491 HTTP/1.1" 403 235 "-" "Mozilla/5.0 (compatible; bingbot/2.0; +http://www.bing.com/bingbot.htm)"
157.55.35.113 - - [07/Apr/2013:08:25:32 +0900] "GET /ontolopedia/disp/word_show/349747 HTTP/1.1" 403 235 "-" "Mozilla/5.0 (compatible; bingbot/2.0; +http://www.bing.com/bingbot.htm)"
157.55.35.113 - - [07/Apr/2013:08:25:32 +0900] "GET /ontolopedia/disp/word_show/43321 HTTP/1.1" 403 234 "-" "Mozilla/5.0 (compatible; bingbot/2.0; +http://www.bing.com/bingbot.htm)"
157.55.35.113 - - [07/Apr/2013:08:25:33 +0900] "GET /ontolopedia/disp/word_show/433299 HTTP/1.1" 403 235 "-" "Mozilla/5.0 (compatible; bingbot/2.0; +http://www.bing.com/bingbot.htm)"
66.249.76.52 - - [07/Apr/2013:08:25:33 +0900] "GET /ontolopedia/disp/word_show/347832 HTTP/1.1" 200 5404 "-" "Mozilla/5.0 (compatible; Googlebot/2.1; +http://www.google.com/bot.html)"
157.55.35.113 - - [07/Apr/2013:08:25:33 +0900] "GET /ontolopedia/disp/word_show/433618 HTTP/1.1" 403 235 "-" "Mozilla/5.0 (compatible; bingbot/2.0; +http://www.bing.com/bingbot.htm)"
157.55.35.113 - - [07/Apr/2013:08:25:33 +0900] "GET /ontolopedia/disp/word_show/4342 HTTP/1.1" 403 233 "-" "Mozilla/5.0 (compatible; bingbot/2.0; +http://www.bing.com/bingbot.htm)"
157.55.35.113 - - [07/Apr/2013:08:25:34 +0900] "GET /ontolopedia/disp/word_show/43467 HTTP/1.1" 403 234 "-" "Mozilla/5.0 (compatible; bingbot/2.0; +http://www.bing.com/bingbot.htm)"
157.55.35.113 - - [07/Apr/2013:08:25:34 +0900] "GET /ontolopedia/disp/word_show/435047 HTTP/1.1" 403 235 "-" "Mozilla/5.0 (compatible; bingbot/2.0; +http://www.bing.com/bingbot.htm)"
157.55.35.113 - - [07/Apr/2013:08:25:34 +0900] "GET /ontolopedia/disp/word_show/43506 HTTP/1.1" 403 234 "-" "Mozilla/5.0 (compatible; bingbot/2.0; +http://www.bing.com/bingbot.htm)"
66.249.76.52 - - [07/Apr/2013:08:25:34 +0900] "GET /ontolopedia/disp/word_show/207972 HTTP/1.1" 500 309 "-" "Mozilla/5.0 (compatible; Googlebot/2.1; +http://www.google.com/bot.html)"
157.55.35.113 - - [07/Apr/2013:08:25:35 +0900] "GET /ontolopedia/disp/word_show/5900 HTTP/1.1" 403 233 "-" "Mozilla/5.0 (compatible; bingbot/2.0; +http://www.bing.com/bingbot.htm)"
157.55.35.113 - - [07/Apr/2013:08:25:35 +0900] "GET /ontolopedia/disp/word_show/59043 HTTP/1.1" 403 234 "-" "Mozilla/5.0 (compatible; bingbot/2.0; +http://www.bing.com/bingbot.htm)"
157.55.35.113 - - [07/Apr/2013:08:25:35 +0900] "GET /ontolopedia/disp/word_show/59213 HTTP/1.1" 403 234 "-" "Mozilla/5.0 (compatible; bingbot/2.0; +http://www.bing.com/bingbot.htm)"
157.55.35.113 - - [07/Apr/2013:08:25:36 +0900] "GET /ontolopedia/disp/word_show/5932 HTTP/1.1" 403 233 "-" "Mozilla/5.0 (compatible; bingbot/2.0; +http://www.bing.com/bingbot.htm)"
157.55.35.113 - - [07/Apr/2013:08:25:36 +0900] "GET /ontolopedia/disp/word_show/5934 HTTP/1.1" 403 233 "-" "Mozilla/5.0 (compatible; bingbot/2.0; +http://www.bing.com/bingbot.htm)"
157.55.35.113 - - [07/Apr/2013:08:25:36 +0900] "GET /ontolopedia/disp/word_show/59368 HTTP/1.1" 403 234 "-" "Mozilla/5.0 (compatible; bingbot/2.0; +http://www.bing.com/bingbot.htm)"
157.55.35.113 - - [07/Apr/2013:08:25:37 +0900] "GET /ontolopedia/disp/word_show/59393 HTTP/1.1" 403 234 "-" "Mozilla/5.0 (compatible; bingbot/2.0; +http://www.bing.com/bingbot.htm)"
157.55.35.113 - - [07/Apr/2013:08:25:37 +0900] "GET /ontolopedia/disp/word_show/5953 HTTP/1.1" 403 233 "-" "Mozilla/5.0 (compatible; bingbot/2.0; +http://www.bing.com/bingbot.htm)"
157.55.35.113 - - [07/Apr/2013:08:25:37 +0900] "GET /ontolopedia/disp/word_show/59544 HTTP/1.1" 403 234 "-" "Mozilla/5.0 (compatible; bingbot/2.0; +http://www.bing.com/bingbot.htm)"
157.55.35.113 - - [07/Apr/2013:08:25:38 +0900] "GET /ontolopedia/disp/word_show/5959 HTTP/1.1" 403 233 "-" "Mozilla/5.0 (compatible; bingbot/2.0; +http://www.bing.com/bingbot.htm)"
