66.249.76.52 - - [07/Apr/2013:07:22:43 +0900] "GET /ontolopedia/disp/word_show/132003 HTTP/1.1" 200 12299 "-" "Mozilla/5.0 (compatible; Googlebot/2.1; +http://www.google.com/bot.html)"
66.249.76.52 - - [07/Apr/2013:07:22:49 +0900] "GET /ontolopedia/disp/word_show/456535 HTTP/1.1" 200 6537 "-" "Mozilla/5.0 (compatible; Googlebot/2.1; +http://www.google.com/bot.html)"
66.249.76.52 - - [07/Apr/2013:07:22:55 +0900] "GET /ontolopedia/disp/word_show/124332 HTTP/1.1" 200 6494 "-" "Mozilla/5.0 (compatible; Googlebot/2.1; +http://www.google.com/bot.html)"
66.249.76.52 - - [07/Apr/2013:07:23:01 +0900] "GET /ontolopedia/disp/word_show/359930 HTTP/1.1" 200 5270 "-" "Mozilla/5.0 (compatible; Googlebot/2.1; +http://www.google.com/bot.html)"
66.249.76.52 - - [07/Apr/2013:07:23:07 +0900] "GET /ontolopedia/disp/word_show/13458 HTTP/1.1" 200 4181 "-" "Mozilla/5.0 (compatible; Googlebot/2.1; +http://www.google.com/bot.html)"
66.249.76.52 - - [07/Apr/2013:07:23:12 +0900] "GET /ontolopedia/disp/word_show/291945 HTTP/1.1" 200 4210 "-" "Mozilla/5.0 (compatible; Googlebot/2.1; +http://www.google.com/bot.html)"
66.249.76.52 - - [07/Apr/2013:07:23:18 +0900] "GET /ontolopedia/disp/word_show/357085 HTTP/1.1" 200 5185 "-" "Mozilla/5.0 (compatible; Googlebot/2.1; +http://www.google.com/bot.html)"
66.249.76.52 - - [07/Apr/2013:07:23:24 +0900] "GET /ontolopedia/disp/word_show/477126 HTTP/1.1" 200 4529 "-" "Mozilla/5.0 (compatible; Googlebot/2.1; +http://www.google.com/bot.html)"
66.249.76.52 - - [07/Apr/2013:07:23:30 +0900] "GET /ontolopedia/disp/word_show/40692 HTTP/1.1" 200 8693 "-" "Mozilla/5.0 (compatible; Googlebot/2.1; +http://www.google.com/bot.html)"
66.249.76.52 - - [07/Apr/2013:07:23:36 +0900] "GET /ontolopedia/disp/word_show/155696 HTTP/1.1" 200 7540 "-" "Mozilla/5.0 (compatible; Googlebot/2.1; +http://www.google.com/bot.html)"
66.249.76.52 - - [07/Apr/2013:07:23:42 +0900] "GET /ontolopedia/disp/word_show/458015 HTTP/1.1" 200 5189 "-" "Mozilla/5.0 (compatible; Googlebot/2.1; +http://www.google.com/bot.html)"
66.249.76.52 - - [07/Apr/2013:07:23:48 +0900] "GET /ontolopedia/disp/word_show/373233 HTTP/1.1" 200 7845 "-" "Mozilla/5.0 (compatible; Googlebot/2.1; +http://www.google.com/bot.html)"
72.14.199.52 - - [07/Apr/2013:07:23:50 +0900] "GET /~yosshi/wiki-old/index.php?cmd=edit&help=true&page=%C6%FC%B5%AD%2F2004-11-07 HTTP/1.1" 200 50 "-" "DoCoMo/2.0 N905i(c100;TB;W24H16) (compatible; Googlebot-Mobile/2.1; +http://www.google.com/bot.html)"
66.249.76.52 - - [07/Apr/2013:07:23:54 +0900] "GET /ontolopedia/disp/word_show/230604 HTTP/1.1" 200 5972 "-" "Mozilla/5.0 (compatible; Googlebot/2.1; +http://www.google.com/bot.html)"
66.249.76.52 - - [07/Apr/2013:07:24:00 +0900] "GET /ontolopedia/disp/word_show/407730 HTTP/1.1" 200 7914 "-" "Mozilla/5.0 (compatible; Googlebot/2.1; +http://www.google.com/bot.html)"
119.235.237.85 - - [07/Apr/2013:07:24:07 +0900] "GET /note/note_detail/2519 HTTP/1.1" 301 - "-" "Yeti/1.0 (NHN Corp.; http://help.naver.com/robots/)"
66.249.76.52 - - [07/Apr/2013:07:24:06 +0900] "GET /ontolopedia/disp/word_show/247208 HTTP/1.1" 200 6314 "-" "Mozilla/5.0 (compatible; Googlebot/2.1; +http://www.google.com/bot.html)"
66.249.76.52 - - [07/Apr/2013:07:24:12 +0900] "GET /ontolopedia/disp/word_show/404653 HTTP/1.1" 200 4188 "-" "Mozilla/5.0 (compatible; Googlebot/2.1; +http://www.google.com/bot.html)"
66.249.76.52 - - [07/Apr/2013:07:24:18 +0900] "GET /ontolopedia/disp/word_show/459143 HTTP/1.1" 200 4218 "-" "Mozilla/5.0 (compatible; Googlebot/2.1; +http://www.google.com/bot.html)"
66.249.76.52 - - [07/Apr/2013:07:24:24 +0900] "GET /~yosshi/wiki-old/index.php?cmd=edit&help=true&page=%C6%FC%B5%AD%2F1957-08-10 HTTP/1.1" 200 50 "-" "SAMSUNG-SGH-E250/1.0 Profile/MIDP-2.0 Configuration/CLDC-1.1 UP.Browser/6.2.3.3.c.1.101 (GUI) MMP/2.0 (compatible; Googlebot-Mobile/2.1; +http://www.google.com/bot.html)"
66.249.76.52 - - [07/Apr/2013:07:24:25 +0900] "GET /ontolopedia/disp/word_show/407655 HTTP/1.1" 200 7735 "-" "Mozilla/5.0 (compatible; Googlebot/2.1; +http://www.google.com/bot.html)"
66.249.76.52 - - [07/Apr/2013:07:24:30 +0900] "GET /ontolopedia/disp/word_show/363439 HTTP/1.1" 200 7627 "-" "Mozilla/5.0 (compatible; Googlebot/2.1; +http://www.google.com/bot.html)"
66.249.76.52 - - [07/Apr/2013:07:24:36 +0900] "GET /ontolopedia/disp/word_show/407412 HTTP/1.1" 200 5935 "-" "Mozilla/5.0 (compatible; Googlebot/2.1; +http://www.google.com/bot.html)"
66.249.76.52 - - [07/Apr/2013:07:24:42 +0900] "GET /ontolopedia/disp/word_show/110598 HTTP/1.1" 200 10652 "-" "Mozilla/5.0 (compatible; Googlebot/2.1; +http://www.google.com/bot.html)"
66.249.76.52 - - [07/Apr/2013:07:24:47 +0900] "GET /~yosshi/wiki-old/index.php?cmd=edit&page=%C6%FC%B5%AD%2F2017-08-05&refer=%C6%FC%B5%AD HTTP/1.1" 200 1805 "-" "SAMSUNG-SGH-E250/1.0 Profile/MIDP-2.0 Configuration/CLDC-1.1 UP.Browser/6.2.3.3.c.1.101 (GUI) MMP/2.0 (compatible; Googlebot-Mobile/2.1; +http://www.google.com/bot.html)"
66.249.76.52 - - [07/Apr/2013:07:24:48 +0900] "GET /ontolopedia/disp/word_show/274713 HTTP/1.1" 200 7991 "-" "Mozilla/5.0 (compatible; Googlebot/2.1; +http://www.google.com/bot.html)"
66.249.76.52 - - [07/Apr/2013:07:24:54 +0900] "GET /ontolopedia/disp/word_show/328572 HTTP/1.1" 200 8372 "-" "Mozilla/5.0 (compatible; Googlebot/2.1; +http://www.google.com/bot.html)"
66.249.76.52 - - [07/Apr/2013:07:25:00 +0900] "GET /ontolopedia/disp/word_show/133376 HTTP/1.1" 200 13599 "-" "Mozilla/5.0 (compatible; Googlebot/2.1; +http://www.google.com/bot.html)"
66.249.76.52 - - [07/Apr/2013:07:25:06 +0900] "GET /ontolopedia/disp/word_show/36816 HTTP/1.1" 200 4205 "-" "Mozilla/5.0 (compatible; Googlebot/2.1; +http://www.google.com/bot.html)"
72.14.199.52 - - [07/Apr/2013:07:25:09 +0900] "GET /note/rss/comment/ HTTP/1.1" 200 9009 "-" "Feedfetcher-Google; (+http://www.google.com/feedfetcher.html; 7 subscribers; feed-id=3512785683584006639)"
66.249.76.52 - - [07/Apr/2013:07:25:12 +0900] "GET /ontolopedia/disp/word_show/130308 HTTP/1.1" 200 12108 "-" "Mozilla/5.0 (compatible; Googlebot/2.1; +http://www.google.com/bot.html)"
66.249.76.52 - - [07/Apr/2013:07:25:18 +0900] "GET /ontolopedia/disp/word_show/71979 HTTP/1.1" 200 7977 "-" "Mozilla/5.0 (compatible; Googlebot/2.1; +http://www.google.com/bot.html)"
66.249.76.52 - - [07/Apr/2013:07:25:24 +0900] "GET /ontolopedia/disp/word_show/306457 HTTP/1.1" 200 7998 "-" "Mozilla/5.0 (compatible; Googlebot/2.1; +http://www.google.com/bot.html)"
66.249.76.52 - - [07/Apr/2013:07:25:26 +0900] "GET /ontolopedia/disp/word_show/149401 HTTP/1.1" 500 309 "-" "Mozilla/5.0 (compatible; Googlebot/2.1; +http://www.google.com/bot.html)"
72.14.199.52 - - [07/Apr/2013:07:25:32 +0900] "GET /~yosshi/wiki-old/index.php?cmd=edit&help=true&page=%C6%FC%B5%AD%2F2004-11-29 HTTP/1.1" 200 50 "-" "DoCoMo/2.0 N905i(c100;TB;W24H16) (compatible; Googlebot-Mobile/2.1; +http://www.google.com/bot.html)"
66.249.76.52 - - [07/Apr/2013:07:25:37 +0900] "GET /ontolopedia/disp/word_show/360567 HTTP/1.1" 200 5221 "-" "Mozilla/5.0 (compatible; Googlebot/2.1; +http://www.google.com/bot.html)"
66.249.76.52 - - [07/Apr/2013:07:25:38 +0900] "GET /ontolopedia/disp/word_show/454821 HTTP/1.1" 200 5412 "-" "Mozilla/5.0 (compatible; Googlebot/2.1; +http://www.google.com/bot.html)"
66.249.76.52 - - [07/Apr/2013:07:25:42 +0900] "GET /ontolopedia/disp/word_show/277269 HTTP/1.1" 200 8417 "-" "Mozilla/5.0 (compatible; Googlebot/2.1; +http://www.google.com/bot.html)"
66.249.76.52 - - [07/Apr/2013:07:25:48 +0900] "GET /ontolopedia/disp/word_show/108934 HTTP/1.1" 200 6225 "-" "Mozilla/5.0 (compatible; Googlebot/2.1; +http://www.google.com/bot.html)"
66.249.76.52 - - [07/Apr/2013:07:25:54 +0900] "GET /ontolopedia/disp/word_show/464477 HTTP/1.1" 200 7508 "-" "Mozilla/5.0 (compatible; Googlebot/2.1; +http://www.google.com/bot.html)"
66.249.76.52 - - [07/Apr/2013:07:26:00 +0900] "GET /ontolopedia/disp/word_show/152410 HTTP/1.1" 200 7536 "-" "Mozilla/5.0 (compatible; Googlebot/2.1; +http://www.google.com/bot.html)"
66.249.76.52 - - [07/Apr/2013:07:26:06 +0900] "GET /ontolopedia/disp/word_show/383599 HTTP/1.1" 200 4976 "-" "Mozilla/5.0 (compatible; Googlebot/2.1; +http://www.google.com/bot.html)"
66.249.76.52 - - [07/Apr/2013:07:26:12 +0900] "GET /ontolopedia/disp/word_show/67962 HTTP/1.1" 200 5341 "-" "Mozilla/5.0 (compatible; Googlebot/2.1; +http://www.google.com/bot.html)"
66.249.76.52 - - [07/Apr/2013:07:26:18 +0900] "GET /ontolopedia/disp/word_show/326153 HTTP/1.1" 200 6633 "-" "Mozilla/5.0 (compatible; Googlebot/2.1; +http://www.google.com/bot.html)"
66.249.76.52 - - [07/Apr/2013:07:26:24 +0900] "GET /ontolopedia/disp/word_show/449334 HTTP/1.1" 200 6092 "-" "Mozilla/5.0 (compatible; Googlebot/2.1; +http://www.google.com/bot.html)"
66.249.76.52 - - [07/Apr/2013:07:26:30 +0900] "GET /ontolopedia/disp/word_show/276834 HTTP/1.1" 200 4178 "-" "Mozilla/5.0 (compatible; Googlebot/2.1; +http://www.google.com/bot.html)"
66.249.76.52 - - [07/Apr/2013:07:26:36 +0900] "GET /ontolopedia/disp/word_show/316541 HTTP/1.1" 200 9243 "-" "Mozilla/5.0 (compatible; Googlebot/2.1; +http://www.google.com/bot.html)"
66.249.76.52 - - [07/Apr/2013:07:26:42 +0900] "GET /ontolopedia/disp/word_show/317982 HTTP/1.1" 200 7164 "-" "Mozilla/5.0 (compatible; Googlebot/2.1; +http://www.google.com/bot.html)"
66.249.76.52 - - [07/Apr/2013:07:26:48 +0900] "GET /ontolopedia/disp/word_show/261529 HTTP/1.1" 200 5336 "-" "Mozilla/5.0 (compatible; Googlebot/2.1; +http://www.google.com/bot.html)"
66.249.76.52 - - [07/Apr/2013:07:26:54 +0900] "GET /ontolopedia/disp/word_show/161497 HTTP/1.1" 200 11364 "-" "Mozilla/5.0 (compatible; Googlebot/2.1; +http://www.google.com/bot.html)"
66.249.76.52 - - [07/Apr/2013:07:27:00 +0900] "GET /ontolopedia/disp/word_show/365242 HTTP/1.1" 200 6827 "-" "Mozilla/5.0 (compatible; Googlebot/2.1; +http://www.google.com/bot.html)"
72.14.199.52 - - [07/Apr/2013:07:27:01 +0900] "GET /~yosshi/blog/?feed=rss2 HTTP/1.1" 200 18920 "-" "Feedfetcher-Google; (+http://www.google.com/feedfetcher.html; 2 subscribers; feed-id=12397007534115446545)"
66.249.76.52 - - [07/Apr/2013:07:27:03 +0900] "GET /~yosshi/wiki-old/index.php?plugin=newpage&refer=%C6%FC%B5%AD%2F2017-08-05 HTTP/1.1" 200 795 "-" "SAMSUNG-SGH-E250/1.0 Profile/MIDP-2.0 Configuration/CLDC-1.1 UP.Browser/6.2.3.3.c.1.101 (GUI) MMP/2.0 (compatible; Googlebot-Mobile/2.1; +http://www.google.com/bot.html)"
66.249.76.52 - - [07/Apr/2013:07:27:06 +0900] "GET /ontolopedia/disp/word_show/365362 HTTP/1.1" 200 5324 "-" "Mozilla/5.0 (compatible; Googlebot/2.1; +http://www.google.com/bot.html)"
66.249.76.52 - - [07/Apr/2013:07:27:12 +0900] "GET /ontolopedia/disp/word_show/112203 HTTP/1.1" 200 8770 "-" "Mozilla/5.0 (compatible; Googlebot/2.1; +http://www.google.com/bot.html)"
66.249.76.52 - - [07/Apr/2013:07:27:18 +0900] "GET /ontolopedia/disp/word_show/237744 HTTP/1.1" 200 7801 "-" "Mozilla/5.0 (compatible; Googlebot/2.1; +http://www.google.com/bot.html)"
66.249.76.52 - - [07/Apr/2013:07:27:24 +0900] "GET /ontolopedia/disp/word_show/259943 HTTP/1.1" 200 9611 "-" "Mozilla/5.0 (compatible; Googlebot/2.1; +http://www.google.com/bot.html)"
66.249.76.52 - - [07/Apr/2013:07:27:30 +0900] "GET /ontolopedia/disp/word_show/119545 HTTP/1.1" 200 5469 "-" "Mozilla/5.0 (compatible; Googlebot/2.1; +http://www.google.com/bot.html)"
66.249.76.52 - - [07/Apr/2013:07:27:36 +0900] "GET /ontolopedia/disp/word_show/318071 HTTP/1.1" 200 9458 "-" "Mozilla/5.0 (compatible; Googlebot/2.1; +http://www.google.com/bot.html)"
66.249.76.52 - - [07/Apr/2013:07:27:42 +0900] "GET /ontolopedia/disp/word_show/135300 HTTP/1.1" 200 6711 "-" "Mozilla/5.0 (compatible; Googlebot/2.1; +http://www.google.com/bot.html)"
66.249.76.52 - - [07/Apr/2013:07:27:48 +0900] "GET /ontolopedia/disp/word_show/166589 HTTP/1.1" 200 7660 "-" "Mozilla/5.0 (compatible; Googlebot/2.1; +http://www.google.com/bot.html)"
66.249.76.52 - - [07/Apr/2013:07:27:54 +0900] "GET /ontolopedia/disp/word_show/311477 HTTP/1.1" 200 5531 "-" "Mozilla/5.0 (compatible; Googlebot/2.1; +http://www.google.com/bot.html)"
66.249.76.52 - - [07/Apr/2013:07:28:00 +0900] "GET /ontolopedia/disp/word_show/384500 HTTP/1.1" 200 7210 "-" "Mozilla/5.0 (compatible; Googlebot/2.1; +http://www.google.com/bot.html)"
66.249.76.52 - - [07/Apr/2013:07:28:06 +0900] "GET /ontolopedia/disp/word_show/339797 HTTP/1.1" 200 9727 "-" "Mozilla/5.0 (compatible; Googlebot/2.1; +http://www.google.com/bot.html)"
66.249.76.52 - - [07/Apr/2013:07:28:12 +0900] "GET /ontolopedia/disp/word_show/355962 HTTP/1.1" 200 5305 "-" "Mozilla/5.0 (compatible; Googlebot/2.1; +http://www.google.com/bot.html)"
66.249.76.52 - - [07/Apr/2013:07:28:17 +0900] "GET /ontolopedia/disp/word_show/461588 HTTP/1.1" 200 6101 "-" "Mozilla/5.0 (compatible; Googlebot/2.1; +http://www.google.com/bot.html)"
66.249.76.52 - - [07/Apr/2013:07:28:23 +0900] "GET /ontolopedia/disp/word_show/122647 HTTP/1.1" 200 4259 "-" "Mozilla/5.0 (compatible; Googlebot/2.1; +http://www.google.com/bot.html)"
66.249.76.52 - - [07/Apr/2013:07:28:29 +0900] "GET /ontolopedia/disp/word_show/115016 HTTP/1.1" 200 11386 "-" "Mozilla/5.0 (compatible; Googlebot/2.1; +http://www.google.com/bot.html)"
66.249.76.52 - - [07/Apr/2013:07:28:35 +0900] "GET /ontolopedia/disp/word_show/181537 HTTP/1.1" 200 4187 "-" "Mozilla/5.0 (compatible; Googlebot/2.1; +http://www.google.com/bot.html)"
66.249.76.52 - - [07/Apr/2013:07:28:41 +0900] "GET /ontolopedia/disp/word_show/187031 HTTP/1.1" 200 11572 "-" "Mozilla/5.0 (compatible; Googlebot/2.1; +http://www.google.com/bot.html)"
66.249.76.52 - - [07/Apr/2013:07:28:47 +0900] "GET /ontolopedia/disp/word_show/6912 HTTP/1.1" 200 5357 "-" "Mozilla/5.0 (compatible; Googlebot/2.1; +http://www.google.com/bot.html)"
66.249.76.52 - - [07/Apr/2013:07:28:53 +0900] "GET /ontolopedia/disp/word_show/9282 HTTP/1.1" 200 5662 "-" "Mozilla/5.0 (compatible; Googlebot/2.1; +http://www.google.com/bot.html)"
72.14.199.52 - - [07/Apr/2013:07:28:55 +0900] "GET /~yosshi/wiki-old/index.php?cmd=edit&help=true&page=%C6%FC%B5%AD%2F2004-11-22 HTTP/1.1" 200 50 "-" "DoCoMo/2.0 N905i(c100;TB;W24H16) (compatible; Googlebot-Mobile/2.1; +http://www.google.com/bot.html)"
66.249.76.52 - - [07/Apr/2013:07:28:59 +0900] "GET /ontolopedia/disp/word_show/177970 HTTP/1.1" 200 4224 "-" "Mozilla/5.0 (compatible; Googlebot/2.1; +http://www.google.com/bot.html)"
66.249.76.52 - - [07/Apr/2013:07:29:05 +0900] "GET /ontolopedia/disp/word_show/360593 HTTP/1.1" 200 5967 "-" "Mozilla/5.0 (compatible; Googlebot/2.1; +http://www.google.com/bot.html)"
66.249.76.52 - - [07/Apr/2013:07:29:11 +0900] "GET /ontolopedia/disp/word_show/96788 HTTP/1.1" 200 13147 "-" "Mozilla/5.0 (compatible; Googlebot/2.1; +http://www.google.com/bot.html)"
66.249.76.52 - - [07/Apr/2013:07:29:15 +0900] "GET /ontolopedia/disp/word_show/273390 HTTP/1.1" 200 5495 "-" "Mozilla/5.0 (compatible; Googlebot/2.1; +http://www.google.com/bot.html)"
66.249.76.52 - - [07/Apr/2013:07:29:17 +0900] "GET /ontolopedia/disp/word_show/99413 HTTP/1.1" 200 12056 "-" "Mozilla/5.0 (compatible; Googlebot/2.1; +http://www.google.com/bot.html)"
66.249.76.52 - - [07/Apr/2013:07:29:23 +0900] "GET /ontolopedia/disp/word_show/16309 HTTP/1.1" 200 10503 "-" "Mozilla/5.0 (compatible; Googlebot/2.1; +http://www.google.com/bot.html)"
66.249.76.52 - - [07/Apr/2013:07:29:25 +0900] "GET /~yosshi/wiki-old/index.php?cmd=edit&page=%C6%FC%B5%AD%2F1957-08-13 HTTP/1.1" 200 1805 "-" "SAMSUNG-SGH-E250/1.0 Profile/MIDP-2.0 Configuration/CLDC-1.1 UP.Browser/6.2.3.3.c.1.101 (GUI) MMP/2.0 (compatible; Googlebot-Mobile/2.1; +http://www.google.com/bot.html)"
66.249.76.52 - - [07/Apr/2013:07:29:29 +0900] "GET /ontolopedia/disp/word_show/44645 HTTP/1.1" 200 7022 "-" "Mozilla/5.0 (compatible; Googlebot/2.1; +http://www.google.com/bot.html)"
66.249.76.52 - - [07/Apr/2013:07:29:35 +0900] "GET /ontolopedia/disp/word_show/412388 HTTP/1.1" 200 9116 "-" "Mozilla/5.0 (compatible; Googlebot/2.1; +http://www.google.com/bot.html)"
66.249.76.52 - - [07/Apr/2013:07:29:41 +0900] "GET /ontolopedia/disp/word_show/159804 HTTP/1.1" 200 8072 "-" "Mozilla/5.0 (compatible; Googlebot/2.1; +http://www.google.com/bot.html)"
66.249.76.52 - - [07/Apr/2013:07:29:47 +0900] "GET /ontolopedia/disp/word_show/438788 HTTP/1.1" 200 10260 "-" "Mozilla/5.0 (compatible; Googlebot/2.1; +http://www.google.com/bot.html)"
66.249.76.52 - - [07/Apr/2013:07:29:53 +0900] "GET /ontolopedia/disp/word_show/392983 HTTP/1.1" 200 4177 "-" "Mozilla/5.0 (compatible; Googlebot/2.1; +http://www.google.com/bot.html)"
66.249.76.52 - - [07/Apr/2013:07:29:59 +0900] "GET /ontolopedia/disp/word_show/210400 HTTP/1.1" 200 6592 "-" "Mozilla/5.0 (compatible; Googlebot/2.1; +http://www.google.com/bot.html)"
66.249.76.52 - - [07/Apr/2013:07:30:05 +0900] "GET /ontolopedia/disp/word_show/49199 HTTP/1.1" 200 10642 "-" "Mozilla/5.0 (compatible; Googlebot/2.1; +http://www.google.com/bot.html)"
157.55.32.76 - - [07/Apr/2013:07:30:08 +0900] "GET /robots.txt HTTP/1.1" 404 208 "-" "Mozilla/5.0 (compatible; bingbot/2.0; +http://www.bing.com/bingbot.htm)"
157.55.32.76 - - [07/Apr/2013:07:30:09 +0900] "GET /~info3/wiki/index.php?cmd=backup&page=%B5%DC%CE%A4%A1%F5%CD%BF%B5%B7%C8%C9%2Flevel4&age=2&action=nowdiff HTTP/1.1" 200 6926 "-" "Mozilla/5.0 (compatible; bingbot/2.0; +http://www.bing.com/bingbot.htm)"
66.249.76.52 - - [07/Apr/2013:07:30:11 +0900] "GET /ontolopedia/disp/word_show/454462 HTTP/1.1" 200 4908 "-" "Mozilla/5.0 (compatible; Googlebot/2.1; +http://www.google.com/bot.html)"
66.249.76.52 - - [07/Apr/2013:07:30:14 +0900] "GET /ontolopedia/disp/word_show/243284 HTTP/1.1" 500 309 "-" "Mozilla/5.0 (compatible; Googlebot/2.1; +http://www.google.com/bot.html)"
157.56.93.73 - - [07/Apr/2013:07:30:20 +0900] "GET /~info3/wiki/index.php?plugin=attach&pcmd=list&refer=%C4%C5%C7%C8%B8%C5%C0%B5%B5%B1%A1%F5%E1%C4%B4%D6%B7%BC%B2%F0%2FLevel5 HTTP/1.1" 200 4175 "-" "Mozilla/5.0 (compatible; bingbot/2.0; +http://www.bing.com/bingbot.htm)"
66.249.76.52 - - [07/Apr/2013:07:30:25 +0900] "GET /ontolopedia/disp/word_show/492579 HTTP/1.1" 200 7383 "-" "Mozilla/5.0 (compatible; Googlebot/2.1; +http://www.google.com/bot.html)"
66.249.76.52 - - [07/Apr/2013:07:30:25 +0900] "GET /ontolopedia/disp/word_show/455289 HTTP/1.1" 200 4214 "-" "Mozilla/5.0 (compatible; Googlebot/2.1; +http://www.google.com/bot.html)"
66.249.76.52 - - [07/Apr/2013:07:30:29 +0900] "GET /ontolopedia/disp/word_show/64290 HTTP/1.1" 200 4667 "-" "Mozilla/5.0 (compatible; Googlebot/2.1; +http://www.google.com/bot.html)"
66.249.76.52 - - [07/Apr/2013:07:30:35 +0900] "GET /ontolopedia/disp/word_show/36329 HTTP/1.1" 200 34234 "-" "Mozilla/5.0 (compatible; Googlebot/2.1; +http://www.google.com/bot.html)"
66.249.76.52 - - [07/Apr/2013:07:30:37 +0900] "GET /ontolopedia/disp/word_show/484434 HTTP/1.1" 200 6938 "-" "Mozilla/5.0 (compatible; Googlebot/2.1; +http://www.google.com/bot.html)"
66.249.76.52 - - [07/Apr/2013:07:30:41 +0900] "GET /ontolopedia/disp/word_show/237066 HTTP/1.1" 200 5423 "-" "Mozilla/5.0 (compatible; Googlebot/2.1; +http://www.google.com/bot.html)"
66.249.76.52 - - [07/Apr/2013:07:30:47 +0900] "GET /ontolopedia/disp/word_show/253741 HTTP/1.1" 200 8141 "-" "Mozilla/5.0 (compatible; Googlebot/2.1; +http://www.google.com/bot.html)"
66.249.76.52 - - [07/Apr/2013:07:30:52 +0900] "GET /~yosshi/wiki-old/index.php?cmd=edit&page=%C6%FC%B5%AD%2F2017-09-14 HTTP/1.1" 200 1805 "-" "SAMSUNG-SGH-E250/1.0 Profile/MIDP-2.0 Configuration/CLDC-1.1 UP.Browser/6.2.3.3.c.1.101 (GUI) MMP/2.0 (compatible; Googlebot-Mobile/2.1; +http://www.google.com/bot.html)"
66.249.76.52 - - [07/Apr/2013:07:30:53 +0900] "GET /ontolopedia/disp/word_show/87688 HTTP/1.1" 200 4181 "-" "Mozilla/5.0 (compatible; Googlebot/2.1; +http://www.google.com/bot.html)"
93.158.149.31 - - [07/Apr/2013:07:30:53 +0900] "GET /robots.txt HTTP/1.1" 404 208 "-" "Mozilla/5.0 (compatible; YandexBot/3.0; +http://yandex.com/bots)"
66.249.76.52 - - [07/Apr/2013:07:30:59 +0900] "GET /ontolopedia/disp/word_show/97460 HTTP/1.1" 200 5033 "-" "Mozilla/5.0 (compatible; Googlebot/2.1; +http://www.google.com/bot.html)"
66.249.76.52 - - [07/Apr/2013:07:31:05 +0900] "GET /ontolopedia/disp/word_show/205191 HTTP/1.1" 200 7369 "-" "Mozilla/5.0 (compatible; Googlebot/2.1; +http://www.google.com/bot.html)"
66.249.76.52 - - [07/Apr/2013:07:31:11 +0900] "GET /ontolopedia/disp/word_show/264404 HTTP/1.1" 200 4995 "-" "Mozilla/5.0 (compatible; Googlebot/2.1; +http://www.google.com/bot.html)"
66.249.76.52 - - [07/Apr/2013:07:31:17 +0900] "GET /ontolopedia/disp/word_show/225447 HTTP/1.1" 200 4231 "-" "Mozilla/5.0 (compatible; Googlebot/2.1; +http://www.google.com/bot.html)"
66.249.76.52 - - [07/Apr/2013:07:31:22 +0900] "GET /ontolopedia/disp/word_show/354575 HTTP/1.1" 500 309 "-" "Mozilla/5.0 (compatible; Googlebot/2.1; +http://www.google.com/bot.html)"
66.249.76.52 - - [07/Apr/2013:07:31:33 +0900] "GET /ontolopedia/disp/word_show/9042 HTTP/1.1" 200 9479 "-" "Mozilla/5.0 (compatible; Googlebot/2.1; +http://www.google.com/bot.html)"
66.249.76.52 - - [07/Apr/2013:07:31:34 +0900] "GET /ontolopedia/disp/word_show/267486 HTTP/1.1" 200 7846 "-" "Mozilla/5.0 (compatible; Googlebot/2.1; +http://www.google.com/bot.html)"
66.249.76.52 - - [07/Apr/2013:07:31:35 +0900] "GET /ontolopedia/disp/word_show/311598 HTTP/1.1" 200 4193 "-" "Mozilla/5.0 (compatible; Googlebot/2.1; +http://www.google.com/bot.html)"
66.249.76.52 - - [07/Apr/2013:07:31:36 +0900] "GET /ontolopedia/disp/word_show/259094 HTTP/1.1" 200 7870 "-" "Mozilla/5.0 (compatible; Googlebot/2.1; +http://www.google.com/bot.html)"
66.249.76.52 - - [07/Apr/2013:07:31:41 +0900] "GET /ontolopedia/disp/word_show/410196 HTTP/1.1" 200 12931 "-" "Mozilla/5.0 (compatible; Googlebot/2.1; +http://www.google.com/bot.html)"
66.249.76.52 - - [07/Apr/2013:07:31:43 +0900] "GET /ontolopedia/disp/word_show/48382 HTTP/1.1" 200 12065 "-" "Mozilla/5.0 (compatible; Googlebot/2.1; +http://www.google.com/bot.html)"
66.249.76.52 - - [07/Apr/2013:07:31:47 +0900] "GET /ontolopedia/disp/word_show/136778 HTTP/1.1" 200 5991 "-" "Mozilla/5.0 (compatible; Googlebot/2.1; +http://www.google.com/bot.html)"
66.249.76.52 - - [07/Apr/2013:07:31:51 +0900] "GET /note/note_detail/2379 HTTP/1.1" 301 - "-" "Mozilla/5.0 (iPhone; U; CPU iPhone OS 4_1 like Mac OS X; en-us) AppleWebKit/532.9 (KHTML, like Gecko) Version/4.0.5 Mobile/8B117 Safari/6531.22.7 (compatible; Googlebot-Mobile/2.1; +http://www.google.com/bot.html)"
66.249.76.52 - - [07/Apr/2013:07:31:52 +0900] "GET /note/note_detail/2379/ HTTP/1.1" 200 6460 "-" "Mozilla/5.0 (iPhone; U; CPU iPhone OS 4_1 like Mac OS X; en-us) AppleWebKit/532.9 (KHTML, like Gecko) Version/4.0.5 Mobile/8B117 Safari/6531.22.7 (compatible; Googlebot-Mobile/2.1; +http://www.google.com/bot.html)"
66.249.76.52 - - [07/Apr/2013:07:31:53 +0900] "GET /ontolopedia/disp/word_show/64951 HTTP/1.1" 200 5393 "-" "Mozilla/5.0 (compatible; Googlebot/2.1; +http://www.google.com/bot.html)"
66.249.76.52 - - [07/Apr/2013:07:31:59 +0900] "GET /ontolopedia/disp/word_show/130560 HTTP/1.1" 200 4210 "-" "Mozilla/5.0 (compatible; Googlebot/2.1; +http://www.google.com/bot.html)"
66.249.76.52 - - [07/Apr/2013:07:32:05 +0900] "GET /ontolopedia/disp/word_show/25050 HTTP/1.1" 200 5373 "-" "Mozilla/5.0 (compatible; Googlebot/2.1; +http://www.google.com/bot.html)"
66.249.76.52 - - [07/Apr/2013:07:32:11 +0900] "GET /ontolopedia/disp/word_show/237110 HTTP/1.1" 200 10517 "-" "Mozilla/5.0 (compatible; Googlebot/2.1; +http://www.google.com/bot.html)"
66.249.76.52 - - [07/Apr/2013:07:32:17 +0900] "GET /ontolopedia/disp/word_show/367941 HTTP/1.1" 200 5915 "-" "Mozilla/5.0 (compatible; Googlebot/2.1; +http://www.google.com/bot.html)"
66.249.76.52 - - [07/Apr/2013:07:32:29 +0900] "GET /ontolopedia/disp/word_show/317691 HTTP/1.1" 200 10748 "-" "Mozilla/5.0 (compatible; Googlebot/2.1; +http://www.google.com/bot.html)"
66.249.76.52 - - [07/Apr/2013:07:32:35 +0900] "GET /ontolopedia/disp/word_show/377330 HTTP/1.1" 200 7531 "-" "Mozilla/5.0 (compatible; Googlebot/2.1; +http://www.google.com/bot.html)"
66.249.76.52 - - [07/Apr/2013:07:32:41 +0900] "GET /ontolopedia/disp/word_show/109990 HTTP/1.1" 200 5989 "-" "Mozilla/5.0 (compatible; Googlebot/2.1; +http://www.google.com/bot.html)"
66.249.76.52 - - [07/Apr/2013:07:32:47 +0900] "GET /ontolopedia/disp/word_show/300364 HTTP/1.1" 200 9056 "-" "Mozilla/5.0 (compatible; Googlebot/2.1; +http://www.google.com/bot.html)"
66.249.76.52 - - [07/Apr/2013:07:32:52 +0900] "GET /ontolopedia/disp/word_show/179040 HTTP/1.1" 500 309 "-" "Mozilla/5.0 (compatible; Googlebot/2.1; +http://www.google.com/bot.html)"
72.14.199.52 - - [07/Apr/2013:07:32:55 +0900] "GET /~yosshi/wiki-old/index.php?cmd=edit&page=%C6%FC%B5%AD%2F2021-06-12&refer=%C6%FC%B5%AD HTTP/1.1" 200 1805 "-" "DoCoMo/2.0 N905i(c100;TB;W24H16) (compatible; Googlebot-Mobile/2.1; +http://www.google.com/bot.html)"
66.249.76.52 - - [07/Apr/2013:07:33:02 +0900] "GET /ontolopedia/disp/word_show/302230 HTTP/1.1" 200 5146 "-" "Mozilla/5.0 (compatible; Googlebot/2.1; +http://www.google.com/bot.html)"
66.249.76.52 - - [07/Apr/2013:07:33:03 +0900] "GET /ontolopedia/disp/word_show/212648 HTTP/1.1" 200 5178 "-" "Mozilla/5.0 (compatible; Googlebot/2.1; +http://www.google.com/bot.html)"
66.249.76.52 - - [07/Apr/2013:07:33:05 +0900] "GET /ontolopedia/disp/word_show/113138 HTTP/1.1" 200 12789 "-" "Mozilla/5.0 (compatible; Googlebot/2.1; +http://www.google.com/bot.html)"
66.249.76.52 - - [07/Apr/2013:07:33:11 +0900] "GET /ontolopedia/disp/word_show/73724 HTTP/1.1" 200 5443 "-" "Mozilla/5.0 (compatible; Googlebot/2.1; +http://www.google.com/bot.html)"
66.249.76.52 - - [07/Apr/2013:07:33:16 +0900] "GET /ontolopedia/disp/word_show/259440 HTTP/1.1" 200 8270 "-" "Mozilla/5.0 (compatible; Googlebot/2.1; +http://www.google.com/bot.html)"
66.249.76.52 - - [07/Apr/2013:07:33:22 +0900] "GET /ontolopedia/disp/word_show/211845 HTTP/1.1" 200 12741 "-" "Mozilla/5.0 (compatible; Googlebot/2.1; +http://www.google.com/bot.html)"
66.249.76.52 - - [07/Apr/2013:07:33:28 +0900] "GET /ontolopedia/disp/word_show/246581 HTTP/1.1" 200 5718 "-" "Mozilla/5.0 (compatible; Googlebot/2.1; +http://www.google.com/bot.html)"
66.249.76.52 - - [07/Apr/2013:07:33:34 +0900] "GET /ontolopedia/disp/word_show/261272 HTTP/1.1" 200 4237 "-" "Mozilla/5.0 (compatible; Googlebot/2.1; +http://www.google.com/bot.html)"
157.56.93.73 - - [07/Apr/2013:07:33:40 +0900] "GET /robots.txt HTTP/1.1" 404 208 "-" "Mozilla/5.0 (compatible; bingbot/2.0; +http://www.bing.com/bingbot.htm)"
66.249.76.52 - - [07/Apr/2013:07:33:40 +0900] "GET /ontolopedia/disp/word_show/176920 HTTP/1.1" 200 4864 "-" "Mozilla/5.0 (compatible; Googlebot/2.1; +http://www.google.com/bot.html)"
119.63.196.126 - - [07/Apr/2013:07:33:42 +0900] "GET /note/note_detail/2264/ HTTP/1.1" 200 14595 "-" "Mozilla/5.0 (compatible; Baiduspider/2.0; +http://www.baidu.com/search/spider.html)"
66.249.76.52 - - [07/Apr/2013:07:33:46 +0900] "GET /ontolopedia/disp/word_show/376711 HTTP/1.1" 200 5565 "-" "Mozilla/5.0 (compatible; Googlebot/2.1; +http://www.google.com/bot.html)"
157.56.93.73 - - [07/Apr/2013:07:33:47 +0900] "GET /note/note_detail/293/ HTTP/1.1" 200 7125 "-" "Mozilla/5.0 (compatible; bingbot/2.0; +http://www.bing.com/bingbot.htm)"
66.249.76.52 - - [07/Apr/2013:07:33:52 +0900] "GET /ontolopedia/disp/word_show/104226 HTTP/1.1" 200 4189 "-" "Mozilla/5.0 (compatible; Googlebot/2.1; +http://www.google.com/bot.html)"
66.249.76.52 - - [07/Apr/2013:07:33:53 +0900] "GET /ontolopedia/disp/word_show/115441 HTTP/1.1" 200 5337 "-" "Mozilla/5.0 (compatible; Googlebot/2.1; +http://www.google.com/bot.html)"
66.249.76.52 - - [07/Apr/2013:07:33:58 +0900] "GET /ontolopedia/disp/word_show/275301 HTTP/1.1" 200 4169 "-" "Mozilla/5.0 (compatible; Googlebot/2.1; +http://www.google.com/bot.html)"
66.249.76.52 - - [07/Apr/2013:07:34:04 +0900] "GET /ontolopedia/disp/word_show/157029 HTTP/1.1" 200 7997 "-" "Mozilla/5.0 (compatible; Googlebot/2.1; +http://www.google.com/bot.html)"
66.249.76.52 - - [07/Apr/2013:07:34:07 +0900] "GET /~yosshi/wiki-old/index.php?cmd=edit&page=%C6%FC%B5%AD%2F2017-07-01&refer=%C6%FC%B5%AD HTTP/1.1" 200 1805 "-" "SAMSUNG-SGH-E250/1.0 Profile/MIDP-2.0 Configuration/CLDC-1.1 UP.Browser/6.2.3.3.c.1.101 (GUI) MMP/2.0 (compatible; Googlebot-Mobile/2.1; +http://www.google.com/bot.html)"
66.249.76.52 - - [07/Apr/2013:07:34:10 +0900] "GET /ontolopedia/disp/word_show/209084 HTTP/1.1" 200 9922 "-" "Mozilla/5.0 (compatible; Googlebot/2.1; +http://www.google.com/bot.html)"
59.106.108.114 - - [07/Apr/2013:07:34:12 +0900] "HEAD /~yosshi/blog/2008/09/17/too-many-open-file/ HTTP/1.1" 404 - "-" "Hatena Antenna/0.5 (http://a.hatena.ne.jp/help)"
59.106.108.114 - - [07/Apr/2013:07:34:12 +0900] "GET /~yosshi/blog/2008/09/17/too-many-open-file/ HTTP/1.1" 404 241 "-" "Hatena Antenna/0.5 (http://a.hatena.ne.jp/help)"
66.249.76.52 - - [07/Apr/2013:07:34:16 +0900] "GET /ontolopedia/disp/word_show/381264 HTTP/1.1" 200 6118 "-" "Mozilla/5.0 (compatible; Googlebot/2.1; +http://www.google.com/bot.html)"
66.249.76.52 - - [07/Apr/2013:07:34:22 +0900] "GET /ontolopedia/disp/word_show/313448 HTTP/1.1" 500 309 "-" "Mozilla/5.0 (compatible; Googlebot/2.1; +http://www.google.com/bot.html)"
66.249.76.52 - - [07/Apr/2013:07:34:32 +0900] "GET /ontolopedia/disp/word_show/358393 HTTP/1.1" 200 5208 "-" "Mozilla/5.0 (compatible; Googlebot/2.1; +http://www.google.com/bot.html)"
66.249.76.52 - - [07/Apr/2013:07:34:33 +0900] "GET /ontolopedia/disp/word_show/144921 HTTP/1.1" 200 9082 "-" "Mozilla/5.0 (compatible; Googlebot/2.1; +http://www.google.com/bot.html)"
66.249.76.52 - - [07/Apr/2013:07:34:34 +0900] "GET /ontolopedia/disp/word_show/483811 HTTP/1.1" 200 5565 "-" "Mozilla/5.0 (compatible; Googlebot/2.1; +http://www.google.com/bot.html)"
66.249.76.52 - - [07/Apr/2013:07:34:35 +0900] "GET /ontolopedia/disp/word_show/209103 HTTP/1.1" 200 5181 "-" "Mozilla/5.0 (compatible; Googlebot/2.1; +http://www.google.com/bot.html)"
66.249.76.52 - - [07/Apr/2013:07:34:40 +0900] "GET /ontolopedia/disp/word_show/196600 HTTP/1.1" 200 7815 "-" "Mozilla/5.0 (compatible; Googlebot/2.1; +http://www.google.com/bot.html)"
66.249.76.52 - - [07/Apr/2013:07:34:46 +0900] "GET /ontolopedia/disp/word_show/246109 HTTP/1.1" 200 8720 "-" "Mozilla/5.0 (compatible; Googlebot/2.1; +http://www.google.com/bot.html)"
66.249.76.52 - - [07/Apr/2013:07:34:52 +0900] "GET /ontolopedia/disp/word_show/279895 HTTP/1.1" 200 6801 "-" "Mozilla/5.0 (compatible; Googlebot/2.1; +http://www.google.com/bot.html)"
66.249.76.52 - - [07/Apr/2013:07:34:58 +0900] "GET /ontolopedia/disp/word_show/203637 HTTP/1.1" 200 11964 "-" "Mozilla/5.0 (compatible; Googlebot/2.1; +http://www.google.com/bot.html)"
66.249.76.52 - - [07/Apr/2013:07:35:01 +0900] "GET /ontolopedia/disp/word_show/3600 HTTP/1.1" 200 47383 "-" "Mozilla/5.0 (compatible; Googlebot/2.1; +http://www.google.com/bot.html)"
66.249.76.52 - - [07/Apr/2013:07:35:04 +0900] "GET /ontolopedia/disp/word_show/209131 HTTP/1.1" 200 11113 "-" "Mozilla/5.0 (compatible; Googlebot/2.1; +http://www.google.com/bot.html)"
66.249.76.52 - - [07/Apr/2013:07:35:10 +0900] "GET /ontolopedia/disp/word_show/444006 HTTP/1.1" 200 5515 "-" "Mozilla/5.0 (compatible; Googlebot/2.1; +http://www.google.com/bot.html)"
66.249.76.52 - - [07/Apr/2013:07:35:16 +0900] "GET /ontolopedia/disp/word_show/383378 HTTP/1.1" 200 4408 "-" "Mozilla/5.0 (compatible; Googlebot/2.1; +http://www.google.com/bot.html)"
66.249.76.52 - - [07/Apr/2013:07:35:22 +0900] "GET /ontolopedia/disp/word_show/373772 HTTP/1.1" 200 6741 "-" "Mozilla/5.0 (compatible; Googlebot/2.1; +http://www.google.com/bot.html)"
66.249.76.52 - - [07/Apr/2013:07:35:28 +0900] "GET /ontolopedia/disp/word_show/295135 HTTP/1.1" 200 6310 "-" "Mozilla/5.0 (compatible; Googlebot/2.1; +http://www.google.com/bot.html)"
66.249.76.52 - - [07/Apr/2013:07:35:34 +0900] "GET /ontolopedia/disp/word_show/409012 HTTP/1.1" 200 4176 "-" "Mozilla/5.0 (compatible; Googlebot/2.1; +http://www.google.com/bot.html)"
66.249.76.52 - - [07/Apr/2013:07:35:40 +0900] "GET /ontolopedia/disp/word_show/379201 HTTP/1.1" 200 4173 "-" "Mozilla/5.0 (compatible; Googlebot/2.1; +http://www.google.com/bot.html)"
66.249.76.52 - - [07/Apr/2013:07:35:45 +0900] "GET /~yosshi/wiki-old/index.php?cmd=edit&help=true&page=%C6%FC%B5%AD%2F2017-07-01 HTTP/1.1" 200 50 "-" "SAMSUNG-SGH-E250/1.0 Profile/MIDP-2.0 Configuration/CLDC-1.1 UP.Browser/6.2.3.3.c.1.101 (GUI) MMP/2.0 (compatible; Googlebot-Mobile/2.1; +http://www.google.com/bot.html)"
66.249.76.52 - - [07/Apr/2013:07:35:46 +0900] "GET /ontolopedia/disp/word_show/107952 HTTP/1.1" 200 15073 "-" "Mozilla/5.0 (compatible; Googlebot/2.1; +http://www.google.com/bot.html)"
66.249.76.52 - - [07/Apr/2013:07:35:51 +0900] "GET /ontolopedia/disp/word_show/309532 HTTP/1.1" 500 309 "-" "Mozilla/5.0 (compatible; Googlebot/2.1; +http://www.google.com/bot.html)"
66.249.76.52 - - [07/Apr/2013:07:36:01 +0900] "GET /ontolopedia/disp/word_show/75939 HTTP/1.1" 200 8818 "-" "Mozilla/5.0 (compatible; Googlebot/2.1; +http://www.google.com/bot.html)"
66.249.76.52 - - [07/Apr/2013:07:36:02 +0900] "GET /ontolopedia/disp/word_show/103235 HTTP/1.1" 200 9918 "-" "Mozilla/5.0 (compatible; Googlebot/2.1; +http://www.google.com/bot.html)"
66.249.76.52 - - [07/Apr/2013:07:36:03 +0900] "GET /ontolopedia/disp/word_show/191463 HTTP/1.1" 200 10819 "-" "Mozilla/5.0 (compatible; Googlebot/2.1; +http://www.google.com/bot.html)"
66.249.76.52 - - [07/Apr/2013:07:36:04 +0900] "GET /ontolopedia/disp/word_show/116096 HTTP/1.1" 200 5050 "-" "Mozilla/5.0 (compatible; Googlebot/2.1; +http://www.google.com/bot.html)"
66.249.76.52 - - [07/Apr/2013:07:36:10 +0900] "GET /ontolopedia/disp/word_show/467894 HTTP/1.1" 200 6218 "-" "Mozilla/5.0 (compatible; Googlebot/2.1; +http://www.google.com/bot.html)"
66.249.76.52 - - [07/Apr/2013:07:36:16 +0900] "GET /ontolopedia/disp/word_show/106998 HTTP/1.1" 200 8664 "-" "Mozilla/5.0 (compatible; Googlebot/2.1; +http://www.google.com/bot.html)"
66.249.76.52 - - [07/Apr/2013:07:36:22 +0900] "GET /ontolopedia/disp/word_show/270907 HTTP/1.1" 200 7849 "-" "Mozilla/5.0 (compatible; Googlebot/2.1; +http://www.google.com/bot.html)"
66.249.76.52 - - [07/Apr/2013:07:36:28 +0900] "GET /ontolopedia/disp/word_show/360559 HTTP/1.1" 200 11859 "-" "Mozilla/5.0 (compatible; Googlebot/2.1; +http://www.google.com/bot.html)"
66.249.76.52 - - [07/Apr/2013:07:36:34 +0900] "GET /ontolopedia/disp/word_show/90097 HTTP/1.1" 200 4211 "-" "Mozilla/5.0 (compatible; Googlebot/2.1; +http://www.google.com/bot.html)"
66.249.76.52 - - [07/Apr/2013:07:36:40 +0900] "GET /ontolopedia/disp/word_show/44968 HTTP/1.1" 200 10980 "-" "Mozilla/5.0 (compatible; Googlebot/2.1; +http://www.google.com/bot.html)"
66.249.76.52 - - [07/Apr/2013:07:36:46 +0900] "GET /ontolopedia/disp/word_show/378433 HTTP/1.1" 200 8629 "-" "Mozilla/5.0 (compatible; Googlebot/2.1; +http://www.google.com/bot.html)"
66.249.76.52 - - [07/Apr/2013:07:36:52 +0900] "GET /ontolopedia/disp/word_show/427363 HTTP/1.1" 200 4188 "-" "Mozilla/5.0 (compatible; Googlebot/2.1; +http://www.google.com/bot.html)"
66.249.76.52 - - [07/Apr/2013:07:36:58 +0900] "GET /ontolopedia/disp/word_show/315950 HTTP/1.1" 200 7444 "-" "Mozilla/5.0 (compatible; Googlebot/2.1; +http://www.google.com/bot.html)"
66.249.76.52 - - [07/Apr/2013:07:37:04 +0900] "GET /ontolopedia/disp/word_show/7332 HTTP/1.1" 200 8162 "-" "Mozilla/5.0 (compatible; Googlebot/2.1; +http://www.google.com/bot.html)"
157.55.32.103 - - [07/Apr/2013:07:37:08 +0900] "GET /~info3/wiki/index.php?cmd=backup&page=MenuBar&age=14&action=nowdiff HTTP/1.1" 200 16593 "-" "Mozilla/5.0 (compatible; bingbot/2.0; +http://www.bing.com/bingbot.htm)"
157.55.32.103 - - [07/Apr/2013:07:37:08 +0900] "GET /~info3/wiki/index.php?plugin=template&refer=11%B7%EE18%C6%FC HTTP/1.1" 200 13170 "-" "Mozilla/5.0 (compatible; bingbot/2.0; +http://www.bing.com/bingbot.htm)"
157.55.32.103 - - [07/Apr/2013:07:37:09 +0900] "GET /~yosshi/rbc_wiki/index.php?cmd=backup&page=FrontPage&age=17&action=source HTTP/1.1" 200 446623 "-" "Mozilla/5.0 (compatible; bingbot/2.0; +http://www.bing.com/bingbot.htm)"
66.249.76.52 - - [07/Apr/2013:07:37:10 +0900] "GET /ontolopedia/disp/word_show/98412 HTTP/1.1" 200 9364 "-" "Mozilla/5.0 (compatible; Googlebot/2.1; +http://www.google.com/bot.html)"
66.249.76.52 - - [07/Apr/2013:07:37:16 +0900] "GET /ontolopedia/disp/word_show/455014 HTTP/1.1" 200 6374 "-" "Mozilla/5.0 (compatible; Googlebot/2.1; +http://www.google.com/bot.html)"
66.249.76.52 - - [07/Apr/2013:07:37:21 +0900] "GET /ontolopedia/disp/word_show/250092 HTTP/1.1" 500 309 "-" "Mozilla/5.0 (compatible; Googlebot/2.1; +http://www.google.com/bot.html)"
66.249.76.52 - - [07/Apr/2013:07:37:32 +0900] "GET /ontolopedia/disp/word_show/174732 HTTP/1.1" 200 4222 "-" "Mozilla/5.0 (compatible; Googlebot/2.1; +http://www.google.com/bot.html)"
66.249.76.52 - - [07/Apr/2013:07:37:32 +0900] "GET /ontolopedia/disp/word_show/411704 HTTP/1.1" 200 4239 "-" "Mozilla/5.0 (compatible; Googlebot/2.1; +http://www.google.com/bot.html)"
66.249.76.52 - - [07/Apr/2013:07:37:34 +0900] "GET /ontolopedia/disp/word_show/210682 HTTP/1.1" 200 5140 "-" "Mozilla/5.0 (compatible; Googlebot/2.1; +http://www.google.com/bot.html)"
157.55.32.76 - - [07/Apr/2013:07:37:38 +0900] "GET /~info3/wiki/index.php?cmd=backup&action=nowdiff&page=%B5%C4%BB%F6%CF%BF&age=6 HTTP/1.1" 200 7969 "-" "Mozilla/5.0 (compatible; bingbot/2.0; +http://www.bing.com/bingbot.htm)"
66.249.76.52 - - [07/Apr/2013:07:37:40 +0900] "GET /ontolopedia/disp/word_show/134779 HTTP/1.1" 200 9122 "-" "Mozilla/5.0 (compatible; Googlebot/2.1; +http://www.google.com/bot.html)"
66.249.76.52 - - [07/Apr/2013:07:37:46 +0900] "GET /ontolopedia/disp/word_show/409836 HTTP/1.1" 200 6775 "-" "Mozilla/5.0 (compatible; Googlebot/2.1; +http://www.google.com/bot.html)"
66.249.76.52 - - [07/Apr/2013:07:37:52 +0900] "GET /note/note_detail/2471/ HTTP/1.1" 200 6578 "-" "Mozilla/5.0 (compatible; Googlebot/2.1; +http://www.google.com/bot.html)"
66.249.76.52 - - [07/Apr/2013:07:37:58 +0900] "GET /ontolopedia/disp/word_show/340229 HTTP/1.1" 200 7740 "-" "Mozilla/5.0 (compatible; Googlebot/2.1; +http://www.google.com/bot.html)"
66.249.76.52 - - [07/Apr/2013:07:38:04 +0900] "GET /ontolopedia/disp/word_show/111807 HTTP/1.1" 200 6943 "-" "Mozilla/5.0 (compatible; Googlebot/2.1; +http://www.google.com/bot.html)"
66.249.76.52 - - [07/Apr/2013:07:38:10 +0900] "GET /ontolopedia/disp/word_show/300307 HTTP/1.1" 200 4306 "-" "Mozilla/5.0 (compatible; Googlebot/2.1; +http://www.google.com/bot.html)"
66.249.76.52 - - [07/Apr/2013:07:38:10 +0900] "GET /ontolopedia/disp/word_show/444512 HTTP/1.1" 200 8505 "-" "Mozilla/5.0 (compatible; Googlebot/2.1; +http://www.google.com/bot.html)"
66.249.76.52 - - [07/Apr/2013:07:38:11 +0900] "GET /ontolopedia/disp/word_show/92708 HTTP/1.1" 200 4206 "-" "Mozilla/5.0 (compatible; Googlebot/2.1; +http://www.google.com/bot.html)"
66.249.76.52 - - [07/Apr/2013:07:38:16 +0900] "GET /ontolopedia/disp/word_show/354164 HTTP/1.1" 200 4190 "-" "Mozilla/5.0 (compatible; Googlebot/2.1; +http://www.google.com/bot.html)"
66.249.76.52 - - [07/Apr/2013:07:38:22 +0900] "GET /ontolopedia/disp/word_show/228357 HTTP/1.1" 200 5028 "-" "Mozilla/5.0 (compatible; Googlebot/2.1; +http://www.google.com/bot.html)"
66.249.76.52 - - [07/Apr/2013:07:38:28 +0900] "GET /ontolopedia/disp/word_show/219346 HTTP/1.1" 200 5817 "-" "Mozilla/5.0 (compatible; Googlebot/2.1; +http://www.google.com/bot.html)"
66.249.76.52 - - [07/Apr/2013:07:38:33 +0900] "GET /ontolopedia/disp/word_show/268202 HTTP/1.1" 200 6575 "-" "Mozilla/5.0 (compatible; Googlebot/2.1; +http://www.google.com/bot.html)"
66.249.76.52 - - [07/Apr/2013:07:38:39 +0900] "GET /ontolopedia/disp/word_show/220450 HTTP/1.1" 200 6149 "-" "Mozilla/5.0 (compatible; Googlebot/2.1; +http://www.google.com/bot.html)"
66.249.76.52 - - [07/Apr/2013:07:38:45 +0900] "GET /ontolopedia/disp/word_show/258689 HTTP/1.1" 200 5107 "-" "Mozilla/5.0 (compatible; Googlebot/2.1; +http://www.google.com/bot.html)"
66.249.76.52 - - [07/Apr/2013:07:38:51 +0900] "GET /ontolopedia/disp/word_show/415179 HTTP/1.1" 500 309 "-" "Mozilla/5.0 (compatible; Googlebot/2.1; +http://www.google.com/bot.html)"
66.249.76.52 - - [07/Apr/2013:07:38:52 +0900] "GET /~yosshi/wiki-old/index.php?cmd=edit&page=%C6%FC%B5%AD%2F1950-10-14 HTTP/1.1" 200 1805 "-" "SAMSUNG-SGH-E250/1.0 Profile/MIDP-2.0 Configuration/CLDC-1.1 UP.Browser/6.2.3.3.c.1.101 (GUI) MMP/2.0 (compatible; Googlebot-Mobile/2.1; +http://www.google.com/bot.html)"
72.14.199.52 - - [07/Apr/2013:07:38:53 +0900] "GET /~yosshi/wiki-old/index.php?cmd=edit&help=true&page=%C6%FC%B5%AD%2F2004-11-05 HTTP/1.1" 200 50 "-" "DoCoMo/2.0 N905i(c100;TB;W24H16) (compatible; Googlebot-Mobile/2.1; +http://www.google.com/bot.html)"
66.249.76.52 - - [07/Apr/2013:07:39:01 +0900] "GET /ontolopedia/disp/word_show/409795 HTTP/1.1" 200 7479 "-" "Mozilla/5.0 (compatible; Googlebot/2.1; +http://www.google.com/bot.html)"
66.249.76.52 - - [07/Apr/2013:07:39:02 +0900] "GET /ontolopedia/disp/word_show/204551 HTTP/1.1" 200 4172 "-" "Mozilla/5.0 (compatible; Googlebot/2.1; +http://www.google.com/bot.html)"
66.249.76.52 - - [07/Apr/2013:07:39:09 +0900] "GET /ontolopedia/disp/word_show/104250 HTTP/1.1" 200 6987 "-" "Mozilla/5.0 (compatible; Googlebot/2.1; +http://www.google.com/bot.html)"
66.249.76.52 - - [07/Apr/2013:07:39:15 +0900] "GET /ontolopedia/disp/word_show/26361 HTTP/1.1" 200 9430 "-" "Mozilla/5.0 (compatible; Googlebot/2.1; +http://www.google.com/bot.html)"
119.235.237.17 - - [07/Apr/2013:07:39:21 +0900] "GET /note/note_detail/2142 HTTP/1.1" 301 - "-" "Yeti/1.0 (NHN Corp.; http://help.naver.com/robots/)"
66.249.76.52 - - [07/Apr/2013:07:39:21 +0900] "GET /ontolopedia/disp/word_show/75949 HTTP/1.1" 200 6640 "-" "Mozilla/5.0 (compatible; Googlebot/2.1; +http://www.google.com/bot.html)"
66.249.76.52 - - [07/Apr/2013:07:39:27 +0900] "GET /ontolopedia/disp/word_show/455324 HTTP/1.1" 200 10940 "-" "Mozilla/5.0 (compatible; Googlebot/2.1; +http://www.google.com/bot.html)"
66.249.76.52 - - [07/Apr/2013:07:39:33 +0900] "GET /ontolopedia/disp/word_show/415344 HTTP/1.1" 200 5428 "-" "Mozilla/5.0 (compatible; Googlebot/2.1; +http://www.google.com/bot.html)"
157.55.32.103 - - [07/Apr/2013:07:39:38 +0900] "GET /~yosshi/rbc_wiki/index.php?cmd=backup&action=source&page=FrontPage&age=13 HTTP/1.1" 200 444756 "-" "Mozilla/5.0 (compatible; bingbot/2.0; +http://www.bing.com/bingbot.htm)"
66.249.76.52 - - [07/Apr/2013:07:39:39 +0900] "GET /ontolopedia/disp/word_show/281397 HTTP/1.1" 200 8093 "-" "Mozilla/5.0 (compatible; Googlebot/2.1; +http://www.google.com/bot.html)"
66.249.76.52 - - [07/Apr/2013:07:39:45 +0900] "GET /ontolopedia/disp/word_show/294031 HTTP/1.1" 200 5303 "-" "Mozilla/5.0 (compatible; Googlebot/2.1; +http://www.google.com/bot.html)"
66.249.76.52 - - [07/Apr/2013:07:39:51 +0900] "GET /ontolopedia/disp/word_show/392628 HTTP/1.1" 200 8297 "-" "Mozilla/5.0 (compatible; Googlebot/2.1; +http://www.google.com/bot.html)"
66.249.76.52 - - [07/Apr/2013:07:39:52 +0900] "GET /~yosshi/wiki-old/index.php?cmd=edit&help=true&page=%C6%FC%B5%AD%2F2017-08-13 HTTP/1.1" 200 50 "-" "SAMSUNG-SGH-E250/1.0 Profile/MIDP-2.0 Configuration/CLDC-1.1 UP.Browser/6.2.3.3.c.1.101 (GUI) MMP/2.0 (compatible; Googlebot-Mobile/2.1; +http://www.google.com/bot.html)"
66.249.76.52 - - [07/Apr/2013:07:39:57 +0900] "GET /ontolopedia/disp/word_show/372169 HTTP/1.1" 200 4205 "-" "Mozilla/5.0 (compatible; Googlebot/2.1; +http://www.google.com/bot.html)"
66.249.76.52 - - [07/Apr/2013:07:40:03 +0900] "GET /ontolopedia/disp/word_show/324625 HTTP/1.1" 200 8854 "-" "Mozilla/5.0 (compatible; Googlebot/2.1; +http://www.google.com/bot.html)"
66.249.76.52 - - [07/Apr/2013:07:40:09 +0900] "GET /ontolopedia/disp/word_show/127471 HTTP/1.1" 200 4336 "-" "Mozilla/5.0 (compatible; Googlebot/2.1; +http://www.google.com/bot.html)"
157.55.32.103 - - [07/Apr/2013:07:40:14 +0900] "GET /~info3/wiki/index.php?plugin=newpage&refer=%B5%DC%CE%A4%A1%F5%CD%BF%B5%B7%C8%C9%2Flevel3 HTTP/1.1" 200 4333 "-" "Mozilla/5.0 (compatible; bingbot/2.0; +http://www.bing.com/bingbot.htm)"
66.249.76.52 - - [07/Apr/2013:07:40:15 +0900] "GET /ontolopedia/disp/word_show/201493 HTTP/1.1" 200 8408 "-" "Mozilla/5.0 (compatible; Googlebot/2.1; +http://www.google.com/bot.html)"
66.249.76.52 - - [07/Apr/2013:07:40:19 +0900] "GET /ontolopedia/disp/word_show/271001 HTTP/1.1" 200 9093 "-" "Mozilla/5.0 (compatible; Googlebot/2.1; +http://www.google.com/bot.html)"
66.249.76.52 - - [07/Apr/2013:07:40:21 +0900] "GET /ontolopedia/disp/word_show/440198 HTTP/1.1" 500 309 "-" "Mozilla/5.0 (compatible; Googlebot/2.1; +http://www.google.com/bot.html)"
66.249.76.52 - - [07/Apr/2013:07:40:31 +0900] "GET /ontolopedia/disp/word_show/221368 HTTP/1.1" 200 10765 "-" "Mozilla/5.0 (compatible; Googlebot/2.1; +http://www.google.com/bot.html)"
66.249.76.52 - - [07/Apr/2013:07:40:32 +0900] "GET /ontolopedia/disp/word_show/229062 HTTP/1.1" 200 8974 "-" "Mozilla/5.0 (compatible; Googlebot/2.1; +http://www.google.com/bot.html)"
66.249.76.52 - - [07/Apr/2013:07:40:33 +0900] "GET /ontolopedia/disp/word_show/106545 HTTP/1.1" 200 10042 "-" "Mozilla/5.0 (compatible; Googlebot/2.1; +http://www.google.com/bot.html)"
66.249.76.52 - - [07/Apr/2013:07:40:42 +0900] "GET /ontolopedia/disp/word_show/488653 HTTP/1.1" 200 7834 "-" "Mozilla/5.0 (compatible; Googlebot/2.1; +http://www.google.com/bot.html)"
66.249.76.52 - - [07/Apr/2013:07:40:45 +0900] "GET /ontolopedia/disp/word_show/87800 HTTP/1.1" 200 6058 "-" "Mozilla/5.0 (compatible; Googlebot/2.1; +http://www.google.com/bot.html)"
66.249.76.52 - - [07/Apr/2013:07:40:51 +0900] "GET /ontolopedia/disp/word_show/159706 HTTP/1.1" 200 5011 "-" "Mozilla/5.0 (compatible; Googlebot/2.1; +http://www.google.com/bot.html)"
66.249.76.52 - - [07/Apr/2013:07:40:57 +0900] "GET /ontolopedia/disp/word_show/476556 HTTP/1.1" 200 5583 "-" "Mozilla/5.0 (compatible; Googlebot/2.1; +http://www.google.com/bot.html)"
66.249.76.52 - - [07/Apr/2013:07:41:03 +0900] "GET /ontolopedia/disp/word_show/431648 HTTP/1.1" 200 11178 "-" "Mozilla/5.0 (compatible; Googlebot/2.1; +http://www.google.com/bot.html)"
66.249.76.52 - - [07/Apr/2013:07:41:09 +0900] "GET /ontolopedia/disp/word_show/399575 HTTP/1.1" 200 4212 "-" "Mozilla/5.0 (compatible; Googlebot/2.1; +http://www.google.com/bot.html)"
66.249.76.52 - - [07/Apr/2013:07:41:16 +0900] "GET /ontolopedia/disp/word_show/39593 HTTP/1.1" 200 13675 "-" "Mozilla/5.0 (compatible; Googlebot/2.1; +http://www.google.com/bot.html)"
66.249.76.52 - - [07/Apr/2013:07:41:22 +0900] "GET /ontolopedia/disp/word_show/410868 HTTP/1.1" 200 7206 "-" "Mozilla/5.0 (compatible; Googlebot/2.1; +http://www.google.com/bot.html)"
66.249.76.52 - - [07/Apr/2013:07:41:27 +0900] "GET /ontolopedia/disp/word_show/104673 HTTP/1.1" 200 4869 "-" "Mozilla/5.0 (compatible; Googlebot/2.1; +http://www.google.com/bot.html)"
66.249.76.52 - - [07/Apr/2013:07:41:33 +0900] "GET /ontolopedia/disp/word_show/349537 HTTP/1.1" 200 4181 "-" "Mozilla/5.0 (compatible; Googlebot/2.1; +http://www.google.com/bot.html)"
66.249.76.52 - - [07/Apr/2013:07:41:43 +0900] "GET /ontolopedia/disp/word_show/372348 HTTP/1.1" 200 4166 "-" "Mozilla/5.0 (compatible; Googlebot/2.1; +http://www.google.com/bot.html)"
72.14.199.52 - - [07/Apr/2013:07:41:44 +0900] "GET /~yosshi/wiki-old/index.php?cmd=edit&help=true&page=%C6%FC%B5%AD%2F2021-05-21 HTTP/1.1" 200 50 "-" "DoCoMo/2.0 N905i(c100;TB;W24H16) (compatible; Googlebot-Mobile/2.1; +http://www.google.com/bot.html)"
66.249.76.52 - - [07/Apr/2013:07:41:53 +0900] "GET /ontolopedia/disp/word_show/275021 HTTP/1.1" 200 7864 "-" "Mozilla/5.0 (compatible; Googlebot/2.1; +http://www.google.com/bot.html)"
66.249.76.52 - - [07/Apr/2013:07:41:55 +0900] "GET /ontolopedia/disp/word_show/190739 HTTP/1.1" 500 309 "-" "Mozilla/5.0 (compatible; Googlebot/2.1; +http://www.google.com/bot.html)"
66.249.76.52 - - [07/Apr/2013:07:42:05 +0900] "GET /~yosshi/wiki-old/index.php?cmd=edit&page=%C6%FC%B5%AD%2F1950-09-13&refer=%C6%FC%B5%AD HTTP/1.1" 200 1805 "-" "SAMSUNG-SGH-E250/1.0 Profile/MIDP-2.0 Configuration/CLDC-1.1 UP.Browser/6.2.3.3.c.1.101 (GUI) MMP/2.0 (compatible; Googlebot-Mobile/2.1; +http://www.google.com/bot.html)"
66.249.76.52 - - [07/Apr/2013:07:42:05 +0900] "GET /ontolopedia/disp/word_show/129678 HTTP/1.1" 200 5679 "-" "Mozilla/5.0 (compatible; Googlebot/2.1; +http://www.google.com/bot.html)"
66.249.76.52 - - [07/Apr/2013:07:42:06 +0900] "GET /ontolopedia/disp/word_show/189423 HTTP/1.1" 200 9452 "-" "Mozilla/5.0 (compatible; Googlebot/2.1; +http://www.google.com/bot.html)"
66.249.76.52 - - [07/Apr/2013:07:42:07 +0900] "GET /ontolopedia/disp/word_show/183520 HTTP/1.1" 200 4165 "-" "Mozilla/5.0 (compatible; Googlebot/2.1; +http://www.google.com/bot.html)"
157.56.93.196 - - [07/Apr/2013:07:42:08 +0900] "GET /~info3/wiki/index.php?cmd=backup&action=&page=%B4%EE%B2%B0%C9%F0%A1%F5%C2%BF%B2%EC%CC%EE%C8%C9&age=1 HTTP/1.1" 200 6935 "-" "Mozilla/5.0 (compatible; bingbot/2.0; +http://www.bing.com/bingbot.htm)"
157.56.93.196 - - [07/Apr/2013:07:42:08 +0900] "GET /~info3/wiki/index.php?cmd=diff&action=delete&page=%B9%E2%C2%BC%A1%F5%C3%E7%B4%D6%C8%C9%2FLevel1 HTTP/1.1" 200 7217 "-" "Mozilla/5.0 (compatible; bingbot/2.0; +http://www.bing.com/bingbot.htm)"
66.249.76.52 - - [07/Apr/2013:07:42:15 +0900] "GET /ontolopedia/disp/word_show/76832 HTTP/1.1" 200 8356 "-" "Mozilla/5.0 (compatible; Googlebot/2.1; +http://www.google.com/bot.html)"
157.56.93.196 - - [07/Apr/2013:07:42:09 +0900] "GET /~yosshi/rbc_wiki/index.php?cmd=backup&page=FrontPage&age=87 HTTP/1.1" 200 958659 "-" "Mozilla/5.0 (compatible; bingbot/2.0; +http://www.bing.com/bingbot.htm)"
66.249.76.52 - - [07/Apr/2013:07:42:21 +0900] "GET /ontolopedia/disp/word_show/445223 HTTP/1.1" 200 6919 "-" "Mozilla/5.0 (compatible; Googlebot/2.1; +http://www.google.com/bot.html)"
66.249.76.52 - - [07/Apr/2013:07:42:27 +0900] "GET /ontolopedia/disp/word_show/220988 HTTP/1.1" 200 5141 "-" "Mozilla/5.0 (compatible; Googlebot/2.1; +http://www.google.com/bot.html)"
66.249.76.52 - - [07/Apr/2013:07:42:28 +0900] "GET /ontolopedia/disp/word_show/330823 HTTP/1.1" 200 12443 "-" "Mozilla/5.0 (compatible; Googlebot/2.1; +http://www.google.com/bot.html)"
