157.55.32.103 - - [07/Apr/2013:08:49:10 +0900] "GET /~info3/wiki/index.php?cmd=backup&page=%B9%E2%C2%BC%A1%F5%C3%E7%B4%D6%C8%C9%2FLevel3&age=1&action=source HTTP/1.1" 200 6175 "-" "Mozilla/5.0 (compatible; bingbot/2.0; +http://www.bing.com/bingbot.htm)"
157.55.32.103 - - [07/Apr/2013:08:49:10 +0900] "GET /~info3/wiki/index.php?cmd=backup&page=%B9%E2%C2%BC%A1%F5%C3%E7%B4%D6%C8%C9%2FLevel3&age=2&action=diff HTTP/1.1" 200 6920 "-" "Mozilla/5.0 (compatible; bingbot/2.0; +http://www.bing.com/bingbot.htm)"
157.55.32.103 - - [07/Apr/2013:08:49:11 +0900] "GET /~info3/wiki/index.php?cmd=backup&page=%B9%E2%C2%BC%A1%F5%C3%E7%B4%D6%C8%C9%2FLevel3&age=3&action=diff HTTP/1.1" 200 6985 "-" "Mozilla/5.0 (compatible; bingbot/2.0; +http://www.bing.com/bingbot.htm)"
157.55.32.103 - - [07/Apr/2013:08:49:11 +0900] "GET /~info3/wiki/index.php?cmd=backup&page=%D4%A2%BE%EC%B9%AC%BE%CD%A1%F5%BF%B7%C5%C4%BD%A9%CA%BF&age=6 HTTP/1.1" 200 8576 "-" "Mozilla/5.0 (compatible; bingbot/2.0; +http://www.bing.com/bingbot.htm)"
157.55.32.103 - - [07/Apr/2013:08:49:11 +0900] "GET /~info3/wiki/index.php?cmd=backup&page=%D4%A2%BE%EC%B9%AC%BE%CD%A1%F5%BF%B7%C5%C4%BD%A9%CA%BF&age=8&action=nowdiff HTTP/1.1" 200 7820 "-" "Mozilla/5.0 (compatible; bingbot/2.0; +http://www.bing.com/bingbot.htm)"
157.55.32.103 - - [07/Apr/2013:08:49:12 +0900] "GET /~info3/wiki/index.php?cmd=backup&page=2%B7%EE1%C6%FC&age=1&action=diff HTTP/1.1" 200 6301 "-" "Mozilla/5.0 (compatible; bingbot/2.0; +http://www.bing.com/bingbot.htm)"
157.55.32.103 - - [07/Apr/2013:08:49:12 +0900] "GET /~info3/wiki/index.php?cmd=backup&page=2%B7%EE1%C6%FC&age=1&action=source HTTP/1.1" 200 5337 "-" "Mozilla/5.0 (compatible; bingbot/2.0; +http://www.bing.com/bingbot.htm)"
157.55.32.103 - - [07/Apr/2013:08:49:12 +0900] "GET /~info3/wiki/index.php?cmd=backup&page=2005%2Finfo4%2FLevel10&age=1&action=source HTTP/1.1" 200 5588 "-" "Mozilla/5.0 (compatible; bingbot/2.0; +http://www.bing.com/bingbot.htm)"
157.55.32.103 - - [07/Apr/2013:08:49:13 +0900] "GET /~info3/wiki/index.php?cmd=backup&page=2005%2Finfo4%2FLevel3&age=3&action=source HTTP/1.1" 200 6814 "-" "Mozilla/5.0 (compatible; bingbot/2.0; +http://www.bing.com/bingbot.htm)"
157.55.32.103 - - [07/Apr/2013:08:49:13 +0900] "GET /~info3/wiki/index.php?cmd=backup&page=2005%2Finfo4%2FLevel4&age=2&action=source HTTP/1.1" 200 6486 "-" "Mozilla/5.0 (compatible; bingbot/2.0; +http://www.bing.com/bingbot.htm)"
157.55.32.103 - - [07/Apr/2013:08:49:13 +0900] "GET /~info3/wiki/index.php?plugin=attach&pcmd=upload&page=youporno HTTP/1.1" 200 6385 "-" "Mozilla/5.0 (compatible; bingbot/2.0; +http://www.bing.com/bingbot.htm)"
157.55.32.103 - - [07/Apr/2013:08:49:14 +0900] "GET /~yosshi/wiki-old/index.php?plugin=attach&pcmd=upload&page=%C6%FC%B5%AD%2F2005-04-30 HTTP/1.1" 200 7182 "-" "Mozilla/5.0 (compatible; bingbot/2.0; +http://www.bing.com/bingbot.htm)"
157.55.32.103 - - [07/Apr/2013:08:49:14 +0900] "GET /~yosshi/wiki-old/index.php?plugin=attach&pcmd=upload&page=%C6%FC%B5%AD%2F2005-08-09 HTTP/1.1" 200 7182 "-" "Mozilla/5.0 (compatible; bingbot/2.0; +http://www.bing.com/bingbot.htm)"
66.249.76.52 - - [07/Apr/2013:08:49:14 +0900] "GET /ontolopedia/disp/word_show/80742 HTTP/1.1" 200 9698 "-" "Mozilla/5.0 (compatible; Googlebot/2.1; +http://www.google.com/bot.html)"
157.55.32.103 - - [07/Apr/2013:08:49:15 +0900] "GET /~yosshi/wiki-old/index.php?plugin=attach&pcmd=upload&page=%C6%FC%B5%AD%2F2005-08-18 HTTP/1.1" 200 7182 "-" "Mozilla/5.0 (compatible; bingbot/2.0; +http://www.bing.com/bingbot.htm)"
157.55.32.103 - - [07/Apr/2013:08:49:15 +0900] "GET /~yosshi/wiki-old/index.php?plugin=attach&pcmd=upload&page=BracketName HTTP/1.1" 200 6918 "-" "Mozilla/5.0 (compatible; bingbot/2.0; +http://www.bing.com/bingbot.htm)"
157.55.32.103 - - [07/Apr/2013:08:49:15 +0900] "GET /~yosshi/wiki-old/index.php?plugin=attach&pcmd=upload&page=MacOSX%2FAquaSKK HTTP/1.1" 200 7017 "-" "Mozilla/5.0 (compatible; bingbot/2.0; +http://www.bing.com/bingbot.htm)"
157.55.32.103 - - [07/Apr/2013:08:49:16 +0900] "GET /~yosshi/wiki-old/index.php?plugin=attach&pcmd=upload&page=MacOSX%2FMail%A4%AB%A4%E9Thunderbird%A4%D8%A4%CE%B0%DC%B9%D4 HTTP/1.1" 200 7869 "-" "Mozilla/5.0 (compatible; bingbot/2.0; +http://www.bing.com/bingbot.htm)"
66.249.76.52 - - [07/Apr/2013:08:49:18 +0900] "GET /ontolopedia/disp/word_show/446152 HTTP/1.1" 200 4863 "-" "Mozilla/5.0 (compatible; Googlebot/2.1; +http://www.google.com/bot.html)"
66.249.76.52 - - [07/Apr/2013:08:49:20 +0900] "GET /ontolopedia/disp/word_show/120685 HTTP/1.1" 200 6455 "-" "Mozilla/5.0 (compatible; Googlebot/2.1; +http://www.google.com/bot.html)"
66.249.76.52 - - [07/Apr/2013:08:49:26 +0900] "GET /ontolopedia/disp/word_show/183949 HTTP/1.1" 200 6122 "-" "Mozilla/5.0 (compatible; Googlebot/2.1; +http://www.google.com/bot.html)"
66.249.76.52 - - [07/Apr/2013:08:49:32 +0900] "GET /ontolopedia/disp/word_show/54994 HTTP/1.1" 200 6565 "-" "Mozilla/5.0 (compatible; Googlebot/2.1; +http://www.google.com/bot.html)"
66.249.76.52 - - [07/Apr/2013:08:49:38 +0900] "GET /ontolopedia/disp/word_show/223334 HTTP/1.1" 200 4181 "-" "Mozilla/5.0 (compatible; Googlebot/2.1; +http://www.google.com/bot.html)"
66.249.76.52 - - [07/Apr/2013:08:49:40 +0900] "GET /ontolopedia/disp/word_show/200415 HTTP/1.1" 500 309 "-" "Mozilla/5.0 (compatible; Googlebot/2.1; +http://www.google.com/bot.html)"
66.249.76.52 - - [07/Apr/2013:08:49:50 +0900] "GET /ontolopedia/disp/word_show/148217 HTTP/1.1" 200 4223 "-" "Mozilla/5.0 (compatible; Googlebot/2.1; +http://www.google.com/bot.html)"
66.249.76.52 - - [07/Apr/2013:08:49:51 +0900] "GET /ontolopedia/disp/word_show/381277 HTTP/1.1" 200 5537 "-" "Mozilla/5.0 (compatible; Googlebot/2.1; +http://www.google.com/bot.html)"
66.249.76.52 - - [07/Apr/2013:08:49:56 +0900] "GET /ontolopedia/disp/word_show/89926 HTTP/1.1" 200 5065 "-" "Mozilla/5.0 (compatible; Googlebot/2.1; +http://www.google.com/bot.html)"
72.14.199.52 - - [07/Apr/2013:08:49:57 +0900] "GET /wiki/index.php?Emi%2FLink HTTP/1.1" 200 333 "-" "DoCoMo/2.0 N905i(c100;TB;W24H16) (compatible; Googlebot-Mobile/2.1; +http://www.google.com/bot.html)"
157.55.33.109 - - [07/Apr/2013:08:49:58 +0900] "GET /~info3/wiki/index.php?cmd=backup&action=nowdiff&page=%CA%BF%C5%C4%A1%F5%B6%E2%BE%EB%2FLevel2&age=1 HTTP/1.1" 200 14608 "-" "Mozilla/5.0 (compatible; bingbot/2.0; +http://www.bing.com/bingbot.htm)"
66.249.76.52 - - [07/Apr/2013:08:50:02 +0900] "GET /ontolopedia/disp/word_show/409736 HTTP/1.1" 200 6154 "-" "Mozilla/5.0 (compatible; Googlebot/2.1; +http://www.google.com/bot.html)"
66.249.76.52 - - [07/Apr/2013:08:50:08 +0900] "GET /ontolopedia/disp/word_show/384478 HTTP/1.1" 200 4167 "-" "Mozilla/5.0 (compatible; Googlebot/2.1; +http://www.google.com/bot.html)"
66.249.76.52 - - [07/Apr/2013:08:50:13 +0900] "GET /ontolopedia/disp/word_show/181764 HTTP/1.1" 500 309 "-" "Mozilla/5.0 (compatible; Googlebot/2.1; +http://www.google.com/bot.html)"
66.249.76.52 - - [07/Apr/2013:08:50:24 +0900] "GET /ontolopedia/disp/word_show/211570 HTTP/1.1" 200 6043 "-" "Mozilla/5.0 (compatible; Googlebot/2.1; +http://www.google.com/bot.html)"
66.249.76.52 - - [07/Apr/2013:08:50:24 +0900] "GET /ontolopedia/disp/word_show/469519 HTTP/1.1" 200 8549 "-" "Mozilla/5.0 (compatible; Googlebot/2.1; +http://www.google.com/bot.html)"
66.249.76.52 - - [07/Apr/2013:08:50:26 +0900] "GET /ontolopedia/disp/word_show/134439 HTTP/1.1" 200 7623 "-" "Mozilla/5.0 (compatible; Googlebot/2.1; +http://www.google.com/bot.html)"
66.249.76.52 - - [07/Apr/2013:08:50:32 +0900] "GET /ontolopedia/disp/word_show/421433 HTTP/1.1" 200 4648 "-" "Mozilla/5.0 (compatible; Googlebot/2.1; +http://www.google.com/bot.html)"
66.249.76.52 - - [07/Apr/2013:08:50:38 +0900] "GET /ontolopedia/disp/word_show/151432 HTTP/1.1" 200 7572 "-" "Mozilla/5.0 (compatible; Googlebot/2.1; +http://www.google.com/bot.html)"
66.249.76.52 - - [07/Apr/2013:08:50:43 +0900] "GET /ontolopedia/disp/word_show/291065 HTTP/1.1" 200 5437 "-" "Mozilla/5.0 (compatible; Googlebot/2.1; +http://www.google.com/bot.html)"
66.249.76.52 - - [07/Apr/2013:08:50:44 +0900] "GET /ontolopedia/disp/word_show/243561 HTTP/1.1" 200 5952 "-" "Mozilla/5.0 (compatible; Googlebot/2.1; +http://www.google.com/bot.html)"
66.249.76.52 - - [07/Apr/2013:08:50:47 +0900] "GET /ontolopedia/disp/word_show/376363 HTTP/1.1" 500 309 "-" "Mozilla/5.0 (compatible; Googlebot/2.1; +http://www.google.com/bot.html)"
66.249.76.52 - - [07/Apr/2013:08:50:49 +0900] "GET /~yosshi/wiki-old/index.php?cmd=edit&page=%C6%FC%B5%AD%2F2017-07-06 HTTP/1.1" 200 1805 "-" "SAMSUNG-SGH-E250/1.0 Profile/MIDP-2.0 Configuration/CLDC-1.1 UP.Browser/6.2.3.3.c.1.101 (GUI) MMP/2.0 (compatible; Googlebot-Mobile/2.1; +http://www.google.com/bot.html)"
66.249.76.52 - - [07/Apr/2013:08:50:57 +0900] "GET /ontolopedia/disp/word_show/33784 HTTP/1.1" 200 5447 "-" "Mozilla/5.0 (compatible; Googlebot/2.1; +http://www.google.com/bot.html)"
66.249.76.52 - - [07/Apr/2013:08:50:58 +0900] "GET /ontolopedia/disp/word_show/475910 HTTP/1.1" 200 4554 "-" "Mozilla/5.0 (compatible; Googlebot/2.1; +http://www.google.com/bot.html)"
66.249.76.52 - - [07/Apr/2013:08:51:02 +0900] "GET /ontolopedia/disp/word_show/372815 HTTP/1.1" 200 7041 "-" "Mozilla/5.0 (compatible; Googlebot/2.1; +http://www.google.com/bot.html)"
66.249.76.52 - - [07/Apr/2013:08:51:08 +0900] "GET /ontolopedia/disp/word_show/7941 HTTP/1.1" 200 9271 "-" "Mozilla/5.0 (compatible; Googlebot/2.1; +http://www.google.com/bot.html)"
66.249.76.52 - - [07/Apr/2013:08:51:14 +0900] "GET /ontolopedia/disp/word_show/178675 HTTP/1.1" 200 4228 "-" "Mozilla/5.0 (compatible; Googlebot/2.1; +http://www.google.com/bot.html)"
66.249.76.52 - - [07/Apr/2013:08:51:20 +0900] "GET /ontolopedia/disp/word_show/291297 HTTP/1.1" 200 4178 "-" "Mozilla/5.0 (compatible; Googlebot/2.1; +http://www.google.com/bot.html)"
66.249.76.52 - - [07/Apr/2013:08:51:21 +0900] "GET /ontolopedia/disp/word_show/151271 HTTP/1.1" 200 11486 "-" "Mozilla/5.0 (compatible; Googlebot/2.1; +http://www.google.com/bot.html)"
66.249.76.52 - - [07/Apr/2013:08:51:26 +0900] "GET /ontolopedia/disp/word_show/325573 HTTP/1.1" 200 9102 "-" "Mozilla/5.0 (compatible; Googlebot/2.1; +http://www.google.com/bot.html)"
66.249.76.52 - - [07/Apr/2013:08:51:28 +0900] "GET /~yosshi/wiki-old/index.php?cmd=edit&page=%C6%FC%B5%AD%2F1950-10-17 HTTP/1.1" 200 1805 "-" "SAMSUNG-SGH-E250/1.0 Profile/MIDP-2.0 Configuration/CLDC-1.1 UP.Browser/6.2.3.3.c.1.101 (GUI) MMP/2.0 (compatible; Googlebot-Mobile/2.1; +http://www.google.com/bot.html)"
66.249.76.52 - - [07/Apr/2013:08:51:32 +0900] "GET /ontolopedia/disp/word_show/99437 HTTP/1.1" 200 7991 "-" "Mozilla/5.0 (compatible; Googlebot/2.1; +http://www.google.com/bot.html)"
66.249.76.52 - - [07/Apr/2013:08:51:38 +0900] "GET /ontolopedia/disp/word_show/460604 HTTP/1.1" 200 6508 "-" "Mozilla/5.0 (compatible; Googlebot/2.1; +http://www.google.com/bot.html)"
66.249.76.52 - - [07/Apr/2013:08:51:44 +0900] "GET /ontolopedia/disp/word_show/37304 HTTP/1.1" 200 5984 "-" "Mozilla/5.0 (compatible; Googlebot/2.1; +http://www.google.com/bot.html)"
66.249.76.52 - - [07/Apr/2013:08:51:50 +0900] "GET /ontolopedia/disp/word_show/108824 HTTP/1.1" 200 8352 "-" "Mozilla/5.0 (compatible; Googlebot/2.1; +http://www.google.com/bot.html)"
66.249.76.52 - - [07/Apr/2013:08:51:54 +0900] "GET /ontolopedia/disp/word_show/448669 HTTP/1.1" 200 6846 "-" "Mozilla/5.0 (compatible; Googlebot/2.1; +http://www.google.com/bot.html)"
66.249.76.52 - - [07/Apr/2013:08:51:56 +0900] "GET /ontolopedia/disp/word_show/403291 HTTP/1.1" 200 7234 "-" "Mozilla/5.0 (compatible; Googlebot/2.1; +http://www.google.com/bot.html)"
66.249.76.52 - - [07/Apr/2013:08:52:08 +0900] "GET /ontolopedia/disp/word_show/290118 HTTP/1.1" 200 5514 "-" "Mozilla/5.0 (compatible; Googlebot/2.1; +http://www.google.com/bot.html)"
66.249.76.52 - - [07/Apr/2013:08:52:14 +0900] "GET /ontolopedia/disp/word_show/321078 HTTP/1.1" 200 4219 "-" "Mozilla/5.0 (compatible; Googlebot/2.1; +http://www.google.com/bot.html)"
66.249.76.52 - - [07/Apr/2013:08:52:20 +0900] "GET /ontolopedia/disp/word_show/191890 HTTP/1.1" 200 6035 "-" "Mozilla/5.0 (compatible; Googlebot/2.1; +http://www.google.com/bot.html)"
157.55.32.61 - - [07/Apr/2013:08:52:25 +0900] "GET /ontolopedia/disp/word_show/2742 HTTP/1.1" 403 233 "-" "Mozilla/5.0 (compatible; bingbot/2.0; +http://www.bing.com/bingbot.htm)"
157.55.32.61 - - [07/Apr/2013:08:52:25 +0900] "GET /ontolopedia/disp/word_show/32126 HTTP/1.1" 403 234 "-" "Mozilla/5.0 (compatible; bingbot/2.0; +http://www.bing.com/bingbot.htm)"
157.55.32.61 - - [07/Apr/2013:08:52:25 +0900] "GET /ontolopedia/disp/word_show/322228 HTTP/1.1" 403 235 "-" "Mozilla/5.0 (compatible; bingbot/2.0; +http://www.bing.com/bingbot.htm)"
66.249.76.52 - - [07/Apr/2013:08:52:26 +0900] "GET /ontolopedia/disp/word_show/449175 HTTP/1.1" 200 6000 "-" "Mozilla/5.0 (compatible; Googlebot/2.1; +http://www.google.com/bot.html)"
157.55.32.61 - - [07/Apr/2013:08:52:26 +0900] "GET /ontolopedia/disp/word_show/322868 HTTP/1.1" 403 235 "-" "Mozilla/5.0 (compatible; bingbot/2.0; +http://www.bing.com/bingbot.htm)"
157.55.32.61 - - [07/Apr/2013:08:52:26 +0900] "GET /ontolopedia/disp/word_show/323076 HTTP/1.1" 403 235 "-" "Mozilla/5.0 (compatible; bingbot/2.0; +http://www.bing.com/bingbot.htm)"
157.55.32.61 - - [07/Apr/2013:08:52:26 +0900] "GET /ontolopedia/disp/word_show/323567 HTTP/1.1" 403 235 "-" "Mozilla/5.0 (compatible; bingbot/2.0; +http://www.bing.com/bingbot.htm)"
66.249.76.52 - - [07/Apr/2013:08:52:27 +0900] "GET /ontolopedia/disp/word_show/392095 HTTP/1.1" 200 5660 "-" "Mozilla/5.0 (compatible; Googlebot/2.1; +http://www.google.com/bot.html)"
157.55.32.61 - - [07/Apr/2013:08:52:28 +0900] "GET /ontolopedia/disp/word_show/324326 HTTP/1.1" 403 235 "-" "Mozilla/5.0 (compatible; bingbot/2.0; +http://www.bing.com/bingbot.htm)"
157.55.32.61 - - [07/Apr/2013:08:52:28 +0900] "GET /ontolopedia/disp/word_show/325057 HTTP/1.1" 403 235 "-" "Mozilla/5.0 (compatible; bingbot/2.0; +http://www.bing.com/bingbot.htm)"
157.55.32.61 - - [07/Apr/2013:08:52:28 +0900] "GET /ontolopedia/disp/word_show/34793 HTTP/1.1" 403 234 "-" "Mozilla/5.0 (compatible; bingbot/2.0; +http://www.bing.com/bingbot.htm)"
157.55.32.61 - - [07/Apr/2013:08:52:29 +0900] "GET /ontolopedia/disp/word_show/34832 HTTP/1.1" 403 234 "-" "Mozilla/5.0 (compatible; bingbot/2.0; +http://www.bing.com/bingbot.htm)"
157.55.32.61 - - [07/Apr/2013:08:52:29 +0900] "GET /ontolopedia/disp/word_show/34845 HTTP/1.1" 403 234 "-" "Mozilla/5.0 (compatible; bingbot/2.0; +http://www.bing.com/bingbot.htm)"
157.55.32.61 - - [07/Apr/2013:08:52:29 +0900] "GET /ontolopedia/disp/word_show/34854 HTTP/1.1" 403 234 "-" "Mozilla/5.0 (compatible; bingbot/2.0; +http://www.bing.com/bingbot.htm)"
157.55.32.61 - - [07/Apr/2013:08:52:30 +0900] "GET /ontolopedia/disp/word_show/34881 HTTP/1.1" 403 234 "-" "Mozilla/5.0 (compatible; bingbot/2.0; +http://www.bing.com/bingbot.htm)"
157.55.32.61 - - [07/Apr/2013:08:52:30 +0900] "GET /ontolopedia/disp/word_show/34900 HTTP/1.1" 403 234 "-" "Mozilla/5.0 (compatible; bingbot/2.0; +http://www.bing.com/bingbot.htm)"
157.55.32.61 - - [07/Apr/2013:08:52:30 +0900] "GET /ontolopedia/disp/word_show/349276 HTTP/1.1" 403 235 "-" "Mozilla/5.0 (compatible; bingbot/2.0; +http://www.bing.com/bingbot.htm)"
157.55.32.61 - - [07/Apr/2013:08:52:31 +0900] "GET /ontolopedia/disp/word_show/349316 HTTP/1.1" 403 235 "-" "Mozilla/5.0 (compatible; bingbot/2.0; +http://www.bing.com/bingbot.htm)"
157.55.32.61 - - [07/Apr/2013:08:52:31 +0900] "GET /ontolopedia/disp/word_show/34986 HTTP/1.1" 403 234 "-" "Mozilla/5.0 (compatible; bingbot/2.0; +http://www.bing.com/bingbot.htm)"
157.55.32.61 - - [07/Apr/2013:08:52:31 +0900] "GET /ontolopedia/disp/word_show/402741 HTTP/1.1" 403 235 "-" "Mozilla/5.0 (compatible; bingbot/2.0; +http://www.bing.com/bingbot.htm)"
157.55.32.61 - - [07/Apr/2013:08:52:32 +0900] "GET /ontolopedia/disp/word_show/4331 HTTP/1.1" 403 233 "-" "Mozilla/5.0 (compatible; bingbot/2.0; +http://www.bing.com/bingbot.htm)"
157.55.32.61 - - [07/Apr/2013:08:52:32 +0900] "GET /ontolopedia/disp/word_show/43325 HTTP/1.1" 403 234 "-" "Mozilla/5.0 (compatible; bingbot/2.0; +http://www.bing.com/bingbot.htm)"
157.55.32.61 - - [07/Apr/2013:08:52:32 +0900] "GET /ontolopedia/disp/word_show/43333 HTTP/1.1" 403 234 "-" "Mozilla/5.0 (compatible; bingbot/2.0; +http://www.bing.com/bingbot.htm)"
66.249.76.52 - - [07/Apr/2013:08:52:32 +0900] "GET /ontolopedia/disp/word_show/323088 HTTP/1.1" 200 5298 "-" "Mozilla/5.0 (compatible; Googlebot/2.1; +http://www.google.com/bot.html)"
157.55.32.61 - - [07/Apr/2013:08:52:33 +0900] "GET /ontolopedia/disp/word_show/433338 HTTP/1.1" 403 235 "-" "Mozilla/5.0 (compatible; bingbot/2.0; +http://www.bing.com/bingbot.htm)"
157.55.32.61 - - [07/Apr/2013:08:52:33 +0900] "GET /ontolopedia/disp/word_show/43361 HTTP/1.1" 403 234 "-" "Mozilla/5.0 (compatible; bingbot/2.0; +http://www.bing.com/bingbot.htm)"
157.55.32.61 - - [07/Apr/2013:08:52:33 +0900] "GET /ontolopedia/disp/word_show/433894 HTTP/1.1" 403 235 "-" "Mozilla/5.0 (compatible; bingbot/2.0; +http://www.bing.com/bingbot.htm)"
157.55.32.61 - - [07/Apr/2013:08:52:34 +0900] "GET /ontolopedia/disp/word_show/43419 HTTP/1.1" 403 234 "-" "Mozilla/5.0 (compatible; bingbot/2.0; +http://www.bing.com/bingbot.htm)"
157.55.32.61 - - [07/Apr/2013:08:52:34 +0900] "GET /ontolopedia/disp/word_show/43446 HTTP/1.1" 403 234 "-" "Mozilla/5.0 (compatible; bingbot/2.0; +http://www.bing.com/bingbot.htm)"
157.55.32.61 - - [07/Apr/2013:08:52:34 +0900] "GET /ontolopedia/disp/word_show/4346 HTTP/1.1" 403 233 "-" "Mozilla/5.0 (compatible; bingbot/2.0; +http://www.bing.com/bingbot.htm)"
157.55.32.61 - - [07/Apr/2013:08:52:35 +0900] "GET /ontolopedia/disp/word_show/43478 HTTP/1.1" 403 234 "-" "Mozilla/5.0 (compatible; bingbot/2.0; +http://www.bing.com/bingbot.htm)"
157.55.32.61 - - [07/Apr/2013:08:52:35 +0900] "GET /ontolopedia/disp/word_show/43503 HTTP/1.1" 403 234 "-" "Mozilla/5.0 (compatible; bingbot/2.0; +http://www.bing.com/bingbot.htm)"
157.55.32.61 - - [07/Apr/2013:08:52:35 +0900] "GET /ontolopedia/disp/word_show/435059 HTTP/1.1" 403 235 "-" "Mozilla/5.0 (compatible; bingbot/2.0; +http://www.bing.com/bingbot.htm)"
157.55.32.61 - - [07/Apr/2013:08:52:36 +0900] "GET /ontolopedia/disp/word_show/435080 HTTP/1.1" 403 235 "-" "Mozilla/5.0 (compatible; bingbot/2.0; +http://www.bing.com/bingbot.htm)"
157.55.32.61 - - [07/Apr/2013:08:52:36 +0900] "GET /ontolopedia/disp/word_show/59084 HTTP/1.1" 403 234 "-" "Mozilla/5.0 (compatible; bingbot/2.0; +http://www.bing.com/bingbot.htm)"
157.55.32.61 - - [07/Apr/2013:08:52:36 +0900] "GET /ontolopedia/disp/word_show/59105 HTTP/1.1" 403 234 "-" "Mozilla/5.0 (compatible; bingbot/2.0; +http://www.bing.com/bingbot.htm)"
157.55.32.61 - - [07/Apr/2013:08:52:37 +0900] "GET /ontolopedia/disp/word_show/59136 HTTP/1.1" 403 234 "-" "Mozilla/5.0 (compatible; bingbot/2.0; +http://www.bing.com/bingbot.htm)"
157.55.32.61 - - [07/Apr/2013:08:52:37 +0900] "GET /ontolopedia/disp/word_show/59157 HTTP/1.1" 403 234 "-" "Mozilla/5.0 (compatible; bingbot/2.0; +http://www.bing.com/bingbot.htm)"
157.55.32.61 - - [07/Apr/2013:08:52:37 +0900] "GET /ontolopedia/disp/word_show/59270 HTTP/1.1" 403 234 "-" "Mozilla/5.0 (compatible; bingbot/2.0; +http://www.bing.com/bingbot.htm)"
157.55.32.61 - - [07/Apr/2013:08:52:38 +0900] "GET /ontolopedia/disp/word_show/59286 HTTP/1.1" 403 234 "-" "Mozilla/5.0 (compatible; bingbot/2.0; +http://www.bing.com/bingbot.htm)"
157.55.32.61 - - [07/Apr/2013:08:52:38 +0900] "GET /ontolopedia/disp/word_show/59353 HTTP/1.1" 403 234 "-" "Mozilla/5.0 (compatible; bingbot/2.0; +http://www.bing.com/bingbot.htm)"
66.249.76.52 - - [07/Apr/2013:08:52:38 +0900] "GET /ontolopedia/disp/word_show/247899 HTTP/1.1" 200 6392 "-" "Mozilla/5.0 (compatible; Googlebot/2.1; +http://www.google.com/bot.html)"
157.55.32.61 - - [07/Apr/2013:08:52:38 +0900] "GET /ontolopedia/disp/word_show/59420 HTTP/1.1" 403 234 "-" "Mozilla/5.0 (compatible; bingbot/2.0; +http://www.bing.com/bingbot.htm)"
157.55.32.61 - - [07/Apr/2013:08:52:39 +0900] "GET /ontolopedia/disp/word_show/59485 HTTP/1.1" 403 234 "-" "Mozilla/5.0 (compatible; bingbot/2.0; +http://www.bing.com/bingbot.htm)"
157.55.32.61 - - [07/Apr/2013:08:52:39 +0900] "GET /ontolopedia/disp/word_show/59509 HTTP/1.1" 403 234 "-" "Mozilla/5.0 (compatible; bingbot/2.0; +http://www.bing.com/bingbot.htm)"
157.55.32.61 - - [07/Apr/2013:08:52:39 +0900] "GET /ontolopedia/disp/word_show/59635 HTTP/1.1" 403 234 "-" "Mozilla/5.0 (compatible; bingbot/2.0; +http://www.bing.com/bingbot.htm)"
157.55.32.61 - - [07/Apr/2013:08:52:40 +0900] "GET /ontolopedia/disp/word_show/59654 HTTP/1.1" 403 234 "-" "Mozilla/5.0 (compatible; bingbot/2.0; +http://www.bing.com/bingbot.htm)"
157.55.32.61 - - [07/Apr/2013:08:52:40 +0900] "GET /ontolopedia/disp/word_show/59655 HTTP/1.1" 403 234 "-" "Mozilla/5.0 (compatible; bingbot/2.0; +http://www.bing.com/bingbot.htm)"
157.55.32.61 - - [07/Apr/2013:08:52:41 +0900] "GET /ontolopedia/disp/word_show/83645 HTTP/1.1" 403 234 "-" "Mozilla/5.0 (compatible; bingbot/2.0; +http://www.bing.com/bingbot.htm)"
157.55.32.61 - - [07/Apr/2013:08:52:41 +0900] "GET /ontolopedia/disp/word_show/8385 HTTP/1.1" 403 233 "-" "Mozilla/5.0 (compatible; bingbot/2.0; +http://www.bing.com/bingbot.htm)"
157.55.32.61 - - [07/Apr/2013:08:52:41 +0900] "GET /ontolopedia/disp/word_show/83895 HTTP/1.1" 403 234 "-" "Mozilla/5.0 (compatible; bingbot/2.0; +http://www.bing.com/bingbot.htm)"
157.55.32.61 - - [07/Apr/2013:08:52:42 +0900] "GET /ontolopedia/disp/word_show/83921 HTTP/1.1" 403 234 "-" "Mozilla/5.0 (compatible; bingbot/2.0; +http://www.bing.com/bingbot.htm)"
157.55.32.61 - - [07/Apr/2013:08:52:42 +0900] "GET /ontolopedia/disp/word_show/83956 HTTP/1.1" 403 234 "-" "Mozilla/5.0 (compatible; bingbot/2.0; +http://www.bing.com/bingbot.htm)"
157.55.32.61 - - [07/Apr/2013:08:52:42 +0900] "GET /ontolopedia/disp/word_show/83964 HTTP/1.1" 403 234 "-" "Mozilla/5.0 (compatible; bingbot/2.0; +http://www.bing.com/bingbot.htm)"
157.55.32.61 - - [07/Apr/2013:08:52:43 +0900] "GET /ontolopedia/disp/word_show/84127 HTTP/1.1" 403 234 "-" "Mozilla/5.0 (compatible; bingbot/2.0; +http://www.bing.com/bingbot.htm)"
157.55.32.61 - - [07/Apr/2013:08:52:43 +0900] "GET /ontolopedia/disp/word_show/84349 HTTP/1.1" 403 234 "-" "Mozilla/5.0 (compatible; bingbot/2.0; +http://www.bing.com/bingbot.htm)"
157.55.32.61 - - [07/Apr/2013:08:52:43 +0900] "GET /ontolopedia/disp/word_show/8435 HTTP/1.1" 403 233 "-" "Mozilla/5.0 (compatible; bingbot/2.0; +http://www.bing.com/bingbot.htm)"
157.55.32.61 - - [07/Apr/2013:08:52:44 +0900] "GET /ontolopedia/disp/word_show/844 HTTP/1.1" 403 232 "-" "Mozilla/5.0 (compatible; bingbot/2.0; +http://www.bing.com/bingbot.htm)"
157.55.32.61 - - [07/Apr/2013:08:52:44 +0900] "GET /ontolopedia/disp/word_show/84361 HTTP/1.1" 403 234 "-" "Mozilla/5.0 (compatible; bingbot/2.0; +http://www.bing.com/bingbot.htm)"
157.55.32.61 - - [07/Apr/2013:08:52:44 +0900] "GET /ontolopedia/disp/word_show/84462 HTTP/1.1" 403 234 "-" "Mozilla/5.0 (compatible; bingbot/2.0; +http://www.bing.com/bingbot.htm)"
66.249.76.52 - - [07/Apr/2013:08:52:44 +0900] "GET /ontolopedia/disp/word_show/456925 HTTP/1.1" 200 5671 "-" "Mozilla/5.0 (compatible; Googlebot/2.1; +http://www.google.com/bot.html)"
157.55.32.61 - - [07/Apr/2013:08:52:45 +0900] "GET /wiki/index.php?cmd=backup&page=%A5%BC%A5%DF%A5%ED%A5%B0%2F%C2%E828%B2%F3%2FJMyron%A4%AB%A4%E9%A4%CE%C6%B0%B2%E8%A4%AB%A4%E9%C7%D8%B7%CA%A4%F2%BF%E4%C2%AC%A4%B9%A4%EB%28%B6%CC%BE%EB%B3%A8%C8%FE%29&age=11&action=diff HTTP/1.1" 200 39792 "-" "Mozilla/5.0 (compatible; bingbot/2.0; +http://www.bing.com/bingbot.htm)"
157.55.32.61 - - [07/Apr/2013:08:52:45 +0900] "GET /wiki/index.php?cmd=backup&page=%A5%BC%A5%DF%A5%ED%A5%B0%2F%C2%E828%B2%F3%2FJMyron%A4%AB%A4%E9%A4%CE%C6%B0%B2%E8%A4%AB%A4%E9%C7%D8%B7%CA%A4%F2%BF%E4%C2%AC%A4%B9%A4%EB%28%B6%CC%BE%EB%B3%A8%C8%FE%29&age=11&action=nowdiff HTTP/1.1" 200 40389 "-" "Mozilla/5.0 (compatible; bingbot/2.0; +http://www.bing.com/bingbot.htm)"
157.55.32.61 - - [07/Apr/2013:08:52:45 +0900] "GET /wiki/index.php?cmd=backup&page=%A5%BC%A5%DF%A5%ED%A5%B0%2F%C2%E828%B2%F3%2FJMyron%A4%AB%A4%E9%A4%CE%C6%B0%B2%E8%A4%AB%A4%E9%C7%D8%B7%CA%A4%F2%BF%E4%C2%AC%A4%B9%A4%EB%28%B6%CC%BE%EB%B3%A8%C8%FE%29&age=12 HTTP/1.1" 200 50786 "-" "Mozilla/5.0 (compatible; bingbot/2.0; +http://www.bing.com/bingbot.htm)"
157.55.32.61 - - [07/Apr/2013:08:52:46 +0900] "GET /wiki/index.php?cmd=backup&page=%A5%BC%A5%DF%A5%ED%A5%B0%2F%C2%E828%B2%F3%2FJMyron%A4%AB%A4%E9%A4%CE%C6%B0%B2%E8%A4%AB%A4%E9%C7%D8%B7%CA%A4%F2%BF%E4%C2%AC%A4%B9%A4%EB%28%B6%CC%BE%EB%B3%A8%C8%FE%29&age=13 HTTP/1.1" 200 64163 "-" "Mozilla/5.0 (compatible; bingbot/2.0; +http://www.bing.com/bingbot.htm)"
157.55.32.61 - - [07/Apr/2013:08:52:46 +0900] "GET /wiki/index.php?cmd=backup&page=%A5%BC%A5%DF%A5%ED%A5%B0%2F%C2%E828%B2%F3%2FJMyron%A4%AB%A4%E9%A4%CE%C6%B0%B2%E8%A4%AB%A4%E9%C7%D8%B7%CA%A4%F2%BF%E4%C2%AC%A4%B9%A4%EB%28%B6%CC%BE%EB%B3%A8%C8%FE%29&age=17&action=diff HTTP/1.1" 200 97301 "-" "Mozilla/5.0 (compatible; bingbot/2.0; +http://www.bing.com/bingbot.htm)"
66.249.76.52 - - [07/Apr/2013:08:52:47 +0900] "GET /ontolopedia/disp/word_show/488989 HTTP/1.1" 200 6331 "-" "Mozilla/5.0 (compatible; Googlebot/2.1; +http://www.google.com/bot.html)"
157.55.32.61 - - [07/Apr/2013:08:52:47 +0900] "GET /wiki/index.php?cmd=backup&page=%A5%BC%A5%DF%A5%ED%A5%B0%2F%C2%E828%B2%F3%2FJMyron%A4%AB%A4%E9%A4%CE%C6%B0%B2%E8%A4%AB%A4%E9%C7%D8%B7%CA%A4%F2%BF%E4%C2%AC%A4%B9%A4%EB%28%B6%CC%BE%EB%B3%A8%C8%FE%29&age=20 HTTP/1.1" 200 258698 "-" "Mozilla/5.0 (compatible; bingbot/2.0; +http://www.bing.com/bingbot.htm)"
157.55.32.61 - - [07/Apr/2013:08:52:48 +0900] "GET /wiki/index.php?cmd=diff&page=Emi%2F%C2%B4%CF%C0%C6%FC%BB%EF%28%A5%BF%A5%DE%A5%AD%A5%A8%A5%DF%29%2F2005-06-06 HTTP/1.1" 200 9319 "-" "Mozilla/5.0 (compatible; bingbot/2.0; +http://www.bing.com/bingbot.htm)"
157.55.32.61 - - [07/Apr/2013:08:52:48 +0900] "GET /wiki/index.php?cmd=diff&page=Emi%2F%C2%B4%CF%C0%C6%FC%BB%EF%28%A5%BF%A5%DE%A5%AD%A5%A8%A5%DF%29%2F2005-07-19 HTTP/1.1" 200 9250 "-" "Mozilla/5.0 (compatible; bingbot/2.0; +http://www.bing.com/bingbot.htm)"
157.55.32.61 - - [07/Apr/2013:08:52:49 +0900] "GET /wiki/index.php?cmd=diff&page=Emi%2F%C2%B4%CF%C0%C6%FC%BB%EF%28%A5%BF%A5%DE%A5%AD%A5%A8%A5%DF%29%2F2005-08-23 HTTP/1.1" 200 9147 "-" "Mozilla/5.0 (compatible; bingbot/2.0; +http://www.bing.com/bingbot.htm)"
157.55.32.61 - - [07/Apr/2013:08:52:49 +0900] "GET /wiki/index.php?cmd=diff&page=Emi%2F%C2%B4%CF%C0%C6%FC%BB%EF%28%A5%BF%A5%DE%A5%AD%A5%A8%A5%DF%29%2F2005-08-25 HTTP/1.1" 200 9136 "-" "Mozilla/5.0 (compatible; bingbot/2.0; +http://www.bing.com/bingbot.htm)"
157.55.32.61 - - [07/Apr/2013:08:52:50 +0900] "GET /wiki/index.php?cmd=diff&page=Emi%2F%C2%B4%CF%C0%C6%FC%BB%EF%28%A5%BF%A5%DE%A5%AD%A5%A8%A5%DF%29%2F2005-09-05 HTTP/1.1" 200 9157 "-" "Mozilla/5.0 (compatible; bingbot/2.0; +http://www.bing.com/bingbot.htm)"
66.249.76.52 - - [07/Apr/2013:08:52:50 +0900] "GET /ontolopedia/disp/word_show/360236 HTTP/1.1" 200 5248 "-" "Mozilla/5.0 (compatible; Googlebot/2.1; +http://www.google.com/bot.html)"
157.55.32.61 - - [07/Apr/2013:08:52:50 +0900] "GET /wiki/index.php?cmd=diff&page=Emi%2F%CC%DC%C9%B8 HTTP/1.1" 200 8631 "-" "Mozilla/5.0 (compatible; bingbot/2.0; +http://www.bing.com/bingbot.htm)"
157.55.32.61 - - [07/Apr/2013:08:52:50 +0900] "GET /wiki/index.php?cmd=diff&page=Emi%2F%C2%B4%CF%C0%C6%FC%BB%EF%28%A5%BF%A5%DE%A5%AD%A5%A8%A5%DF%29%2F2005-11-15 HTTP/1.1" 200 9162 "-" "Mozilla/5.0 (compatible; bingbot/2.0; +http://www.bing.com/bingbot.htm)"
157.55.32.61 - - [07/Apr/2013:08:52:51 +0900] "GET /wiki/index.php?cmd=diff&page=InterWiki%A5%C6%A5%AF%A5%CB%A5%AB%A5%EB HTTP/1.1" 200 10409 "-" "Mozilla/5.0 (compatible; bingbot/2.0; +http://www.bing.com/bingbot.htm)"
157.55.32.61 - - [07/Apr/2013:08:52:51 +0900] "GET /wiki/index.php?plugin=attach&pcmd=upload&page=%A5%BC%A5%DF%A5%ED%A5%B0%2F%C2%E814%B2%F3%2F%B7%DA%A4%AF%A5%B7%A1%BC%A5%B1%A5%F3%A5%B9%28%B6%CC%BE%EB%B3%A8%C8%FE%29 HTTP/1.1" 200 9715 "-" "Mozilla/5.0 (compatible; bingbot/2.0; +http://www.bing.com/bingbot.htm)"
157.55.32.61 - - [07/Apr/2013:08:52:51 +0900] "GET /wiki/index.php?plugin=attach&pcmd=upload&page=%A5%BC%A5%DF%A5%ED%A5%B0%2F%C2%E823%B2%F3%2F1.%BC%C2%C1%F5%B2%BD%28%BD%E9%B4%FC%BD%E8%CD%FD%29%28%B6%CC%BE%EB%B3%A8%C8%FE%29 HTTP/1.1" 200 9613 "-" "Mozilla/5.0 (compatible; bingbot/2.0; +http://www.bing.com/bingbot.htm)"
157.55.32.61 - - [07/Apr/2013:08:52:52 +0900] "GET /wiki/index.php?plugin=attach&pcmd=upload&page=%A5%BC%A5%DF%A5%ED%A5%B0%2F%C2%E826%B2%F3%2FJMyron_BgSub HTTP/1.1" 200 9247 "-" "Mozilla/5.0 (compatible; bingbot/2.0; +http://www.bing.com/bingbot.htm)"
157.55.32.61 - - [07/Apr/2013:08:52:52 +0900] "GET /wiki/index.php?plugin=attach&pcmd=upload&page=%A5%BC%A5%DF%A5%ED%A5%B0%2F%C2%E84%B2%F3%2F%A5%BD%A5%D5%A5%C8%A5%A6%A5%A7%A5%A2%B5%A1%C7%BD%A4%CE%BF%E4%C1%A6%A5%B7%A5%B9%A5%C6%A5%E0%A4%CE%A4%BF%A4%E1%A4%CE%B6%A8%C4%B4%A5%D5%A5%A3%A5%EB%A5%BF%A5%EA%A5%F3%A5%B0%28%B5%DC%BE%EB%20%BE%C4%29 HTTP/1.1" 200 10728 "-" "Mozilla/5.0 (compatible; bingbot/2.0; +http://www.bing.com/bingbot.htm)"
157.55.32.61 - - [07/Apr/2013:08:52:52 +0900] "GET /wiki/index.php?plugin=attach&pcmd=upload&page=%A5%BC%A5%DF%A5%ED%A5%B0%2F2006%2F%C2%E807%B2%F3 HTTP/1.1" 200 9149 "-" "Mozilla/5.0 (compatible; bingbot/2.0; +http://www.bing.com/bingbot.htm)"
157.55.32.61 - - [07/Apr/2013:08:52:53 +0900] "GET /wiki/index.php?plugin=attach&pcmd=upload&page=%C2%E824%B2%F3%2F2.%A1%D8%BB%B0%BC%A1%B8%B5%B6%F5%B4%D6%A4%C7%A4%CE%C6%B0%A4%AD%A4%CE%B8%A1%BD%D0%A1%D9%A4%CE%BE%D2%B2%F0 HTTP/1.1" 200 9646 "-" "Mozilla/5.0 (compatible; bingbot/2.0; +http://www.bing.com/bingbot.htm)"
157.55.32.61 - - [07/Apr/2013:08:52:53 +0900] "GET /wiki/index.php?plugin=attach&pcmd=upload&page=Emi%2F%C2%B4%CF%C0%C6%FC%BB%EF%28%A5%BF%A5%DE%A5%AD%A5%A8%A5%DF%29%2F2005-07-01 HTTP/1.1" 200 9440 "-" "Mozilla/5.0 (compatible; bingbot/2.0; +http://www.bing.com/bingbot.htm)"
157.55.32.61 - - [07/Apr/2013:08:52:53 +0900] "GET /wiki/index.php?plugin=attach&pcmd=upload&page=DcfXn HTTP/1.1" 200 8008 "-" "Mozilla/5.0 (compatible; bingbot/2.0; +http://www.bing.com/bingbot.htm)"
157.55.32.61 - - [07/Apr/2013:08:52:54 +0900] "GET /wiki/index.php?plugin=rename&refer=Top%20Page%2F2005-09-10 HTTP/1.1" 200 7041 "-" "Mozilla/5.0 (compatible; bingbot/2.0; +http://www.bing.com/bingbot.htm)"
157.55.32.61 - - [07/Apr/2013:08:52:54 +0900] "GET /wiki/index.php?plugin=rename&refer=Top%20Page%2F2005-09-29 HTTP/1.1" 200 7041 "-" "Mozilla/5.0 (compatible; bingbot/2.0; +http://www.bing.com/bingbot.htm)"
157.55.32.61 - - [07/Apr/2013:08:52:54 +0900] "GET /wiki/index.php?plugin=rename&refer=Top%20Page%2F2005-11-11 HTTP/1.1" 200 7041 "-" "Mozilla/5.0 (compatible; bingbot/2.0; +http://www.bing.com/bingbot.htm)"
157.55.32.61 - - [07/Apr/2013:08:52:55 +0900] "GET /wiki/index.php?plugin=rename&refer=Top%20Page%2F2005-12-02 HTTP/1.1" 200 7041 "-" "Mozilla/5.0 (compatible; bingbot/2.0; +http://www.bing.com/bingbot.htm)"
66.249.76.52 - - [07/Apr/2013:08:52:56 +0900] "GET /ontolopedia/disp/word_show/93173 HTTP/1.1" 200 6321 "-" "Mozilla/5.0 (compatible; Googlebot/2.1; +http://www.google.com/bot.html)"
157.55.32.61 - - [07/Apr/2013:08:52:57 +0900] "GET /wiki/index.php?plugin=rename&refer=Top%20Page%2F2006-04-20 HTTP/1.1" 200 7041 "-" "Mozilla/5.0 (compatible; bingbot/2.0; +http://www.bing.com/bingbot.htm)"
157.55.32.61 - - [07/Apr/2013:08:52:57 +0900] "GET /wiki/index.php?plugin=rename&refer=Top%20Page%2F2006-01-27 HTTP/1.1" 200 7041 "-" "Mozilla/5.0 (compatible; bingbot/2.0; +http://www.bing.com/bingbot.htm)"
157.55.32.61 - - [07/Apr/2013:08:52:57 +0900] "GET /wiki/index.php?plugin=rename&refer=Top%20Page%2F2006-04-27 HTTP/1.1" 200 7041 "-" "Mozilla/5.0 (compatible; bingbot/2.0; +http://www.bing.com/bingbot.htm)"
157.55.32.61 - - [07/Apr/2013:08:52:58 +0900] "GET /wiki/index.php?plugin=rename&refer=Top%20Page%2F2006-05-11 HTTP/1.1" 200 7041 "-" "Mozilla/5.0 (compatible; bingbot/2.0; +http://www.bing.com/bingbot.htm)"
157.55.32.61 - - [07/Apr/2013:08:52:58 +0900] "GET /wiki/index.php?plugin=rename&refer=Top%20Page%2F2006-07-28 HTTP/1.1" 200 7041 "-" "Mozilla/5.0 (compatible; bingbot/2.0; +http://www.bing.com/bingbot.htm)"
157.55.32.61 - - [07/Apr/2013:08:52:58 +0900] "GET /wiki/index.php?plugin=rename&refer=Top%20Page%2F2006-05-23 HTTP/1.1" 200 7041 "-" "Mozilla/5.0 (compatible; bingbot/2.0; +http://www.bing.com/bingbot.htm)"
157.55.32.61 - - [07/Apr/2013:08:52:59 +0900] "GET /wiki/index.php?plugin=rename&refer=Top%20Page%2F2006-10-03 HTTP/1.1" 200 7041 "-" "Mozilla/5.0 (compatible; bingbot/2.0; +http://www.bing.com/bingbot.htm)"
157.55.32.61 - - [07/Apr/2013:08:52:59 +0900] "GET /wiki/index.php?plugin=rename&refer=Top%20Page%2F2006-10-31 HTTP/1.1" 200 7041 "-" "Mozilla/5.0 (compatible; bingbot/2.0; +http://www.bing.com/bingbot.htm)"
157.55.32.61 - - [07/Apr/2013:08:52:59 +0900] "GET /wiki/index.php?plugin=rename&refer=Top%20Page%2F2006-11-10 HTTP/1.1" 200 7041 "-" "Mozilla/5.0 (compatible; bingbot/2.0; +http://www.bing.com/bingbot.htm)"
157.55.32.61 - - [07/Apr/2013:08:53:00 +0900] "GET /~info3/wiki/index.php?cmd=backup&action=diff&page=%C3%AA%B8%B6%A1%F5%C2%E7%B5%DC%C8%C9&age=5 HTTP/1.1" 200 6672 "-" "Mozilla/5.0 (compatible; bingbot/2.0; +http://www.bing.com/bingbot.htm)"
157.55.32.61 - - [07/Apr/2013:08:53:00 +0900] "GET /~info3/wiki/index.php?cmd=backup&action=diff&page=%C4%AE%C5%C4%BD%A1%B1%FB%A1%F5%BE%C2%C5%C4%E6%C6%CA%BF%2Flevel3&age=1 HTTP/1.1" 200 6880 "-" "Mozilla/5.0 (compatible; bingbot/2.0; +http://www.bing.com/bingbot.htm)"
157.55.32.61 - - [07/Apr/2013:08:53:00 +0900] "GET /~info3/wiki/index.php?cmd=backup&action=diff&page=%C4%AE%C5%C4%BD%A1%B1%FB%A1%F5%BE%C2%C5%C4%E6%C6%CA%BF%2Flevel3&age=6 HTTP/1.1" 200 13477 "-" "Mozilla/5.0 (compatible; bingbot/2.0; +http://www.bing.com/bingbot.htm)"
157.55.32.61 - - [07/Apr/2013:08:53:01 +0900] "GET /~info3/wiki/index.php?cmd=backup&page=%B6%B6%CB%DC%A1%F5%B6%CC%C6%E1%C7%C6%C8%CB%B9%F1%2FLevel2&age=4&action=nowdiff HTTP/1.1" 200 9246 "-" "Mozilla/5.0 (compatible; bingbot/2.0; +http://www.bing.com/bingbot.htm)"
66.249.76.52 - - [07/Apr/2013:08:53:01 +0900] "GET /ontolopedia/disp/word_show/448962 HTTP/1.1" 200 5664 "-" "Mozilla/5.0 (compatible; Googlebot/2.1; +http://www.google.com/bot.html)"
157.55.32.61 - - [07/Apr/2013:08:53:01 +0900] "GET /~info3/wiki/index.php?cmd=backup&page=%B6%B6%CB%DC%A1%F5%B6%CC%C6%E1%C7%C6%C8%CB%B9%F1%2FLevel2&age=4&action=source HTTP/1.1" 200 8817 "-" "Mozilla/5.0 (compatible; bingbot/2.0; +http://www.bing.com/bingbot.htm)"
157.55.32.61 - - [07/Apr/2013:08:53:01 +0900] "GET /~info3/wiki/index.php?cmd=backup&page=%B6%B6%CB%DC%A1%F5%B6%CC%C6%E1%C7%C6%C8%CB%B9%F1&age=4&action=nowdiff HTTP/1.1" 200 6614 "-" "Mozilla/5.0 (compatible; bingbot/2.0; +http://www.bing.com/bingbot.htm)"
66.249.76.52 - - [07/Apr/2013:08:53:02 +0900] "GET /ontolopedia/disp/word_show/330925 HTTP/1.1" 200 4178 "-" "Mozilla/5.0 (compatible; Googlebot/2.1; +http://www.google.com/bot.html)"
157.55.32.61 - - [07/Apr/2013:08:53:02 +0900] "GET /~info3/wiki/index.php?cmd=backup&page=%B6%CC%BE%EB%BD%CA%B5%AA&age=1&action=nowdiff HTTP/1.1" 200 7923 "-" "Mozilla/5.0 (compatible; bingbot/2.0; +http://www.bing.com/bingbot.htm)"
157.55.32.61 - - [07/Apr/2013:08:53:02 +0900] "GET /~info3/wiki/index.php?cmd=backup&page=%B6%CC%BE%EB%BD%CA%B5%AA&age=2 HTTP/1.1" 200 6324 "-" "Mozilla/5.0 (compatible; bingbot/2.0; +http://www.bing.com/bingbot.htm)"
157.55.32.61 - - [07/Apr/2013:08:53:02 +0900] "GET /~info3/wiki/index.php?cmd=backup&page=%B6%CC%BE%EB%BD%CA%B5%AA&age=3 HTTP/1.1" 200 6460 "-" "Mozilla/5.0 (compatible; bingbot/2.0; +http://www.bing.com/bingbot.htm)"
157.55.32.61 - - [07/Apr/2013:08:53:03 +0900] "GET /~info3/wiki/index.php?cmd=backup&page=%B6%E2%BE%EB%A1%F5%C5%E7%B8%B6%C8%C9%2Flevel3&age=1&action=source HTTP/1.1" 200 6580 "-" "Mozilla/5.0 (compatible; bingbot/2.0; +http://www.bing.com/bingbot.htm)"
157.55.32.61 - - [07/Apr/2013:08:53:03 +0900] "GET /~info3/wiki/index.php?cmd=backup&page=%B6%E2%BE%EB%A1%F5%C5%E7%B8%B6%C8%C9%2Flevel3&age=2&action=nowdiff HTTP/1.1" 200 13288 "-" "Mozilla/5.0 (compatible; bingbot/2.0; +http://www.bing.com/bingbot.htm)"
157.55.32.61 - - [07/Apr/2013:08:53:04 +0900] "GET /~info3/wiki/index.php?cmd=backup&page=%B6%E2%BE%EB%A1%F5%C5%E7%B8%B6%C8%C9&age=1&action=diff HTTP/1.1" 200 5454 "-" "Mozilla/5.0 (compatible; bingbot/2.0; +http://www.bing.com/bingbot.htm)"
157.55.32.61 - - [07/Apr/2013:08:53:05 +0900] "GET /~info3/wiki/index.php?cmd=backup&page=%B6%E2%BE%EB%A1%F5%C5%E7%B8%B6%C8%C9&age=2&action=nowdiff HTTP/1.1" 200 6122 "-" "Mozilla/5.0 (compatible; bingbot/2.0; +http://www.bing.com/bingbot.htm)"
157.55.32.61 - - [07/Apr/2013:08:53:05 +0900] "GET /~info3/wiki/index.php?cmd=backup&page=%B7%F3%BE%EB&age=1&action=source HTTP/1.1" 200 5042 "-" "Mozilla/5.0 (compatible; bingbot/2.0; +http://www.bing.com/bingbot.htm)"
157.55.32.61 - - [07/Apr/2013:08:53:05 +0900] "GET /~info3/wiki/index.php?cmd=backup&page=%B9%E2%B9%BE%BD%A7%A1%F5%B7%F3%BE%EB%2Flevel4&age=3 HTTP/1.1" 200 7361 "-" "Mozilla/5.0 (compatible; bingbot/2.0; +http://www.bing.com/bingbot.htm)"
157.55.32.61 - - [07/Apr/2013:08:53:05 +0900] "GET /~info3/wiki/index.php?cmd=backup&page=%B9%E2%B9%BE%BD%A7%A1%F5%B7%F3%BE%EB%2Flevel4&age=6&action=nowdiff HTTP/1.1" 200 7855 "-" "Mozilla/5.0 (compatible; bingbot/2.0; +http://www.bing.com/bingbot.htm)"
157.55.32.61 - - [07/Apr/2013:08:53:05 +0900] "GET /~info3/wiki/index.php?cmd=backup&page=%B9%E2%B9%BE%BD%A7%A1%F5%B7%F3%BE%EB%2Flevel4&age=5 HTTP/1.1" 200 9391 "-" "Mozilla/5.0 (compatible; bingbot/2.0; +http://www.bing.com/bingbot.htm)"
157.55.32.61 - - [07/Apr/2013:08:53:06 +0900] "GET /~info3/wiki/index.php?cmd=backup&page=%B9%E2%B9%BE%BD%A7%A1%F5%B7%F3%BE%EB&age=1&action=diff HTTP/1.1" 200 5801 "-" "Mozilla/5.0 (compatible; bingbot/2.0; +http://www.bing.com/bingbot.htm)"
157.55.32.61 - - [07/Apr/2013:08:53:07 +0900] "GET /~info3/wiki/index.php?cmd=backup&page=%B9%E2%C2%BC%A1%F5%C3%E7%B4%D6%C8%C9%2FLevel2&age=3&action=source HTTP/1.1" 200 7312 "-" "Mozilla/5.0 (compatible; bingbot/2.0; +http://www.bing.com/bingbot.htm)"
157.55.32.61 - - [07/Apr/2013:08:53:07 +0900] "GET /~info3/wiki/index.php?cmd=backup&page=%B9%E2%C2%BC%A1%F5%C3%E7%B4%D6%C8%C9%2FLevel2&age=3&action=diff HTTP/1.1" 200 8877 "-" "Mozilla/5.0 (compatible; bingbot/2.0; +http://www.bing.com/bingbot.htm)"
157.55.32.61 - - [07/Apr/2013:08:53:07 +0900] "GET /~info3/wiki/index.php?cmd=backup&page=%B9%E2%C2%BC%A1%F5%C3%E7%B4%D6%C8%C9%2FLevel2&age=4&action=nowdiff HTTP/1.1" 200 9655 "-" "Mozilla/5.0 (compatible; bingbot/2.0; +http://www.bing.com/bingbot.htm)"
157.55.32.61 - - [07/Apr/2013:08:53:08 +0900] "GET /~info3/wiki/index.php?cmd=backup&page=%B9%E2%C2%BC%A1%F5%C3%E7%B4%D6%C8%C9%2FLevel3&age=3 HTTP/1.1" 200 7474 "-" "Mozilla/5.0 (compatible; bingbot/2.0; +http://www.bing.com/bingbot.htm)"
157.55.32.61 - - [07/Apr/2013:08:53:08 +0900] "GET /~info3/wiki/index.php?cmd=backup&page=%B9%E2%C2%BC%A1%F5%C3%E7%B4%D6%C8%C9%2FLevel3&age=5 HTTP/1.1" 200 10279 "-" "Mozilla/5.0 (compatible; bingbot/2.0; +http://www.bing.com/bingbot.htm)"
66.249.76.52 - - [07/Apr/2013:08:53:08 +0900] "GET /ontolopedia/disp/word_show/380816 HTTP/1.1" 200 4182 "-" "Mozilla/5.0 (compatible; Googlebot/2.1; +http://www.google.com/bot.html)"
157.55.32.61 - - [07/Apr/2013:08:53:08 +0900] "GET /~info3/wiki/index.php?cmd=backup&page=%D4%A2%BE%EC%B9%AC%BE%CD%A1%F5%BF%B7%C5%C4%BD%A9%CA%BF&age=5&action=diff HTTP/1.1" 200 7448 "-" "Mozilla/5.0 (compatible; bingbot/2.0; +http://www.bing.com/bingbot.htm)"
157.55.32.61 - - [07/Apr/2013:08:53:09 +0900] "GET /~info3/wiki/index.php?cmd=backup&page=%D4%A2%BE%EC%B9%AC%BE%CD%A1%F5%BF%B7%C5%C4%BD%A9%CA%BF&age=5&action=nowdiff HTTP/1.1" 200 7916 "-" "Mozilla/5.0 (compatible; bingbot/2.0; +http://www.bing.com/bingbot.htm)"
157.55.32.61 - - [07/Apr/2013:08:53:09 +0900] "GET /~info3/wiki/index.php?cmd=backup&page=%D4%A2%BE%EC%B9%AC%BE%CD%A1%F5%BF%B7%C5%C4%BD%A9%CA%BF&age=8 HTTP/1.1" 200 8956 "-" "Mozilla/5.0 (compatible; bingbot/2.0; +http://www.bing.com/bingbot.htm)"
157.55.32.61 - - [07/Apr/2013:08:53:09 +0900] "GET /~info3/wiki/index.php?cmd=backup&page=.Level3-2 HTTP/1.1" 200 4951 "-" "Mozilla/5.0 (compatible; bingbot/2.0; +http://www.bing.com/bingbot.htm)"
157.55.32.61 - - [07/Apr/2013:08:53:10 +0900] "GET /~info3/wiki/index.php?cmd=backup&page=2005%2Finfo4%2FLevel4&age=1 HTTP/1.1" 200 7171 "-" "Mozilla/5.0 (compatible; bingbot/2.0; +http://www.bing.com/bingbot.htm)"
157.55.32.61 - - [07/Apr/2013:08:53:10 +0900] "GET /~yosshi/rbc_wiki/index.php?cmd=backup&page=FrontPage&age=108&action=source HTTP/1.1" 200 482116 "-" "Mozilla/5.0 (compatible; bingbot/2.0; +http://www.bing.com/bingbot.htm)"
157.55.32.61 - - [07/Apr/2013:08:53:10 +0900] "GET /~yosshi/rbc_wiki/index.php?cmd=backup&page=FrontPage&age=114&action=nowdiff HTTP/1.1" 200 489660 "-" "Mozilla/5.0 (compatible; bingbot/2.0; +http://www.bing.com/bingbot.htm)"
157.55.32.61 - - [07/Apr/2013:08:53:11 +0900] "GET /~yosshi/wiki-old/index.php?plugin=attach&pcmd=upload&page=%C6%FC%B5%AD%2F2005-05-04 HTTP/1.1" 200 7182 "-" "Mozilla/5.0 (compatible; bingbot/2.0; +http://www.bing.com/bingbot.htm)"
157.55.32.61 - - [07/Apr/2013:08:53:12 +0900] "GET /~yosshi/wiki-old/index.php?plugin=attach&pcmd=upload&page=%C6%FC%B5%AD%2F2005-05-12 HTTP/1.1" 200 7182 "-" "Mozilla/5.0 (compatible; bingbot/2.0; +http://www.bing.com/bingbot.htm)"
157.55.32.61 - - [07/Apr/2013:08:53:13 +0900] "GET /~yosshi/wiki-old/index.php?plugin=attach&pcmd=upload&page=Link HTTP/1.1" 200 6771 "-" "Mozilla/5.0 (compatible; bingbot/2.0; +http://www.bing.com/bingbot.htm)"
66.249.76.52 - - [07/Apr/2013:08:53:14 +0900] "GET /ontolopedia/disp/word_show/329508 HTTP/1.1" 200 4203 "-" "Mozilla/5.0 (compatible; Googlebot/2.1; +http://www.google.com/bot.html)"
66.249.76.52 - - [07/Apr/2013:08:53:20 +0900] "GET /ontolopedia/disp/word_show/488981 HTTP/1.1" 200 5457 "-" "Mozilla/5.0 (compatible; Googlebot/2.1; +http://www.google.com/bot.html)"
66.249.76.52 - - [07/Apr/2013:08:53:26 +0900] "GET /ontolopedia/disp/word_show/388897 HTTP/1.1" 200 4169 "-" "Mozilla/5.0 (compatible; Googlebot/2.1; +http://www.google.com/bot.html)"
66.249.76.52 - - [07/Apr/2013:08:53:32 +0900] "GET /ontolopedia/disp/word_show/69119 HTTP/1.1" 200 7135 "-" "Mozilla/5.0 (compatible; Googlebot/2.1; +http://www.google.com/bot.html)"
66.249.76.52 - - [07/Apr/2013:08:53:34 +0900] "GET /ontolopedia/disp/word_show/214521 HTTP/1.1" 200 12849 "-" "Mozilla/5.0 (compatible; Googlebot/2.1; +http://www.google.com/bot.html)"
66.249.76.52 - - [07/Apr/2013:08:53:38 +0900] "GET /ontolopedia/disp/word_show/100856 HTTP/1.1" 200 5610 "-" "Mozilla/5.0 (compatible; Googlebot/2.1; +http://www.google.com/bot.html)"
66.249.76.52 - - [07/Apr/2013:08:53:40 +0900] "GET /~yosshi/wiki-old/index.php?plugin=newpage&refer=%C6%FC%B5%AD%2F2032-04-11 HTTP/1.1" 200 795 "-" "SAMSUNG-SGH-E250/1.0 Profile/MIDP-2.0 Configuration/CLDC-1.1 UP.Browser/6.2.3.3.c.1.101 (GUI) MMP/2.0 (compatible; Googlebot-Mobile/2.1; +http://www.google.com/bot.html)"
66.249.76.52 - - [07/Apr/2013:08:53:44 +0900] "GET /ontolopedia/disp/word_show/168255 HTTP/1.1" 200 4935 "-" "Mozilla/5.0 (compatible; Googlebot/2.1; +http://www.google.com/bot.html)"
66.249.76.52 - - [07/Apr/2013:08:53:50 +0900] "GET /ontolopedia/disp/word_show/114177 HTTP/1.1" 200 5170 "-" "Mozilla/5.0 (compatible; Googlebot/2.1; +http://www.google.com/bot.html)"
66.249.76.52 - - [07/Apr/2013:08:53:56 +0900] "GET /ontolopedia/disp/word_show/345607 HTTP/1.1" 200 6000 "-" "Mozilla/5.0 (compatible; Googlebot/2.1; +http://www.google.com/bot.html)"
66.249.76.52 - - [07/Apr/2013:08:54:02 +0900] "GET /ontolopedia/disp/word_show/461164 HTTP/1.1" 200 5891 "-" "Mozilla/5.0 (compatible; Googlebot/2.1; +http://www.google.com/bot.html)"
66.249.76.52 - - [07/Apr/2013:08:54:08 +0900] "GET /ontolopedia/disp/word_show/302251 HTTP/1.1" 500 309 "-" "Mozilla/5.0 (compatible; Googlebot/2.1; +http://www.google.com/bot.html)"
66.249.76.52 - - [07/Apr/2013:08:54:18 +0900] "GET /ontolopedia/disp/word_show/78595 HTTP/1.1" 200 5194 "-" "Mozilla/5.0 (compatible; Googlebot/2.1; +http://www.google.com/bot.html)"
66.249.76.52 - - [07/Apr/2013:08:54:19 +0900] "GET /ontolopedia/disp/word_show/296455 HTTP/1.1" 200 4188 "-" "Mozilla/5.0 (compatible; Googlebot/2.1; +http://www.google.com/bot.html)"
66.249.76.52 - - [07/Apr/2013:08:54:20 +0900] "GET /ontolopedia/disp/word_show/471476 HTTP/1.1" 200 6179 "-" "Mozilla/5.0 (compatible; Googlebot/2.1; +http://www.google.com/bot.html)"
66.249.76.52 - - [07/Apr/2013:08:54:26 +0900] "GET /ontolopedia/disp/word_show/264129 HTTP/1.1" 200 5104 "-" "Mozilla/5.0 (compatible; Googlebot/2.1; +http://www.google.com/bot.html)"
66.249.76.52 - - [07/Apr/2013:08:54:32 +0900] "GET /ontolopedia/disp/word_show/177384 HTTP/1.1" 200 4867 "-" "Mozilla/5.0 (compatible; Googlebot/2.1; +http://www.google.com/bot.html)"
66.249.76.52 - - [07/Apr/2013:08:54:38 +0900] "GET /ontolopedia/disp/word_show/281464 HTTP/1.1" 200 7674 "-" "Mozilla/5.0 (compatible; Googlebot/2.1; +http://www.google.com/bot.html)"
66.249.76.52 - - [07/Apr/2013:08:54:41 +0900] "GET /ontolopedia/disp/word_show/467229 HTTP/1.1" 200 5694 "-" "Mozilla/5.0 (compatible; Googlebot/2.1; +http://www.google.com/bot.html)"
66.249.76.52 - - [07/Apr/2013:08:54:43 +0900] "GET /ontolopedia/disp/word_show/242843 HTTP/1.1" 200 7429 "-" "Mozilla/5.0 (compatible; Googlebot/2.1; +http://www.google.com/bot.html)"
66.249.76.52 - - [07/Apr/2013:08:54:44 +0900] "GET /ontolopedia/disp/word_show/164019 HTTP/1.1" 200 6947 "-" "Mozilla/5.0 (compatible; Googlebot/2.1; +http://www.google.com/bot.html)"
66.249.76.52 - - [07/Apr/2013:08:54:50 +0900] "GET /ontolopedia/disp/word_show/236540 HTTP/1.1" 200 5177 "-" "Mozilla/5.0 (compatible; Googlebot/2.1; +http://www.google.com/bot.html)"
66.249.76.52 - - [07/Apr/2013:08:54:52 +0900] "GET /ontolopedia/disp/word_show/451890 HTTP/1.1" 200 6883 "-" "Mozilla/5.0 (compatible; Googlebot/2.1; +http://www.google.com/bot.html)"
66.249.76.52 - - [07/Apr/2013:08:54:56 +0900] "GET /ontolopedia/disp/word_show/475257 HTTP/1.1" 200 5725 "-" "Mozilla/5.0 (compatible; Googlebot/2.1; +http://www.google.com/bot.html)"
157.56.93.71 - - [07/Apr/2013:08:54:57 +0900] "GET /wiki/index.php?MenuBar HTTP/1.1" 200 9490 "-" "Mozilla/5.0 (compatible; bingbot/2.0; +http://www.bing.com/bingbot.htm)"
157.56.93.71 - - [07/Apr/2013:08:54:58 +0900] "GET /robots.txt HTTP/1.1" 404 208 "-" "Mozilla/5.0 (compatible; bingbot/2.0; +http://www.bing.com/bingbot.htm)"
66.249.76.52 - - [07/Apr/2013:08:55:02 +0900] "GET /ontolopedia/disp/word_show/439583 HTTP/1.1" 200 5625 "-" "Mozilla/5.0 (compatible; Googlebot/2.1; +http://www.google.com/bot.html)"
72.14.199.52 - - [07/Apr/2013:08:55:05 +0900] "GET /~yosshi/wiki-old/index.php?cmd=edit&page=%C6%FC%B5%AD%2F2004-11-23 HTTP/1.1" 200 1805 "-" "DoCoMo/2.0 N905i(c100;TB;W24H16) (compatible; Googlebot-Mobile/2.1; +http://www.google.com/bot.html)"
66.249.76.52 - - [07/Apr/2013:08:55:08 +0900] "GET /ontolopedia/disp/word_show/379419 HTTP/1.1" 200 6432 "-" "Mozilla/5.0 (compatible; Googlebot/2.1; +http://www.google.com/bot.html)"
66.249.76.52 - - [07/Apr/2013:08:55:14 +0900] "GET /ontolopedia/disp/word_show/111661 HTTP/1.1" 200 4201 "-" "Mozilla/5.0 (compatible; Googlebot/2.1; +http://www.google.com/bot.html)"
66.249.76.52 - - [07/Apr/2013:08:55:15 +0900] "GET /ontolopedia/disp/word_show/227173 HTTP/1.1" 200 5112 "-" "Mozilla/5.0 (compatible; Googlebot/2.1; +http://www.google.com/bot.html)"
66.249.76.52 - - [07/Apr/2013:08:55:20 +0900] "GET /ontolopedia/disp/word_show/431620 HTTP/1.1" 200 4182 "-" "Mozilla/5.0 (compatible; Googlebot/2.1; +http://www.google.com/bot.html)"
66.249.76.52 - - [07/Apr/2013:08:55:26 +0900] "GET /ontolopedia/disp/word_show/375999 HTTP/1.1" 200 4893 "-" "Mozilla/5.0 (compatible; Googlebot/2.1; +http://www.google.com/bot.html)"
157.55.33.109 - - [07/Apr/2013:08:55:30 +0900] "GET /note/note_detail/1646/ HTTP/1.1" 200 6363 "-" "Mozilla/5.0 (compatible; bingbot/2.0; +http://www.bing.com/bingbot.htm)"
66.249.76.52 - - [07/Apr/2013:08:55:32 +0900] "GET /~yosshi/wiki-old/index.php?cmd=edit&help=true&page=%C6%FC%B5%AD%2F2017-07-06 HTTP/1.1" 200 50 "-" "SAMSUNG-SGH-E250/1.0 Profile/MIDP-2.0 Configuration/CLDC-1.1 UP.Browser/6.2.3.3.c.1.101 (GUI) MMP/2.0 (compatible; Googlebot-Mobile/2.1; +http://www.google.com/bot.html)"
66.249.76.52 - - [07/Apr/2013:08:55:32 +0900] "GET /ontolopedia/disp/word_show/169289 HTTP/1.1" 200 4976 "-" "Mozilla/5.0 (compatible; Googlebot/2.1; +http://www.google.com/bot.html)"
66.249.76.52 - - [07/Apr/2013:08:55:38 +0900] "GET /ontolopedia/disp/word_show/438343 HTTP/1.1" 200 9101 "-" "Mozilla/5.0 (compatible; Googlebot/2.1; +http://www.google.com/bot.html)"
66.249.76.52 - - [07/Apr/2013:08:55:44 +0900] "GET /ontolopedia/disp/word_show/295562 HTTP/1.1" 200 4179 "-" "Mozilla/5.0 (compatible; Googlebot/2.1; +http://www.google.com/bot.html)"
66.249.76.52 - - [07/Apr/2013:08:55:48 +0900] "GET /ontolopedia/disp/word_show/176786 HTTP/1.1" 200 10119 "-" "Mozilla/5.0 (compatible; Googlebot/2.1; +http://www.google.com/bot.html)"
66.249.76.52 - - [07/Apr/2013:08:55:50 +0900] "GET /ontolopedia/disp/word_show/311248 HTTP/1.1" 200 6779 "-" "Mozilla/5.0 (compatible; Googlebot/2.1; +http://www.google.com/bot.html)"
66.249.76.52 - - [07/Apr/2013:08:55:56 +0900] "GET /ontolopedia/disp/word_show/407064 HTTP/1.1" 200 5162 "-" "Mozilla/5.0 (compatible; Googlebot/2.1; +http://www.google.com/bot.html)"
66.249.76.52 - - [07/Apr/2013:08:56:02 +0900] "GET /ontolopedia/disp/word_show/440829 HTTP/1.1" 200 4220 "-" "Mozilla/5.0 (compatible; Googlebot/2.1; +http://www.google.com/bot.html)"
72.14.199.52 - - [07/Apr/2013:08:56:04 +0900] "GET /~yosshi/wiki-old/index.php?cmd=edit&page=%C6%FC%B5%AD%2F2021-05-29 HTTP/1.1" 200 1805 "-" "DoCoMo/2.0 N905i(c100;TB;W24H16) (compatible; Googlebot-Mobile/2.1; +http://www.google.com/bot.html)"
