157.55.35.113 - - [07/Apr/2013:05:38:09 +0900] "GET /ontolopedia/disp/word_show/164999 HTTP/1.1" 403 235 "-" "Mozilla/5.0 (compatible; bingbot/2.0; +http://www.bing.com/bingbot.htm)"
157.56.93.73 - - [07/Apr/2013:05:38:12 +0900] "GET /~info3/wiki/index.php?cmd=diff&action=delete&page=2006%2Finfo3 HTTP/1.1" 200 6629 "-" "Mozilla/5.0 (compatible; bingbot/2.0; +http://www.bing.com/bingbot.htm)"
66.249.76.52 - - [07/Apr/2013:05:38:23 +0900] "GET /ontolopedia/disp/word_show/448843 HTTP/1.1" 200 6453 "-" "Mozilla/5.0 (compatible; Googlebot/2.1; +http://www.google.com/bot.html)"
66.249.76.52 - - [07/Apr/2013:05:38:33 +0900] "GET /ontolopedia/flash/spring/sgraph.swf?URL=/ontolopedia/springxml/spring89056.xml HTTP/1.1" 200 247720 "-" "Googlebot-Video/1.0"
157.56.93.196 - - [07/Apr/2013:05:39:09 +0900] "GET /~info3/wiki/index.php?plugin=attach&pcmd=list&refer=2006%2Finfo3%2F%CD%A7%B4%F3%A1%F5%BE%E5%B8%B6%C8%C9%2FLevel1 HTTP/1.1" 200 4172 "-" "Mozilla/5.0 (compatible; bingbot/2.0; +http://www.bing.com/bingbot.htm)"
66.249.76.52 - - [07/Apr/2013:05:39:41 +0900] "GET /ontolopedia/disp/word_show/28318 HTTP/1.1" 200 5677 "-" "Mozilla/5.0 (compatible; Googlebot/2.1; +http://www.google.com/bot.html)"
66.249.76.52 - - [07/Apr/2013:05:39:46 +0900] "GET /~yosshi/wiki-old/index.php?cmd=edit&help=true&page=%C6%FC%B5%AD%2F1950-10-01 HTTP/1.1" 200 50 "-" "SAMSUNG-SGH-E250/1.0 Profile/MIDP-2.0 Configuration/CLDC-1.1 UP.Browser/6.2.3.3.c.1.101 (GUI) MMP/2.0 (compatible; Googlebot-Mobile/2.1; +http://www.google.com/bot.html)"
66.249.76.52 - - [07/Apr/2013:05:40:29 +0900] "GET /~yosshi/wiki-old/index.php?cmd=edit&page=%C6%FC%B5%AD%2F2017-05-05 HTTP/1.1" 200 1805 "-" "SAMSUNG-SGH-E250/1.0 Profile/MIDP-2.0 Configuration/CLDC-1.1 UP.Browser/6.2.3.3.c.1.101 (GUI) MMP/2.0 (compatible; Googlebot-Mobile/2.1; +http://www.google.com/bot.html)"
72.14.199.52 - - [07/Apr/2013:05:41:02 +0900] "GET /note/rss/latest/ HTTP/1.1" 200 8675 "-" "Feedfetcher-Google; (+http://www.google.com/feedfetcher.html; 7 subscribers; feed-id=3219038629485402054)"
72.14.199.52 - - [07/Apr/2013:05:41:06 +0900] "GET /~yosshi/wiki-old/index.php?plugin=newpage&refer=%C6%FC%B5%AD%2F2004-12-07 HTTP/1.1" 200 795 "-" "DoCoMo/2.0 N905i(c100;TB;W24H16) (compatible; Googlebot-Mobile/2.1; +http://www.google.com/bot.html)"
66.249.76.52 - - [07/Apr/2013:05:42:54 +0900] "GET /ontolopedia/disp/word_show/195432 HTTP/1.1" 200 11033 "-" "Mozilla/5.0 (compatible; Googlebot/2.1; +http://www.google.com/bot.html)"
66.249.76.52 - - [07/Apr/2013:05:42:57 +0900] "GET /~yosshi/wiki-old/index.php?cmd=edit&help=true&page=%C6%FC%B5%AD%2F1957-08-15 HTTP/1.1" 200 50 "-" "SAMSUNG-SGH-E250/1.0 Profile/MIDP-2.0 Configuration/CLDC-1.1 UP.Browser/6.2.3.3.c.1.101 (GUI) MMP/2.0 (compatible; Googlebot-Mobile/2.1; +http://www.google.com/bot.html)"
66.249.76.52 - - [07/Apr/2013:05:43:22 +0900] "GET /~yosshi/wiki-old/index.php?cmd=edit&help=true&page=%C6%FC%B5%AD%2F2017-05-05 HTTP/1.1" 200 50 "-" "SAMSUNG-SGH-E250/1.0 Profile/MIDP-2.0 Configuration/CLDC-1.1 UP.Browser/6.2.3.3.c.1.101 (GUI) MMP/2.0 (compatible; Googlebot-Mobile/2.1; +http://www.google.com/bot.html)"
72.14.199.52 - - [07/Apr/2013:05:43:33 +0900] "GET /~yosshi/wiki-old/index.php?cmd=edit&page=%C6%FC%B5%AD%2F2004-11-14&refer=%C6%FC%B5%AD HTTP/1.1" 200 1805 "-" "DoCoMo/2.0 N905i(c100;TB;W24H16) (compatible; Googlebot-Mobile/2.1; +http://www.google.com/bot.html)"
66.249.76.52 - - [07/Apr/2013:05:44:22 +0900] "GET /ontolopedia/disp/word_show/367594 HTTP/1.1" 200 11392 "-" "Mozilla/5.0 (compatible; Googlebot/2.1; +http://www.google.com/bot.html)"
66.249.76.52 - - [07/Apr/2013:05:44:23 +0900] "GET /ontolopedia/disp/word_show/378775 HTTP/1.1" 200 13913 "-" "Mozilla/5.0 (compatible; Googlebot/2.1; +http://www.google.com/bot.html)"
66.249.76.52 - - [07/Apr/2013:05:44:47 +0900] "GET /note/note_detail/2158 HTTP/1.1" 301 - "-" "Mozilla/5.0 (iPhone; U; CPU iPhone OS 4_1 like Mac OS X; en-us) AppleWebKit/532.9 (KHTML, like Gecko) Version/4.0.5 Mobile/8B117 Safari/6531.22.7 (compatible; Googlebot-Mobile/2.1; +http://www.google.com/bot.html)"
66.249.76.52 - - [07/Apr/2013:05:44:49 +0900] "GET /note/note_detail/2158/ HTTP/1.1" 200 6343 "-" "Mozilla/5.0 (iPhone; U; CPU iPhone OS 4_1 like Mac OS X; en-us) AppleWebKit/532.9 (KHTML, like Gecko) Version/4.0.5 Mobile/8B117 Safari/6531.22.7 (compatible; Googlebot-Mobile/2.1; +http://www.google.com/bot.html)"
72.14.199.52 - - [07/Apr/2013:05:45:08 +0900] "GET /~yosshi/wiki-old/index.php?plugin=newpage&refer=%C6%FC%B5%AD%2F2021-04-06 HTTP/1.1" 200 795 "-" "DoCoMo/2.0 N905i(c100;TB;W24H16) (compatible; Googlebot-Mobile/2.1; +http://www.google.com/bot.html)"
66.249.76.52 - - [07/Apr/2013:05:45:48 +0900] "GET /~yosshi/wiki-old/index.php?cmd=edit&page=%C6%FC%B5%AD%2F2032-04-12 HTTP/1.1" 200 1805 "-" "SAMSUNG-SGH-E250/1.0 Profile/MIDP-2.0 Configuration/CLDC-1.1 UP.Browser/6.2.3.3.c.1.101 (GUI) MMP/2.0 (compatible; Googlebot-Mobile/2.1; +http://www.google.com/bot.html)"
66.249.76.52 - - [07/Apr/2013:05:46:15 +0900] "GET /~yosshi/wiki-old/index.php?plugin=newpage&refer=%C6%FC%B5%AD%2F2017-05-05 HTTP/1.1" 200 795 "-" "SAMSUNG-SGH-E250/1.0 Profile/MIDP-2.0 Configuration/CLDC-1.1 UP.Browser/6.2.3.3.c.1.101 (GUI) MMP/2.0 (compatible; Googlebot-Mobile/2.1; +http://www.google.com/bot.html)"
72.14.199.52 - - [07/Apr/2013:05:47:38 +0900] "GET /~yosshi/wiki-old/index.php?cmd=edit&page=%C6%FC%B5%AD%2F2021-05-27&refer=%C6%FC%B5%AD HTTP/1.1" 200 1805 "-" "DoCoMo/2.0 N905i(c100;TB;W24H16) (compatible; Googlebot-Mobile/2.1; +http://www.google.com/bot.html)"
157.55.35.82 - - [07/Apr/2013:05:47:40 +0900] "GET /~info3/wiki/index.php?2006%2Finfo3%2F%B5%C4%BB%F6%CF%BF%2F5%B7%EE29%C6%FC HTTP/1.1" 200 28668 "-" "Mozilla/5.0 (compatible; bingbot/2.0; +http://www.bing.com/bingbot.htm)"
66.249.76.52 - - [07/Apr/2013:05:47:42 +0900] "GET /ontolopedia/disp/word_show/144263 HTTP/1.1" 200 7174 "-" "Mozilla/5.0 (compatible; Googlebot/2.1; +http://www.google.com/bot.html)"
216.59.18.125 - - [07/Apr/2013:05:48:08 +0900] "GET /~info3/wiki/index.php?CVS/%B0%EC%CD%F7 HTTP/1.0" 200 117756 "http://www.nal.ie.u-ryukyu.ac.jp/" "Mozilla/4.0 (compatible; MSIE 8.0; Windows NT 6.0; Trident/4.0; Mozilla/4.0 (compatible; MSIE 6.0; Windows NT 5.1; SV1) ; .NET CLR 3.5.30729)"
157.55.33.109 - - [07/Apr/2013:05:48:14 +0900] "GET /~info3/wiki/index.php?cmd=backup&page=%C0%AE%C5%C4%A1%F5%B6%E2%BE%EB%C8%C9%2FLevel3&age=3&action=nowdiff HTTP/1.1" 200 7806 "-" "Mozilla/5.0 (compatible; bingbot/2.0; +http://www.bing.com/bingbot.htm)"
157.56.93.73 - - [07/Apr/2013:05:48:41 +0900] "GET /robots.txt HTTP/1.1" 404 208 "-" "Mozilla/5.0 (compatible; bingbot/2.0; +http://www.bing.com/bingbot.htm)"
157.56.93.73 - - [07/Apr/2013:05:48:41 +0900] "GET /~info3/wiki/index.php?cmd=diff&action=delete&page=%B5%DC%CE%A4%A1%F5%CD%BF%B5%B7%C8%C9%2F%A5%BD%A1%BC%A5%B9 HTTP/1.1" 200 7421 "-" "Mozilla/5.0 (compatible; bingbot/2.0; +http://www.bing.com/bingbot.htm)"
66.249.76.52 - - [07/Apr/2013:05:48:55 +0900] "GET /~yosshi/wiki-old/index.php?cmd=edit&page=%C6%FC%B5%AD%2F2032-04-09 HTTP/1.1" 200 1805 "-" "SAMSUNG-SGH-E250/1.0 Profile/MIDP-2.0 Configuration/CLDC-1.1 UP.Browser/6.2.3.3.c.1.101 (GUI) MMP/2.0 (compatible; Googlebot-Mobile/2.1; +http://www.google.com/bot.html)"
66.249.76.52 - - [07/Apr/2013:05:49:00 +0900] "GET /ontolopedia/disp/word_show/252466 HTTP/1.1" 200 9461 "-" "Mozilla/5.0 (compatible; Googlebot/2.1; +http://www.google.com/bot.html)"
157.55.33.109 - - [07/Apr/2013:05:49:11 +0900] "GET /~info3/wiki/index.php?2005%2Finfo4%2FLevel2%2F%B0%F0%C1%D5%B9%BE HTTP/1.1" 200 31354 "-" "Mozilla/5.0 (compatible; bingbot/2.0; +http://www.bing.com/bingbot.htm)"
66.249.76.52 - - [07/Apr/2013:05:49:23 +0900] "GET /~yosshi/wiki-old/index.php?cmd=edit&page=%C6%FC%B5%AD%2F2017-05-06&refer=%C6%FC%B5%AD HTTP/1.1" 200 1805 "-" "SAMSUNG-SGH-E250/1.0 Profile/MIDP-2.0 Configuration/CLDC-1.1 UP.Browser/6.2.3.3.c.1.101 (GUI) MMP/2.0 (compatible; Googlebot-Mobile/2.1; +http://www.google.com/bot.html)"
119.63.196.62 - - [07/Apr/2013:05:49:27 +0900] "GET /note/note_detail/2306/ HTTP/1.1" 200 16068 "-" "Mozilla/5.0 (compatible; Baiduspider/2.0; +http://www.baidu.com/search/spider.html)"
119.235.237.17 - - [07/Apr/2013:05:49:57 +0900] "GET /note/note_detail/2503 HTTP/1.1" 301 - "-" "Yeti/1.0 (NHN Corp.; http://help.naver.com/robots/)"
72.14.199.52 - - [07/Apr/2013:05:50:30 +0900] "GET /~yosshi/wiki-old/index.php?cmd=edit&page=%C6%FC%B5%AD%2F2004-11-25&refer=%C6%FC%B5%AD HTTP/1.1" 200 1805 "-" "DoCoMo/2.0 N905i(c100;TB;W24H16) (compatible; Googlebot-Mobile/2.1; +http://www.google.com/bot.html)"
66.249.76.52 - - [07/Apr/2013:05:51:19 +0900] "GET /~yosshi/wiki-old/index.php?cmd=edit&page=%C6%FC%B5%AD%2F1957-08-01 HTTP/1.1" 200 1805 "-" "SAMSUNG-SGH-E250/1.0 Profile/MIDP-2.0 Configuration/CLDC-1.1 UP.Browser/6.2.3.3.c.1.101 (GUI) MMP/2.0 (compatible; Googlebot-Mobile/2.1; +http://www.google.com/bot.html)"
72.14.199.52 - - [07/Apr/2013:05:52:29 +0900] "GET /~yosshi/wiki/index.php?cmd=rss HTTP/1.1" 200 3853 "-" "Feedfetcher-Google; (+http://www.google.com/feedfetcher.html; 2 subscribers; feed-id=7670697473853159198)"
66.249.76.52 - - [07/Apr/2013:05:52:54 +0900] "GET /ontolopedia/disp/word_show/18223 HTTP/1.1" 200 7965 "-" "Mozilla/5.0 (compatible; Googlebot/2.1; +http://www.google.com/bot.html)"
180.26.64.111 - - [07/Apr/2013:05:52:54 +0900] "GET /ontolopedia/disp/word_show/448137 HTTP/1.1" 200 7857 "http://search.yahoo.co.jp/search?p=%E5%BB%A3%E7%80%AC%E6%96%87%E9%9B%84%E3%80%80%E3%83%90%E3%83%AC%E3%83%BC%E3%83%9C%E3%83%BC%E3%83%AB&aq=-1&oq=&ei=UTF-8&fr=sb-necctp_sa&x=wrt" "Mozilla/5.0 (compatible; MSIE 9.0; Windows NT 6.1; WOW64; Trident/5.0; YTB730)"
180.26.64.111 - - [07/Apr/2013:05:52:54 +0900] "GET /ontolopedia/stylesheets/default.css?1195659978 HTTP/1.1" 200 7140 "http://www.nal.ie.u-ryukyu.ac.jp/ontolopedia/disp/word_show/448137" "Mozilla/5.0 (compatible; MSIE 9.0; Windows NT 6.1; WOW64; Trident/5.0; YTB730)"
180.26.64.111 - - [07/Apr/2013:05:52:54 +0900] "GET /ontolopedia/stylesheets/formstyle.css?1172129648 HTTP/1.1" 200 4389 "http://www.nal.ie.u-ryukyu.ac.jp/ontolopedia/disp/word_show/448137" "Mozilla/5.0 (compatible; MSIE 9.0; Windows NT 6.1; WOW64; Trident/5.0; YTB730)"
180.26.64.111 - - [07/Apr/2013:05:52:54 +0900] "GET /ontolopedia/javascripts/formstyle.js?1172130636 HTTP/1.1" 200 10047 "http://www.nal.ie.u-ryukyu.ac.jp/ontolopedia/disp/word_show/448137" "Mozilla/5.0 (compatible; MSIE 9.0; Windows NT 6.1; WOW64; Trident/5.0; YTB730)"
180.26.64.111 - - [07/Apr/2013:05:52:55 +0900] "GET /ontolopedia/img/bgfooter.gif HTTP/1.1" 200 598 "http://www.nal.ie.u-ryukyu.ac.jp/ontolopedia/disp/word_show/448137" "Mozilla/5.0 (compatible; MSIE 9.0; Windows NT 6.1; WOW64; Trident/5.0; YTB730)"
180.26.64.111 - - [07/Apr/2013:05:52:55 +0900] "GET /ontolopedia/img/topleft.gif HTTP/1.1" 200 2971 "http://www.nal.ie.u-ryukyu.ac.jp/ontolopedia/disp/word_show/448137" "Mozilla/5.0 (compatible; MSIE 9.0; Windows NT 6.1; WOW64; Trident/5.0; YTB730)"
180.26.64.111 - - [07/Apr/2013:05:52:55 +0900] "GET /ontolopedia/img/bg.gif HTTP/1.1" 200 1383 "http://www.nal.ie.u-ryukyu.ac.jp/ontolopedia/disp/word_show/448137" "Mozilla/5.0 (compatible; MSIE 9.0; Windows NT 6.1; WOW64; Trident/5.0; YTB730)"
180.26.64.111 - - [07/Apr/2013:05:52:55 +0900] "GET /ontolopedia/img/bgmain.gif HTTP/1.1" 200 2248 "http://www.nal.ie.u-ryukyu.ac.jp/ontolopedia/disp/word_show/448137" "Mozilla/5.0 (compatible; MSIE 9.0; Windows NT 6.1; WOW64; Trident/5.0; YTB730)"
180.26.64.111 - - [07/Apr/2013:05:52:55 +0900] "GET /ontolopedia/flash/spring/sgraph.swf HTTP/1.1" 200 247720 "http://www.nal.ie.u-ryukyu.ac.jp/ontolopedia/disp/word_show/448137" "Mozilla/5.0 (compatible; MSIE 9.0; Windows NT 6.1; WOW64; Trident/5.0; YTB730)"
180.26.64.111 - - [07/Apr/2013:05:52:55 +0900] "GET /favicon.ico HTTP/1.1" 200 3638 "-" "Mozilla/5.0 (compatible; MSIE 9.0; Windows NT 6.1; WOW64; Trident/5.0)"
180.26.64.111 - - [07/Apr/2013:05:52:56 +0900] "GET /ontolopedia/springxml/spring448137.xml HTTP/1.1" 404 235 "http://www.nal.ie.u-ryukyu.ac.jp/ontolopedia/flash/spring/sgraph.swf" "Mozilla/5.0 (compatible; MSIE 9.0; Windows NT 6.1; WOW64; Trident/5.0; YTB730)"
66.249.76.52 - - [07/Apr/2013:05:53:08 +0900] "GET /~yosshi/wiki-old/index.php?cmd=edit&page=%C6%FC%B5%AD%2F2017-05-11&refer=%C6%FC%B5%AD HTTP/1.1" 200 1805 "-" "SAMSUNG-SGH-E250/1.0 Profile/MIDP-2.0 Configuration/CLDC-1.1 UP.Browser/6.2.3.3.c.1.101 (GUI) MMP/2.0 (compatible; Googlebot-Mobile/2.1; +http://www.google.com/bot.html)"
72.14.199.52 - - [07/Apr/2013:05:53:22 +0900] "GET /~yosshi/wiki-old/index.php?cmd=edit&help=true&page=%C6%FC%B5%AD%2F2021-04-07 HTTP/1.1" 200 50 "-" "DoCoMo/2.0 N905i(c100;TB;W24H16) (compatible; Googlebot-Mobile/2.1; +http://www.google.com/bot.html)"
66.249.76.52 - - [07/Apr/2013:05:54:28 +0900] "GET /~yosshi/wiki-old/index.php?cmd=edit&help=true&page=%C6%FC%B5%AD%2F1957-08-16 HTTP/1.1" 200 50 "-" "SAMSUNG-SGH-E250/1.0 Profile/MIDP-2.0 Configuration/CLDC-1.1 UP.Browser/6.2.3.3.c.1.101 (GUI) MMP/2.0 (compatible; Googlebot-Mobile/2.1; +http://www.google.com/bot.html)"
66.249.76.52 - - [07/Apr/2013:05:54:53 +0900] "GET /~yosshi/wiki-old/index.php?cmd=edit&page=%C6%FC%B5%AD%2F2017-05-13 HTTP/1.1" 200 1805 "-" "SAMSUNG-SGH-E250/1.0 Profile/MIDP-2.0 Configuration/CLDC-1.1 UP.Browser/6.2.3.3.c.1.101 (GUI) MMP/2.0 (compatible; Googlebot-Mobile/2.1; +http://www.google.com/bot.html)"
66.249.76.52 - - [07/Apr/2013:05:55:00 +0900] "GET /note/note_detail/2463/ HTTP/1.1" 200 8018 "-" "Mozilla/5.0 (iPhone; U; CPU iPhone OS 4_1 like Mac OS X; en-us) AppleWebKit/532.9 (KHTML, like Gecko) Version/4.0.5 Mobile/8B117 Safari/6531.22.7 (compatible; Googlebot-Mobile/2.1; +http://www.google.com/bot.html)"
66.249.76.52 - - [07/Apr/2013:05:55:09 +0900] "GET /note/note_detail/784/ HTTP/1.1" 200 7329 "-" "Mozilla/5.0 (compatible; Googlebot/2.1; +http://www.google.com/bot.html)"
66.249.76.52 - - [07/Apr/2013:05:55:10 +0900] "GET /ontolopedia/disp/word_show/492197 HTTP/1.1" 200 6162 "-" "Mozilla/5.0 (compatible; Googlebot/2.1; +http://www.google.com/bot.html)"
72.14.199.52 - - [07/Apr/2013:05:56:15 +0900] "GET /~yosshi/wiki-old/index.php?cmd=edit&page=%C6%FC%B5%AD%2F2004-11-28&refer=%C6%FC%B5%AD HTTP/1.1" 200 1805 "-" "DoCoMo/2.0 N905i(c100;TB;W24H16) (compatible; Googlebot-Mobile/2.1; +http://www.google.com/bot.html)"
66.249.76.52 - - [07/Apr/2013:05:57:51 +0900] "GET /~yosshi/wiki-old/index.php?cmd=edit&page=%C6%FC%B5%AD%2F2017-06-11&refer=%C6%FC%B5%AD HTTP/1.1" 200 1805 "-" "SAMSUNG-SGH-E250/1.0 Profile/MIDP-2.0 Configuration/CLDC-1.1 UP.Browser/6.2.3.3.c.1.101 (GUI) MMP/2.0 (compatible; Googlebot-Mobile/2.1; +http://www.google.com/bot.html)"
66.249.76.52 - - [07/Apr/2013:05:58:21 +0900] "GET /ontolopedia/disp/word_show/337857 HTTP/1.1" 200 8527 "-" "Mozilla/5.0 (compatible; Googlebot/2.1; +http://www.google.com/bot.html)"
66.249.76.52 - - [07/Apr/2013:05:58:27 +0900] "GET /~yosshi/wiki-old/index.php?plugin=newpage&refer=%C6%FC%B5%AD%2F2032-04-02 HTTP/1.1" 200 795 "-" "SAMSUNG-SGH-E250/1.0 Profile/MIDP-2.0 Configuration/CLDC-1.1 UP.Browser/6.2.3.3.c.1.101 (GUI) MMP/2.0 (compatible; Googlebot-Mobile/2.1; +http://www.google.com/bot.html)"
66.249.76.52 - - [07/Apr/2013:05:58:40 +0900] "GET /ontolopedia/disp/word_show/212892 HTTP/1.1" 200 17510 "-" "Mozilla/5.0 (compatible; Googlebot/2.1; +http://www.google.com/bot.html)"
218.30.103.30 - - [07/Apr/2013:05:59:38 +0900] "GET /ontolopedia/stylesheets/default.css?1195659978 HTTP/1.1" 200 7140 "-" "Mozilla/4.0 (compatible; MSIE 7.0; Windows NT 6.0; Trident/4.0)"
218.30.103.30 - - [07/Apr/2013:05:59:39 +0900] "GET /robots.txt HTTP/1.1" 404 208 "-" "Sogou web spider/4.0(+http://www.sogou.com/docs/help/webmasters.htm#07)"
66.249.76.52 - - [07/Apr/2013:06:00:55 +0900] "GET /~yosshi/wiki-old/index.php?cmd=edit&page=%C6%FC%B5%AD%2F2017-06-04&refer=%C6%FC%B5%AD HTTP/1.1" 200 1805 "-" "SAMSUNG-SGH-E250/1.0 Profile/MIDP-2.0 Configuration/CLDC-1.1 UP.Browser/6.2.3.3.c.1.101 (GUI) MMP/2.0 (compatible; Googlebot-Mobile/2.1; +http://www.google.com/bot.html)"
72.14.199.52 - - [07/Apr/2013:06:01:16 +0900] "GET /~yosshi/wiki-old/index.php?plugin=newpage&refer=%C6%FC%B5%AD%2F2004-12-22 HTTP/1.1" 200 795 "-" "DoCoMo/2.0 N905i(c100;TB;W24H16) (compatible; Googlebot-Mobile/2.1; +http://www.google.com/bot.html)"
66.249.76.52 - - [07/Apr/2013:06:02:28 +0900] "GET /~yosshi/wiki-old/index.php?cmd=edit&help=true&page=%C6%FC%B5%AD%2F1950-10-12 HTTP/1.1" 200 50 "-" "SAMSUNG-SGH-E250/1.0 Profile/MIDP-2.0 Configuration/CLDC-1.1 UP.Browser/6.2.3.3.c.1.101 (GUI) MMP/2.0 (compatible; Googlebot-Mobile/2.1; +http://www.google.com/bot.html)"
2001:2f8:1c:a530:215:17ff:fed7:3777 - - [07/Apr/2013:06:03:14 +0900] "GET /note/rss/latest/ HTTP/1.0" 200 8675 "-" "-"
202.46.48.29 - - [07/Apr/2013:06:03:14 +0900] "GET / HTTP/1.1" 200 4658 "-" "Mozilla/4.0 (compatible; MSIE 7.0; Windows NT 6.0)"
66.249.76.52 - - [07/Apr/2013:06:03:32 +0900] "GET /~yosshi/wiki-old/index.php?cmd=edit&page=%C6%FC%B5%AD%2F2017-06-04 HTTP/1.1" 200 1805 "-" "SAMSUNG-SGH-E250/1.0 Profile/MIDP-2.0 Configuration/CLDC-1.1 UP.Browser/6.2.3.3.c.1.101 (GUI) MMP/2.0 (compatible; Googlebot-Mobile/2.1; +http://www.google.com/bot.html)"
66.249.76.52 - - [07/Apr/2013:06:03:42 +0900] "GET /ontolopedia/disp/word_show/406231 HTTP/1.1" 500 309 "-" "Mozilla/5.0 (compatible; Googlebot/2.1; +http://www.google.com/bot.html)"
72.14.199.52 - - [07/Apr/2013:06:03:54 +0900] "GET /~yosshi/wiki-old/index.php?cmd=edit&help=true&page=%C6%FC%B5%AD%2F2004-12-15 HTTP/1.1" 200 50 "-" "DoCoMo/2.0 N905i(c100;TB;W24H16) (compatible; Googlebot-Mobile/2.1; +http://www.google.com/bot.html)"
2001:2f8:1c:a530:215:17ff:fed7:3777 - - [07/Apr/2013:06:04:14 +0900] "GET /note/rss/latest/ HTTP/1.0" 200 8675 "-" "-"
119.63.193.131 - - [07/Apr/2013:06:04:14 +0900] "GET / HTTP/1.1" 200 4658 "-" "Mozilla/4.0 (compatible; MSIE 7.0; Windows NT 6.0)"
72.14.199.52 - - [07/Apr/2013:06:04:55 +0900] "GET /~yosshi/wiki-old/index.php?cmd=edit&help=true&page=%C6%FC%B5%AD%2F2004-12-19 HTTP/1.1" 200 50 "-" "DoCoMo/2.0 N905i(c100;TB;W24H16) (compatible; Googlebot-Mobile/2.1; +http://www.google.com/bot.html)"
66.249.76.52 - - [07/Apr/2013:06:05:08 +0900] "GET /~yosshi/wiki-old/index.php?cmd=edit&page=%C6%FC%B5%AD%2F2032-03-04&refer=%C6%FC%B5%AD HTTP/1.1" 200 1805 "-" "SAMSUNG-SGH-E250/1.0 Profile/MIDP-2.0 Configuration/CLDC-1.1 UP.Browser/6.2.3.3.c.1.101 (GUI) MMP/2.0 (compatible; Googlebot-Mobile/2.1; +http://www.google.com/bot.html)"
66.249.76.52 - - [07/Apr/2013:06:05:08 +0900] "GET /~yosshi/wiki-old/index.php?plugin=newpage&refer=%C6%FC%B5%AD%2F2032-04-12 HTTP/1.1" 200 795 "-" "SAMSUNG-SGH-E250/1.0 Profile/MIDP-2.0 Configuration/CLDC-1.1 UP.Browser/6.2.3.3.c.1.101 (GUI) MMP/2.0 (compatible; Googlebot-Mobile/2.1; +http://www.google.com/bot.html)"
66.249.76.52 - - [07/Apr/2013:06:05:13 +0900] "GET /note/note_detail/2159 HTTP/1.1" 301 - "-" "Mozilla/5.0 (iPhone; U; CPU iPhone OS 4_1 like Mac OS X; en-us) AppleWebKit/532.9 (KHTML, like Gecko) Version/4.0.5 Mobile/8B117 Safari/6531.22.7 (compatible; Googlebot-Mobile/2.1; +http://www.google.com/bot.html)"
66.249.76.52 - - [07/Apr/2013:06:05:14 +0900] "GET /note/note_detail/2159/ HTTP/1.1" 200 6340 "-" "Mozilla/5.0 (iPhone; U; CPU iPhone OS 4_1 like Mac OS X; en-us) AppleWebKit/532.9 (KHTML, like Gecko) Version/4.0.5 Mobile/8B117 Safari/6531.22.7 (compatible; Googlebot-Mobile/2.1; +http://www.google.com/bot.html)"
66.249.76.52 - - [07/Apr/2013:06:05:34 +0900] "GET /ontolopedia/disp/word_show/484538 HTTP/1.1" 200 4279 "-" "Mozilla/5.0 (compatible; Googlebot/2.1; +http://www.google.com/bot.html)"
72.14.199.52 - - [07/Apr/2013:06:05:58 +0900] "GET /~info3/wiki/index.php?cmd=rss HTTP/1.1" 200 4310 "-" "Feedfetcher-Google; (+http://www.google.com/feedfetcher.html; 1 subscribers; feed-id=11667465930236733000)"
157.55.32.76 - - [07/Apr/2013:06:06:38 +0900] "GET /~info3/wiki/index.php?plugin=rename&refer=%C2%E7%BE%EB%C8%C9%2FLevel5 HTTP/1.1" 200 4513 "-" "Mozilla/5.0 (compatible; bingbot/2.0; +http://www.bing.com/bingbot.htm)"
66.249.76.52 - - [07/Apr/2013:06:06:38 +0900] "GET /~yosshi/wiki-old/index.php?cmd=edit&help=true&page=%C6%FC%B5%AD%2F2032-04-02 HTTP/1.1" 200 50 "-" "SAMSUNG-SGH-E250/1.0 Profile/MIDP-2.0 Configuration/CLDC-1.1 UP.Browser/6.2.3.3.c.1.101 (GUI) MMP/2.0 (compatible; Googlebot-Mobile/2.1; +http://www.google.com/bot.html)"
66.249.76.52 - - [07/Apr/2013:06:07:03 +0900] "GET /ontolopedia/disp/word_show/361366 HTTP/1.1" 200 7530 "-" "Mozilla/5.0 (compatible; Googlebot/2.1; +http://www.google.com/bot.html)"
66.249.76.52 - - [07/Apr/2013:06:07:21 +0900] "GET /~yosshi/wiki-old/index.php?cmd=edit&page=%C6%FC%B5%AD%2F2017-06-06&refer=%C6%FC%B5%AD HTTP/1.1" 200 1805 "-" "SAMSUNG-SGH-E250/1.0 Profile/MIDP-2.0 Configuration/CLDC-1.1 UP.Browser/6.2.3.3.c.1.101 (GUI) MMP/2.0 (compatible; Googlebot-Mobile/2.1; +http://www.google.com/bot.html)"
66.249.76.52 - - [07/Apr/2013:06:07:36 +0900] "GET /ontolopedia/disp/word_show/92772 HTTP/1.1" 200 10086 "-" "Mozilla/5.0 (compatible; Googlebot/2.1; +http://www.google.com/bot.html)"
157.55.32.76 - - [07/Apr/2013:06:08:00 +0900] "GET /~yosshi/rbc_wiki/index.php?cmd=edit&page=Nnozmhdu&refer=FrontPage HTTP/1.1" 401 5406 "-" "Mozilla/5.0 (compatible; bingbot/2.0; +http://www.bing.com/bingbot.htm)"
66.249.76.52 - - [07/Apr/2013:06:09:15 +0900] "GET /ontolopedia/disp/word_show/270186 HTTP/1.1" 200 7574 "-" "Mozilla/5.0 (compatible; Googlebot/2.1; +http://www.google.com/bot.html)"
66.249.76.52 - - [07/Apr/2013:06:09:17 +0900] "GET /~yosshi/wiki-old/index.php?plugin=newpage&refer=%C6%FC%B5%AD%2F2017-06-06 HTTP/1.1" 200 795 "-" "SAMSUNG-SGH-E250/1.0 Profile/MIDP-2.0 Configuration/CLDC-1.1 UP.Browser/6.2.3.3.c.1.101 (GUI) MMP/2.0 (compatible; Googlebot-Mobile/2.1; +http://www.google.com/bot.html)"
157.56.93.73 - - [07/Apr/2013:06:09:40 +0900] "GET /~info3/wiki/index.php?cmd=backup&action=diff&page=%C3%E7%BE%BE%A1%F5%C3%E6%C2%BC%C8%C9%2FLevel5&age=2 HTTP/1.1" 200 7165 "-" "Mozilla/5.0 (compatible; bingbot/2.0; +http://www.bing.com/bingbot.htm)"
72.14.199.52 - - [07/Apr/2013:06:09:57 +0900] "GET /~yosshi/wiki-old/index.php?cmd=edit&page=%C6%FC%B5%AD%2F2021-04-25 HTTP/1.1" 200 1805 "-" "DoCoMo/2.0 N905i(c100;TB;W24H16) (compatible; Googlebot-Mobile/2.1; +http://www.google.com/bot.html)"
66.249.76.52 - - [07/Apr/2013:06:11:41 +0900] "GET /ontolopedia/disp/word_show/354720 HTTP/1.1" 200 9777 "-" "Mozilla/5.0 (compatible; Googlebot/2.1; +http://www.google.com/bot.html)"
157.55.32.61 - - [07/Apr/2013:06:12:38 +0900] "GET /~info3/wiki/index.php?plugin=attach&pcmd=upload&page=WikiPedia HTTP/1.1" 200 7085 "-" "Mozilla/5.0 (compatible; bingbot/2.0; +http://www.bing.com/bingbot.htm)"
157.56.93.71 - - [07/Apr/2013:06:12:39 +0900] "GET /~yosshi/wiki-old/index.php?cmd=edit&page=MenuBar HTTP/1.1" 200 19095 "-" "Mozilla/5.0 (compatible; bingbot/2.0; +http://www.bing.com/bingbot.htm)"
117.55.68.131 - - [07/Apr/2013:06:13:24 +0900] "GET /ontolopedia/disp/word_show/332140 HTTP/1.1" 200 6467 "http://www.google.co.jp/url?sa=t&rct=j&q=&esrc=s&source=web&cd=20&ved=0CF8QFjAJOAo&url=http%3A%2F%2Fwww.nal.ie.u-ryukyu.ac.jp%2Fontolopedia%2Fdisp%2Fword_show%2F332140&ei=jY9gUf7oG7GciAeDxYGwDQ&usg=AFQjCNFt2xe_riPoGYLUCAD-caMPBEp8_Q" "Mozilla/5.0 (Windows NT 6.1; rv:20.0) Gecko/20100101 Firefox/20.0"
117.55.68.131 - - [07/Apr/2013:06:13:24 +0900] "GET /ontolopedia/stylesheets/formstyle.css?1172129648 HTTP/1.1" 200 4389 "http://www.nal.ie.u-ryukyu.ac.jp/ontolopedia/disp/word_show/332140" "Mozilla/5.0 (Windows NT 6.1; rv:20.0) Gecko/20100101 Firefox/20.0"
117.55.68.131 - - [07/Apr/2013:06:13:24 +0900] "GET /ontolopedia/stylesheets/default.css?1195659978 HTTP/1.1" 200 7140 "http://www.nal.ie.u-ryukyu.ac.jp/ontolopedia/disp/word_show/332140" "Mozilla/5.0 (Windows NT 6.1; rv:20.0) Gecko/20100101 Firefox/20.0"
117.55.68.131 - - [07/Apr/2013:06:13:24 +0900] "GET /ontolopedia/javascripts/formstyle.js?1172130636 HTTP/1.1" 200 10047 "http://www.nal.ie.u-ryukyu.ac.jp/ontolopedia/disp/word_show/332140" "Mozilla/5.0 (Windows NT 6.1; rv:20.0) Gecko/20100101 Firefox/20.0"
117.55.68.131 - - [07/Apr/2013:06:13:25 +0900] "GET /ontolopedia/img/bg.gif HTTP/1.1" 200 1383 "http://www.nal.ie.u-ryukyu.ac.jp/ontolopedia/stylesheets/default.css?1195659978" "Mozilla/5.0 (Windows NT 6.1; rv:20.0) Gecko/20100101 Firefox/20.0"
117.55.68.131 - - [07/Apr/2013:06:13:25 +0900] "GET /ontolopedia/flash/spring/sgraph.swf HTTP/1.1" 200 247720 "http://www.nal.ie.u-ryukyu.ac.jp/ontolopedia/disp/word_show/332140" "Mozilla/5.0 (Windows NT 6.1; rv:20.0) Gecko/20100101 Firefox/20.0"
117.55.68.131 - - [07/Apr/2013:06:13:25 +0900] "GET /ontolopedia/img/topleft.gif HTTP/1.1" 200 2971 "http://www.nal.ie.u-ryukyu.ac.jp/ontolopedia/stylesheets/default.css?1195659978" "Mozilla/5.0 (Windows NT 6.1; rv:20.0) Gecko/20100101 Firefox/20.0"
117.55.68.131 - - [07/Apr/2013:06:13:25 +0900] "GET /ontolopedia/img/bgfooter.gif HTTP/1.1" 200 598 "http://www.nal.ie.u-ryukyu.ac.jp/ontolopedia/stylesheets/default.css?1195659978" "Mozilla/5.0 (Windows NT 6.1; rv:20.0) Gecko/20100101 Firefox/20.0"
117.55.68.131 - - [07/Apr/2013:06:13:25 +0900] "GET /ontolopedia/img/bgmain.gif HTTP/1.1" 200 2248 "http://www.nal.ie.u-ryukyu.ac.jp/ontolopedia/stylesheets/default.css?1195659978" "Mozilla/5.0 (Windows NT 6.1; rv:20.0) Gecko/20100101 Firefox/20.0"
117.55.68.131 - - [07/Apr/2013:06:13:25 +0900] "GET /favicon.ico HTTP/1.1" 200 3638 "-" "Mozilla/5.0 (Windows NT 6.1; rv:20.0) Gecko/20100101 Firefox/20.0"
117.55.68.131 - - [07/Apr/2013:06:13:26 +0900] "GET /ontolopedia/img/nav_li.gif HTTP/1.1" 200 286 "http://www.nal.ie.u-ryukyu.ac.jp/ontolopedia/stylesheets/default.css?1195659978" "Mozilla/5.0 (Windows NT 6.1; rv:20.0) Gecko/20100101 Firefox/20.0"
66.249.76.52 - - [07/Apr/2013:06:13:26 +0900] "GET /~yosshi/wiki-old/index.php?cmd=edit&page=%C6%FC%B5%AD%2F2017-06-17&refer=%C6%FC%B5%AD HTTP/1.1" 200 1805 "-" "SAMSUNG-SGH-E250/1.0 Profile/MIDP-2.0 Configuration/CLDC-1.1 UP.Browser/6.2.3.3.c.1.101 (GUI) MMP/2.0 (compatible; Googlebot-Mobile/2.1; +http://www.google.com/bot.html)"
66.249.76.52 - - [07/Apr/2013:06:13:55 +0900] "GET /ontolopedia/disp/word_show/394429 HTTP/1.1" 200 5233 "-" "Mozilla/5.0 (compatible; Googlebot/2.1; +http://www.google.com/bot.html)"
72.14.199.52 - - [07/Apr/2013:06:13:57 +0900] "GET /~yosshi/wiki-old/index.php?plugin=newpage&refer=%C6%FC%B5%AD%2F2021-04-05 HTTP/1.1" 200 795 "-" "DoCoMo/2.0 N905i(c100;TB;W24H16) (compatible; Googlebot-Mobile/2.1; +http://www.google.com/bot.html)"
72.14.199.52 - - [07/Apr/2013:06:13:58 +0900] "GET /~yosshi/wiki-old/index.php?plugin=newpage&refer=%C6%FC%B5%AD%2F2004-12-03 HTTP/1.1" 200 795 "-" "DoCoMo/2.0 N905i(c100;TB;W24H16) (compatible; Googlebot-Mobile/2.1; +http://www.google.com/bot.html)"
157.56.93.196 - - [07/Apr/2013:06:14:08 +0900] "GET /~info3/wiki/index.php?PukiWiki%2F1.4%2FManual%2FPlugin HTTP/1.1" 200 46710 "-" "Mozilla/5.0 (compatible; bingbot/2.0; +http://www.bing.com/bingbot.htm)"
66.249.76.52 - - [07/Apr/2013:06:14:17 +0900] "GET /note/note_detail/749/ HTTP/1.1" 200 8819 "-" "Mozilla/5.0 (compatible; Googlebot/2.1; +http://www.google.com/bot.html)"
117.55.68.131 - - [07/Apr/2013:06:14:17 +0900] "GET /ontolopedia/disp/word_show/332140 HTTP/1.1" 200 7108 "http://www.google.co.jp/url?sa=t&rct=j&q=&esrc=s&source=web&cd=20&ved=0CF8QFjAJOAo&url=http%3A%2F%2Fwww.nal.ie.u-ryukyu.ac.jp%2Fontolopedia%2Fdisp%2Fword_show%2F332140&ei=jY9gUf7oG7GciAeDxYGwDQ&usg=AFQjCNFt2xe_riPoGYLUCAD-caMPBEp8_Q" "Mozilla/5.0 (Windows NT 6.1; rv:20.0) Gecko/20100101 Firefox/20.0"
117.55.68.131 - - [07/Apr/2013:06:14:18 +0900] "GET /ontolopedia/stylesheets/default.css?1195659978 HTTP/1.1" 304 - "http://www.nal.ie.u-ryukyu.ac.jp/ontolopedia/disp/word_show/332140" "Mozilla/5.0 (Windows NT 6.1; rv:20.0) Gecko/20100101 Firefox/20.0"
117.55.68.131 - - [07/Apr/2013:06:14:18 +0900] "GET /ontolopedia/stylesheets/formstyle.css?1172129648 HTTP/1.1" 304 - "http://www.nal.ie.u-ryukyu.ac.jp/ontolopedia/disp/word_show/332140" "Mozilla/5.0 (Windows NT 6.1; rv:20.0) Gecko/20100101 Firefox/20.0"
117.55.68.131 - - [07/Apr/2013:06:14:18 +0900] "GET /ontolopedia/javascripts/formstyle.js?1172130636 HTTP/1.1" 304 - "http://www.nal.ie.u-ryukyu.ac.jp/ontolopedia/disp/word_show/332140" "Mozilla/5.0 (Windows NT 6.1; rv:20.0) Gecko/20100101 Firefox/20.0"
117.55.68.131 - - [07/Apr/2013:06:14:19 +0900] "GET /ontolopedia/img/bg.gif HTTP/1.1" 304 - "http://www.nal.ie.u-ryukyu.ac.jp/ontolopedia/stylesheets/default.css?1195659978" "Mozilla/5.0 (Windows NT 6.1; rv:20.0) Gecko/20100101 Firefox/20.0"
117.55.68.131 - - [07/Apr/2013:06:14:19 +0900] "GET /ontolopedia/img/topleft.gif HTTP/1.1" 304 - "http://www.nal.ie.u-ryukyu.ac.jp/ontolopedia/stylesheets/default.css?1195659978" "Mozilla/5.0 (Windows NT 6.1; rv:20.0) Gecko/20100101 Firefox/20.0"
117.55.68.131 - - [07/Apr/2013:06:14:19 +0900] "GET /ontolopedia/img/bgmain.gif HTTP/1.1" 304 - "http://www.nal.ie.u-ryukyu.ac.jp/ontolopedia/stylesheets/default.css?1195659978" "Mozilla/5.0 (Windows NT 6.1; rv:20.0) Gecko/20100101 Firefox/20.0"
117.55.68.131 - - [07/Apr/2013:06:14:19 +0900] "GET /ontolopedia/img/bgfooter.gif HTTP/1.1" 304 - "http://www.nal.ie.u-ryukyu.ac.jp/ontolopedia/stylesheets/default.css?1195659978" "Mozilla/5.0 (Windows NT 6.1; rv:20.0) Gecko/20100101 Firefox/20.0"
117.55.68.131 - - [07/Apr/2013:06:14:19 +0900] "GET /ontolopedia/flash/spring/sgraph.swf HTTP/1.1" 200 247720 "http://www.nal.ie.u-ryukyu.ac.jp/ontolopedia/disp/word_show/332140" "Mozilla/5.0 (Windows NT 6.1; rv:20.0) Gecko/20100101 Firefox/20.0"
117.55.68.131 - - [07/Apr/2013:06:14:20 +0900] "GET /ontolopedia/springxml/spring332140.xml HTTP/1.1" 404 235 "http://www.nal.ie.u-ryukyu.ac.jp/ontolopedia/flash/spring/sgraph.swf" "Mozilla/5.0 (Windows NT 6.1; rv:20.0) Gecko/20100101 Firefox/20.0"
117.55.68.131 - - [07/Apr/2013:06:14:20 +0900] "GET /ontolopedia/img/nav_li.gif HTTP/1.1" 304 - "http://www.nal.ie.u-ryukyu.ac.jp/ontolopedia/stylesheets/default.css?1195659978" "Mozilla/5.0 (Windows NT 6.1; rv:20.0) Gecko/20100101 Firefox/20.0"
66.249.76.52 - - [07/Apr/2013:06:15:15 +0900] "GET /~yosshi/wiki-old/index.php?cmd=edit&help=true&page=%C6%FC%B5%AD%2F1950-10-04 HTTP/1.1" 200 50 "-" "SAMSUNG-SGH-E250/1.0 Profile/MIDP-2.0 Configuration/CLDC-1.1 UP.Browser/6.2.3.3.c.1.101 (GUI) MMP/2.0 (compatible; Googlebot-Mobile/2.1; +http://www.google.com/bot.html)"
66.249.76.52 - - [07/Apr/2013:06:15:16 +0900] "GET /~yosshi/wiki-old/index.php?cmd=edit&page=%C6%FC%B5%AD%2F2032-04-16 HTTP/1.1" 200 1805 "-" "SAMSUNG-SGH-E250/1.0 Profile/MIDP-2.0 Configuration/CLDC-1.1 UP.Browser/6.2.3.3.c.1.101 (GUI) MMP/2.0 (compatible; Googlebot-Mobile/2.1; +http://www.google.com/bot.html)"
66.249.76.52 - - [07/Apr/2013:06:15:17 +0900] "GET /~yosshi/wiki-old/index.php?plugin=newpage&refer=%C6%FC%B5%AD%2F1950-10-09 HTTP/1.1" 200 795 "-" "SAMSUNG-SGH-E250/1.0 Profile/MIDP-2.0 Configuration/CLDC-1.1 UP.Browser/6.2.3.3.c.1.101 (GUI) MMP/2.0 (compatible; Googlebot-Mobile/2.1; +http://www.google.com/bot.html)"
66.249.76.52 - - [07/Apr/2013:06:15:27 +0900] "GET /note/note_detail/2160 HTTP/1.1" 301 - "-" "Mozilla/5.0 (iPhone; U; CPU iPhone OS 4_1 like Mac OS X; en-us) AppleWebKit/532.9 (KHTML, like Gecko) Version/4.0.5 Mobile/8B117 Safari/6531.22.7 (compatible; Googlebot-Mobile/2.1; +http://www.google.com/bot.html)"
66.249.76.52 - - [07/Apr/2013:06:15:27 +0900] "GET /note/note_detail/2160/ HTTP/1.1" 200 6342 "-" "Mozilla/5.0 (iPhone; U; CPU iPhone OS 4_1 like Mac OS X; en-us) AppleWebKit/532.9 (KHTML, like Gecko) Version/4.0.5 Mobile/8B117 Safari/6531.22.7 (compatible; Googlebot-Mobile/2.1; +http://www.google.com/bot.html)"
66.249.76.52 - - [07/Apr/2013:06:16:14 +0900] "GET /~yosshi/wiki-old/index.php?cmd=edit&page=%C6%FC%B5%AD%2F2017-06-17 HTTP/1.1" 200 1805 "-" "SAMSUNG-SGH-E250/1.0 Profile/MIDP-2.0 Configuration/CLDC-1.1 UP.Browser/6.2.3.3.c.1.101 (GUI) MMP/2.0 (compatible; Googlebot-Mobile/2.1; +http://www.google.com/bot.html)"
66.249.76.52 - - [07/Apr/2013:06:16:18 +0900] "GET /ontolopedia/disp/word_show/380703 HTTP/1.1" 200 11303 "-" "Mozilla/5.0 (compatible; Googlebot/2.1; +http://www.google.com/bot.html)"
72.14.199.52 - - [07/Apr/2013:06:16:25 +0900] "GET /~yosshi/wiki-old/index.php?plugin=newpage&refer=%C6%FC%B5%AD%2F2021-04-13 HTTP/1.1" 200 795 "-" "DoCoMo/2.0 N905i(c100;TB;W24H16) (compatible; Googlebot-Mobile/2.1; +http://www.google.com/bot.html)"
66.249.76.52 - - [07/Apr/2013:06:16:55 +0900] "GET /ontolopedia/disp/word_show/477208 HTTP/1.1" 200 4884 "-" "Mozilla/5.0 (compatible; Googlebot/2.1; +http://www.google.com/bot.html)"
66.249.76.52 - - [07/Apr/2013:06:16:57 +0900] "GET /ontolopedia/disp/word_show/148465 HTTP/1.1" 500 309 "-" "Mozilla/5.0 (compatible; Googlebot/2.1; +http://www.google.com/bot.html)"
119.235.237.17 - - [07/Apr/2013:06:17:32 +0900] "GET /wiki/index.php?yono%2FPython%A4%C7%BC%AB%C1%B3%B8%C0%B8%EC%BD%E8%CD%FD HTTP/1.1" 200 32740 "-" "Yeti/1.0 (NHN Corp.; http://help.naver.com/robots/)"
72.14.199.52 - - [07/Apr/2013:06:17:49 +0900] "GET /note/rss/comment/ HTTP/1.1" 200 9009 "-" "Feedfetcher-Google; (+http://www.google.com/feedfetcher.html; 7 subscribers; feed-id=3512785683584006639)"
66.249.76.52 - - [07/Apr/2013:06:19:18 +0900] "GET /ontolopedia/disp/word_show/338120 HTTP/1.1" 200 5249 "-" "Mozilla/5.0 (compatible; Googlebot/2.1; +http://www.google.com/bot.html)"
72.14.199.52 - - [07/Apr/2013:06:19:23 +0900] "GET /~yosshi/rbc_wiki/index.php?cmd=rss&ver=1.0 HTTP/1.1" 200 8412 "-" "Feedfetcher-Google; (+http://www.google.com/feedfetcher.html; 1 subscribers; feed-id=8337894759628133446)"
66.249.76.52 - - [07/Apr/2013:06:19:28 +0900] "GET /~yosshi/wiki-old/index.php?cmd=edit&help=true&page=%C6%FC%B5%AD%2F2017-06-06 HTTP/1.1" 200 50 "-" "SAMSUNG-SGH-E250/1.0 Profile/MIDP-2.0 Configuration/CLDC-1.1 UP.Browser/6.2.3.3.c.1.101 (GUI) MMP/2.0 (compatible; Googlebot-Mobile/2.1; +http://www.google.com/bot.html)"
66.249.76.52 - - [07/Apr/2013:06:20:17 +0900] "GET /~yosshi/wiki-old/index.php?plugin=newpage&refer=%C6%FC%B5%AD%2F1950-10-02 HTTP/1.1" 200 795 "-" "SAMSUNG-SGH-E250/1.0 Profile/MIDP-2.0 Configuration/CLDC-1.1 UP.Browser/6.2.3.3.c.1.101 (GUI) MMP/2.0 (compatible; Googlebot-Mobile/2.1; +http://www.google.com/bot.html)"
66.249.76.52 - - [07/Apr/2013:06:21:11 +0900] "GET /ontolopedia/disp/word_show/175561 HTTP/1.1" 200 4174 "-" "Mozilla/5.0 (compatible; Googlebot/2.1; +http://www.google.com/bot.html)"
66.249.76.52 - - [07/Apr/2013:06:21:15 +0900] "GET /ontolopedia/disp/word_show/63235 HTTP/1.1" 200 13600 "-" "Mozilla/5.0 (compatible; Googlebot/2.1; +http://www.google.com/bot.html)"
72.14.199.52 - - [07/Apr/2013:06:21:25 +0900] "GET /~yosshi/wiki-old/index.php?plugin=newpage&refer=%C6%FC%B5%AD%2F2021-04-21 HTTP/1.1" 200 795 "-" "DoCoMo/2.0 N905i(c100;TB;W24H16) (compatible; Googlebot-Mobile/2.1; +http://www.google.com/bot.html)"
66.249.76.52 - - [07/Apr/2013:06:22:19 +0900] "GET /~yosshi/wiki-old/index.php?plugin=calendar2&file=%C6%FC%B5%AD&date=201707 HTTP/1.1" 200 4566 "-" "SAMSUNG-SGH-E250/1.0 Profile/MIDP-2.0 Configuration/CLDC-1.1 UP.Browser/6.2.3.3.c.1.101 (GUI) MMP/2.0 (compatible; Googlebot-Mobile/2.1; +http://www.google.com/bot.html)"
66.249.76.52 - - [07/Apr/2013:06:23:14 +0900] "GET /ontolopedia/disp/word_show/246799 HTTP/1.1" 200 5235 "-" "Mozilla/5.0 (compatible; Googlebot/2.1; +http://www.google.com/bot.html)"
66.249.76.52 - - [07/Apr/2013:06:23:25 +0900] "GET /ontolopedia/disp/word_show/196712 HTTP/1.1" 200 17528 "-" "Mozilla/5.0 (compatible; Googlebot/2.1; +http://www.google.com/bot.html)"
119.63.196.31 - - [07/Apr/2013:06:23:40 +0900] "GET /note/note_detail/2293/ HTTP/1.1" 200 7794 "-" "Mozilla/5.0 (compatible; Baiduspider/2.0; +http://www.baidu.com/search/spider.html)"
72.14.199.52 - - [07/Apr/2013:06:23:50 +0900] "GET /~yosshi/wiki-old/index.php?cmd=edit&page=%C6%FC%B5%AD%2F2004-12-26 HTTP/1.1" 200 1805 "-" "DoCoMo/2.0 N905i(c100;TB;W24H16) (compatible; Googlebot-Mobile/2.1; +http://www.google.com/bot.html)"
66.249.76.52 - - [07/Apr/2013:06:24:00 +0900] "GET /~yosshi/wiki-old/index.php?cmd=edit&page=%C6%FC%B5%AD%2F2017-07-03&refer=%C6%FC%B5%AD HTTP/1.1" 200 1805 "-" "SAMSUNG-SGH-E250/1.0 Profile/MIDP-2.0 Configuration/CLDC-1.1 UP.Browser/6.2.3.3.c.1.101 (GUI) MMP/2.0 (compatible; Googlebot-Mobile/2.1; +http://www.google.com/bot.html)"
157.55.32.76 - - [07/Apr/2013:06:24:16 +0900] "GET /~info3/wiki/index.php?plugin=template&refer=info3%20wiki%2F%C2%E7%BE%EB%A1%F5%B5%C8%B1%CA%C8%C9%2FLevel6%20%C2%E7%BE%EB%A1%F5%B5%C8%B1%CA HTTP/1.1" 200 55496 "-" "Mozilla/5.0 (compatible; bingbot/2.0; +http://www.bing.com/bingbot.htm)"
72.14.199.52 - - [07/Apr/2013:06:25:03 +0900] "GET /~yosshi/wiki-old/index.php?cmd=edit&page=%C6%FC%B5%AD%2F2004-12-22 HTTP/1.1" 200 1805 "-" "DoCoMo/2.0 N905i(c100;TB;W24H16) (compatible; Googlebot-Mobile/2.1; +http://www.google.com/bot.html)"
66.249.76.52 - - [07/Apr/2013:06:25:12 +0900] "GET /ontolopedia/disp/word_show/452455 HTTP/1.1" 200 7598 "-" "Mozilla/5.0 (compatible; Googlebot/2.1; +http://www.google.com/bot.html)"
66.249.76.52 - - [07/Apr/2013:06:25:26 +0900] "GET /~yosshi/wiki-old/index.php?plugin=newpage&refer=%C6%FC%B5%AD%2F1957-08-02 HTTP/1.1" 200 795 "-" "SAMSUNG-SGH-E250/1.0 Profile/MIDP-2.0 Configuration/CLDC-1.1 UP.Browser/6.2.3.3.c.1.101 (GUI) MMP/2.0 (compatible; Googlebot-Mobile/2.1; +http://www.google.com/bot.html)"
66.249.76.52 - - [07/Apr/2013:06:25:27 +0900] "GET /~yosshi/wiki-old/index.php?plugin=newpage&refer=%C6%FC%B5%AD%2F1950-10-13 HTTP/1.1" 200 795 "-" "SAMSUNG-SGH-E250/1.0 Profile/MIDP-2.0 Configuration/CLDC-1.1 UP.Browser/6.2.3.3.c.1.101 (GUI) MMP/2.0 (compatible; Googlebot-Mobile/2.1; +http://www.google.com/bot.html)"
66.249.76.52 - - [07/Apr/2013:06:25:32 +0900] "GET /note/note_detail/2353 HTTP/1.1" 301 - "-" "Mozilla/5.0 (iPhone; U; CPU iPhone OS 4_1 like Mac OS X; en-us) AppleWebKit/532.9 (KHTML, like Gecko) Version/4.0.5 Mobile/8B117 Safari/6531.22.7 (compatible; Googlebot-Mobile/2.1; +http://www.google.com/bot.html)"
66.249.76.52 - - [07/Apr/2013:06:25:32 +0900] "GET /note/note_detail/2353/ HTTP/1.1" 200 6529 "-" "Mozilla/5.0 (iPhone; U; CPU iPhone OS 4_1 like Mac OS X; en-us) AppleWebKit/532.9 (KHTML, like Gecko) Version/4.0.5 Mobile/8B117 Safari/6531.22.7 (compatible; Googlebot-Mobile/2.1; +http://www.google.com/bot.html)"
157.56.93.73 - - [07/Apr/2013:06:26:10 +0900] "GET /~yosshi/rbc_wiki/index.php?cmd=backup&page=FrontPage&age=56&action=nowdiff HTTP/1.1" 200 495199 "-" "Mozilla/5.0 (compatible; bingbot/2.0; +http://www.bing.com/bingbot.htm)"
66.249.76.52 - - [07/Apr/2013:06:26:14 +0900] "GET /ontolopedia/disp/word_show/93800 HTTP/1.1" 200 9436 "-" "Mozilla/5.0 (compatible; Googlebot/2.1; +http://www.google.com/bot.html)"
66.249.76.52 - - [07/Apr/2013:06:26:48 +0900] "GET /ontolopedia/disp/word_show/252143 HTTP/1.1" 500 309 "-" "Mozilla/5.0 (compatible; Googlebot/2.1; +http://www.google.com/bot.html)"
66.249.76.52 - - [07/Apr/2013:06:26:48 +0900] "GET /~yosshi/wiki-old/index.php?plugin=newpage&refer=%C6%FC%B5%AD%2F1950-10-06 HTTP/1.1" 200 795 "-" "SAMSUNG-SGH-E250/1.0 Profile/MIDP-2.0 Configuration/CLDC-1.1 UP.Browser/6.2.3.3.c.1.101 (GUI) MMP/2.0 (compatible; Googlebot-Mobile/2.1; +http://www.google.com/bot.html)"
66.249.76.52 - - [07/Apr/2013:06:28:14 +0900] "GET /~yosshi/wiki-old/index.php?plugin=calendar2&file=%C6%FC%B5%AD&date=201708 HTTP/1.1" 200 4566 "-" "SAMSUNG-SGH-E250/1.0 Profile/MIDP-2.0 Configuration/CLDC-1.1 UP.Browser/6.2.3.3.c.1.101 (GUI) MMP/2.0 (compatible; Googlebot-Mobile/2.1; +http://www.google.com/bot.html)"
72.14.199.52 - - [07/Apr/2013:06:29:14 +0900] "GET /~yosshi/wiki-old/index.php?cmd=edit&help=true&page=%C6%FC%B5%AD%2F2021-04-13 HTTP/1.1" 200 50 "-" "DoCoMo/2.0 N905i(c100;TB;W24H16) (compatible; Googlebot-Mobile/2.1; +http://www.google.com/bot.html)"
66.249.76.52 - - [07/Apr/2013:06:29:37 +0900] "GET /~yosshi/wiki-old/index.php?cmd=edit&page=%C6%FC%B5%AD%2F2017-08-09&refer=%C6%FC%B5%AD HTTP/1.1" 200 1805 "-" "SAMSUNG-SGH-E250/1.0 Profile/MIDP-2.0 Configuration/CLDC-1.1 UP.Browser/6.2.3.3.c.1.101 (GUI) MMP/2.0 (compatible; Googlebot-Mobile/2.1; +http://www.google.com/bot.html)"
157.55.33.109 - - [07/Apr/2013:06:29:39 +0900] "GET /note/note_detail/1590/ HTTP/1.1" 200 7429 "-" "Mozilla/5.0 (compatible; bingbot/2.0; +http://www.bing.com/bingbot.htm)"
66.249.76.52 - - [07/Apr/2013:06:30:09 +0900] "GET /ontolopedia/disp/word_show/459039 HTTP/1.1" 200 6374 "-" "Mozilla/5.0 (compatible; Googlebot/2.1; +http://www.google.com/bot.html)"
66.249.76.52 - - [07/Apr/2013:06:30:10 +0900] "GET /ontolopedia/disp/word_show/454132 HTTP/1.1" 200 5958 "-" "Mozilla/5.0 (compatible; Googlebot/2.1; +http://www.google.com/bot.html)"
72.14.199.52 - - [07/Apr/2013:06:30:30 +0900] "GET /~yosshi/blog/?feed=rss2 HTTP/1.1" 200 18920 "-" "Feedfetcher-Google; (+http://www.google.com/feedfetcher.html; 2 subscribers; feed-id=12397007534115446545)"
157.55.33.109 - - [07/Apr/2013:06:31:09 +0900] "GET /~info3/wiki/index.php?cmd=backup&action=&page=%C0%AE%C5%C4%A1%F5%B6%E2%BE%EB%C8%C9%2FLevel2&age=5 HTTP/1.1" 200 16109 "-" "Mozilla/5.0 (compatible; bingbot/2.0; +http://www.bing.com/bingbot.htm)"
157.56.93.73 - - [07/Apr/2013:06:31:17 +0900] "GET /robots.txt HTTP/1.1" 404 208 "-" "Mozilla/5.0 (compatible; bingbot/2.0; +http://www.bing.com/bingbot.htm)"
157.56.93.73 - - [07/Apr/2013:06:31:18 +0900] "GET /note/note_detail/1599/ HTTP/1.1" 200 6946 "-" "Mozilla/5.0 (compatible; bingbot/2.0; +http://www.bing.com/bingbot.htm)"
72.14.199.52 - - [07/Apr/2013:06:31:44 +0900] "GET /~yosshi/wiki-old/index.php?cmd=edit&help=true&page=%C6%FC%B5%AD%2F2021-04-26 HTTP/1.1" 200 50 "-" "DoCoMo/2.0 N905i(c100;TB;W24H16) (compatible; Googlebot-Mobile/2.1; +http://www.google.com/bot.html)"
157.55.32.76 - - [07/Apr/2013:06:32:11 +0900] "GET /~info3/wiki/index.php?cmd=edit&page=2005%2Finfo4%2FLevel1 HTTP/1.1" 401 6340 "-" "Mozilla/5.0 (compatible; bingbot/2.0; +http://www.bing.com/bingbot.htm)"
66.249.76.52 - - [07/Apr/2013:06:33:31 +0900] "GET /wiki/index.php?%A5%BC%A5%DF%A5%ED%A5%B0%2F%C2%E822%B2%F3%2F2.%B2%E8%C1%FC%A4%F2%BF%F4%C3%CD%B2%BD%A4%B9%A4%EB%CA%FD%CB%A1(%B6%CC%BE%EB%B3%A8%C8%FE) HTTP/1.1" 200 18251 "-" "Mozilla/5.0 (compatible; Googlebot/2.1; +http://www.google.com/bot.html)"
66.249.76.52 - - [07/Apr/2013:06:33:32 +0900] "GET /ontolopedia/disp/word_show/301022 HTTP/1.1" 500 309 "-" "Mozilla/5.0 (compatible; Googlebot/2.1; +http://www.google.com/bot.html)"
65.55.213.70 - - [07/Apr/2013:06:34:15 +0900] "GET /introduction.php HTTP/1.1" 200 6276 "-" "msnbot/2.0b (+http://search.msn.com/msnbot.htm)"
65.55.213.70 - - [07/Apr/2013:06:34:22 +0900] "GET /member_2011.php HTTP/1.1" 200 6210 "-" "msnbot/2.0b (+http://search.msn.com/msnbot.htm)"
65.55.213.70 - - [07/Apr/2013:06:34:25 +0900] "GET /note/note_detail/2543/ HTTP/1.1" 200 8313 "-" "msnbot/2.0b (+http://search.msn.com/msnbot.htm)"
65.55.213.70 - - [07/Apr/2013:06:34:27 +0900] "GET /note/note_detail/2539/ HTTP/1.1" 200 6447 "-" "msnbot/2.0b (+http://search.msn.com/msnbot.htm)"
66.249.76.52 - - [07/Apr/2013:06:34:33 +0900] "GET /~yosshi/wiki-old/index.php?plugin=calendar2&file=%C6%FC%B5%AD&date=201709 HTTP/1.1" 200 4566 "-" "SAMSUNG-SGH-E250/1.0 Profile/MIDP-2.0 Configuration/CLDC-1.1 UP.Browser/6.2.3.3.c.1.101 (GUI) MMP/2.0 (compatible; Googlebot-Mobile/2.1; +http://www.google.com/bot.html)"
65.55.213.70 - - [07/Apr/2013:06:34:37 +0900] "GET /note/note_detail/2540/ HTTP/1.1" 200 6465 "-" "msnbot/2.0b (+http://search.msn.com/msnbot.htm)"
157.55.32.77 - - [07/Apr/2013:06:34:39 +0900] "GET /~yosshi/blog/2009/05/11/ HTTP/1.1" 404 222 "-" "Mozilla/5.0 (compatible; bingbot/2.0; +http://www.bing.com/bingbot.htm)"
157.55.32.77 - - [07/Apr/2013:06:34:39 +0900] "GET /~info3/wiki/index.php?plugin=template&refer=2005%2Finfo4%2FLevel2 HTTP/1.1" 200 5883 "-" "Mozilla/5.0 (compatible; bingbot/2.0; +http://www.bing.com/bingbot.htm)"
65.55.213.70 - - [07/Apr/2013:06:34:39 +0900] "GET /note/note_detail/2541/ HTTP/1.1" 200 6494 "-" "msnbot/2.0b (+http://search.msn.com/msnbot.htm)"
157.55.32.77 - - [07/Apr/2013:06:34:40 +0900] "GET /~info3/wiki/index.php?cmd=backup&page=%B6%E2%BE%EB%CD%B5%2Flevel2&age=2&action=nowdiff HTTP/1.1" 200 7284 "-" "Mozilla/5.0 (compatible; bingbot/2.0; +http://www.bing.com/bingbot.htm)"
65.55.213.72 - - [07/Apr/2013:06:34:42 +0900] "GET /note/note_detail/2544/ HTTP/1.1" 200 7446 "-" "msnbot/2.0b (+http://search.msn.com/msnbot.htm)"
65.55.213.72 - - [07/Apr/2013:06:34:44 +0900] "GET /note/note_detail/2545/ HTTP/1.1" 200 8224 "-" "msnbot/2.0b (+http://search.msn.com/msnbot.htm)"
65.55.213.72 - - [07/Apr/2013:06:34:47 +0900] "GET /note/note_detail/2542/ HTTP/1.1" 200 9544 "-" "msnbot/2.0b (+http://search.msn.com/msnbot.htm)"
65.55.213.72 - - [07/Apr/2013:06:34:50 +0900] "GET /note/note_detail/2547/ HTTP/1.1" 200 6625 "-" "msnbot/2.0b (+http://search.msn.com/msnbot.htm)"
65.55.213.70 - - [07/Apr/2013:06:34:54 +0900] "GET /note/note_detail/2546/ HTTP/1.1" 200 7530 "-" "msnbot/2.0b (+http://search.msn.com/msnbot.htm)"
65.55.213.70 - - [07/Apr/2013:06:34:56 +0900] "GET /note/note_detail/2548/ HTTP/1.1" 200 6736 "-" "msnbot/2.0b (+http://search.msn.com/msnbot.htm)"
65.55.213.70 - - [07/Apr/2013:06:34:59 +0900] "GET /link.php HTTP/1.1" 200 2755 "-" "msnbot/2.0b (+http://search.msn.com/msnbot.htm)"
2001:2f8:1c:a530:215:17ff:fed7:3777 - - [07/Apr/2013:06:35:01 +0900] "GET /note/rss/latest/ HTTP/1.0" 200 8675 "-" "-"
65.55.213.70 - - [07/Apr/2013:06:35:01 +0900] "GET /index.php HTTP/1.1" 200 4658 "-" "msnbot/2.0b (+http://search.msn.com/msnbot.htm)"
72.14.199.52 - - [07/Apr/2013:06:35:14 +0900] "GET /wiki/index.php?cmd=rss HTTP/1.1" 200 5345 "-" "Feedfetcher-Google; (+http://www.google.com/feedfetcher.html; 2 subscribers; feed-id=3761214362253605742)"
66.249.76.52 - - [07/Apr/2013:06:35:34 +0900] "GET /ontolopedia/disp/word_show/243757 HTTP/1.1" 500 309 "-" "Mozilla/5.0 (compatible; Googlebot/2.1; +http://www.google.com/bot.html)"
66.249.76.52 - - [07/Apr/2013:06:35:39 +0900] "GET /~yosshi/wiki-old/index.php?cmd=edit&page=%C6%FC%B5%AD%2F2017-09-14&refer=%C6%FC%B5%AD HTTP/1.1" 200 1805 "-" "SAMSUNG-SGH-E250/1.0 Profile/MIDP-2.0 Configuration/CLDC-1.1 UP.Browser/6.2.3.3.c.1.101 (GUI) MMP/2.0 (compatible; Googlebot-Mobile/2.1; +http://www.google.com/bot.html)"
66.249.76.52 - - [07/Apr/2013:06:35:44 +0900] "GET /ontolopedia/disp/word_show/83701 HTTP/1.1" 200 4974 "-" "Mozilla/5.0 (compatible; Googlebot/2.1; +http://www.google.com/bot.html)"
72.14.199.52 - - [07/Apr/2013:06:35:53 +0900] "GET /~yosshi/wiki-old/index.php?cmd=edit&page=%C6%FC%B5%AD%2F2021-04-14 HTTP/1.1" 200 1805 "-" "DoCoMo/2.0 N905i(c100;TB;W24H16) (compatible; Googlebot-Mobile/2.1; +http://www.google.com/bot.html)"
157.55.35.82 - - [07/Apr/2013:06:36:08 +0900] "GET /~info3/wiki/index.php?plugin=attach&pcmd=info&file=xvidcore-1.1.3.tar&refer=%C2%E7%BE%EB%C8%C9 HTTP/1.1" 200 5552 "-" "Mozilla/5.0 (compatible; bingbot/2.0; +http://www.bing.com/bingbot.htm)"
66.249.76.52 - - [07/Apr/2013:06:36:26 +0900] "GET /~info3/wiki/index.php?info3%20wiki%2F%C3%E7%BE%BE%A1%F5%C3%E6%C2%BC%C8%C9 HTTP/1.1" 200 30343 "-" "Mozilla/5.0 (iPhone; U; CPU iPhone OS 4_1 like Mac OS X; en-us) AppleWebKit/532.9 (KHTML, like Gecko) Version/4.0.5 Mobile/8B117 Safari/6531.22.7 (compatible; Googlebot-Mobile/2.1; +http://www.google.com/bot.html)"
72.14.199.52 - - [07/Apr/2013:06:36:35 +0900] "GET /~yosshi/wiki-old/index.php?plugin=newpage&refer=%C6%FC%B5%AD%2F2021-04-29 HTTP/1.1" 200 795 "-" "DoCoMo/2.0 N905i(c100;TB;W24H16) (compatible; Googlebot-Mobile/2.1; +http://www.google.com/bot.html)"
119.235.237.19 - - [07/Apr/2013:06:36:56 +0900] "GET /~info3/wiki/index.php?page=%C5%EC%C0%EE%BE%E5%B0%EC%C0%AE%A1%F5%B7%C4%CE%B1%B4%D6%CE%CA%C2%E7%A1%F5%BF%B7%BE%EB%B9%AC%C7%B7%CD%A4%2FLast&plugin=related HTTP/1.1" 200 7914 "-" "Yeti/1.0 (NHN Corp.; http://help.naver.com/robots/)"
66.249.76.52 - - [07/Apr/2013:06:37:17 +0900] "GET /~yosshi/wiki-old/index.php?cmd=edit&help=true&page=%C6%FC%B5%AD%2F2032-04-05 HTTP/1.1" 200 50 "-" "SAMSUNG-SGH-E250/1.0 Profile/MIDP-2.0 Configuration/CLDC-1.1 UP.Browser/6.2.3.3.c.1.101 (GUI) MMP/2.0 (compatible; Googlebot-Mobile/2.1; +http://www.google.com/bot.html)"
119.63.196.30 - - [07/Apr/2013:06:37:36 +0900] "GET /note/note_detail/942 HTTP/1.1" 301 - "-" "Mozilla/5.0 (compatible; Baiduspider/2.0; +http://www.baidu.com/search/spider.html)"
119.63.196.92 - - [07/Apr/2013:06:37:36 +0900] "GET /note/note_detail/942/ HTTP/1.1" 200 9271 "-" "Mozilla/5.0 (compatible; Baiduspider/2.0; +http://www.baidu.com/search/spider.html)"
66.249.76.52 - - [07/Apr/2013:06:38:05 +0900] "GET /~yosshi/wiki-old/index.php?cmd=edit&page=%C6%FC%B5%AD%2F2017-09-09&refer=%C6%FC%B5%AD HTTP/1.1" 200 1805 "-" "SAMSUNG-SGH-E250/1.0 Profile/MIDP-2.0 Configuration/CLDC-1.1 UP.Browser/6.2.3.3.c.1.101 (GUI) MMP/2.0 (compatible; Googlebot-Mobile/2.1; +http://www.google.com/bot.html)"
157.56.93.71 - - [07/Apr/2013:06:38:09 +0900] "GET /~info3/wiki/index.php?cmd=backup&action=delete&page=2005%2Finfo4%2FLevel2%2F%B5%DC%BE%EB%CE%C9%C0%AC HTTP/1.1" 200 4742 "-" "Mozilla/5.0 (compatible; bingbot/2.0; +http://www.bing.com/bingbot.htm)"
59.106.108.114 - - [07/Apr/2013:06:38:09 +0900] "HEAD /note/ HTTP/1.1" 200 - "-" "Hatena Antenna/0.5 (http://a.hatena.ne.jp/help)"
59.106.108.114 - - [07/Apr/2013:06:38:11 +0900] "GET /note/ HTTP/1.1" 200 81819 "-" "Hatena Antenna/0.5 (http://a.hatena.ne.jp/help)"
66.249.76.52 - - [07/Apr/2013:06:38:50 +0900] "GET /ontolopedia/disp/word_show/300544 HTTP/1.1" 500 309 "-" "Mozilla/5.0 (compatible; Googlebot/2.1; +http://www.google.com/bot.html)"
157.55.33.109 - - [07/Apr/2013:06:39:41 +0900] "GET /~info3/wiki/index.php?plugin=attach&pcmd=upload&page=source5 HTTP/1.1" 200 7043 "-" "Mozilla/5.0 (compatible; bingbot/2.0; +http://www.bing.com/bingbot.htm)"
72.14.199.52 - - [07/Apr/2013:06:39:53 +0900] "GET /~yosshi/wiki-old/index.php?cmd=edit&page=%C6%FC%B5%AD%2F2021-05-21&refer=%C6%FC%B5%AD HTTP/1.1" 200 1805 "-" "DoCoMo/2.0 N905i(c100;TB;W24H16) (compatible; Googlebot-Mobile/2.1; +http://www.google.com/bot.html)"
