157.56.93.196 - - [07/Apr/2013:08:33:05 +0900] "GET /wiki/index.php?plugin=rename&refer=Top%20Page%2F2006-06-23 HTTP/1.1" 200 7041 "-" "Mozilla/5.0 (compatible; bingbot/2.0; +http://www.bing.com/bingbot.htm)"
157.56.93.196 - - [07/Apr/2013:08:33:05 +0900] "GET /wiki/index.php?plugin=rename&refer=Top%20Page%2F2006-07-13 HTTP/1.1" 200 7041 "-" "Mozilla/5.0 (compatible; bingbot/2.0; +http://www.bing.com/bingbot.htm)"
157.55.32.76 - - [07/Apr/2013:08:33:05 +0900] "GET /wiki/index.php?cmd=diff&page=Emi%2F%C2%B4%CF%C0%C6%FC%BB%EF%28%A5%BF%A5%DE%A5%AD%A5%A8%A5%DF%29%2F2005-08-24 HTTP/1.1" 200 9142 "-" "Mozilla/5.0 (compatible; bingbot/2.0; +http://www.bing.com/bingbot.htm)"
157.55.32.76 - - [07/Apr/2013:08:33:05 +0900] "GET /wiki/index.php?cmd=diff&page=Emi%2F%C2%B4%CF%C0%C6%FC%BB%EF%28%A5%BF%A5%DE%A5%AD%A5%A8%A5%DF%29%2F2005-09-09 HTTP/1.1" 200 9478 "-" "Mozilla/5.0 (compatible; bingbot/2.0; +http://www.bing.com/bingbot.htm)"
119.235.237.17 - - [07/Apr/2013:08:33:05 +0900] "GET /note/tag/?tag=WordCount HTTP/1.1" 200 4930 "-" "Yeti/1.0 (NHN Corp.; http://help.naver.com/robots/)"
157.55.35.82 - - [07/Apr/2013:08:33:06 +0900] "GET /wiki/index.php?cmd=diff&page=Emi%2F%C2%B4%CF%C0%C6%FC%BB%EF%28%A5%BF%A5%DE%A5%AD%A5%A8%A5%DF%29%2F2005-04-19 HTTP/1.1" 200 9166 "-" "Mozilla/5.0 (compatible; bingbot/2.0; +http://www.bing.com/bingbot.htm)"
157.56.93.196 - - [07/Apr/2013:08:33:06 +0900] "GET /wiki/index.php?plugin=rename&refer=Top%20Page%2F2006-07-15 HTTP/1.1" 200 7041 "-" "Mozilla/5.0 (compatible; bingbot/2.0; +http://www.bing.com/bingbot.htm)"
157.56.93.196 - - [07/Apr/2013:08:33:06 +0900] "GET /wiki/index.php?plugin=rename&refer=Top%20Page%2F2006-08-16 HTTP/1.1" 200 7041 "-" "Mozilla/5.0 (compatible; bingbot/2.0; +http://www.bing.com/bingbot.htm)"
157.55.32.76 - - [07/Apr/2013:08:33:06 +0900] "GET /wiki/index.php?cmd=diff&page=Emi%2F%C2%B4%CF%C0%C6%FC%BB%EF%28%A5%BF%A5%DE%A5%AD%A5%A8%A5%DF%29%2F2005-09-20 HTTP/1.1" 200 9208 "-" "Mozilla/5.0 (compatible; bingbot/2.0; +http://www.bing.com/bingbot.htm)"
157.55.35.82 - - [07/Apr/2013:08:33:06 +0900] "GET /wiki/index.php?cmd=diff&page=Emi%2F%C2%B4%CF%C0%C6%FC%BB%EF%28%A5%BF%A5%DE%A5%AD%A5%A8%A5%DF%29%2F2005-04-20 HTTP/1.1" 200 9180 "-" "Mozilla/5.0 (compatible; bingbot/2.0; +http://www.bing.com/bingbot.htm)"
157.55.32.76 - - [07/Apr/2013:08:33:06 +0900] "GET /wiki/index.php?cmd=diff&page=Emi%2F%C2%B4%CF%C0%C6%FC%BB%EF%28%A5%BF%A5%DE%A5%AD%A5%A8%A5%DF%29%2F2005-10-11 HTTP/1.1" 200 9211 "-" "Mozilla/5.0 (compatible; bingbot/2.0; +http://www.bing.com/bingbot.htm)"
157.55.35.82 - - [07/Apr/2013:08:33:07 +0900] "GET /wiki/index.php?cmd=diff&page=Emi%2F%C2%B4%CF%C0%C6%FC%BB%EF%28%A5%BF%A5%DE%A5%AD%A5%A8%A5%DF%29%2F2005-04-26 HTTP/1.1" 200 9206 "-" "Mozilla/5.0 (compatible; bingbot/2.0; +http://www.bing.com/bingbot.htm)"
157.56.93.196 - - [07/Apr/2013:08:33:07 +0900] "GET /wiki/index.php?plugin=rename&refer=Top%20Page%2F2006-09-08 HTTP/1.1" 200 7041 "-" "Mozilla/5.0 (compatible; bingbot/2.0; +http://www.bing.com/bingbot.htm)"
157.55.32.76 - - [07/Apr/2013:08:33:07 +0900] "GET /wiki/index.php?cmd=diff&page=Emi%2F%C2%B4%CF%C0%C6%FC%BB%EF%28%A5%BF%A5%DE%A5%AD%A5%A8%A5%DF%29%2F2005-10-24 HTTP/1.1" 200 9160 "-" "Mozilla/5.0 (compatible; bingbot/2.0; +http://www.bing.com/bingbot.htm)"
157.55.35.82 - - [07/Apr/2013:08:33:07 +0900] "GET /wiki/index.php?cmd=diff&page=Emi%2F%C2%B4%CF%C0%C6%FC%BB%EF%28%A5%BF%A5%DE%A5%AD%A5%A8%A5%DF%29%2F2005-06-20 HTTP/1.1" 200 9149 "-" "Mozilla/5.0 (compatible; bingbot/2.0; +http://www.bing.com/bingbot.htm)"
157.56.93.196 - - [07/Apr/2013:08:33:07 +0900] "GET /wiki/index.php?plugin=rename&refer=Top%20Page%2F2006-09-26 HTTP/1.1" 200 7041 "-" "Mozilla/5.0 (compatible; bingbot/2.0; +http://www.bing.com/bingbot.htm)"
157.55.32.76 - - [07/Apr/2013:08:33:07 +0900] "GET /wiki/index.php?cmd=diff&page=Emi%2FEnglish HTTP/1.1" 200 9050 "-" "Mozilla/5.0 (compatible; bingbot/2.0; +http://www.bing.com/bingbot.htm)"
157.55.35.82 - - [07/Apr/2013:08:33:08 +0900] "GET /wiki/index.php?cmd=diff&page=Emi%2F%C2%B4%CF%C0%C6%FC%BB%EF%28%A5%BF%A5%DE%A5%AD%A5%A8%A5%DF%29%2F2005-07-01 HTTP/1.1" 200 9207 "-" "Mozilla/5.0 (compatible; bingbot/2.0; +http://www.bing.com/bingbot.htm)"
157.56.93.196 - - [07/Apr/2013:08:33:08 +0900] "GET /wiki/index.php?plugin=rename&refer=Top%20Page%2F2006-10-24 HTTP/1.1" 200 7041 "-" "Mozilla/5.0 (compatible; bingbot/2.0; +http://www.bing.com/bingbot.htm)"
157.55.32.76 - - [07/Apr/2013:08:33:08 +0900] "GET /wiki/index.php?plugin=attach&pcmd=upload&page=%A5%BC%A5%DF%A5%ED%A5%B0%2F%C2%E818%B2%F3%2F2.%CB%E8%C9%C3%A4%CE%A5%D5%A5%EC%A1%BC%A5%E0%BC%E8%C6%C0%BF%F4%A4%F2%BF%F4%A4%A8%A4%EB%A5%D7%A5%ED%A5%B0%A5%E9%A5%E0%28%B6%CC%BE%EB%B3%A8%C8%FE%29 HTTP/1.1" 200 10337 "-" "Mozilla/5.0 (compatible; bingbot/2.0; +http://www.bing.com/bingbot.htm)"
157.56.93.196 - - [07/Apr/2013:08:33:08 +0900] "GET /wiki/index.php?plugin=rename&refer=Top%20Page%2F2007-01-22 HTTP/1.1" 200 7041 "-" "Mozilla/5.0 (compatible; bingbot/2.0; +http://www.bing.com/bingbot.htm)"
157.55.32.76 - - [07/Apr/2013:08:33:08 +0900] "GET /wiki/index.php?plugin=attach&pcmd=upload&page=%A5%BC%A5%DF%A5%ED%A5%B0%2F%C2%E822%B2%F3%2F2.%B2%E8%C1%FC%A4%F2%BF%F4%C3%CD%B2%BD%A4%B9%A4%EB%CA%FD%CB%A1%28%B6%CC%BE%EB%B3%A8%C8%FE%29 HTTP/1.1" 200 9887 "-" "Mozilla/5.0 (compatible; bingbot/2.0; +http://www.bing.com/bingbot.htm)"
157.55.35.82 - - [07/Apr/2013:08:33:08 +0900] "GET /wiki/index.php?cmd=diff&page=Emi%2F%C2%B4%CF%C0%C6%FC%BB%EF%28%A5%BF%A5%DE%A5%AD%A5%A8%A5%DF%29%2F2005-07-06 HTTP/1.1" 200 9244 "-" "Mozilla/5.0 (compatible; bingbot/2.0; +http://www.bing.com/bingbot.htm)"
66.249.76.52 - - [07/Apr/2013:08:33:08 +0900] "GET /ontolopedia/disp/word_show/14351 HTTP/1.1" 200 11173 "-" "Mozilla/5.0 (compatible; Googlebot/2.1; +http://www.google.com/bot.html)"
157.55.35.82 - - [07/Apr/2013:08:33:09 +0900] "GET /wiki/index.php?cmd=diff&page=Emi%2F%C2%B4%CF%C0%C6%FC%BB%EF%28%A5%BF%A5%DE%A5%AD%A5%A8%A5%DF%29%2F2005-08-02 HTTP/1.1" 200 9386 "-" "Mozilla/5.0 (compatible; bingbot/2.0; +http://www.bing.com/bingbot.htm)"
157.56.93.196 - - [07/Apr/2013:08:33:09 +0900] "GET /wiki/index.php?plugin=rename&refer=Top%20Page%2F2011-03-07 HTTP/1.1" 200 49731 "-" "Mozilla/5.0 (compatible; bingbot/2.0; +http://www.bing.com/bingbot.htm)"
157.55.32.76 - - [07/Apr/2013:08:33:09 +0900] "GET /wiki/index.php?plugin=attach&pcmd=upload&page=%A5%BC%A5%DF%A5%ED%A5%B0%2F%C2%E823%B2%F3%2F6.%A5%C6%A5%F3%A5%D7%A5%EC%A1%BC%A5%C8%A4%F2%A4%A2%A4%C6%A4%CF%A4%E1%A4%EB%A5%D7%A5%ED%A5%B0%A5%E9%A5%E0%28%B6%CC%BE%EB%B3%A8%C8%FE%29 HTTP/1.1" 200 10009 "-" "Mozilla/5.0 (compatible; bingbot/2.0; +http://www.bing.com/bingbot.htm)"
157.56.93.196 - - [07/Apr/2013:08:33:09 +0900] "GET /wiki/index.php?plugin=rename&refer=Top%2Fmaruta%2F%A5%C6%A1%BC%A5%D6%A5%EB%A4%A2%A4%EC%A4%B3%A4%EC HTTP/1.1" 200 7113 "-" "Mozilla/5.0 (compatible; bingbot/2.0; +http://www.bing.com/bingbot.htm)"
157.55.32.76 - - [07/Apr/2013:08:33:09 +0900] "GET /wiki/index.php?plugin=attach&pcmd=upload&page=%A5%BC%A5%DF%A5%ED%A5%B0%2F%C2%E823%B2%F3%2F7.%B9%FC%F1%EE%B2%BD%A4%B9%A4%EB%A5%D7%A5%ED%A5%B0%A5%E9%A5%E0%28%B6%CC%BE%EB%B3%A8%C8%FE%29 HTTP/1.1" 200 9887 "-" "Mozilla/5.0 (compatible; bingbot/2.0; +http://www.bing.com/bingbot.htm)"
157.55.35.82 - - [07/Apr/2013:08:33:09 +0900] "GET /wiki/index.php?cmd=diff&page=Emi%2F%C2%B4%CF%C0%C6%FC%BB%EF%28%A5%BF%A5%DE%A5%AD%A5%A8%A5%DF%29%2F2005-08-04 HTTP/1.1" 200 9254 "-" "Mozilla/5.0 (compatible; bingbot/2.0; +http://www.bing.com/bingbot.htm)"
157.55.35.82 - - [07/Apr/2013:08:33:10 +0900] "GET /wiki/index.php?cmd=diff&page=Emi%2F%C2%B4%CF%C0%C6%FC%BB%EF%28%A5%BF%A5%DE%A5%AD%A5%A8%A5%DF%29%2F2005-10-04 HTTP/1.1" 200 9160 "-" "Mozilla/5.0 (compatible; bingbot/2.0; +http://www.bing.com/bingbot.htm)"
157.55.32.76 - - [07/Apr/2013:08:33:10 +0900] "GET /wiki/index.php?plugin=attach&pcmd=upload&page=%A5%BC%A5%DF%A5%ED%A5%B0%2F%C2%E827%B2%F3%2F%A5%A6%A5%A3%A5%F3%A5%C9%A5%A6%A4%CB%C6%F3%A4%C4%A4%CE%B2%E8%CC%CC%A4%F2%C9%BD%BC%A8%A4%B5%A4%BB%A4%EB%A4%CB%A4%CF HTTP/1.1" 200 9857 "-" "Mozilla/5.0 (compatible; bingbot/2.0; +http://www.bing.com/bingbot.htm)"
157.56.93.196 - - [07/Apr/2013:08:33:10 +0900] "GET /wiki/index.php?plugin=rename&refer=Top%2Fmaruta%2FRails%A4%A2%A4%EC%A4%B3%A4%EC HTTP/1.1" 200 7082 "-" "Mozilla/5.0 (compatible; bingbot/2.0; +http://www.bing.com/bingbot.htm)"
157.55.32.76 - - [07/Apr/2013:08:33:10 +0900] "GET /wiki/index.php?plugin=attach&pcmd=upload&page=%A5%BC%A5%DF%A5%ED%A5%B0%2F%C2%E828%B2%F3%2F%C6%FE%CE%CF%A5%C7%A5%D0%A5%A4%A5%B9%A5%A2%A5%F3%A5%B1%A1%BC%A5%C8%28%B6%CC%BE%EB%B3%A8%C8%FE%29 HTTP/1.1" 200 9915 "-" "Mozilla/5.0 (compatible; bingbot/2.0; +http://www.bing.com/bingbot.htm)"
157.55.35.82 - - [07/Apr/2013:08:33:10 +0900] "GET /wiki/index.php?cmd=diff&page=Emi%2F%C2%B4%CF%C0%C6%FC%BB%EF%28%A5%BF%A5%DE%A5%AD%A5%A8%A5%DF%29%2F2005-10-12 HTTP/1.1" 200 10030 "-" "Mozilla/5.0 (compatible; bingbot/2.0; +http://www.bing.com/bingbot.htm)"
157.56.93.196 - - [07/Apr/2013:08:33:10 +0900] "GET /~info3/wiki/index.php?cmd=backup&action=diff&page=%C4%AE%C5%C4%BD%A1%B1%FB%A1%F5%BE%C2%C5%C4%E6%C6%CA%BF%2Flevel3&age=4 HTTP/1.1" 200 10303 "-" "Mozilla/5.0 (compatible; bingbot/2.0; +http://www.bing.com/bingbot.htm)"
157.55.35.82 - - [07/Apr/2013:08:33:11 +0900] "GET /wiki/index.php?cmd=diff&page=Emi%2F%C2%B4%CF%C0%C6%FC%BB%EF%28%A5%BF%A5%DE%A5%AD%A5%A8%A5%DF%29%2F2005-10-21 HTTP/1.1" 200 9177 "-" "Mozilla/5.0 (compatible; bingbot/2.0; +http://www.bing.com/bingbot.htm)"
157.55.32.76 - - [07/Apr/2013:08:33:11 +0900] "GET /wiki/index.php?plugin=attach&pcmd=upload&page=%A5%BC%A5%DF%A5%ED%A5%B0%2F%C2%E831%B2%F3%2FHQV%28%B6%CC%BE%EB%B3%A8%C8%FE%29 HTTP/1.1" 200 9398 "-" "Mozilla/5.0 (compatible; bingbot/2.0; +http://www.bing.com/bingbot.htm)"
66.249.76.52 - - [07/Apr/2013:08:33:11 +0900] "GET /ontolopedia/disp/word_show/103185 HTTP/1.1" 200 13297 "-" "Mozilla/5.0 (compatible; Googlebot/2.1; +http://www.google.com/bot.html)"
157.56.93.196 - - [07/Apr/2013:08:33:11 +0900] "GET /~info3/wiki/index.php?cmd=backup&page=%B6%B6%CB%DC%A1%F5%B6%CC%C6%E1%C7%C6%C8%CB%B9%F1&age=1&action=nowdiff HTTP/1.1" 200 6757 "-" "Mozilla/5.0 (compatible; bingbot/2.0; +http://www.bing.com/bingbot.htm)"
157.55.35.82 - - [07/Apr/2013:08:33:11 +0900] "GET /wiki/index.php?cmd=diff&page=InterWikiSandBox HTTP/1.1" 200 8590 "-" "Mozilla/5.0 (compatible; bingbot/2.0; +http://www.bing.com/bingbot.htm)"
157.55.32.76 - - [07/Apr/2013:08:33:11 +0900] "GET /wiki/index.php?plugin=attach&pcmd=upload&page=%A5%BC%A5%DF%A5%ED%A5%B0%2F%C2%E85%B2%F3%2F%A5%D0%A1%BC%A5%C1%A5%E3%A5%EB%A5%AD%A1%BC%A5%DC%A1%BC%A5%C9%A4%CB%A4%C4%A4%A4%A4%C6%A4%CE%A5%E1%A5%E2%28%B6%CC%BE%EB%20%B3%A8%C8%FE%29 HTTP/1.1" 200 10228 "-" "Mozilla/5.0 (compatible; bingbot/2.0; +http://www.bing.com/bingbot.htm)"
157.56.93.196 - - [07/Apr/2013:08:33:11 +0900] "GET /~info3/wiki/index.php?cmd=backup&page=%B6%B6%CB%DC%A1%F5%B6%CC%C6%E1%C7%C6%C8%CB%B9%F1&age=1&action=source HTTP/1.1" 200 6193 "-" "Mozilla/5.0 (compatible; bingbot/2.0; +http://www.bing.com/bingbot.htm)"
157.55.35.82 - - [07/Apr/2013:08:33:12 +0900] "GET /wiki/index.php?cmd=diff&page=PukiWiki HTTP/1.1" 200 9331 "-" "Mozilla/5.0 (compatible; bingbot/2.0; +http://www.bing.com/bingbot.htm)"
157.56.93.196 - - [07/Apr/2013:08:33:12 +0900] "GET /~info3/wiki/index.php?cmd=backup&page=%B6%B6%CB%DC%A1%F5%B6%CC%C6%E1%C7%C6%C8%CB%B9%F1&age=3&action=nowdiff HTTP/1.1" 200 6646 "-" "Mozilla/5.0 (compatible; bingbot/2.0; +http://www.bing.com/bingbot.htm)"
157.55.32.76 - - [07/Apr/2013:08:33:12 +0900] "GET /wiki/index.php?plugin=attach&pcmd=upload&page=DvqoJqVizxrQtd HTTP/1.1" 200 8098 "-" "Mozilla/5.0 (compatible; bingbot/2.0; +http://www.bing.com/bingbot.htm)"
157.55.32.76 - - [07/Apr/2013:08:33:12 +0900] "GET /wiki/index.php?plugin=attach&pcmd=upload&page=Emi%2F%C2%B4%CF%C0%C6%FC%BB%EF%28%A5%BF%A5%DE%A5%AD%A5%A8%A5%DF%29%2F2005-04-12 HTTP/1.1" 200 9440 "-" "Mozilla/5.0 (compatible; bingbot/2.0; +http://www.bing.com/bingbot.htm)"
157.56.93.196 - - [07/Apr/2013:08:33:12 +0900] "GET /~info3/wiki/index.php?cmd=backup&page=%B6%CC%BE%EB%BD%CA%B5%AA&age=3&action=source HTTP/1.1" 200 6236 "-" "Mozilla/5.0 (compatible; bingbot/2.0; +http://www.bing.com/bingbot.htm)"
157.55.35.82 - - [07/Apr/2013:08:33:12 +0900] "GET /wiki/index.php?plugin=attach&pcmd=upload&page=%A5%BC%A5%DF%A5%ED%A5%B0%2F%C2%E81%B2%F3%2F%A1%D8%A5%CF%A5%F3%A5%C9%A5%DE%A5%A6%A5%B9%A4%C8%A4%BD%A4%CE%B1%FE%CD%D1-%BF%A7%BE%F0%CA%F3%A4%C8%CE%D8%B3%D4%BE%F0%CA%F3%A4%CB%B4%F0%A4%C5%A4%AF%BC%EA%A4%CE%B8%A1%BD%D0%A4%C8%C4%C9%C0%D7%A1%D9%A4%CE%BE%D2%B2%F0%28%B6%CC%BE%EB%20%B3%A8%C8%FE%29 HTTP/1.1" 200 11139 "-" "Mozilla/5.0 (compatible; bingbot/2.0; +http://www.bing.com/bingbot.htm)"
157.55.35.82 - - [07/Apr/2013:08:33:13 +0900] "GET /wiki/index.php?plugin=attach&pcmd=upload&page=%A5%BC%A5%DF%A5%ED%A5%B0%2F%C2%E82%B2%F3%2F%A1%D8%A5%CF%A5%F3%A5%C9%A5%DE%A5%A6%A5%B9%A4%C8%A4%BD%A4%CE%B1%FE%CD%D1-%BF%A7%BE%F0%CA%F3%A4%C8%CE%D8%B3%D4%BE%F0%CA%F3%A4%CB%B4%F0%A4%C5%A4%AF%BC%EA%A4%CE%B8%A1%BD%D0%A4%C8%C4%C9%C0%D7%A1%D9%A4%CE%A5%A2%A5%EB%A5%B4%A5%EA%A5%BA%A5%E0%A4%F2%BE%DC%A4%B7%A4%AF%C4%B4%BA%BA%28%B6%CC%BE%EB%20%B3%A8%C8%FE%29 HTTP/1.1" 200 11639 "-" "Mozilla/5.0 (compatible; bingbot/2.0; +http://www.bing.com/bingbot.htm)"
157.56.93.196 - - [07/Apr/2013:08:33:13 +0900] "GET /~info3/wiki/index.php?cmd=backup&page=%B6%E2%BE%EB%A1%F5%C5%E7%B8%B6%C8%C9%2Flevel3&age=1&action=nowdiff HTTP/1.1" 200 13322 "-" "Mozilla/5.0 (compatible; bingbot/2.0; +http://www.bing.com/bingbot.htm)"
157.55.32.76 - - [07/Apr/2013:08:33:13 +0900] "GET /wiki/index.php?plugin=attach&pcmd=upload&page=Emi%2F%C2%B4%CF%C0%C6%FC%BB%EF%28%A5%BF%A5%DE%A5%AD%A5%A8%A5%DF%29%2F2005-05-16 HTTP/1.1" 200 9440 "-" "Mozilla/5.0 (compatible; bingbot/2.0; +http://www.bing.com/bingbot.htm)"
157.56.93.196 - - [07/Apr/2013:08:33:13 +0900] "GET /~info3/wiki/index.php?cmd=backup&page=%B6%E2%BE%EB%A1%F5%C5%E7%B8%B6%C8%C9%2Flevel3&age=2&action=source HTTP/1.1" 200 7341 "-" "Mozilla/5.0 (compatible; bingbot/2.0; +http://www.bing.com/bingbot.htm)"
157.55.32.76 - - [07/Apr/2013:08:33:13 +0900] "GET /wiki/index.php?plugin=attach&pcmd=upload&page=Emi%2F%C2%B4%CF%C0%C6%FC%BB%EF%28%A5%BF%A5%DE%A5%AD%A5%A8%A5%DF%29%2F2005-05-17 HTTP/1.1" 200 9440 "-" "Mozilla/5.0 (compatible; bingbot/2.0; +http://www.bing.com/bingbot.htm)"
157.55.35.82 - - [07/Apr/2013:08:33:13 +0900] "GET /wiki/index.php?plugin=attach&pcmd=upload&page=%A5%BC%A5%DF%A5%ED%A5%B0%2F%C2%E824%B2%F3%2F3.%A1%D8%BB%B0%BC%A1%B8%B5%B6%F5%B4%D6%A4%C7%A4%CE%C6%B0%A4%AD%A4%CE%B8%A1%BD%D0%A1%D9%A4%CE%BE%D2%B2%F0%28%B6%CC%BE%EB%B3%A8%C8%FE%29 HTTP/1.1" 200 10009 "-" "Mozilla/5.0 (compatible; bingbot/2.0; +http://www.bing.com/bingbot.htm)"
157.56.93.196 - - [07/Apr/2013:08:33:14 +0900] "GET /~info3/wiki/index.php?cmd=backup&page=%B6%E2%BE%EB%A1%F5%C5%E7%B8%B6%C8%C9%2Flevel3&age=3&action=nowdiff HTTP/1.1" 200 13647 "-" "Mozilla/5.0 (compatible; bingbot/2.0; +http://www.bing.com/bingbot.htm)"
157.55.35.82 - - [07/Apr/2013:08:33:14 +0900] "GET /wiki/index.php?plugin=attach&pcmd=upload&page=%A5%BC%A5%DF%A5%ED%A5%B0%2F%C2%E85%B2%F3%2F%A1%D8%A5%D0%A1%BC%A5%C1%A5%E3%A5%EB%A5%AD%A1%BC%A5%DC%A1%BC%A5%C9%20%A5%D3%A5%C7%A5%AA%B2%E8%C1%FC%A4%AB%A4%E9%A4%CE%B4%E8%B7%F2%A4%CA%BC%C2%BB%FE%B4%D6%BB%D8%C0%E8%B8%A1%BD%D0%A4%CE%BC%C2%B8%BD%20%A1%D9%A4%CE%BE%D2%B2%F0%28%B6%CC%BE%EB%20%B3%A8%C8%FE%29 HTTP/1.1" 200 11228 "-" "Mozilla/5.0 (compatible; bingbot/2.0; +http://www.bing.com/bingbot.htm)"
157.55.32.76 - - [07/Apr/2013:08:33:14 +0900] "GET /wiki/index.php?plugin=attach&pcmd=upload&page=Emi%2F%C2%B4%CF%C0%C6%FC%BB%EF%28%A5%BF%A5%DE%A5%AD%A5%A8%A5%DF%29%2F2005-06-13 HTTP/1.1" 200 9440 "-" "Mozilla/5.0 (compatible; bingbot/2.0; +http://www.bing.com/bingbot.htm)"
157.56.93.196 - - [07/Apr/2013:08:33:14 +0900] "GET /~info3/wiki/index.php?cmd=backup&page=%B7%F3%BE%EB&age=2&action=source HTTP/1.1" 200 5055 "-" "Mozilla/5.0 (compatible; bingbot/2.0; +http://www.bing.com/bingbot.htm)"
157.55.32.76 - - [07/Apr/2013:08:33:14 +0900] "GET /wiki/index.php?plugin=attach&pcmd=upload&page=Emi%2F%C2%B4%CF%C0%C6%FC%BB%EF%28%A5%BF%A5%DE%A5%AD%A5%A8%A5%DF%29%2F2005-07-11 HTTP/1.1" 200 9440 "-" "Mozilla/5.0 (compatible; bingbot/2.0; +http://www.bing.com/bingbot.htm)"
157.55.35.82 - - [07/Apr/2013:08:33:14 +0900] "GET /wiki/index.php?plugin=attach&pcmd=upload&page=%A5%BC%A5%DF%A5%ED%A5%B0%2F%CF%C0%CA%B8%A4%F2%C6%C9%A4%F3%A4%C7%B2%BC%C4%B4%A4%D9%A5%C6%A5%F3%A5%D7%A5%EC%A1%BC%A5%C8 HTTP/1.1" 200 9612 "-" "Mozilla/5.0 (compatible; bingbot/2.0; +http://www.bing.com/bingbot.htm)"
66.249.76.52 - - [07/Apr/2013:08:33:14 +0900] "GET /ontolopedia/disp/word_show/65219 HTTP/1.1" 200 7021 "-" "Mozilla/5.0 (compatible; Googlebot/2.1; +http://www.google.com/bot.html)"
157.56.93.196 - - [07/Apr/2013:08:33:15 +0900] "GET /~info3/wiki/index.php?cmd=backup&page=%B9%E2%B9%BE%BD%A7%A1%F5%B7%F3%BE%EB%2Flevel4&age=5&action=nowdiff HTTP/1.1" 200 8088 "-" "Mozilla/5.0 (compatible; bingbot/2.0; +http://www.bing.com/bingbot.htm)"
157.55.35.82 - - [07/Apr/2013:08:33:15 +0900] "GET /wiki/index.php?plugin=attach&pcmd=upload&page=%C0%B0%B7%C1%A5%EB%A1%BC%A5%EB HTTP/1.1" 200 8798 "-" "Mozilla/5.0 (compatible; bingbot/2.0; +http://www.bing.com/bingbot.htm)"
157.55.32.76 - - [07/Apr/2013:08:33:15 +0900] "GET /wiki/index.php?plugin=rename&refer=Top%20Page%2F2006-06-02 HTTP/1.1" 200 7041 "-" "Mozilla/5.0 (compatible; bingbot/2.0; +http://www.bing.com/bingbot.htm)"
157.56.93.196 - - [07/Apr/2013:08:33:15 +0900] "GET /~info3/wiki/index.php?cmd=backup&page=%B9%E2%C2%BC%A1%F5%C3%E7%B4%D6%C8%C9%2FLevel2&age=1&action=nowdiff HTTP/1.1" 200 11129 "-" "Mozilla/5.0 (compatible; bingbot/2.0; +http://www.bing.com/bingbot.htm)"
157.55.32.76 - - [07/Apr/2013:08:33:15 +0900] "GET /wiki/index.php?plugin=rename&refer=Top%20Page%2F2006-07-07 HTTP/1.1" 200 7041 "-" "Mozilla/5.0 (compatible; bingbot/2.0; +http://www.bing.com/bingbot.htm)"
157.55.35.82 - - [07/Apr/2013:08:33:15 +0900] "GET /wiki/index.php?plugin=attach&pcmd=upload&page=BracketName HTTP/1.1" 200 8669 "-" "Mozilla/5.0 (compatible; bingbot/2.0; +http://www.bing.com/bingbot.htm)"
157.55.35.82 - - [07/Apr/2013:08:33:16 +0900] "GET /wiki/index.php?plugin=attach&pcmd=upload&page=BvddZag HTTP/1.1" 200 8028 "-" "Mozilla/5.0 (compatible; bingbot/2.0; +http://www.bing.com/bingbot.htm)"
157.56.93.196 - - [07/Apr/2013:08:33:16 +0900] "GET /~info3/wiki/index.php?cmd=backup&page=%D4%A2%BE%EC%B9%AC%BE%CD%A1%F5%BF%B7%C5%C4%BD%A9%CA%BF&age=3&action=source HTTP/1.1" 200 7208 "-" "Mozilla/5.0 (compatible; bingbot/2.0; +http://www.bing.com/bingbot.htm)"
157.55.32.76 - - [07/Apr/2013:08:33:16 +0900] "GET /wiki/index.php?plugin=rename&refer=Top%20Page%2F2006-08-12 HTTP/1.1" 200 7041 "-" "Mozilla/5.0 (compatible; bingbot/2.0; +http://www.bing.com/bingbot.htm)"
157.56.93.196 - - [07/Apr/2013:08:33:16 +0900] "GET /~info3/wiki/index.php?cmd=backup&page=2005%2Finfo4%2FLevel1%2F%B0%F0%C1%D5%B9%BE&age=1&action=nowdiff HTTP/1.1" 200 7512 "-" "Mozilla/5.0 (compatible; bingbot/2.0; +http://www.bing.com/bingbot.htm)"
157.55.32.76 - - [07/Apr/2013:08:33:16 +0900] "GET /wiki/index.php?plugin=rename&refer=Top%20Page%2F2006-08-18 HTTP/1.1" 200 7041 "-" "Mozilla/5.0 (compatible; bingbot/2.0; +http://www.bing.com/bingbot.htm)"
157.55.35.82 - - [07/Apr/2013:08:33:16 +0900] "GET /wiki/index.php?plugin=attach&pcmd=upload&page=Emi%2F%C2%B4%CF%C0%C6%FC%BB%EF%28%A5%BF%A5%DE%A5%AD%A5%A8%A5%DF%29%2F2005-04-01 HTTP/1.1" 200 9440 "-" "Mozilla/5.0 (compatible; bingbot/2.0; +http://www.bing.com/bingbot.htm)"
157.55.35.82 - - [07/Apr/2013:08:33:17 +0900] "GET /wiki/index.php?plugin=rename&refer=Top%20Page%2F2005-11-04 HTTP/1.1" 200 7041 "-" "Mozilla/5.0 (compatible; bingbot/2.0; +http://www.bing.com/bingbot.htm)"
157.56.93.196 - - [07/Apr/2013:08:33:17 +0900] "GET /~info3/wiki/index.php?cmd=backup&page=2005%2Finfo4%2FLevel1%2F%B5%DC%BE%EB%CE%C9%C0%AC HTTP/1.1" 200 5314 "-" "Mozilla/5.0 (compatible; bingbot/2.0; +http://www.bing.com/bingbot.htm)"
157.55.32.76 - - [07/Apr/2013:08:33:17 +0900] "GET /wiki/index.php?plugin=rename&refer=Top%20Page%2F2006-08-26 HTTP/1.1" 200 7041 "-" "Mozilla/5.0 (compatible; bingbot/2.0; +http://www.bing.com/bingbot.htm)"
157.56.93.196 - - [07/Apr/2013:08:33:17 +0900] "GET /~info3/wiki/index.php?cmd=backup&page=2005%2Finfo4%2FLevel4&age=3&action=nowdiff HTTP/1.1" 200 8127 "-" "Mozilla/5.0 (compatible; bingbot/2.0; +http://www.bing.com/bingbot.htm)"
157.55.32.76 - - [07/Apr/2013:08:33:17 +0900] "GET /wiki/index.php?plugin=rename&refer=Top%20Page%2F2007-04-20 HTTP/1.1" 200 7041 "-" "Mozilla/5.0 (compatible; bingbot/2.0; +http://www.bing.com/bingbot.htm)"
157.55.35.82 - - [07/Apr/2013:08:33:17 +0900] "GET /wiki/index.php?plugin=rename&refer=Top%20Page%2F2005-11-12 HTTP/1.1" 200 7041 "-" "Mozilla/5.0 (compatible; bingbot/2.0; +http://www.bing.com/bingbot.htm)"
157.55.35.82 - - [07/Apr/2013:08:33:18 +0900] "GET /wiki/index.php?plugin=rename&refer=Top%20Page%2F2006-02-03 HTTP/1.1" 200 7041 "-" "Mozilla/5.0 (compatible; bingbot/2.0; +http://www.bing.com/bingbot.htm)"
157.56.93.196 - - [07/Apr/2013:08:33:18 +0900] "GET /~info3/wiki/index.php?cmd=backup&page=2005%2Finfo4%2FLevel5&age=2 HTTP/1.1" 200 10557 "-" "Mozilla/5.0 (compatible; bingbot/2.0; +http://www.bing.com/bingbot.htm)"
157.55.32.76 - - [07/Apr/2013:08:33:18 +0900] "GET /wiki/index.php?plugin=rename&refer=Top%2Fmaruta%2F%A5%B3%A5%DE%A5%F3%A5%C9%A4%A4%A4%ED%A4%A4%A4%ED HTTP/1.1" 200 7113 "-" "Mozilla/5.0 (compatible; bingbot/2.0; +http://www.bing.com/bingbot.htm)"
157.56.93.196 - - [07/Apr/2013:08:33:18 +0900] "GET /~info3/wiki/index.php?plugin=attach&refer=%C4%AE%C5%C4%BD%A1%B1%FB%A1%F5%BE%C2%C5%C4%E6%C6%CA%BF%2Flevel2&openfile=level2.png HTTP/1.1" 200 60841 "-" "Mozilla/5.0 (compatible; bingbot/2.0; +http://www.bing.com/bingbot.htm)"
157.55.32.76 - - [07/Apr/2013:08:33:18 +0900] "GET /wiki/index.php?plugin=rename&refer=TreeTagger HTTP/1.1" 200 49722 "-" "Mozilla/5.0 (compatible; bingbot/2.0; +http://www.bing.com/bingbot.htm)"
157.55.35.82 - - [07/Apr/2013:08:33:18 +0900] "GET /wiki/index.php?plugin=rename&refer=Top%20Page%2F2006-10-10 HTTP/1.1" 200 7041 "-" "Mozilla/5.0 (compatible; bingbot/2.0; +http://www.bing.com/bingbot.htm)"
157.55.35.82 - - [07/Apr/2013:08:33:19 +0900] "GET /wiki/index.php?plugin=rename&refer=TsKjPn HTTP/1.1" 200 49718 "-" "Mozilla/5.0 (compatible; bingbot/2.0; +http://www.bing.com/bingbot.htm)"
157.55.32.76 - - [07/Apr/2013:08:33:19 +0900] "GET /~info3/wiki/index.php?cmd=backup&action=diff&page=%C8%E6%B2%C5%A1%F5%B6%CC%C6%E1%C7%C6%CD%A5%BA%EE%2F%BF%CA%C5%B8%CA%F3%B9%F0%2801%2F28%29&age=2 HTTP/1.1" 200 6342 "-" "Mozilla/5.0 (compatible; bingbot/2.0; +http://www.bing.com/bingbot.htm)"
157.56.93.196 - - [07/Apr/2013:08:33:19 +0900] "GET /~yosshi/rbc_wiki/index.php?cmd=backup&page=FrontPage&age=102&action=diff HTTP/1.1" 200 480217 "-" "Mozilla/5.0 (compatible; bingbot/2.0; +http://www.bing.com/bingbot.htm)"
157.55.35.82 - - [07/Apr/2013:08:33:19 +0900] "GET /~info3/wiki/index.php?cmd=backup&action=diff&page=%C3%AA%B8%B6%A1%F5%C2%E7%B5%DC%C8%C9&age=6 HTTP/1.1" 200 6679 "-" "Mozilla/5.0 (compatible; bingbot/2.0; +http://www.bing.com/bingbot.htm)"
157.56.93.196 - - [07/Apr/2013:08:33:19 +0900] "GET /~yosshi/rbc_wiki/index.php?cmd=backup&page=FrontPage&age=110&action=diff HTTP/1.1" 200 482963 "-" "Mozilla/5.0 (compatible; bingbot/2.0; +http://www.bing.com/bingbot.htm)"
157.55.32.76 - - [07/Apr/2013:08:33:20 +0900] "GET /~info3/wiki/index.php?cmd=backup&page=%B6%B6%CB%DC%A1%F5%B6%CC%C6%E1%C7%C6%C8%CB%B9%F1&age=3&action=diff HTTP/1.1" 200 6426 "-" "Mozilla/5.0 (compatible; bingbot/2.0; +http://www.bing.com/bingbot.htm)"
157.55.32.76 - - [07/Apr/2013:08:33:20 +0900] "GET /~info3/wiki/index.php?cmd=backup&page=%B6%B6%CB%DC%A1%F5%B6%CC%C6%E1%C7%C6%C8%CB%B9%F1%2FLevel2&age=4 HTTP/1.1" 200 19420 "-" "Mozilla/5.0 (compatible; bingbot/2.0; +http://www.bing.com/bingbot.htm)"
157.55.35.82 - - [07/Apr/2013:08:33:20 +0900] "GET /~info3/wiki/index.php?cmd=backup&action=diff&page=%C4%AE%C5%C4%BD%A1%B1%FB%A1%F5%BE%C2%C5%C4%E6%C6%CA%BF%2Flevel3&age=3 HTTP/1.1" 200 13636 "-" "Mozilla/5.0 (compatible; bingbot/2.0; +http://www.bing.com/bingbot.htm)"
66.249.76.52 - - [07/Apr/2013:08:33:20 +0900] "GET /ontolopedia/disp/word_show/172671 HTTP/1.1" 200 12276 "-" "Mozilla/5.0 (compatible; Googlebot/2.1; +http://www.google.com/bot.html)"
157.55.35.82 - - [07/Apr/2013:08:33:20 +0900] "GET /~info3/wiki/index.php?cmd=backup&action=diff&page=%C8%E6%B2%C5%A1%F5%B2%C5%CD%DB%2FLevel5&age=1 HTTP/1.1" 200 7809 "-" "Mozilla/5.0 (compatible; bingbot/2.0; +http://www.bing.com/bingbot.htm)"
157.55.32.76 - - [07/Apr/2013:08:33:21 +0900] "GET /~info3/wiki/index.php?cmd=backup&page=%B6%CC%BE%EB%BD%CA%B5%AA&age=1&action=diff HTTP/1.1" 200 5958 "-" "Mozilla/5.0 (compatible; bingbot/2.0; +http://www.bing.com/bingbot.htm)"
157.55.32.76 - - [07/Apr/2013:08:33:21 +0900] "GET /~info3/wiki/index.php?cmd=backup&page=%B6%CC%BE%EB%BD%CA%B5%AA&age=2&action=source HTTP/1.1" 200 6128 "-" "Mozilla/5.0 (compatible; bingbot/2.0; +http://www.bing.com/bingbot.htm)"
157.55.35.82 - - [07/Apr/2013:08:33:21 +0900] "GET /~info3/wiki/index.php?cmd=backup&action=diff&page=%C8%E6%B2%C5%A1%F5%B2%C5%CD%DB&age=2 HTTP/1.1" 200 5658 "-" "Mozilla/5.0 (compatible; bingbot/2.0; +http://www.bing.com/bingbot.htm)"
66.249.76.52 - - [07/Apr/2013:08:33:21 +0900] "GET /ontolopedia/disp/word_show/218702 HTTP/1.1" 200 4250 "-" "Mozilla/5.0 (compatible; Googlebot/2.1; +http://www.google.com/bot.html)"
157.55.35.82 - - [07/Apr/2013:08:33:22 +0900] "GET /~info3/wiki/index.php?cmd=backup&page=%B6%B6%CB%DC%A1%F5%B6%CC%C6%E1%C7%C6%C8%CB%B9%F1&age=3&action=source HTTP/1.1" 200 6229 "-" "Mozilla/5.0 (compatible; bingbot/2.0; +http://www.bing.com/bingbot.htm)"
157.55.32.76 - - [07/Apr/2013:08:33:22 +0900] "GET /~info3/wiki/index.php?cmd=backup&page=%B6%CC%BE%EB%BD%CA%B5%AA&age=3&action=nowdiff HTTP/1.1" 200 7508 "-" "Mozilla/5.0 (compatible; bingbot/2.0; +http://www.bing.com/bingbot.htm)"
157.55.32.76 - - [07/Apr/2013:08:33:22 +0900] "GET /~info3/wiki/index.php?cmd=backup&page=%B6%E2%BE%EB%A1%F5%C5%E7%B8%B6%C8%C9&age=1 HTTP/1.1" 200 5394 "-" "Mozilla/5.0 (compatible; bingbot/2.0; +http://www.bing.com/bingbot.htm)"
157.55.35.82 - - [07/Apr/2013:08:33:22 +0900] "GET /~info3/wiki/index.php?cmd=backup&page=%B6%B6%CB%DC%A1%F5%B6%CC%C6%E1%C7%C6%C8%CB%B9%F1&age=4 HTTP/1.1" 200 6887 "-" "Mozilla/5.0 (compatible; bingbot/2.0; +http://www.bing.com/bingbot.htm)"
157.56.93.196 - - [07/Apr/2013:08:33:22 +0900] "GET /~yosshi/rbc_wiki/index.php?cmd=backup&page=FrontPage&age=110&action=source HTTP/1.1" 200 482897 "-" "Mozilla/5.0 (compatible; bingbot/2.0; +http://www.bing.com/bingbot.htm)"
157.55.35.82 - - [07/Apr/2013:08:33:22 +0900] "GET /~info3/wiki/index.php?cmd=backup&page=%B6%B6%CB%DC%A1%F5%B6%CC%C6%E1%C7%C6%C8%CB%B9%F1&age=4&action=source HTTP/1.1" 200 6253 "-" "Mozilla/5.0 (compatible; bingbot/2.0; +http://www.bing.com/bingbot.htm)"
157.56.93.196 - - [07/Apr/2013:08:33:22 +0900] "GET /~yosshi/wiki-old/index.php?plugin=attach&pcmd=upload&page=%C6%FC%B5%AD%2F2005-04-27 HTTP/1.1" 200 7182 "-" "Mozilla/5.0 (compatible; bingbot/2.0; +http://www.bing.com/bingbot.htm)"
157.55.32.76 - - [07/Apr/2013:08:33:23 +0900] "GET /~info3/wiki/index.php?cmd=backup&page=%B7%F3%BE%EB&age=1&action=diff HTTP/1.1" 200 5313 "-" "Mozilla/5.0 (compatible; bingbot/2.0; +http://www.bing.com/bingbot.htm)"
157.55.32.76 - - [07/Apr/2013:08:33:23 +0900] "GET /~info3/wiki/index.php?cmd=backup&page=%B7%F3%BE%EB&age=1&action=nowdiff HTTP/1.1" 200 5376 "-" "Mozilla/5.0 (compatible; bingbot/2.0; +http://www.bing.com/bingbot.htm)"
157.55.35.82 - - [07/Apr/2013:08:33:23 +0900] "GET /~info3/wiki/index.php?cmd=backup&page=%B6%CC%BE%EB%BD%CA%B5%AA&age=1&action=source HTTP/1.1" 200 5693 "-" "Mozilla/5.0 (compatible; bingbot/2.0; +http://www.bing.com/bingbot.htm)"
157.56.93.196 - - [07/Apr/2013:08:33:23 +0900] "GET /~yosshi/wiki-old/index.php?plugin=attach&pcmd=upload&page=%C6%FC%B5%AD%2F2005-05-10 HTTP/1.1" 200 7182 "-" "Mozilla/5.0 (compatible; bingbot/2.0; +http://www.bing.com/bingbot.htm)"
157.55.35.82 - - [07/Apr/2013:08:33:23 +0900] "GET /~info3/wiki/index.php?cmd=backup&page=%B6%CC%BE%EB%BD%CA%B5%AA&age=3&action=diff HTTP/1.1" 200 6474 "-" "Mozilla/5.0 (compatible; bingbot/2.0; +http://www.bing.com/bingbot.htm)"
157.55.32.76 - - [07/Apr/2013:08:33:24 +0900] "GET /~info3/wiki/index.php?cmd=backup&page=%B9%E2%B9%BE%BD%A7%A1%F5%B7%F3%BE%EB&age=1&action=nowdiff HTTP/1.1" 200 5763 "-" "Mozilla/5.0 (compatible; bingbot/2.0; +http://www.bing.com/bingbot.htm)"
157.55.32.76 - - [07/Apr/2013:08:33:24 +0900] "GET /~info3/wiki/index.php?cmd=backup&page=%B9%E2%C2%BC%A1%F5%C3%E7%B4%D6%C8%C9%2FLevel2&age=3 HTTP/1.1" 200 9656 "-" "Mozilla/5.0 (compatible; bingbot/2.0; +http://www.bing.com/bingbot.htm)"
157.55.35.82 - - [07/Apr/2013:08:33:24 +0900] "GET /~info3/wiki/index.php?cmd=backup&page=%B6%E2%BE%EB%A1%F5%C5%E7%B8%B6%C8%C9&age=2&action=diff HTTP/1.1" 200 6398 "-" "Mozilla/5.0 (compatible; bingbot/2.0; +http://www.bing.com/bingbot.htm)"
157.56.93.196 - - [07/Apr/2013:08:33:24 +0900] "GET /~yosshi/wiki-old/index.php?plugin=attach&pcmd=upload&page=%C6%FC%B5%AD%2F2005-10-21 HTTP/1.1" 200 7182 "-" "Mozilla/5.0 (compatible; bingbot/2.0; +http://www.bing.com/bingbot.htm)"
157.55.35.82 - - [07/Apr/2013:08:33:24 +0900] "GET /~info3/wiki/index.php?cmd=backup&page=%B9%E2%B9%BE%BD%A7%A1%F5%B7%F3%BE%EB%2Flevel4&age=1&action=source HTTP/1.1" 200 6171 "-" "Mozilla/5.0 (compatible; bingbot/2.0; +http://www.bing.com/bingbot.htm)"
157.55.32.76 - - [07/Apr/2013:08:33:25 +0900] "GET /~info3/wiki/index.php?cmd=backup&page=%B9%E2%C2%BC%A1%F5%C3%E7%B4%D6%C8%C9%2FLevel2&age=4 HTTP/1.1" 200 10777 "-" "Mozilla/5.0 (compatible; bingbot/2.0; +http://www.bing.com/bingbot.htm)"
157.55.32.76 - - [07/Apr/2013:08:33:25 +0900] "GET /~info3/wiki/index.php?cmd=backup&page=%B9%E2%C2%BC%A1%F5%C3%E7%B4%D6%C8%C9%2FLevel3&age=2 HTTP/1.1" 200 7346 "-" "Mozilla/5.0 (compatible; bingbot/2.0; +http://www.bing.com/bingbot.htm)"
157.55.32.76 - - [07/Apr/2013:08:33:25 +0900] "GET /~info3/wiki/index.php?cmd=backup&page=%D4%A2%BE%EC%B9%AC%BE%CD%A1%F5%BF%B7%C5%C4%BD%A9%CA%BF&age=8&action=source HTTP/1.1" 200 7328 "-" "Mozilla/5.0 (compatible; bingbot/2.0; +http://www.bing.com/bingbot.htm)"
157.55.32.76 - - [07/Apr/2013:08:33:25 +0900] "GET /~info3/wiki/index.php?cmd=backup&page=%D4%A2%BE%EC%B9%AC%BE%CD%A1%F5%BF%B7%C5%C4%BD%A9%CA%BF&age=9&action=nowdiff HTTP/1.1" 200 7756 "-" "Mozilla/5.0 (compatible; bingbot/2.0; +http://www.bing.com/bingbot.htm)"
66.249.76.52 - - [07/Apr/2013:08:33:26 +0900] "GET /ontolopedia/disp/word_show/10303 HTTP/1.1" 200 12911 "-" "Mozilla/5.0 (compatible; Googlebot/2.1; +http://www.google.com/bot.html)"
157.55.35.82 - - [07/Apr/2013:08:33:26 +0900] "GET /~info3/wiki/index.php?cmd=backup&page=%B9%E2%B9%BE%BD%A7%A1%F5%B7%F3%BE%EB%2Flevel4&age=3&action=nowdiff HTTP/1.1" 200 8391 "-" "Mozilla/5.0 (compatible; bingbot/2.0; +http://www.bing.com/bingbot.htm)"
157.55.35.82 - - [07/Apr/2013:08:33:26 +0900] "GET /~info3/wiki/index.php?cmd=backup&page=%B9%E2%B9%BE%BD%A7%A1%F5%B7%F3%BE%EB&age=2&action=diff HTTP/1.1" 200 5729 "-" "Mozilla/5.0 (compatible; bingbot/2.0; +http://www.bing.com/bingbot.htm)"
157.55.35.82 - - [07/Apr/2013:08:33:27 +0900] "GET /~info3/wiki/index.php?cmd=backup&page=%B9%E2%B9%BE%BD%A7%A1%F5%B7%F3%BE%EB&age=2&action=source HTTP/1.1" 200 5452 "-" "Mozilla/5.0 (compatible; bingbot/2.0; +http://www.bing.com/bingbot.htm)"
157.55.35.82 - - [07/Apr/2013:08:33:27 +0900] "GET /~info3/wiki/index.php?cmd=backup&page=%B9%E2%C2%BC%A1%F5%C3%E7%B4%D6%C8%C9%2FLevel2&age=3&action=nowdiff HTTP/1.1" 200 10105 "-" "Mozilla/5.0 (compatible; bingbot/2.0; +http://www.bing.com/bingbot.htm)"
157.55.35.82 - - [07/Apr/2013:08:33:28 +0900] "GET /~info3/wiki/index.php?cmd=backup&page=%D4%A2%BE%EC%B9%AC%BE%CD%A1%F5%BF%B7%C5%C4%BD%A9%CA%BF&age=6&action=nowdiff HTTP/1.1" 200 7884 "-" "Mozilla/5.0 (compatible; bingbot/2.0; +http://www.bing.com/bingbot.htm)"
157.55.35.82 - - [07/Apr/2013:08:33:28 +0900] "GET /~info3/wiki/index.php?cmd=backup&page=%B9%E2%C2%BC%A1%F5%C3%E7%B4%D6%C8%C9%2FLevel3&age=4&action=nowdiff HTTP/1.1" 200 8989 "-" "Mozilla/5.0 (compatible; bingbot/2.0; +http://www.bing.com/bingbot.htm)"
157.55.35.82 - - [07/Apr/2013:08:33:29 +0900] "GET /~info3/wiki/index.php?cmd=backup&page=%D4%A2%BE%EC%B9%AC%BE%CD%A1%F5%BF%B7%C5%C4%BD%A9%CA%BF&age=6&action=source HTTP/1.1" 200 7280 "-" "Mozilla/5.0 (compatible; bingbot/2.0; +http://www.bing.com/bingbot.htm)"
157.55.35.82 - - [07/Apr/2013:08:33:29 +0900] "GET /~info3/wiki/index.php?cmd=backup&page=%D4%A2%BE%EC%B9%AC%BE%CD%A1%F5%BF%B7%C5%C4%BD%A9%CA%BF&age=8&action=diff HTTP/1.1" 200 7523 "-" "Mozilla/5.0 (compatible; bingbot/2.0; +http://www.bing.com/bingbot.htm)"
157.55.32.76 - - [07/Apr/2013:08:33:30 +0900] "GET /~info3/wiki/index.php?cmd=backup&page=12%B7%EE14%C6%FC&age=2&action=nowdiff HTTP/1.1" 200 7601 "-" "Mozilla/5.0 (compatible; bingbot/2.0; +http://www.bing.com/bingbot.htm)"
157.55.32.76 - - [07/Apr/2013:08:33:30 +0900] "GET /~info3/wiki/index.php?cmd=backup&page=2%B7%EE1%C6%FC&age=1&action=nowdiff HTTP/1.1" 200 11387 "-" "Mozilla/5.0 (compatible; bingbot/2.0; +http://www.bing.com/bingbot.htm)"
66.249.76.52 - - [07/Apr/2013:08:33:30 +0900] "GET /ontolopedia/disp/word_show/178620 HTTP/1.1" 200 6015 "-" "Mozilla/5.0 (compatible; Googlebot/2.1; +http://www.google.com/bot.html)"
157.55.35.82 - - [07/Apr/2013:08:33:30 +0900] "GET /~info3/wiki/index.php?cmd=backup&page=2005%2Finfo4%2FLevel10&age=1&action=nowdiff HTTP/1.1" 200 5927 "-" "Mozilla/5.0 (compatible; bingbot/2.0; +http://www.bing.com/bingbot.htm)"
157.55.35.82 - - [07/Apr/2013:08:33:30 +0900] "GET /~info3/wiki/index.php?cmd=backup&page=2005%2Finfo4%2FLevel2&age=1&action=nowdiff HTTP/1.1" 200 5712 "-" "Mozilla/5.0 (compatible; bingbot/2.0; +http://www.bing.com/bingbot.htm)"
66.249.76.52 - - [07/Apr/2013:08:33:31 +0900] "GET /~yosshi/wiki-old/index.php?plugin=newpage&refer=%C6%FC%B5%AD%2F2032-04-16 HTTP/1.1" 200 795 "-" "SAMSUNG-SGH-E250/1.0 Profile/MIDP-2.0 Configuration/CLDC-1.1 UP.Browser/6.2.3.3.c.1.101 (GUI) MMP/2.0 (compatible; Googlebot-Mobile/2.1; +http://www.google.com/bot.html)"
157.55.32.76 - - [07/Apr/2013:08:33:31 +0900] "GET /~info3/wiki/index.php?cmd=backup&page=2005%2Finfo4%2FLevel1%2F%B0%F0%C1%D5%B9%BE&age=1&action=diff HTTP/1.1" 200 7927 "-" "Mozilla/5.0 (compatible; bingbot/2.0; +http://www.bing.com/bingbot.htm)"
157.55.32.76 - - [07/Apr/2013:08:33:31 +0900] "GET /~info3/wiki/index.php?cmd=backup&page=2005%2Finfo4%2FLevel10&age=1&action=diff HTTP/1.1" 200 6587 "-" "Mozilla/5.0 (compatible; bingbot/2.0; +http://www.bing.com/bingbot.htm)"
157.55.35.82 - - [07/Apr/2013:08:33:31 +0900] "GET /~info3/wiki/index.php?cmd=backup&page=2005%2Finfo4%2FLevel3&age=1 HTTP/1.1" 200 5780 "-" "Mozilla/5.0 (compatible; bingbot/2.0; +http://www.bing.com/bingbot.htm)"
157.55.35.82 - - [07/Apr/2013:08:33:31 +0900] "GET /~yosshi/rbc_wiki/index.php?cmd=backup&page=Aefsyzmk HTTP/1.1" 200 5703 "-" "Mozilla/5.0 (compatible; bingbot/2.0; +http://www.bing.com/bingbot.htm)"
157.55.32.76 - - [07/Apr/2013:08:33:32 +0900] "GET /~info3/wiki/index.php?cmd=backup&page=2005%2Finfo4%2FLevel3&age=2&action=source HTTP/1.1" 200 6067 "-" "Mozilla/5.0 (compatible; bingbot/2.0; +http://www.bing.com/bingbot.htm)"
157.55.32.76 - - [07/Apr/2013:08:33:32 +0900] "GET /~info3/wiki/index.php?cmd=backup&page=2005%2Finfo4%2FLevel3&age=1&action=nowdiff HTTP/1.1" 200 10620 "-" "Mozilla/5.0 (compatible; bingbot/2.0; +http://www.bing.com/bingbot.htm)"
66.249.76.52 - - [07/Apr/2013:08:33:32 +0900] "GET /ontolopedia/disp/word_show/349879 HTTP/1.1" 200 12041 "-" "Mozilla/5.0 (compatible; Googlebot/2.1; +http://www.google.com/bot.html)"
157.55.35.82 - - [07/Apr/2013:08:33:32 +0900] "GET /~yosshi/wiki-old/index.php?plugin=attach&pcmd=upload&page=%C6%FC%B5%AD%2F2005-08-02 HTTP/1.1" 200 7182 "-" "Mozilla/5.0 (compatible; bingbot/2.0; +http://www.bing.com/bingbot.htm)"
157.55.35.82 - - [07/Apr/2013:08:33:32 +0900] "GET /~yosshi/rbc_wiki/index.php?cmd=backup&page=FrontPage&age=108&action=nowdiff HTTP/1.1" 200 490238 "-" "Mozilla/5.0 (compatible; bingbot/2.0; +http://www.bing.com/bingbot.htm)"
157.55.32.76 - - [07/Apr/2013:08:33:33 +0900] "GET /~info3/wiki/index.php?cmd=backup&page=2005%2Finfo4%2FLevel4&age=2&action=nowdiff HTTP/1.1" 200 8993 "-" "Mozilla/5.0 (compatible; bingbot/2.0; +http://www.bing.com/bingbot.htm)"
157.55.32.76 - - [07/Apr/2013:08:33:33 +0900] "GET /~info3/wiki/index.php?cmd=backup&page=2005%2Finfo4%2FLevel5&age=1 HTTP/1.1" 200 8654 "-" "Mozilla/5.0 (compatible; bingbot/2.0; +http://www.bing.com/bingbot.htm)"
157.55.35.82 - - [07/Apr/2013:08:33:34 +0900] "GET /~yosshi/wiki-old/index.php?plugin=attach&pcmd=upload&page=%C6%FC%B5%AD%2F2005-10-19 HTTP/1.1" 200 7182 "-" "Mozilla/5.0 (compatible; bingbot/2.0; +http://www.bing.com/bingbot.htm)"
157.55.32.76 - - [07/Apr/2013:08:33:34 +0900] "GET /~yosshi/rbc_wiki/index.php?cmd=backup&page=2007.09.08-09&age=7&action=source HTTP/1.1" 200 8153 "-" "Mozilla/5.0 (compatible; bingbot/2.0; +http://www.bing.com/bingbot.htm)"
157.55.35.82 - - [07/Apr/2013:08:33:35 +0900] "GET /~yosshi/wiki-old/index.php?plugin=attach&pcmd=upload&page=Help HTTP/1.1" 200 6771 "-" "Mozilla/5.0 (compatible; bingbot/2.0; +http://www.bing.com/bingbot.htm)"
157.55.32.76 - - [07/Apr/2013:08:33:34 +0900] "GET /~yosshi/rbc_wiki/index.php?cmd=backup&page=FrontPage&age=102&action=source HTTP/1.1" 200 480151 "-" "Mozilla/5.0 (compatible; bingbot/2.0; +http://www.bing.com/bingbot.htm)"
157.55.32.76 - - [07/Apr/2013:08:33:35 +0900] "GET /~yosshi/rbc_wiki/index.php?cmd=backup&page=FrontPage&age=112&action=nowdiff HTTP/1.1" 200 489966 "-" "Mozilla/5.0 (compatible; bingbot/2.0; +http://www.bing.com/bingbot.htm)"
157.55.32.76 - - [07/Apr/2013:08:33:38 +0900] "GET /~yosshi/wiki-old/index.php?plugin=attach&pcmd=upload&page=%C6%FC%B5%AD%2F2005-04-29 HTTP/1.1" 200 7182 "-" "Mozilla/5.0 (compatible; bingbot/2.0; +http://www.bing.com/bingbot.htm)"
66.249.76.52 - - [07/Apr/2013:08:33:38 +0900] "GET /ontolopedia/disp/word_show/89756 HTTP/1.1" 200 11469 "-" "Mozilla/5.0 (compatible; Googlebot/2.1; +http://www.google.com/bot.html)"
157.55.32.76 - - [07/Apr/2013:08:33:39 +0900] "GET /~yosshi/wiki-old/index.php?plugin=attach&pcmd=upload&page=%C6%FC%B5%AD%2F2005-05-31 HTTP/1.1" 200 7182 "-" "Mozilla/5.0 (compatible; bingbot/2.0; +http://www.bing.com/bingbot.htm)"
66.249.76.52 - - [07/Apr/2013:08:33:40 +0900] "GET /ontolopedia/disp/word_show/266738 HTTP/1.1" 200 7173 "-" "Mozilla/5.0 (compatible; Googlebot/2.1; +http://www.google.com/bot.html)"
66.249.76.52 - - [07/Apr/2013:08:33:44 +0900] "GET /ontolopedia/disp/word_show/104080 HTTP/1.1" 200 4226 "-" "Mozilla/5.0 (compatible; Googlebot/2.1; +http://www.google.com/bot.html)"
66.249.76.52 - - [07/Apr/2013:08:33:50 +0900] "GET /ontolopedia/disp/word_show/446351 HTTP/1.1" 200 6384 "-" "Mozilla/5.0 (compatible; Googlebot/2.1; +http://www.google.com/bot.html)"
66.249.76.52 - - [07/Apr/2013:08:33:51 +0900] "GET /ontolopedia/disp/word_show/405478 HTTP/1.1" 200 4955 "-" "Mozilla/5.0 (compatible; Googlebot/2.1; +http://www.google.com/bot.html)"
183.74.195.70 - - [07/Apr/2013:08:33:50 +0900] "GET /ontolopedia/disp/word_show/42085 HTTP/1.1" 200 64366 "http://www.google.com/search?hl=ja&client=ms-android-sonyericsson&gl=jp&source=android-unknown&ei=j7BgUdymB8eUiQeu44D4Bw&q=%E3%81%A8%E3%81%86%E3%81%BB%E3%81%8F%E3%81%BB%E3%81%86%E3%81%9D%E3%81%86%E3%82%88%E3%81%93%E3%82%84%E3%81%BE%E3%82%88%E3%81%97%E3%81%AE%E3%82%8A&oq=%E3%81%A8%E3%81%86%E3%81%BB%E3%81%8F%E3%81%BB%E3%81%86%E3%81%9D%E3%81%86%E3%82%88%E3%81%93%E3%82%84%E3%81%BE%E3%82%88%E3%81%97%E3%81%AE%E3%82%8A&gs_l=mobile-gws-serp.12...0.0.0.6668.0.0.0.0.0.0.0.0..0.0...0.0...1c..8.mobile-gws-serp.SHW9_U5EZ2I" "Mozilla/5.0 (Linux; U; Android 2.3.4; ja-jp; SonyEricssonSO-02C Build/4.0.1.C.1.21) AppleWebKit/533.1 (KHTML, like Gecko) Version/4.0 Mobile Safari/533.1"
183.74.195.70 - - [07/Apr/2013:08:33:52 +0900] "GET /ontolopedia/stylesheets/default.css?1195659978 HTTP/1.1" 200 7140 "http://www.nal.ie.u-ryukyu.ac.jp/ontolopedia/disp/word_show/42085" "Mozilla/5.0 (Linux; U; Android 2.3.4; ja-jp; SonyEricssonSO-02C Build/4.0.1.C.1.21) AppleWebKit/533.1 (KHTML, like Gecko) Version/4.0 Mobile Safari/533.1"
183.74.195.70 - - [07/Apr/2013:08:33:52 +0900] "GET /ontolopedia/stylesheets/formstyle.css?1172129648 HTTP/1.1" 200 4389 "http://www.nal.ie.u-ryukyu.ac.jp/ontolopedia/disp/word_show/42085" "Mozilla/5.0 (Linux; U; Android 2.3.4; ja-jp; SonyEricssonSO-02C Build/4.0.1.C.1.21) AppleWebKit/533.1 (KHTML, like Gecko) Version/4.0 Mobile Safari/533.1"
183.74.195.70 - - [07/Apr/2013:08:33:52 +0900] "GET /ontolopedia/javascripts/formstyle.js?1172130636 HTTP/1.1" 200 10047 "http://www.nal.ie.u-ryukyu.ac.jp/ontolopedia/disp/word_show/42085" "Mozilla/5.0 (Linux; U; Android 2.3.4; ja-jp; SonyEricssonSO-02C Build/4.0.1.C.1.21) AppleWebKit/533.1 (KHTML, like Gecko) Version/4.0 Mobile Safari/533.1"
66.249.76.52 - - [07/Apr/2013:08:33:52 +0900] "GET /~yosshi/wiki-old/index.php?plugin=newpage&refer=%C6%FC%B5%AD%2F2017-08-09 HTTP/1.1" 200 795 "-" "SAMSUNG-SGH-E250/1.0 Profile/MIDP-2.0 Configuration/CLDC-1.1 UP.Browser/6.2.3.3.c.1.101 (GUI) MMP/2.0 (compatible; Googlebot-Mobile/2.1; +http://www.google.com/bot.html)"
183.74.195.70 - - [07/Apr/2013:08:33:53 +0900] "GET /ontolopedia/img/bg.gif HTTP/1.1" 200 1383 "http://www.nal.ie.u-ryukyu.ac.jp/ontolopedia/disp/word_show/42085" "Mozilla/5.0 (Linux; U; Android 2.3.4; ja-jp; SonyEricssonSO-02C Build/4.0.1.C.1.21) AppleWebKit/533.1 (KHTML, like Gecko) Version/4.0 Mobile Safari/533.1"
183.74.195.70 - - [07/Apr/2013:08:33:53 +0900] "GET /ontolopedia/img/topleft.gif HTTP/1.1" 200 2971 "http://www.nal.ie.u-ryukyu.ac.jp/ontolopedia/disp/word_show/42085" "Mozilla/5.0 (Linux; U; Android 2.3.4; ja-jp; SonyEricssonSO-02C Build/4.0.1.C.1.21) AppleWebKit/533.1 (KHTML, like Gecko) Version/4.0 Mobile Safari/533.1"
183.74.195.70 - - [07/Apr/2013:08:33:53 +0900] "GET /ontolopedia/img/bgmain.gif HTTP/1.1" 200 2248 "http://www.nal.ie.u-ryukyu.ac.jp/ontolopedia/disp/word_show/42085" "Mozilla/5.0 (Linux; U; Android 2.3.4; ja-jp; SonyEricssonSO-02C Build/4.0.1.C.1.21) AppleWebKit/533.1 (KHTML, like Gecko) Version/4.0 Mobile Safari/533.1"
183.74.195.70 - - [07/Apr/2013:08:33:54 +0900] "GET /ontolopedia/img/bgfooter.gif HTTP/1.1" 200 598 "http://www.nal.ie.u-ryukyu.ac.jp/ontolopedia/disp/word_show/42085" "Mozilla/5.0 (Linux; U; Android 2.3.4; ja-jp; SonyEricssonSO-02C Build/4.0.1.C.1.21) AppleWebKit/533.1 (KHTML, like Gecko) Version/4.0 Mobile Safari/533.1"
183.74.195.70 - - [07/Apr/2013:08:33:54 +0900] "GET /favicon.ico HTTP/1.1" 200 3638 "http://www.nal.ie.u-ryukyu.ac.jp/ontolopedia/disp/word_show/42085" "Mozilla/5.0 (Linux; U; Android 2.3.4; ja-jp; SonyEricssonSO-02C Build/4.0.1.C.1.21) AppleWebKit/533.1 (KHTML, like Gecko) Version/4.0 Mobile Safari/533.1"
66.249.76.52 - - [07/Apr/2013:08:33:56 +0900] "GET /ontolopedia/disp/word_show/8233 HTTP/1.1" 200 13623 "-" "Mozilla/5.0 (compatible; Googlebot/2.1; +http://www.google.com/bot.html)"
66.249.76.52 - - [07/Apr/2013:08:33:59 +0900] "GET /ontolopedia/disp/word_show/187236 HTTP/1.1" 200 5105 "-" "Mozilla/5.0 (compatible; Googlebot/2.1; +http://www.google.com/bot.html)"
157.55.33.109 - - [07/Apr/2013:08:34:00 +0900] "GET /note/note_detail/1045 HTTP/1.1" 301 - "-" "Mozilla/5.0 (compatible; bingbot/2.0; +http://www.bing.com/bingbot.htm)"
157.55.33.109 - - [07/Apr/2013:08:34:00 +0900] "GET /note/note_detail/1049 HTTP/1.1" 301 - "-" "Mozilla/5.0 (compatible; bingbot/2.0; +http://www.bing.com/bingbot.htm)"
157.55.33.109 - - [07/Apr/2013:08:34:02 +0900] "GET /note/note_detail/105 HTTP/1.1" 301 - "-" "Mozilla/5.0 (compatible; bingbot/2.0; +http://www.bing.com/bingbot.htm)"
66.249.76.52 - - [07/Apr/2013:08:34:02 +0900] "GET /ontolopedia/disp/word_show/51134 HTTP/1.1" 200 4077 "-" "Mozilla/5.0 (compatible; Googlebot/2.1; +http://www.google.com/bot.html)"
157.55.33.109 - - [07/Apr/2013:08:34:02 +0900] "GET /wiki/index.php?cmd=backup&page=%A5%BC%A5%DF%A5%ED%A5%B0%2F%C2%E828%B2%F3%2FJMyron%A4%AB%A4%E9%A4%CE%C6%B0%B2%E8%A4%AB%A4%E9%C7%D8%B7%CA%A4%F2%BF%E4%C2%AC%A4%B9%A4%EB%28%B6%CC%BE%EB%B3%A8%C8%FE%29&age=10&action=nowdiff HTTP/1.1" 200 40074 "-" "Mozilla/5.0 (compatible; bingbot/2.0; +http://www.bing.com/bingbot.htm)"
157.55.33.109 - - [07/Apr/2013:08:34:04 +0900] "GET /wiki/index.php?cmd=backup&page=%A5%BC%A5%DF%A5%ED%A5%B0%2F%C2%E828%B2%F3%2FJMyron%A4%AB%A4%E9%A4%CE%C6%B0%B2%E8%A4%AB%A4%E9%C7%D8%B7%CA%A4%F2%BF%E4%C2%AC%A4%B9%A4%EB%28%B6%CC%BE%EB%B3%A8%C8%FE%29&age=13&action=source HTTP/1.1" 200 44606 "-" "Mozilla/5.0 (compatible; bingbot/2.0; +http://www.bing.com/bingbot.htm)"
157.55.33.109 - - [07/Apr/2013:08:34:05 +0900] "GET /wiki/index.php?cmd=backup&page=%A5%BC%A5%DF%A5%ED%A5%B0%2F%C2%E828%B2%F3%2FJMyron%A4%AB%A4%E9%A4%CE%C6%B0%B2%E8%A4%AB%A4%E9%C7%D8%B7%CA%A4%F2%BF%E4%C2%AC%A4%B9%A4%EB%28%B6%CC%BE%EB%B3%A8%C8%FE%29&age=14&action=source HTTP/1.1" 200 61292 "-" "Mozilla/5.0 (compatible; bingbot/2.0; +http://www.bing.com/bingbot.htm)"
157.55.33.109 - - [07/Apr/2013:08:34:05 +0900] "GET /wiki/index.php?cmd=diff&page=Emi%2F%C2%B4%CF%C0%C6%FC%BB%EF%28%A5%BF%A5%DE%A5%AD%A5%A8%A5%DF%29%2F2005-04-18 HTTP/1.1" 200 9301 "-" "Mozilla/5.0 (compatible; bingbot/2.0; +http://www.bing.com/bingbot.htm)"
157.55.33.109 - - [07/Apr/2013:08:34:06 +0900] "GET /wiki/index.php?cmd=diff&page=Emi%2F%C2%B4%CF%C0%C6%FC%BB%EF%28%A5%BF%A5%DE%A5%AD%A5%A8%A5%DF%29%2F2005-07-11 HTTP/1.1" 200 9226 "-" "Mozilla/5.0 (compatible; bingbot/2.0; +http://www.bing.com/bingbot.htm)"
157.55.33.109 - - [07/Apr/2013:08:34:06 +0900] "GET /wiki/index.php?cmd=diff&page=Emi%2F%C2%B4%CF%C0%C6%FC%BB%EF%28%A5%BF%A5%DE%A5%AD%A5%A8%A5%DF%29%2F2005-08-08 HTTP/1.1" 200 10066 "-" "Mozilla/5.0 (compatible; bingbot/2.0; +http://www.bing.com/bingbot.htm)"
157.55.33.109 - - [07/Apr/2013:08:34:07 +0900] "GET /wiki/index.php?cmd=diff&page=Emi%2F%C2%B4%CF%C0%C6%FC%BB%EF%28%A5%BF%A5%DE%A5%AD%A5%A8%A5%DF%29%2F2005-08-09 HTTP/1.1" 200 9104 "-" "Mozilla/5.0 (compatible; bingbot/2.0; +http://www.bing.com/bingbot.htm)"
157.55.33.109 - - [07/Apr/2013:08:34:07 +0900] "GET /wiki/index.php?cmd=diff&page=Emi%2F%C2%B4%CF%C0%C6%FC%BB%EF%28%A5%BF%A5%DE%A5%AD%A5%A8%A5%DF%29%2F2005-08-19 HTTP/1.1" 200 9152 "-" "Mozilla/5.0 (compatible; bingbot/2.0; +http://www.bing.com/bingbot.htm)"
66.249.76.52 - - [07/Apr/2013:08:34:08 +0900] "GET /ontolopedia/disp/word_show/179885 HTTP/1.1" 200 7036 "-" "Mozilla/5.0 (compatible; Googlebot/2.1; +http://www.google.com/bot.html)"
157.55.33.109 - - [07/Apr/2013:08:34:08 +0900] "GET /wiki/index.php?cmd=diff&page=Emi%2F%C2%B4%CF%C0%C6%FC%BB%EF%28%A5%BF%A5%DE%A5%AD%A5%A8%A5%DF%29%2F2005-09-01 HTTP/1.1" 200 9271 "-" "Mozilla/5.0 (compatible; bingbot/2.0; +http://www.bing.com/bingbot.htm)"
157.55.33.109 - - [07/Apr/2013:08:34:08 +0900] "GET /wiki/index.php?cmd=diff&page=Emi%2F%C2%B4%CF%C0%C6%FC%BB%EF%28%A5%BF%A5%DE%A5%AD%A5%A8%A5%DF%29%2F2005-09-07 HTTP/1.1" 200 9666 "-" "Mozilla/5.0 (compatible; bingbot/2.0; +http://www.bing.com/bingbot.htm)"
157.55.33.109 - - [07/Apr/2013:08:34:09 +0900] "GET /wiki/index.php?cmd=diff&page=Emi%2F%C2%B4%CF%C0%C6%FC%BB%EF%28%A5%BF%A5%DE%A5%AD%A5%A8%A5%DF%29%2F2005-10-14 HTTP/1.1" 200 9393 "-" "Mozilla/5.0 (compatible; bingbot/2.0; +http://www.bing.com/bingbot.htm)"
157.55.33.109 - - [07/Apr/2013:08:34:09 +0900] "GET /wiki/index.php?cmd=diff&page=Emi%2F%C2%B4%CF%C0%C6%FC%BB%EF%28%A5%BF%A5%DE%A5%AD%A5%A8%A5%DF%29%2F2005-09-23 HTTP/1.1" 200 9367 "-" "Mozilla/5.0 (compatible; bingbot/2.0; +http://www.bing.com/bingbot.htm)"
66.249.76.52 - - [07/Apr/2013:08:34:09 +0900] "GET /ontolopedia/disp/word_show/102434 HTTP/1.1" 200 25179 "-" "Mozilla/5.0 (compatible; Googlebot/2.1; +http://www.google.com/bot.html)"
157.55.33.109 - - [07/Apr/2013:08:34:10 +0900] "GET /wiki/index.php?cmd=diff&page=Emi%2F%C2%B4%CF%C0%C6%FC%BB%EF%28%A5%BF%A5%DE%A5%AD%A5%A8%A5%DF%29%2F2005-11-16 HTTP/1.1" 200 9174 "-" "Mozilla/5.0 (compatible; bingbot/2.0; +http://www.bing.com/bingbot.htm)"
157.55.33.109 - - [07/Apr/2013:08:34:10 +0900] "GET /wiki/index.php?plugin=attach&pcmd=upload&page=%A5%BC%A5%DF%A5%ED%A5%B0%2F%C2%E818%B2%F3%2F1.%A5%C6%A5%B9%A5%C8%A5%D7%A5%ED%A5%B0%A5%E9%A5%E0%C3%A3%28%B6%CC%BE%EB%B3%A8%C8%FE%29 HTTP/1.1" 200 9837 "-" "Mozilla/5.0 (compatible; bingbot/2.0; +http://www.bing.com/bingbot.htm)"
157.55.33.109 - - [07/Apr/2013:08:34:11 +0900] "GET /wiki/index.php?plugin=attach&pcmd=upload&page=%A5%BC%A5%DF%A5%ED%A5%B0%2F%C2%E823%B2%F3%2F2.%A5%C7%A1%BC%A5%BF%A5%D9%A1%BC%A5%B9%A4%AB%A4%E9%C3%CD%A4%F2%BC%E8%A4%C3%A4%C6%A4%AF%A4%EB%28%B6%CC%BE%EB%B3%A8%C8%FE%29 HTTP/1.1" 200 10137 "-" "Mozilla/5.0 (compatible; bingbot/2.0; +http://www.bing.com/bingbot.htm)"
157.55.33.109 - - [07/Apr/2013:08:34:12 +0900] "GET /wiki/index.php?plugin=attach&pcmd=upload&page=%A5%BC%A5%DF%A5%ED%A5%B0%2F%C2%E823%B2%F3%2F8.%BB%D8%C0%E8%A4%F2%A4%A2%A4%EF%A4%BB%A4%EB%A5%D7%A5%ED%A5%B0%A5%E9%A5%E0%28%B6%CC%BE%EB%B3%A8%C8%FE%29 HTTP/1.1" 200 9987 "-" "Mozilla/5.0 (compatible; bingbot/2.0; +http://www.bing.com/bingbot.htm)"
157.55.33.109 - - [07/Apr/2013:08:34:13 +0900] "GET /wiki/index.php?plugin=attach&pcmd=upload&page=%A5%BC%A5%DF%A5%ED%A5%B0%2F%C2%E84%B2%F3%2F%A1%D8%C3%B1%B4%E3%A5%D3%A5%C7%A5%AA%A5%AB%A5%E1%A5%E9%A4%CB%A4%E8%A4%EB%A5%D0%A1%BC%A5%C1%A5%E3%A5%EB%A5%AD%A1%BC%A5%DC%A1%BC%A5%C9%A1%D9%A4%CE%BE%D2%B2%F0%28%B6%CC%BE%EB%20%B3%A8%C8%FE%29 HTTP/1.1" 200 10678 "-" "Mozilla/5.0 (compatible; bingbot/2.0; +http://www.bing.com/bingbot.htm)"
157.55.33.109 - - [07/Apr/2013:08:34:13 +0900] "GET /wiki/index.php?plugin=attach&pcmd=upload&page=%A5%BC%A5%DF%A5%ED%A5%B0%2F2006%2F%C2%E820%B2%F3 HTTP/1.1" 200 9149 "-" "Mozilla/5.0 (compatible; bingbot/2.0; +http://www.bing.com/bingbot.htm)"
157.55.33.109 - - [07/Apr/2013:08:34:14 +0900] "GET /wiki/index.php?plugin=attach&pcmd=upload&page=%A5%E1%A5%E2%C4%A2%2F%B3%D8%B3%B0%C8%AF%C9%BD%A5%E1%A5%E2%282005%C7%AF%C5%D9%29 HTTP/1.1" 200 9300 "-" "Mozilla/5.0 (compatible; bingbot/2.0; +http://www.bing.com/bingbot.htm)"
