66.249.76.52 - - [07/Apr/2013:06:40:31 +0900] "GET /~yosshi/wiki-old/index.php?cmd=edit&page=%C6%FC%B5%AD%2F1950-10-16 HTTP/1.1" 200 1805 "-" "SAMSUNG-SGH-E250/1.0 Profile/MIDP-2.0 Configuration/CLDC-1.1 UP.Browser/6.2.3.3.c.1.101 (GUI) MMP/2.0 (compatible; Googlebot-Mobile/2.1; +http://www.google.com/bot.html)"
66.249.76.52 - - [07/Apr/2013:06:40:51 +0900] "GET /ontolopedia/disp/word_show/142059 HTTP/1.1" 200 11390 "-" "Mozilla/5.0 (compatible; Googlebot/2.1; +http://www.google.com/bot.html)"
66.249.76.52 - - [07/Apr/2013:06:40:58 +0900] "GET /~yosshi/wiki-old/index.php?cmd=edit&page=%C6%FC%B5%AD%2F2017-09-16&refer=%C6%FC%B5%AD HTTP/1.1" 200 1805 "-" "SAMSUNG-SGH-E250/1.0 Profile/MIDP-2.0 Configuration/CLDC-1.1 UP.Browser/6.2.3.3.c.1.101 (GUI) MMP/2.0 (compatible; Googlebot-Mobile/2.1; +http://www.google.com/bot.html)"
66.249.76.52 - - [07/Apr/2013:06:41:20 +0900] "GET /ontolopedia/disp/word_show/481183 HTTP/1.1" 200 4180 "-" "Mozilla/5.0 (compatible; Googlebot/2.1; +http://www.google.com/bot.html)"
66.249.76.52 - - [07/Apr/2013:06:41:21 +0900] "GET /ontolopedia/disp/word_show/391311 HTTP/1.1" 500 309 "-" "Mozilla/5.0 (compatible; Googlebot/2.1; +http://www.google.com/bot.html)"
157.55.32.77 - - [07/Apr/2013:06:41:39 +0900] "GET /~yosshi/rbc_wiki/index.php?cmd=backup&page=FrontPage&age=12 HTTP/1.1" 200 866337 "-" "Mozilla/5.0 (compatible; bingbot/2.0; +http://www.bing.com/bingbot.htm)"
157.55.32.76 - - [07/Apr/2013:06:42:45 +0900] "GET /~info3/wiki/index.php?cmd=backup&action=source&page=2005%2Finfo4%2FLevel6&age=3 HTTP/1.1" 200 6628 "-" "Mozilla/5.0 (compatible; bingbot/2.0; +http://www.bing.com/bingbot.htm)"
66.249.76.52 - - [07/Apr/2013:06:42:49 +0900] "GET /~yosshi/wiki-old/index.php?cmd=edit&page=%C6%FC%B5%AD%2F1950-10-11 HTTP/1.1" 200 1805 "-" "SAMSUNG-SGH-E250/1.0 Profile/MIDP-2.0 Configuration/CLDC-1.1 UP.Browser/6.2.3.3.c.1.101 (GUI) MMP/2.0 (compatible; Googlebot-Mobile/2.1; +http://www.google.com/bot.html)"
66.249.76.52 - - [07/Apr/2013:06:43:15 +0900] "GET /~yosshi/wiki/index.php?Memo%2Fzsh HTTP/1.1" 200 18440 "-" "Mozilla/5.0 (compatible; Googlebot/2.1; +http://www.google.com/bot.html)"
66.249.76.52 - - [07/Apr/2013:06:43:16 +0900] "GET /ontolopedia/disp/word_show/194269 HTTP/1.1" 500 309 "-" "Mozilla/5.0 (compatible; Googlebot/2.1; +http://www.google.com/bot.html)"
66.249.76.52 - - [07/Apr/2013:06:43:51 +0900] "GET /~yosshi/wiki-old/index.php?cmd=edit&page=%C6%FC%B5%AD%2F2017-09-15&refer=%C6%FC%B5%AD HTTP/1.1" 200 1805 "-" "SAMSUNG-SGH-E250/1.0 Profile/MIDP-2.0 Configuration/CLDC-1.1 UP.Browser/6.2.3.3.c.1.101 (GUI) MMP/2.0 (compatible; Googlebot-Mobile/2.1; +http://www.google.com/bot.html)"
157.55.33.109 - - [07/Apr/2013:06:44:08 +0900] "GET /~info3/wiki/index.php?cmd=backup&page=%BA%C2%B4%D6%CC%A3%A1%F5%BF%F9%B4%DD%C8%C9%2FLevel0%A5%AA%A1%BC%A5%D7%A5%F3%A5%BD%A1%BC%A5%B9&age=2 HTTP/1.1" 200 7923 "-" "Mozilla/5.0 (compatible; bingbot/2.0; +http://www.bing.com/bingbot.htm)"
66.249.76.52 - - [07/Apr/2013:06:44:09 +0900] "GET /ontolopedia/flash/spring/sgraph.swf?URL=/ontolopedia/springxml/spring332843.xml HTTP/1.1" 200 247720 "-" "Googlebot-Video/1.0"
72.14.199.52 - - [07/Apr/2013:06:44:12 +0900] "GET /note/rss/latest/ HTTP/1.1" 200 8675 "-" "Feedfetcher-Google; (+http://www.google.com/feedfetcher.html; 7 subscribers; feed-id=3219038629485402054)"
72.14.199.52 - - [07/Apr/2013:06:44:13 +0900] "GET /~yosshi/wiki-old/index.php?cmd=edit&help=true&page=%C6%FC%B5%AD%2F2004-12-27 HTTP/1.1" 200 50 "-" "DoCoMo/2.0 N905i(c100;TB;W24H16) (compatible; Googlebot-Mobile/2.1; +http://www.google.com/bot.html)"
66.249.76.52 - - [07/Apr/2013:06:44:52 +0900] "GET /ontolopedia/disp/word_show/138883 HTTP/1.1" 200 5025 "-" "Mozilla/5.0 (compatible; Googlebot/2.1; +http://www.google.com/bot.html)"
118.9.247.143 - - [07/Apr/2013:06:45:50 +0900] "GET /note/rss/latest/ HTTP/1.1" 200 8675 "-" "Mozilla/5.0 (Windows NT 6.1; WOW64; rv:15.0) Gecko/20120824 Thunderbird/15.0"
72.14.199.52 - - [07/Apr/2013:06:45:59 +0900] "GET /~yosshi/wiki/index.php?cmd=rss HTTP/1.1" 200 3853 "-" "Feedfetcher-Google; (+http://www.google.com/feedfetcher.html; 2 subscribers; feed-id=7670697473853159198)"
66.249.76.52 - - [07/Apr/2013:06:46:07 +0900] "GET /~yosshi/wiki-old/index.php?plugin=newpage&refer=%C6%FC%B5%AD%2F2032-04-06 HTTP/1.1" 200 795 "-" "SAMSUNG-SGH-E250/1.0 Profile/MIDP-2.0 Configuration/CLDC-1.1 UP.Browser/6.2.3.3.c.1.101 (GUI) MMP/2.0 (compatible; Googlebot-Mobile/2.1; +http://www.google.com/bot.html)"
72.14.199.52 - - [07/Apr/2013:06:46:30 +0900] "GET /~yosshi/wiki-old/index.php?plugin=newpage&refer=%C6%FC%B5%AD%2F2021-04-16 HTTP/1.1" 200 795 "-" "DoCoMo/2.0 N905i(c100;TB;W24H16) (compatible; Googlebot-Mobile/2.1; +http://www.google.com/bot.html)"
66.249.76.52 - - [07/Apr/2013:06:46:44 +0900] "GET /~yosshi/wiki-old/index.php?plugin=newpage&refer=%C6%FC%B5%AD%2F2017-09-16 HTTP/1.1" 200 795 "-" "SAMSUNG-SGH-E250/1.0 Profile/MIDP-2.0 Configuration/CLDC-1.1 UP.Browser/6.2.3.3.c.1.101 (GUI) MMP/2.0 (compatible; Googlebot-Mobile/2.1; +http://www.google.com/bot.html)"
66.249.76.52 - - [07/Apr/2013:06:46:51 +0900] "GET /~yosshi/wiki-old/index.php?cmd=edit&page=%C6%FC%B5%AD%2F2032-03-11&refer=%C6%FC%B5%AD HTTP/1.1" 200 1805 "-" "SAMSUNG-SGH-E250/1.0 Profile/MIDP-2.0 Configuration/CLDC-1.1 UP.Browser/6.2.3.3.c.1.101 (GUI) MMP/2.0 (compatible; Googlebot-Mobile/2.1; +http://www.google.com/bot.html)"
72.14.199.52 - - [07/Apr/2013:06:48:06 +0900] "GET /~yosshi/wiki-old/index.php?cmd=edit&page=%C6%FC%B5%AD%2F2021-05-25&refer=%C6%FC%B5%AD HTTP/1.1" 200 1805 "-" "DoCoMo/2.0 N905i(c100;TB;W24H16) (compatible; Googlebot-Mobile/2.1; +http://www.google.com/bot.html)"
157.55.32.103 - - [07/Apr/2013:06:48:10 +0900] "GET /~info3/wiki/index.php?cmd=backup&page=%3ARenameLog&age=1&action=source HTTP/1.1" 200 5368 "-" "Mozilla/5.0 (compatible; bingbot/2.0; +http://www.bing.com/bingbot.htm)"
157.55.32.103 - - [07/Apr/2013:06:48:10 +0900] "GET /~info3/wiki/index.php?cmd=backup&page=2008%2Finfo4%2F%C3%AA%B8%B6%A1%F5%C2%E7%B5%DC%C8%C9%2Flevel3 HTTP/1.1" 200 6212 "-" "Mozilla/5.0 (compatible; bingbot/2.0; +http://www.bing.com/bingbot.htm)"
157.55.32.103 - - [07/Apr/2013:06:48:13 +0900] "GET /~info3/wiki/index.php?plugin=newpage&refer=%B5%DC%CA%BF%A1%F5%C2%E7%C4%C5%C8%C9%2FLevel0 HTTP/1.1" 200 4333 "-" "Mozilla/5.0 (compatible; bingbot/2.0; +http://www.bing.com/bingbot.htm)"
157.55.32.103 - - [07/Apr/2013:06:48:13 +0900] "GET /~info3/wiki/index.php?cmd=backup&action=&page=%BE%E5%B8%B6%A1%F5%C2%BF%CF%C2%C5%C4%C8%C9%2FLevel2&age=1 HTTP/1.1" 200 6762 "-" "Mozilla/5.0 (compatible; bingbot/2.0; +http://www.bing.com/bingbot.htm)"
157.55.32.76 - - [07/Apr/2013:06:48:13 +0900] "GET /ontolopedia/disp/word_show/210511 HTTP/1.1" 403 235 "-" "Mozilla/5.0 (compatible; bingbot/2.0; +http://www.bing.com/bingbot.htm)"
157.55.32.76 - - [07/Apr/2013:06:48:13 +0900] "GET /~info3/wiki/index.php?cmd=diff&action=delete&page=%B7%F3%BE%EB HTTP/1.1" 200 6611 "-" "Mozilla/5.0 (compatible; bingbot/2.0; +http://www.bing.com/bingbot.htm)"
66.249.76.52 - - [07/Apr/2013:06:49:36 +0900] "GET /~yosshi/wiki-old/index.php?cmd=edit&page=%C6%FC%B5%AD%2F2017-08-12&refer=%C6%FC%B5%AD HTTP/1.1" 200 1805 "-" "SAMSUNG-SGH-E250/1.0 Profile/MIDP-2.0 Configuration/CLDC-1.1 UP.Browser/6.2.3.3.c.1.101 (GUI) MMP/2.0 (compatible; Googlebot-Mobile/2.1; +http://www.google.com/bot.html)"
157.56.93.71 - - [07/Apr/2013:06:49:39 +0900] "GET /~info3/wiki/index.php?cmd=backup&action=nowdiff&page=level4&age=2 HTTP/1.1" 200 7138 "-" "Mozilla/5.0 (compatible; bingbot/2.0; +http://www.bing.com/bingbot.htm)"
66.249.76.52 - - [07/Apr/2013:06:50:00 +0900] "GET /~yosshi/wiki-old/index.php?plugin=calendar2&file=%C6%FC%B5%AD&date=203904 HTTP/1.1" 200 4566 "-" "SAMSUNG-SGH-E250/1.0 Profile/MIDP-2.0 Configuration/CLDC-1.1 UP.Browser/6.2.3.3.c.1.101 (GUI) MMP/2.0 (compatible; Googlebot-Mobile/2.1; +http://www.google.com/bot.html)"
66.249.76.52 - - [07/Apr/2013:06:50:54 +0900] "GET /wiki/index.php?plugin=attach&refer=%A5%BC%A5%DF%A5%ED%A5%B0%2F%C2%E822%B2%F3%2F2.%B2%E8%C1%FC%A4%F2%BF%F4%C3%CD%B2%BD%A4%B9%A4%EB%CA%FD%CB%A1(%B6%CC%BE%EB%B3%A8%C8%FE)&openfile=tezyun.jpg HTTP/1.1" 200 19335 "-" "Mozilla/5.0 (compatible; Googlebot/2.1; +http://www.google.com/bot.html)"
119.63.196.59 - - [07/Apr/2013:06:51:34 +0900] "GET /note/note_detail/2292/ HTTP/1.1" 200 16022 "-" "Mozilla/5.0 (compatible; Baiduspider/2.0; +http://www.baidu.com/search/spider.html)"
66.249.76.52 - - [07/Apr/2013:06:51:53 +0900] "GET /ontolopedia/disp/word_show/68393 HTTP/1.1" 200 5136 "-" "Mozilla/5.0 (compatible; Googlebot/2.1; +http://www.google.com/bot.html)"
66.249.76.52 - - [07/Apr/2013:06:52:23 +0900] "GET /~yosshi/wiki-old/index.php?cmd=edit&page=%C6%FC%B5%AD%2F2032-04-03 HTTP/1.1" 200 1805 "-" "SAMSUNG-SGH-E250/1.0 Profile/MIDP-2.0 Configuration/CLDC-1.1 UP.Browser/6.2.3.3.c.1.101 (GUI) MMP/2.0 (compatible; Googlebot-Mobile/2.1; +http://www.google.com/bot.html)"
66.249.76.52 - - [07/Apr/2013:06:52:29 +0900] "GET /~yosshi/wiki-old/index.php?plugin=newpage&refer=%C6%FC%B5%AD%2F2017-09-14 HTTP/1.1" 200 795 "-" "SAMSUNG-SGH-E250/1.0 Profile/MIDP-2.0 Configuration/CLDC-1.1 UP.Browser/6.2.3.3.c.1.101 (GUI) MMP/2.0 (compatible; Googlebot-Mobile/2.1; +http://www.google.com/bot.html)"
5.135.53.210 - - [07/Apr/2013:06:52:40 +0900] "GET /~info3/wiki/index.php?CVS/%B0%EC%CD%F7 HTTP/1.0" 200 117756 "http://www.nal.ie.u-ryukyu.ac.jp/" "Mozilla/5.0 (Linux; U; Android 2.2; fr-fr; Desire_A8181 Build/FRF91) App3leWebKit/53.1 (KHTML, like Gecko) Version/4.0 Mobile Safari/533.1"
72.14.199.52 - - [07/Apr/2013:06:53:06 +0900] "GET /~yosshi/wiki-old/index.php?cmd=edit&page=%C6%FC%B5%AD%2F2021-05-31&refer=%C6%FC%B5%AD HTTP/1.1" 200 1805 "-" "DoCoMo/2.0 N905i(c100;TB;W24H16) (compatible; Googlebot-Mobile/2.1; +http://www.google.com/bot.html)"
157.55.33.109 - - [07/Apr/2013:06:53:13 +0900] "GET /~info3/wiki/index.php?cmd=edit&page=Level3%20%B3%C8%C4%A5GA%BE%D2%B2%F0%A1%A4%A5%B3%A1%BC%A5%C9%A4%AB%A4%E9%C6%C9%A4%E0GA HTTP/1.1" 401 7482 "-" "Mozilla/5.0 (compatible; bingbot/2.0; +http://www.bing.com/bingbot.htm)"
157.56.93.73 - - [07/Apr/2013:06:53:41 +0900] "GET /wiki/index.php?Top%20Page%2F2006-09-08 HTTP/1.1" 200 8869 "-" "Mozilla/5.0 (compatible; bingbot/2.0; +http://www.bing.com/bingbot.htm)"
119.235.237.20 - - [07/Apr/2013:06:53:50 +0900] "GET /note/note_detail/2394 HTTP/1.1" 301 - "-" "Yeti/1.0 (NHN Corp.; http://help.naver.com/robots/)"
66.249.76.52 - - [07/Apr/2013:06:53:51 +0900] "GET /ontolopedia/disp/word_show/400978 HTTP/1.1" 500 309 "-" "Mozilla/5.0 (compatible; Googlebot/2.1; +http://www.google.com/bot.html)"
66.249.76.52 - - [07/Apr/2013:06:54:09 +0900] "GET /ontolopedia/disp/word_show/330010 HTTP/1.1" 200 10617 "-" "Mozilla/5.0 (compatible; Googlebot/2.1; +http://www.google.com/bot.html)"
72.14.199.52 - - [07/Apr/2013:06:55:21 +0900] "GET /~yosshi/wiki-old/index.php?cmd=edit&page=%C6%FC%B5%AD%2F2021-04-11 HTTP/1.1" 200 1805 "-" "DoCoMo/2.0 N905i(c100;TB;W24H16) (compatible; Googlebot-Mobile/2.1; +http://www.google.com/bot.html)"
66.249.76.52 - - [07/Apr/2013:06:55:28 +0900] "GET /~yosshi/wiki-old/index.php?cmd=edit&help=true&page=%C6%FC%B5%AD%2F2017-09-15 HTTP/1.1" 200 50 "-" "SAMSUNG-SGH-E250/1.0 Profile/MIDP-2.0 Configuration/CLDC-1.1 UP.Browser/6.2.3.3.c.1.101 (GUI) MMP/2.0 (compatible; Googlebot-Mobile/2.1; +http://www.google.com/bot.html)"
66.249.76.52 - - [07/Apr/2013:06:55:29 +0900] "GET /~yosshi/wiki-old/index.php?plugin=newpage&refer=%C6%FC%B5%AD%2F2032-04-04 HTTP/1.1" 200 795 "-" "SAMSUNG-SGH-E250/1.0 Profile/MIDP-2.0 Configuration/CLDC-1.1 UP.Browser/6.2.3.3.c.1.101 (GUI) MMP/2.0 (compatible; Googlebot-Mobile/2.1; +http://www.google.com/bot.html)"
157.55.32.76 - - [07/Apr/2013:06:55:39 +0900] "GET /~info3/wiki/index.php?cmd=backup&page=2008%2Finfo4%2F%C3%AA%B8%B6%A1%F5%C2%E7%B5%DC%C8%C9%2Fmemo HTTP/1.1" 200 7746 "-" "Mozilla/5.0 (compatible; bingbot/2.0; +http://www.bing.com/bingbot.htm)"
157.56.93.196 - - [07/Apr/2013:06:56:38 +0900] "GET /~info3/wiki/index.php?cmd=backup&action=source&page=%C8%E6%B2%C5%A1%F5%B6%CC%C6%E1%C7%C6%CD%A5%BA%EE&age=13 HTTP/1.1" 200 8128 "-" "Mozilla/5.0 (compatible; bingbot/2.0; +http://www.bing.com/bingbot.htm)"
157.56.93.196 - - [07/Apr/2013:06:56:38 +0900] "GET /wiki/index.php?yono%2F%C3%E6%B4%D6%C8%AF%C9%BD%B1%D1%B8%EC HTTP/1.1" 200 28660 "-" "Mozilla/5.0 (compatible; bingbot/2.0; +http://www.bing.com/bingbot.htm)"
157.56.93.196 - - [07/Apr/2013:06:56:39 +0900] "GET /~info3/wiki/index.php?cmd=backup&page=%BA%C2%B4%D6%CC%A3%A1%F5%BF%F9%B4%DD%C8%C9%2FLevel0%A5%AA%A1%BC%A5%D7%A5%F3%A5%BD%A1%BC%A5%B9%2F%BA%C2%B4%D6%CC%A3%A4%CE%C4%B4%BA%BA%B7%EB%B2%CC&age=3&action=diff HTTP/1.1" 200 20517 "-" "Mozilla/5.0 (compatible; bingbot/2.0; +http://www.bing.com/bingbot.htm)"
66.249.76.52 - - [07/Apr/2013:06:56:44 +0900] "GET /~yosshi/wiki-old/index.php?cmd=edit&page=%C6%FC%B5%AD%2F1950-10-13 HTTP/1.1" 200 1805 "-" "SAMSUNG-SGH-E250/1.0 Profile/MIDP-2.0 Configuration/CLDC-1.1 UP.Browser/6.2.3.3.c.1.101 (GUI) MMP/2.0 (compatible; Googlebot-Mobile/2.1; +http://www.google.com/bot.html)"
72.14.199.52 - - [07/Apr/2013:06:56:45 +0900] "GET /~yosshi/wiki-old/index.php?cmd=edit&page=%C6%FC%B5%AD%2F2021-05-29&refer=%C6%FC%B5%AD HTTP/1.1" 200 1805 "-" "DoCoMo/2.0 N905i(c100;TB;W24H16) (compatible; Googlebot-Mobile/2.1; +http://www.google.com/bot.html)"
66.249.76.52 - - [07/Apr/2013:06:57:41 +0900] "GET /note/note_detail/2363 HTTP/1.1" 301 - "-" "Mozilla/5.0 (iPhone; U; CPU iPhone OS 4_1 like Mac OS X; en-us) AppleWebKit/532.9 (KHTML, like Gecko) Version/4.0.5 Mobile/8B117 Safari/6531.22.7 (compatible; Googlebot-Mobile/2.1; +http://www.google.com/bot.html)"
66.249.76.52 - - [07/Apr/2013:06:57:42 +0900] "GET /note/note_detail/2363/ HTTP/1.1" 200 6347 "-" "Mozilla/5.0 (iPhone; U; CPU iPhone OS 4_1 like Mac OS X; en-us) AppleWebKit/532.9 (KHTML, like Gecko) Version/4.0.5 Mobile/8B117 Safari/6531.22.7 (compatible; Googlebot-Mobile/2.1; +http://www.google.com/bot.html)"
66.249.76.52 - - [07/Apr/2013:06:58:15 +0900] "GET /~yosshi/wiki-old/index.php?cmd=edit&page=%C6%FC%B5%AD%2F2017-09-04&refer=%C6%FC%B5%AD HTTP/1.1" 200 1805 "-" "SAMSUNG-SGH-E250/1.0 Profile/MIDP-2.0 Configuration/CLDC-1.1 UP.Browser/6.2.3.3.c.1.101 (GUI) MMP/2.0 (compatible; Googlebot-Mobile/2.1; +http://www.google.com/bot.html)"
66.249.76.52 - - [07/Apr/2013:06:58:19 +0900] "GET /~yosshi/wiki-old/index.php?cmd=edit&page=%C6%FC%B5%AD%2F2032-03-07&refer=%C6%FC%B5%AD HTTP/1.1" 200 1805 "-" "SAMSUNG-SGH-E250/1.0 Profile/MIDP-2.0 Configuration/CLDC-1.1 UP.Browser/6.2.3.3.c.1.101 (GUI) MMP/2.0 (compatible; Googlebot-Mobile/2.1; +http://www.google.com/bot.html)"
66.249.76.52 - - [07/Apr/2013:06:58:37 +0900] "GET /note/note_detail/733/ HTTP/1.1" 200 13370 "-" "Mozilla/5.0 (compatible; Googlebot/2.1; +http://www.google.com/bot.html)"
66.249.76.52 - - [07/Apr/2013:06:58:38 +0900] "GET /ontolopedia/disp/word_show/470865 HTTP/1.1" 200 4329 "-" "Mozilla/5.0 (compatible; Googlebot/2.1; +http://www.google.com/bot.html)"
66.249.76.52 - - [07/Apr/2013:06:58:39 +0900] "GET /ontolopedia/disp/word_show/155494 HTTP/1.1" 500 309 "-" "Mozilla/5.0 (compatible; Googlebot/2.1; +http://www.google.com/bot.html)"
66.249.76.52 - - [07/Apr/2013:06:58:49 +0900] "GET /note/note_detail/1436/ HTTP/1.1" 200 11036 "-" "Mozilla/5.0 (compatible; Googlebot/2.1; +http://www.google.com/bot.html)"
66.249.76.52 - - [07/Apr/2013:06:58:50 +0900] "GET /ontolopedia/disp/word_show/62344 HTTP/1.1" 200 128998 "-" "Mozilla/5.0 (compatible; Googlebot/2.1; +http://www.google.com/bot.html)"
66.249.76.52 - - [07/Apr/2013:06:58:56 +0900] "GET /ontolopedia/disp/word_show/36734 HTTP/1.1" 200 25292 "-" "Mozilla/5.0 (compatible; Googlebot/2.1; +http://www.google.com/bot.html)"
66.249.76.52 - - [07/Apr/2013:06:59:01 +0900] "GET /ontolopedia/disp/word_show/303149 HTTP/1.1" 200 6773 "-" "Mozilla/5.0 (compatible; Googlebot/2.1; +http://www.google.com/bot.html)"
66.249.76.52 - - [07/Apr/2013:06:59:07 +0900] "GET /ontolopedia/disp/word_show/275564 HTTP/1.1" 200 6445 "-" "Mozilla/5.0 (compatible; Googlebot/2.1; +http://www.google.com/bot.html)"
66.249.76.52 - - [07/Apr/2013:06:59:14 +0900] "GET /note/note_detail/2016/ HTTP/1.1" 200 6693 "-" "Mozilla/5.0 (compatible; Googlebot/2.1; +http://www.google.com/bot.html)"
66.249.76.52 - - [07/Apr/2013:06:59:20 +0900] "GET /note/note_detail/2135/ HTTP/1.1" 200 6597 "-" "Mozilla/5.0 (compatible; Googlebot/2.1; +http://www.google.com/bot.html)"
66.249.76.52 - - [07/Apr/2013:06:59:26 +0900] "GET /note/note_detail/341/ HTTP/1.1" 200 6262 "-" "Mozilla/5.0 (compatible; Googlebot/2.1; +http://www.google.com/bot.html)"
66.249.76.52 - - [07/Apr/2013:06:59:33 +0900] "GET /ontolopedia/disp/word_show/488368 HTTP/1.1" 200 4918 "-" "Mozilla/5.0 (compatible; Googlebot/2.1; +http://www.google.com/bot.html)"
66.249.76.52 - - [07/Apr/2013:06:59:39 +0900] "GET /wiki/index.php?Emi%2FEnglish HTTP/1.1" 200 10274 "-" "Mozilla/5.0 (compatible; Googlebot/2.1; +http://www.google.com/bot.html)"
72.14.199.52 - - [07/Apr/2013:06:59:42 +0900] "GET /~yosshi/wiki-old/index.php?plugin=newpage&refer=%C6%FC%B5%AD%2F2004-12-24 HTTP/1.1" 200 795 "-" "DoCoMo/2.0 N905i(c100;TB;W24H16) (compatible; Googlebot-Mobile/2.1; +http://www.google.com/bot.html)"
66.249.76.52 - - [07/Apr/2013:06:59:45 +0900] "GET /ontolopedia/disp/word_show/75089 HTTP/1.1" 200 7682 "-" "Mozilla/5.0 (compatible; Googlebot/2.1; +http://www.google.com/bot.html)"
178.238.235.184 - - [07/Apr/2013:06:59:37 +0900] "GET /~yosshi/rbc_wiki/ HTTP/1.1" 200 981108 "-" "Mozilla/5.0 (Windows; U; Windows NT 5.1; en-US; rv:1.9.1.3) Gecko/20090824 Firefox/3.5.3 GTB5"
66.249.76.52 - - [07/Apr/2013:06:59:52 +0900] "GET /note/user/yono/?year-month=2007-6 HTTP/1.1" 200 16531 "-" "Mozilla/5.0 (compatible; Googlebot/2.1; +http://www.google.com/bot.html)"
66.249.76.52 - - [07/Apr/2013:06:59:58 +0900] "GET /ontolopedia/disp/word_show/117778 HTTP/1.1" 200 11707 "-" "Mozilla/5.0 (compatible; Googlebot/2.1; +http://www.google.com/bot.html)"
178.238.235.184 - - [07/Apr/2013:06:59:49 +0900] "GET /~yosshi/rbc_wiki/ HTTP/1.1" 200 981108 "-" "Mozilla/5.0 (Windows; U; Windows NT 5.1; en-US; rv:1.9.0.7) Gecko/2009021910 Firefox/3.0.7"
66.249.76.52 - - [07/Apr/2013:07:00:04 +0900] "GET /ontolopedia/disp/word_show/3689 HTTP/1.1" 200 19447 "-" "Mozilla/5.0 (compatible; Googlebot/2.1; +http://www.google.com/bot.html)"
66.249.76.52 - - [07/Apr/2013:07:00:11 +0900] "GET /ontolopedia/disp/word_show/349900 HTTP/1.1" 200 6584 "-" "Mozilla/5.0 (compatible; Googlebot/2.1; +http://www.google.com/bot.html)"
66.249.76.52 - - [07/Apr/2013:07:00:17 +0900] "GET /ontolopedia/disp/word_show/205850 HTTP/1.1" 200 7039 "-" "Mozilla/5.0 (compatible; Googlebot/2.1; +http://www.google.com/bot.html)"
66.249.76.52 - - [07/Apr/2013:07:00:23 +0900] "GET /ontolopedia/disp/word_show/316256 HTTP/1.1" 200 6152 "-" "Mozilla/5.0 (compatible; Googlebot/2.1; +http://www.google.com/bot.html)"
66.249.76.52 - - [07/Apr/2013:07:01:08 +0900] "GET /~yosshi/wiki-old/index.php?plugin=newpage&refer=%C6%FC%B5%AD%2F2017-09-04 HTTP/1.1" 200 795 "-" "SAMSUNG-SGH-E250/1.0 Profile/MIDP-2.0 Configuration/CLDC-1.1 UP.Browser/6.2.3.3.c.1.101 (GUI) MMP/2.0 (compatible; Googlebot-Mobile/2.1; +http://www.google.com/bot.html)"
157.55.32.61 - - [07/Apr/2013:07:01:08 +0900] "GET /~info3/wiki/index.php?%C3%E7%BE%BE%A1%F5%C3%E6%C2%BC%C8%C9%2FLevel5 HTTP/1.1" 401 6754 "-" "Mozilla/5.0 (compatible; bingbot/2.0; +http://www.bing.com/bingbot.htm)"
157.55.32.61 - - [07/Apr/2013:07:01:08 +0900] "GET /wiki/index.php?cmd=backup&action=diff&page=Top%20Page&age=3 HTTP/1.1" 200 9455 "-" "Mozilla/5.0 (compatible; bingbot/2.0; +http://www.bing.com/bingbot.htm)"
157.55.32.61 - - [07/Apr/2013:07:01:09 +0900] "GET /note/note_detail/1290/ HTTP/1.1" 200 7964 "-" "Mozilla/5.0 (compatible; bingbot/2.0; +http://www.bing.com/bingbot.htm)"
218.30.103.31 - - [07/Apr/2013:07:01:15 +0900] "GET /ontolopedia/disp/word_show/367871 HTTP/1.1" 200 5408 "-" "Sogou web spider/4.0(+http://www.sogou.com/docs/help/webmasters.htm#07)"
218.30.103.31 - - [07/Apr/2013:07:01:15 +0900] "GET /robots.txt HTTP/1.1" 404 208 "-" "Sogou web spider/4.0(+http://www.sogou.com/docs/help/webmasters.htm#07)"
66.249.76.52 - - [07/Apr/2013:07:01:23 +0900] "GET /~yosshi/wiki-old/index.php?cmd=edit&page=%C6%FC%B5%AD%2F2032-03-08&refer=%C6%FC%B5%AD HTTP/1.1" 200 1805 "-" "SAMSUNG-SGH-E250/1.0 Profile/MIDP-2.0 Configuration/CLDC-1.1 UP.Browser/6.2.3.3.c.1.101 (GUI) MMP/2.0 (compatible; Googlebot-Mobile/2.1; +http://www.google.com/bot.html)"
157.55.32.61 - - [07/Apr/2013:07:02:40 +0900] "GET /~info3/wiki/index.php?cmd=backup&action=nowdiff&page=info3%20wiki%2F%C2%E7%BE%EB%A1%F5%B5%C8%B1%CA%C8%C9&age=4 HTTP/1.1" 200 8595 "-" "Mozilla/5.0 (compatible; bingbot/2.0; +http://www.bing.com/bingbot.htm)"
157.56.93.71 - - [07/Apr/2013:07:03:09 +0900] "GET /~info3/wiki/index.php?%BA%BD%C0%EE%A1%F5%CD%BF%B5%B7%C8%C9 HTTP/1.1" 200 27827 "-" "Mozilla/5.0 (compatible; bingbot/2.0; +http://www.bing.com/bingbot.htm)"
66.249.76.52 - - [07/Apr/2013:07:03:31 +0900] "GET /ontolopedia/disp/word_show/12620 HTTP/1.1" 200 11430 "-" "Mozilla/5.0 (compatible; Googlebot/2.1; +http://www.google.com/bot.html)"
72.14.199.52 - - [07/Apr/2013:07:03:52 +0900] "GET /~yosshi/wiki-old/index.php?cmd=edit&page=%C6%FC%B5%AD%2F2021-05-12&refer=%C6%FC%B5%AD HTTP/1.1" 200 1805 "-" "DoCoMo/2.0 N905i(c100;TB;W24H16) (compatible; Googlebot-Mobile/2.1; +http://www.google.com/bot.html)"
66.249.76.52 - - [07/Apr/2013:07:03:58 +0900] "GET /~yosshi/wiki-old/index.php?plugin=newpage&refer=%C6%FC%B5%AD%2F2032-04-05 HTTP/1.1" 200 795 "-" "SAMSUNG-SGH-E250/1.0 Profile/MIDP-2.0 Configuration/CLDC-1.1 UP.Browser/6.2.3.3.c.1.101 (GUI) MMP/2.0 (compatible; Googlebot-Mobile/2.1; +http://www.google.com/bot.html)"
66.249.76.52 - - [07/Apr/2013:07:04:03 +0900] "GET /~yosshi/wiki-old/index.php?cmd=edit&page=%C6%FC%B5%AD%2F2017-09-09 HTTP/1.1" 200 1805 "-" "SAMSUNG-SGH-E250/1.0 Profile/MIDP-2.0 Configuration/CLDC-1.1 UP.Browser/6.2.3.3.c.1.101 (GUI) MMP/2.0 (compatible; Googlebot-Mobile/2.1; +http://www.google.com/bot.html)"
66.249.76.52 - - [07/Apr/2013:07:05:32 +0900] "GET /~yosshi/wiki-old/index.php?cmd=edit&page=%C6%FC%B5%AD%2F2032-03-09&refer=%C6%FC%B5%AD HTTP/1.1" 200 1805 "-" "SAMSUNG-SGH-E250/1.0 Profile/MIDP-2.0 Configuration/CLDC-1.1 UP.Browser/6.2.3.3.c.1.101 (GUI) MMP/2.0 (compatible; Googlebot-Mobile/2.1; +http://www.google.com/bot.html)"
72.14.199.52 - - [07/Apr/2013:07:05:48 +0900] "GET /~yosshi/wiki-old/index.php?cmd=edit&page=%C6%FC%B5%AD%2F2004-12-19 HTTP/1.1" 200 1805 "-" "DoCoMo/2.0 N905i(c100;TB;W24H16) (compatible; Googlebot-Mobile/2.1; +http://www.google.com/bot.html)"
66.249.76.52 - - [07/Apr/2013:07:07:02 +0900] "GET /~yosshi/wiki-old/index.php?cmd=edit&page=%C6%FC%B5%AD%2F2017-08-03&refer=%C6%FC%B5%AD HTTP/1.1" 200 1805 "-" "SAMSUNG-SGH-E250/1.0 Profile/MIDP-2.0 Configuration/CLDC-1.1 UP.Browser/6.2.3.3.c.1.101 (GUI) MMP/2.0 (compatible; Googlebot-Mobile/2.1; +http://www.google.com/bot.html)"
66.249.76.52 - - [07/Apr/2013:07:07:07 +0900] "GET /~yosshi/wiki-old/index.php?cmd=edit&help=true&page=%C6%FC%B5%AD%2F1950-10-14 HTTP/1.1" 200 50 "-" "SAMSUNG-SGH-E250/1.0 Profile/MIDP-2.0 Configuration/CLDC-1.1 UP.Browser/6.2.3.3.c.1.101 (GUI) MMP/2.0 (compatible; Googlebot-Mobile/2.1; +http://www.google.com/bot.html)"
66.249.76.52 - - [07/Apr/2013:07:07:17 +0900] "GET /ontolopedia/disp/word_show/173233 HTTP/1.1" 200 11361 "-" "Mozilla/5.0 (compatible; Googlebot/2.1; +http://www.google.com/bot.html)"
119.63.196.59 - - [07/Apr/2013:07:08:11 +0900] "GET /note/note_detail/2287/ HTTP/1.1" 200 18199 "-" "Mozilla/5.0 (compatible; Baiduspider/2.0; +http://www.baidu.com/search/spider.html)"
72.14.199.52 - - [07/Apr/2013:07:08:15 +0900] "GET /~yosshi/wiki-old/index.php?cmd=edit&page=%C6%FC%B5%AD%2F2021-04-18 HTTP/1.1" 200 1805 "-" "DoCoMo/2.0 N905i(c100;TB;W24H16) (compatible; Googlebot-Mobile/2.1; +http://www.google.com/bot.html)"
157.55.32.61 - - [07/Apr/2013:07:08:39 +0900] "GET /note/note_detail/1427/ HTTP/1.1" 200 10133 "-" "Mozilla/5.0 (compatible; bingbot/2.0; +http://www.bing.com/bingbot.htm)"
66.249.76.52 - - [07/Apr/2013:07:09:08 +0900] "GET /note/note_detail/2376 HTTP/1.1" 301 - "-" "Mozilla/5.0 (iPhone; U; CPU iPhone OS 4_1 like Mac OS X; en-us) AppleWebKit/532.9 (KHTML, like Gecko) Version/4.0.5 Mobile/8B117 Safari/6531.22.7 (compatible; Googlebot-Mobile/2.1; +http://www.google.com/bot.html)"
66.249.76.52 - - [07/Apr/2013:07:09:09 +0900] "GET /note/note_detail/2376/ HTTP/1.1" 200 6656 "-" "Mozilla/5.0 (iPhone; U; CPU iPhone OS 4_1 like Mac OS X; en-us) AppleWebKit/532.9 (KHTML, like Gecko) Version/4.0.5 Mobile/8B117 Safari/6531.22.7 (compatible; Googlebot-Mobile/2.1; +http://www.google.com/bot.html)"
114.111.95.133 - - [07/Apr/2013:07:09:53 +0900] "GET /note/rss/comment/ HTTP/1.0" 200 9009 "-" "Y!J-BRO/YFSJ crawler (compatible; Mozilla 4.0; MSIE 5.5; http://help.yahoo.co.jp/help/jp/search/indexing/indexing-15.html; YahooFeedSeekerJp/2.0; users 1; views 153)"
66.249.76.52 - - [07/Apr/2013:07:10:10 +0900] "GET /~yosshi/wiki-old/index.php?cmd=edit&help=true&page=%C6%FC%B5%AD%2F2017-09-16 HTTP/1.1" 200 50 "-" "SAMSUNG-SGH-E250/1.0 Profile/MIDP-2.0 Configuration/CLDC-1.1 UP.Browser/6.2.3.3.c.1.101 (GUI) MMP/2.0 (compatible; Googlebot-Mobile/2.1; +http://www.google.com/bot.html)"
66.249.76.52 - - [07/Apr/2013:07:10:31 +0900] "GET /~yosshi/wiki-old/index.php?cmd=edit&page=%C6%FC%B5%AD%2F1957-08-05 HTTP/1.1" 200 1805 "-" "SAMSUNG-SGH-E250/1.0 Profile/MIDP-2.0 Configuration/CLDC-1.1 UP.Browser/6.2.3.3.c.1.101 (GUI) MMP/2.0 (compatible; Googlebot-Mobile/2.1; +http://www.google.com/bot.html)"
66.249.76.52 - - [07/Apr/2013:07:11:47 +0900] "GET /ontolopedia/disp/word_show/66820 HTTP/1.1" 200 15691 "-" "Mozilla/5.0 (compatible; Googlebot/2.1; +http://www.google.com/bot.html)"
66.249.76.52 - - [07/Apr/2013:07:12:52 +0900] "GET /ontolopedia/disp/word_show/27498 HTTP/1.1" 200 9445 "-" "Mozilla/5.0 (compatible; Googlebot/2.1; +http://www.google.com/bot.html)"
66.249.76.52 - - [07/Apr/2013:07:13:03 +0900] "GET /~yosshi/wiki-old/index.php?cmd=edit&page=%C6%FC%B5%AD%2F2017-07-11&refer=%C6%FC%B5%AD HTTP/1.1" 200 1805 "-" "SAMSUNG-SGH-E250/1.0 Profile/MIDP-2.0 Configuration/CLDC-1.1 UP.Browser/6.2.3.3.c.1.101 (GUI) MMP/2.0 (compatible; Googlebot-Mobile/2.1; +http://www.google.com/bot.html)"
72.14.199.52 - - [07/Apr/2013:07:13:16 +0900] "GET /~yosshi/wiki-old/index.php?cmd=edit&help=true&page=%C6%FC%B5%AD%2F2021-05-27 HTTP/1.1" 200 50 "-" "DoCoMo/2.0 N905i(c100;TB;W24H16) (compatible; Googlebot-Mobile/2.1; +http://www.google.com/bot.html)"
66.249.76.52 - - [07/Apr/2013:07:13:37 +0900] "GET /~yosshi/wiki-old/index.php?cmd=edit&page=%C6%FC%B5%AD%2F2032-04-05 HTTP/1.1" 200 1805 "-" "SAMSUNG-SGH-E250/1.0 Profile/MIDP-2.0 Configuration/CLDC-1.1 UP.Browser/6.2.3.3.c.1.101 (GUI) MMP/2.0 (compatible; Googlebot-Mobile/2.1; +http://www.google.com/bot.html)"
66.249.76.52 - - [07/Apr/2013:07:14:40 +0900] "GET /ontolopedia/disp/word_show/3789 HTTP/1.1" 200 21525 "-" "Mozilla/5.0 (compatible; Googlebot/2.1; +http://www.google.com/bot.html)"
66.249.76.52 - - [07/Apr/2013:07:14:42 +0900] "GET /ontolopedia/disp/word_show/375415 HTTP/1.1" 500 309 "-" "Mozilla/5.0 (compatible; Googlebot/2.1; +http://www.google.com/bot.html)"
66.249.76.52 - - [07/Apr/2013:07:14:53 +0900] "GET /ontolopedia/disp/word_show/124106 HTTP/1.1" 200 12722 "-" "Mozilla/5.0 (compatible; Googlebot/2.1; +http://www.google.com/bot.html)"
66.249.76.52 - - [07/Apr/2013:07:14:54 +0900] "GET /ontolopedia/disp/word_show/441009 HTTP/1.1" 200 10418 "-" "Mozilla/5.0 (compatible; Googlebot/2.1; +http://www.google.com/bot.html)"
66.249.76.52 - - [07/Apr/2013:07:14:58 +0900] "GET /ontolopedia/disp/word_show/191509 HTTP/1.1" 200 7123 "-" "Mozilla/5.0 (compatible; Googlebot/2.1; +http://www.google.com/bot.html)"
66.249.76.52 - - [07/Apr/2013:07:15:04 +0900] "GET /ontolopedia/disp/word_show/17617 HTTP/1.1" 200 14565 "-" "Mozilla/5.0 (compatible; Googlebot/2.1; +http://www.google.com/bot.html)"
66.249.76.52 - - [07/Apr/2013:07:15:10 +0900] "GET /ontolopedia/disp/word_show/76977 HTTP/1.1" 200 11775 "-" "Mozilla/5.0 (compatible; Googlebot/2.1; +http://www.google.com/bot.html)"
66.249.76.52 - - [07/Apr/2013:07:15:16 +0900] "GET /ontolopedia/disp/word_show/245340 HTTP/1.1" 200 10202 "-" "Mozilla/5.0 (compatible; Googlebot/2.1; +http://www.google.com/bot.html)"
66.249.76.52 - - [07/Apr/2013:07:15:22 +0900] "GET /ontolopedia/disp/word_show/115457 HTTP/1.1" 200 6459 "-" "Mozilla/5.0 (compatible; Googlebot/2.1; +http://www.google.com/bot.html)"
66.249.76.52 - - [07/Apr/2013:07:15:28 +0900] "GET /ontolopedia/disp/word_show/116369 HTTP/1.1" 200 9801 "-" "Mozilla/5.0 (compatible; Googlebot/2.1; +http://www.google.com/bot.html)"
66.249.76.52 - - [07/Apr/2013:07:15:32 +0900] "GET /~yosshi/wiki-old/index.php?cmd=edit&page=%C6%FC%B5%AD%2F2017-07-11 HTTP/1.1" 200 1805 "-" "SAMSUNG-SGH-E250/1.0 Profile/MIDP-2.0 Configuration/CLDC-1.1 UP.Browser/6.2.3.3.c.1.101 (GUI) MMP/2.0 (compatible; Googlebot-Mobile/2.1; +http://www.google.com/bot.html)"
66.249.76.52 - - [07/Apr/2013:07:15:34 +0900] "GET /ontolopedia/disp/word_show/425947 HTTP/1.1" 200 5106 "-" "Mozilla/5.0 (compatible; Googlebot/2.1; +http://www.google.com/bot.html)"
66.249.76.52 - - [07/Apr/2013:07:15:40 +0900] "GET /ontolopedia/disp/word_show/164416 HTTP/1.1" 200 8217 "-" "Mozilla/5.0 (compatible; Googlebot/2.1; +http://www.google.com/bot.html)"
66.249.76.52 - - [07/Apr/2013:07:15:45 +0900] "GET /~yosshi/wiki-old/index.php?plugin=newpage&refer=%C6%FC%B5%AD%2F1950-10-12 HTTP/1.1" 200 795 "-" "SAMSUNG-SGH-E250/1.0 Profile/MIDP-2.0 Configuration/CLDC-1.1 UP.Browser/6.2.3.3.c.1.101 (GUI) MMP/2.0 (compatible; Googlebot-Mobile/2.1; +http://www.google.com/bot.html)"
66.249.76.52 - - [07/Apr/2013:07:15:46 +0900] "GET /ontolopedia/disp/word_show/327575 HTTP/1.1" 200 10970 "-" "Mozilla/5.0 (compatible; Googlebot/2.1; +http://www.google.com/bot.html)"
66.249.76.52 - - [07/Apr/2013:07:15:52 +0900] "GET /ontolopedia/disp/word_show/133843 HTTP/1.1" 200 16638 "-" "Mozilla/5.0 (compatible; Googlebot/2.1; +http://www.google.com/bot.html)"
66.249.76.52 - - [07/Apr/2013:07:15:58 +0900] "GET /ontolopedia/disp/word_show/320703 HTTP/1.1" 200 5177 "-" "Mozilla/5.0 (compatible; Googlebot/2.1; +http://www.google.com/bot.html)"
66.249.76.52 - - [07/Apr/2013:07:16:03 +0900] "GET /note/note_detail/2526 HTTP/1.1" 301 - "-" "Mozilla/5.0 (iPhone; U; CPU iPhone OS 4_1 like Mac OS X; en-us) AppleWebKit/532.9 (KHTML, like Gecko) Version/4.0.5 Mobile/8B117 Safari/6531.22.7 (compatible; Googlebot-Mobile/2.1; +http://www.google.com/bot.html)"
66.249.76.52 - - [07/Apr/2013:07:16:04 +0900] "GET /note/note_detail/2526/ HTTP/1.1" 200 6395 "-" "Mozilla/5.0 (iPhone; U; CPU iPhone OS 4_1 like Mac OS X; en-us) AppleWebKit/532.9 (KHTML, like Gecko) Version/4.0.5 Mobile/8B117 Safari/6531.22.7 (compatible; Googlebot-Mobile/2.1; +http://www.google.com/bot.html)"
66.249.76.52 - - [07/Apr/2013:07:16:05 +0900] "GET /ontolopedia/disp/word_show/249936 HTTP/1.1" 200 6144 "-" "Mozilla/5.0 (compatible; Googlebot/2.1; +http://www.google.com/bot.html)"
157.55.35.113 - - [07/Apr/2013:07:16:08 +0900] "GET /~yosshi/blog/2008/09/23/tweets-on-2008-09-23/ HTTP/1.1" 404 243 "-" "Mozilla/5.0 (compatible; bingbot/2.0; +http://www.bing.com/bingbot.htm)"
157.55.35.113 - - [07/Apr/2013:07:16:08 +0900] "GET /~info3/wiki/index.php?plugin=related&page=%B9%E2%C2%BC%A1%F5%C3%E7%B4%D6%C8%C9%2FLevel4%7E7 HTTP/1.1" 200 6946 "-" "Mozilla/5.0 (compatible; bingbot/2.0; +http://www.bing.com/bingbot.htm)"
72.14.199.52 - - [07/Apr/2013:07:16:09 +0900] "GET /~yosshi/wiki-old/index.php?plugin=newpage&refer=%C6%FC%B5%AD%2F2004-11-10 HTTP/1.1" 200 795 "-" "DoCoMo/2.0 N905i(c100;TB;W24H16) (compatible; Googlebot-Mobile/2.1; +http://www.google.com/bot.html)"
157.55.35.113 - - [07/Apr/2013:07:16:09 +0900] "GET /~yosshi/blog/2008/11/14/ HTTP/1.1" 404 222 "-" "Mozilla/5.0 (compatible; bingbot/2.0; +http://www.bing.com/bingbot.htm)"
157.55.35.113 - - [07/Apr/2013:07:16:09 +0900] "GET /~info3/wiki/index.php?%C4%C5%C7%C8%B8%C5%C0%B5%B5%B1 HTTP/1.1" 200 27006 "-" "Mozilla/5.0 (compatible; bingbot/2.0; +http://www.bing.com/bingbot.htm)"
157.55.35.113 - - [07/Apr/2013:07:16:10 +0900] "GET /~info3/wiki/index.php?plugin=attach&refer=info3%20wiki%2F%C2%E7%BE%EB%A1%F5%B5%C8%B1%CA%C8%C9%2FLevel4%7E7%20%C2%E7%BE%EB%A1%F5%B5%C8%B1%CA&openfile=Flow%20chart.jpg HTTP/1.1" 200 59347 "-" "Mozilla/5.0 (compatible; bingbot/2.0; +http://www.bing.com/bingbot.htm)"
66.249.76.52 - - [07/Apr/2013:07:16:11 +0900] "GET /ontolopedia/disp/word_show/423921 HTTP/1.1" 200 4188 "-" "Mozilla/5.0 (compatible; Googlebot/2.1; +http://www.google.com/bot.html)"
157.55.35.113 - - [07/Apr/2013:07:16:11 +0900] "GET /~info3/wiki/index.php?cmd=backup&action=&page=%C0%AE%C5%C4%A1%F5%B6%E2%BE%EB%C8%C9&age=42 HTTP/1.1" 200 319642 "-" "Mozilla/5.0 (compatible; bingbot/2.0; +http://www.bing.com/bingbot.htm)"
66.249.76.52 - - [07/Apr/2013:07:16:17 +0900] "GET /ontolopedia/disp/word_show/366381 HTTP/1.1" 200 4245 "-" "Mozilla/5.0 (compatible; Googlebot/2.1; +http://www.google.com/bot.html)"
66.249.76.52 - - [07/Apr/2013:07:16:23 +0900] "GET /ontolopedia/disp/word_show/395779 HTTP/1.1" 200 4163 "-" "Mozilla/5.0 (compatible; Googlebot/2.1; +http://www.google.com/bot.html)"
66.249.76.52 - - [07/Apr/2013:07:16:29 +0900] "GET /ontolopedia/disp/word_show/219705 HTTP/1.1" 200 5360 "-" "Mozilla/5.0 (compatible; Googlebot/2.1; +http://www.google.com/bot.html)"
66.249.76.52 - - [07/Apr/2013:07:16:31 +0900] "GET /ontolopedia/disp/word_show/40709 HTTP/1.1" 200 5473 "-" "Mozilla/5.0 (compatible; Googlebot/2.1; +http://www.google.com/bot.html)"
66.249.76.52 - - [07/Apr/2013:07:16:35 +0900] "GET /ontolopedia/disp/word_show/139643 HTTP/1.1" 200 5938 "-" "Mozilla/5.0 (compatible; Googlebot/2.1; +http://www.google.com/bot.html)"
66.249.76.52 - - [07/Apr/2013:07:16:36 +0900] "GET /ontolopedia/disp/word_show/343299 HTTP/1.1" 500 309 "-" "Mozilla/5.0 (compatible; Googlebot/2.1; +http://www.google.com/bot.html)"
66.249.76.52 - - [07/Apr/2013:07:16:46 +0900] "GET /ontolopedia/disp/word_show/486198 HTTP/1.1" 200 5160 "-" "Mozilla/5.0 (compatible; Googlebot/2.1; +http://www.google.com/bot.html)"
66.249.76.52 - - [07/Apr/2013:07:16:47 +0900] "GET /ontolopedia/disp/word_show/490901 HTTP/1.1" 200 7793 "-" "Mozilla/5.0 (compatible; Googlebot/2.1; +http://www.google.com/bot.html)"
66.249.76.52 - - [07/Apr/2013:07:16:53 +0900] "GET /ontolopedia/disp/word_show/152601 HTTP/1.1" 200 5346 "-" "Mozilla/5.0 (compatible; Googlebot/2.1; +http://www.google.com/bot.html)"
72.14.199.52 - - [07/Apr/2013:07:16:54 +0900] "GET /~yosshi/wiki-old/index.php?cmd=edit&page=%C6%FC%B5%AD%2F2021-05-15 HTTP/1.1" 200 1805 "-" "DoCoMo/2.0 N905i(c100;TB;W24H16) (compatible; Googlebot-Mobile/2.1; +http://www.google.com/bot.html)"
66.249.76.52 - - [07/Apr/2013:07:16:59 +0900] "GET /ontolopedia/disp/word_show/148889 HTTP/1.1" 200 4189 "-" "Mozilla/5.0 (compatible; Googlebot/2.1; +http://www.google.com/bot.html)"
66.249.76.52 - - [07/Apr/2013:07:17:05 +0900] "GET /ontolopedia/disp/word_show/237478 HTTP/1.1" 200 8811 "-" "Mozilla/5.0 (compatible; Googlebot/2.1; +http://www.google.com/bot.html)"
66.249.76.52 - - [07/Apr/2013:07:17:11 +0900] "GET /ontolopedia/disp/word_show/159282 HTTP/1.1" 200 10061 "-" "Mozilla/5.0 (compatible; Googlebot/2.1; +http://www.google.com/bot.html)"
66.249.76.52 - - [07/Apr/2013:07:17:17 +0900] "GET /ontolopedia/disp/word_show/384651 HTTP/1.1" 200 5370 "-" "Mozilla/5.0 (compatible; Googlebot/2.1; +http://www.google.com/bot.html)"
157.55.35.113 - - [07/Apr/2013:07:17:23 +0900] "GET /~info3/wiki/index.php?cmd=backup&page=%3ARenameLog&age=3&action=source HTTP/1.1" 200 5604 "-" "Mozilla/5.0 (compatible; bingbot/2.0; +http://www.bing.com/bingbot.htm)"
66.249.76.52 - - [07/Apr/2013:07:17:23 +0900] "GET /ontolopedia/disp/word_show/176132 HTTP/1.1" 200 7353 "-" "Mozilla/5.0 (compatible; Googlebot/2.1; +http://www.google.com/bot.html)"
66.249.76.52 - - [07/Apr/2013:07:17:29 +0900] "GET /ontolopedia/disp/word_show/367260 HTTP/1.1" 200 5254 "-" "Mozilla/5.0 (compatible; Googlebot/2.1; +http://www.google.com/bot.html)"
66.249.76.52 - - [07/Apr/2013:07:17:35 +0900] "GET /ontolopedia/disp/word_show/10105 HTTP/1.1" 200 8037 "-" "Mozilla/5.0 (compatible; Googlebot/2.1; +http://www.google.com/bot.html)"
66.249.76.52 - - [07/Apr/2013:07:17:36 +0900] "GET /ontolopedia/disp/word_show/401652 HTTP/1.1" 200 15251 "-" "Mozilla/5.0 (compatible; Googlebot/2.1; +http://www.google.com/bot.html)"
66.249.76.52 - - [07/Apr/2013:07:17:41 +0900] "GET /ontolopedia/disp/word_show/224457 HTTP/1.1" 200 5102 "-" "Mozilla/5.0 (compatible; Googlebot/2.1; +http://www.google.com/bot.html)"
66.249.76.52 - - [07/Apr/2013:07:17:48 +0900] "GET /ontolopedia/disp/word_show/111184 HTTP/1.1" 200 4267 "-" "Mozilla/5.0 (compatible; Googlebot/2.1; +http://www.google.com/bot.html)"
66.249.76.52 - - [07/Apr/2013:07:17:54 +0900] "GET /ontolopedia/disp/word_show/208289 HTTP/1.1" 200 4180 "-" "Mozilla/5.0 (compatible; Googlebot/2.1; +http://www.google.com/bot.html)"
66.249.76.52 - - [07/Apr/2013:07:18:00 +0900] "GET /ontolopedia/disp/word_show/416196 HTTP/1.1" 200 5132 "-" "Mozilla/5.0 (compatible; Googlebot/2.1; +http://www.google.com/bot.html)"
66.249.76.52 - - [07/Apr/2013:07:18:06 +0900] "GET /ontolopedia/disp/word_show/340503 HTTP/1.1" 200 6232 "-" "Mozilla/5.0 (compatible; Googlebot/2.1; +http://www.google.com/bot.html)"
66.249.76.52 - - [07/Apr/2013:07:18:12 +0900] "GET /ontolopedia/disp/word_show/198859 HTTP/1.1" 200 9150 "-" "Mozilla/5.0 (compatible; Googlebot/2.1; +http://www.google.com/bot.html)"
66.249.76.52 - - [07/Apr/2013:07:18:24 +0900] "GET /ontolopedia/disp/word_show/156964 HTTP/1.1" 200 7580 "-" "Mozilla/5.0 (compatible; Googlebot/2.1; +http://www.google.com/bot.html)"
66.249.76.52 - - [07/Apr/2013:07:18:30 +0900] "GET /ontolopedia/disp/word_show/445075 HTTP/1.1" 200 6445 "-" "Mozilla/5.0 (compatible; Googlebot/2.1; +http://www.google.com/bot.html)"
66.249.76.52 - - [07/Apr/2013:07:18:36 +0900] "GET /ontolopedia/disp/word_show/445072 HTTP/1.1" 200 7063 "-" "Mozilla/5.0 (compatible; Googlebot/2.1; +http://www.google.com/bot.html)"
66.249.76.52 - - [07/Apr/2013:07:18:38 +0900] "GET /~yosshi/wiki-old/index.php?cmd=edit&page=%C6%FC%B5%AD%2F1957-08-08 HTTP/1.1" 200 1805 "-" "SAMSUNG-SGH-E250/1.0 Profile/MIDP-2.0 Configuration/CLDC-1.1 UP.Browser/6.2.3.3.c.1.101 (GUI) MMP/2.0 (compatible; Googlebot-Mobile/2.1; +http://www.google.com/bot.html)"
157.56.93.73 - - [07/Apr/2013:07:18:41 +0900] "GET /~info3/wiki/index.php?cmd=backup&action=diff&page=info3%20wiki%2F%C2%E7%BE%EB%A1%F5%B5%C8%B1%CA%C8%C9%2FLevel6%20%C2%E7%BE%EB%A1%F5%B5%C8%B1%CA&age=4 HTTP/1.1" 200 8022 "-" "Mozilla/5.0 (compatible; bingbot/2.0; +http://www.bing.com/bingbot.htm)"
66.249.76.52 - - [07/Apr/2013:07:18:42 +0900] "GET /ontolopedia/disp/word_show/249385 HTTP/1.1" 200 4246 "-" "Mozilla/5.0 (compatible; Googlebot/2.1; +http://www.google.com/bot.html)"
66.249.76.52 - - [07/Apr/2013:07:18:48 +0900] "GET /~yosshi/wiki-old/index.php?plugin=newpage&refer=%C6%FC%B5%AD%2F2017-09-09 HTTP/1.1" 200 795 "-" "SAMSUNG-SGH-E250/1.0 Profile/MIDP-2.0 Configuration/CLDC-1.1 UP.Browser/6.2.3.3.c.1.101 (GUI) MMP/2.0 (compatible; Googlebot-Mobile/2.1; +http://www.google.com/bot.html)"
66.249.76.52 - - [07/Apr/2013:07:18:48 +0900] "GET /ontolopedia/disp/word_show/445082 HTTP/1.1" 200 6296 "-" "Mozilla/5.0 (compatible; Googlebot/2.1; +http://www.google.com/bot.html)"
66.249.76.52 - - [07/Apr/2013:07:18:54 +0900] "GET /ontolopedia/disp/word_show/273673 HTTP/1.1" 200 7925 "-" "Mozilla/5.0 (compatible; Googlebot/2.1; +http://www.google.com/bot.html)"
66.249.76.52 - - [07/Apr/2013:07:19:00 +0900] "GET /ontolopedia/disp/word_show/155936 HTTP/1.1" 200 6819 "-" "Mozilla/5.0 (compatible; Googlebot/2.1; +http://www.google.com/bot.html)"
66.249.76.52 - - [07/Apr/2013:07:19:06 +0900] "GET /ontolopedia/disp/word_show/262084 HTTP/1.1" 200 5865 "-" "Mozilla/5.0 (compatible; Googlebot/2.1; +http://www.google.com/bot.html)"
66.249.76.52 - - [07/Apr/2013:07:19:13 +0900] "GET /ontolopedia/disp/word_show/216781 HTTP/1.1" 200 4168 "-" "Mozilla/5.0 (compatible; Googlebot/2.1; +http://www.google.com/bot.html)"
66.249.76.52 - - [07/Apr/2013:07:19:18 +0900] "GET /ontolopedia/disp/word_show/323862 HTTP/1.1" 200 4546 "-" "Mozilla/5.0 (compatible; Googlebot/2.1; +http://www.google.com/bot.html)"
66.249.76.52 - - [07/Apr/2013:07:19:24 +0900] "GET /ontolopedia/disp/word_show/311561 HTTP/1.1" 200 7452 "-" "Mozilla/5.0 (compatible; Googlebot/2.1; +http://www.google.com/bot.html)"
66.249.76.52 - - [07/Apr/2013:07:19:30 +0900] "GET /ontolopedia/disp/word_show/406089 HTTP/1.1" 200 4175 "-" "Mozilla/5.0 (compatible; Googlebot/2.1; +http://www.google.com/bot.html)"
66.249.76.52 - - [07/Apr/2013:07:19:33 +0900] "GET /ontolopedia/disp/word_show/391440 HTTP/1.1" 500 309 "-" "Mozilla/5.0 (compatible; Googlebot/2.1; +http://www.google.com/bot.html)"
96.44.189.102 - - [07/Apr/2013:07:19:23 +0900] "GET /%7Eyosshi/rbc_wiki/index.php HTTP/1.0" 200 981197 "http://busty.net.erolove.in" "Opera/9.80 (Windows NT 6.1; U; Edition Next; ru) Presto/2.11.310 Version/12.50"
2001:2f8:1c:a530:215:17ff:fed7:3777 - - [07/Apr/2013:07:19:41 +0900] "GET /note/rss/latest/ HTTP/1.0" 200 8675 "-" "-"
96.44.189.102 - - [07/Apr/2013:07:19:41 +0900] "GET / HTTP/1.0" 200 4658 "http://www.nal.ie.u-ryukyu.ac.jp/" "Opera/9.80 (Windows NT 6.1; U; Edition Next; ru) Presto/2.11.310 Version/12.50"
2001:2f8:1c:a530:215:17ff:fed7:3777 - - [07/Apr/2013:07:19:43 +0900] "GET /note/rss/latest/ HTTP/1.0" 200 8675 "-" "-"
96.44.189.102 - - [07/Apr/2013:07:19:43 +0900] "GET /index.php HTTP/1.0" 200 4658 "http://www.nal.ie.u-ryukyu.ac.jp/index.php" "Opera/9.80 (Windows NT 6.1; U; Edition Next; ru) Presto/2.11.310 Version/12.50"
119.63.196.92 - - [07/Apr/2013:07:19:44 +0900] "GET /note/note_detail/888 HTTP/1.1" 301 - "-" "Mozilla/5.0 (compatible; Baiduspider/2.0; +http://www.baidu.com/search/spider.html)"
119.63.196.30 - - [07/Apr/2013:07:19:44 +0900] "GET /note/note_detail/888/ HTTP/1.1" 200 13949 "-" "Mozilla/5.0 (compatible; Baiduspider/2.0; +http://www.baidu.com/search/spider.html)"
66.249.76.52 - - [07/Apr/2013:07:19:44 +0900] "GET /ontolopedia/disp/word_show/317219 HTTP/1.1" 200 9944 "-" "Mozilla/5.0 (compatible; Googlebot/2.1; +http://www.google.com/bot.html)"
66.249.76.52 - - [07/Apr/2013:07:19:45 +0900] "GET /ontolopedia/disp/word_show/199113 HTTP/1.1" 200 13696 "-" "Mozilla/5.0 (compatible; Googlebot/2.1; +http://www.google.com/bot.html)"
66.249.76.52 - - [07/Apr/2013:07:19:48 +0900] "GET /ontolopedia/disp/word_show/379434 HTTP/1.1" 200 7287 "-" "Mozilla/5.0 (compatible; Googlebot/2.1; +http://www.google.com/bot.html)"
66.249.76.52 - - [07/Apr/2013:07:19:54 +0900] "GET /ontolopedia/disp/word_show/121217 HTTP/1.1" 200 340783 "-" "Mozilla/5.0 (compatible; Googlebot/2.1; +http://www.google.com/bot.html)"
66.249.76.52 - - [07/Apr/2013:07:20:03 +0900] "GET /ontolopedia/disp/word_show/302547 HTTP/1.1" 200 5587 "-" "Mozilla/5.0 (compatible; Googlebot/2.1; +http://www.google.com/bot.html)"
66.249.76.52 - - [07/Apr/2013:07:20:06 +0900] "GET /ontolopedia/disp/word_show/101036 HTTP/1.1" 200 4674 "-" "Mozilla/5.0 (compatible; Googlebot/2.1; +http://www.google.com/bot.html)"
66.249.76.52 - - [07/Apr/2013:07:20:13 +0900] "GET /ontolopedia/disp/word_show/392773 HTTP/1.1" 200 4197 "-" "Mozilla/5.0 (compatible; Googlebot/2.1; +http://www.google.com/bot.html)"
5.39.43.65 - - [07/Apr/2013:07:20:23 +0900] "GET /~info3/wiki/index.php?CVS/%B0%EC%CD%F7 HTTP/1.0" 200 117756 "http://www.nal.ie.u-ryukyu.ac.jp/" "Mozilla/5.0 (Windows NT 5.1; rv:13.0) Gecko/20100101 Firefox/13.0.1"
66.249.76.52 - - [07/Apr/2013:07:20:25 +0900] "GET /ontolopedia/disp/word_show/439279 HTTP/1.1" 200 4164 "-" "Mozilla/5.0 (compatible; Googlebot/2.1; +http://www.google.com/bot.html)"
66.249.76.52 - - [07/Apr/2013:07:20:28 +0900] "GET /ontolopedia/disp/word_show/196905 HTTP/1.1" 200 164108 "-" "Mozilla/5.0 (iPhone; U; CPU iPhone OS 4_1 like Mac OS X; en-us) AppleWebKit/532.9 (KHTML, like Gecko) Version/4.0.5 Mobile/8B117 Safari/6531.22.7 (compatible; Googlebot-Mobile/2.1; +http://www.google.com/bot.html)"
66.249.76.52 - - [07/Apr/2013:07:20:34 +0900] "GET /ontolopedia/disp/word_show/102691 HTTP/1.1" 200 8745 "-" "Mozilla/5.0 (compatible; Googlebot/2.1; +http://www.google.com/bot.html)"
66.249.76.52 - - [07/Apr/2013:07:20:37 +0900] "GET /ontolopedia/disp/word_show/341593 HTTP/1.1" 200 9580 "-" "Mozilla/5.0 (compatible; Googlebot/2.1; +http://www.google.com/bot.html)"
157.55.32.61 - - [07/Apr/2013:07:20:38 +0900] "GET /note/note_detail/825/ HTTP/1.1" 200 6572 "-" "Mozilla/5.0 (compatible; bingbot/2.0; +http://www.bing.com/bingbot.htm)"
66.249.76.52 - - [07/Apr/2013:07:20:43 +0900] "GET /ontolopedia/disp/word_show/98887 HTTP/1.1" 200 9813 "-" "Mozilla/5.0 (compatible; Googlebot/2.1; +http://www.google.com/bot.html)"
66.249.76.52 - - [07/Apr/2013:07:20:49 +0900] "GET /ontolopedia/disp/word_show/264093 HTTP/1.1" 200 6345 "-" "Mozilla/5.0 (compatible; Googlebot/2.1; +http://www.google.com/bot.html)"
66.249.76.52 - - [07/Apr/2013:07:20:55 +0900] "GET /ontolopedia/disp/word_show/209230 HTTP/1.1" 200 7115 "-" "Mozilla/5.0 (compatible; Googlebot/2.1; +http://www.google.com/bot.html)"
66.249.76.52 - - [07/Apr/2013:07:21:01 +0900] "GET /ontolopedia/disp/word_show/90099 HTTP/1.1" 200 5091 "-" "Mozilla/5.0 (compatible; Googlebot/2.1; +http://www.google.com/bot.html)"
66.249.76.52 - - [07/Apr/2013:07:21:07 +0900] "GET /ontolopedia/disp/word_show/55108 HTTP/1.1" 200 7838 "-" "Mozilla/5.0 (compatible; Googlebot/2.1; +http://www.google.com/bot.html)"
66.249.76.52 - - [07/Apr/2013:07:21:13 +0900] "GET /ontolopedia/disp/word_show/484777 HTTP/1.1" 200 6570 "-" "Mozilla/5.0 (compatible; Googlebot/2.1; +http://www.google.com/bot.html)"
66.249.76.52 - - [07/Apr/2013:07:21:19 +0900] "GET /ontolopedia/disp/word_show/459613 HTTP/1.1" 200 4761 "-" "Mozilla/5.0 (compatible; Googlebot/2.1; +http://www.google.com/bot.html)"
66.249.76.52 - - [07/Apr/2013:07:21:25 +0900] "GET /ontolopedia/disp/word_show/6749 HTTP/1.1" 200 7676 "-" "Mozilla/5.0 (compatible; Googlebot/2.1; +http://www.google.com/bot.html)"
72.14.199.52 - - [07/Apr/2013:07:21:29 +0900] "GET /~yosshi/wiki-old/index.php?cmd=edit&page=%C6%FC%B5%AD%2F2004-10-08&refer=%C6%FC%B5%AD HTTP/1.1" 200 1805 "-" "DoCoMo/2.0 N905i(c100;TB;W24H16) (compatible; Googlebot-Mobile/2.1; +http://www.google.com/bot.html)"
66.249.76.52 - - [07/Apr/2013:07:21:31 +0900] "GET /ontolopedia/disp/word_show/39216 HTTP/1.1" 200 5916 "-" "Mozilla/5.0 (compatible; Googlebot/2.1; +http://www.google.com/bot.html)"
66.249.76.52 - - [07/Apr/2013:07:21:32 +0900] "GET /~yosshi/wiki-old/index.php?cmd=edit&page=%C6%FC%B5%AD%2F2032-04-04 HTTP/1.1" 200 1805 "-" "SAMSUNG-SGH-E250/1.0 Profile/MIDP-2.0 Configuration/CLDC-1.1 UP.Browser/6.2.3.3.c.1.101 (GUI) MMP/2.0 (compatible; Googlebot-Mobile/2.1; +http://www.google.com/bot.html)"
66.249.76.52 - - [07/Apr/2013:07:21:37 +0900] "GET /ontolopedia/disp/word_show/83644 HTTP/1.1" 200 11982 "-" "Mozilla/5.0 (compatible; Googlebot/2.1; +http://www.google.com/bot.html)"
157.55.35.82 - - [07/Apr/2013:07:21:38 +0900] "GET /~info3/wiki/index.php?cmd=backup&page=2006%2Finfo3&age=6&action=diff HTTP/1.1" 200 6367 "-" "Mozilla/5.0 (compatible; bingbot/2.0; +http://www.bing.com/bingbot.htm)"
66.249.76.52 - - [07/Apr/2013:07:21:43 +0900] "GET /ontolopedia/disp/word_show/84435 HTTP/1.1" 200 8126 "-" "Mozilla/5.0 (compatible; Googlebot/2.1; +http://www.google.com/bot.html)"
66.249.76.52 - - [07/Apr/2013:07:21:44 +0900] "GET /~yosshi/wiki-old/index.php?cmd=edit&page=%C6%FC%B5%AD%2F2017-08-13&refer=%C6%FC%B5%AD HTTP/1.1" 200 1805 "-" "SAMSUNG-SGH-E250/1.0 Profile/MIDP-2.0 Configuration/CLDC-1.1 UP.Browser/6.2.3.3.c.1.101 (GUI) MMP/2.0 (compatible; Googlebot-Mobile/2.1; +http://www.google.com/bot.html)"
66.249.76.52 - - [07/Apr/2013:07:21:49 +0900] "GET /ontolopedia/disp/word_show/376911 HTTP/1.1" 200 7146 "-" "Mozilla/5.0 (compatible; Googlebot/2.1; +http://www.google.com/bot.html)"
66.249.76.52 - - [07/Apr/2013:07:21:55 +0900] "GET /ontolopedia/disp/word_show/356225 HTTP/1.1" 200 12171 "-" "Mozilla/5.0 (compatible; Googlebot/2.1; +http://www.google.com/bot.html)"
66.249.76.52 - - [07/Apr/2013:07:22:01 +0900] "GET /ontolopedia/disp/word_show/465101 HTTP/1.1" 200 5062 "-" "Mozilla/5.0 (compatible; Googlebot/2.1; +http://www.google.com/bot.html)"
119.235.237.19 - - [07/Apr/2013:07:22:03 +0900] "GET /note/user/Draisine/ HTTP/1.1" 200 37317 "-" "Yeti/1.0 (NHN Corp.; http://help.naver.com/robots/)"
66.249.76.52 - - [07/Apr/2013:07:22:05 +0900] "GET /ontolopedia/disp/word_show/280596 HTTP/1.1" 200 4331 "-" "Mozilla/5.0 (compatible; Googlebot/2.1; +http://www.google.com/bot.html)"
66.249.76.52 - - [07/Apr/2013:07:22:07 +0900] "GET /ontolopedia/disp/word_show/146106 HTTP/1.1" 200 7068 "-" "Mozilla/5.0 (compatible; Googlebot/2.1; +http://www.google.com/bot.html)"
66.249.76.52 - - [07/Apr/2013:07:22:13 +0900] "GET /ontolopedia/disp/word_show/229688 HTTP/1.1" 200 7831 "-" "Mozilla/5.0 (compatible; Googlebot/2.1; +http://www.google.com/bot.html)"
66.249.76.52 - - [07/Apr/2013:07:22:19 +0900] "GET /ontolopedia/disp/word_show/96327 HTTP/1.1" 200 5075 "-" "Mozilla/5.0 (compatible; Googlebot/2.1; +http://www.google.com/bot.html)"
66.249.76.52 - - [07/Apr/2013:07:22:25 +0900] "GET /ontolopedia/disp/word_show/364473 HTTP/1.1" 200 4789 "-" "Mozilla/5.0 (compatible; Googlebot/2.1; +http://www.google.com/bot.html)"
66.249.76.52 - - [07/Apr/2013:07:22:31 +0900] "GET /ontolopedia/disp/word_show/403322 HTTP/1.1" 500 309 "-" "Mozilla/5.0 (compatible; Googlebot/2.1; +http://www.google.com/bot.html)"
66.249.76.52 - - [07/Apr/2013:07:22:41 +0900] "GET /ontolopedia/disp/word_show/247691 HTTP/1.1" 200 7897 "-" "Mozilla/5.0 (compatible; Googlebot/2.1; +http://www.google.com/bot.html)"
66.249.76.52 - - [07/Apr/2013:07:22:42 +0900] "GET /ontolopedia/disp/word_show/433239 HTTP/1.1" 200 4235 "-" "Mozilla/5.0 (compatible; Googlebot/2.1; +http://www.google.com/bot.html)"
