157.55.35.82 - - [07/Apr/2013:12:49:36 +0900] "GET /wiki/index.php?cmd=backup&action=&page=%A5%BC%A5%DF%A5%ED%A5%B0%2F%C2%E828%B2%F3%2F%C3%E6%B4%D6%C8%AF%C9%BD%B8%B6%B9%C63%28%B6%CC%BE%EB%B3%A8%C8%FE%29&age=54 HTTP/1.1" 200 1205597 "-" "Mozilla/5.0 (compatible; bingbot/2.0; +http://www.bing.com/bingbot.htm)"
157.56.93.196 - - [07/Apr/2013:12:49:38 +0900] "GET /wiki/index.php?cmd=backup&action=&page=%A5%BC%A5%DF%A5%ED%A5%B0%2F%C2%E828%B2%F3%2F%C3%E6%B4%D6%C8%AF%C9%BD%B8%B6%B9%C63%28%B6%CC%BE%EB%B3%A8%C8%FE%29&age=48 HTTP/1.1" 200 1167089 "-" "Mozilla/5.0 (compatible; bingbot/2.0; +http://www.bing.com/bingbot.htm)"
157.56.93.196 - - [07/Apr/2013:12:49:38 +0900] "GET /wiki/index.php?cmd=backup&action=&page=%A5%BC%A5%DF%A5%ED%A5%B0%2F%C2%E828%B2%F3%2F%C3%E6%B4%D6%C8%AF%C9%BD%B8%B6%B9%C63%28%B6%CC%BE%EB%B3%A8%C8%FE%29&age=66 HTTP/1.1" 200 1334573 "-" "Mozilla/5.0 (compatible; bingbot/2.0; +http://www.bing.com/bingbot.htm)"
157.56.93.196 - - [07/Apr/2013:12:49:42 +0900] "GET /wiki/index.php?cmd=backup&action=delete&page=Top%20Page%2F2005-04-12 HTTP/1.1" 200 7195 "-" "Mozilla/5.0 (compatible; bingbot/2.0; +http://www.bing.com/bingbot.htm)"
157.56.93.196 - - [07/Apr/2013:12:49:43 +0900] "GET /wiki/index.php?cmd=backup&action=diff&page=%A5%BC%A5%DF%A5%ED%A5%B0%2F%C2%E823%B2%F3%2F1.%BC%C2%C1%F5%B2%BD%28%BD%E9%B4%FC%BD%E8%CD%FD%29%28%B6%CC%BE%EB%B3%A8%C8%FE%29&age=51 HTTP/1.1" 200 49863 "-" "Mozilla/5.0 (compatible; bingbot/2.0; +http://www.bing.com/bingbot.htm)"
157.55.33.109 - - [07/Apr/2013:12:49:41 +0900] "GET /wiki/index.php?cmd=backup&action=&page=%A5%BC%A5%DF%A5%ED%A5%B0%2F%C2%E828%B2%F3%2F%C3%E6%B4%D6%C8%AF%C9%BD%B8%B6%B9%C63%28%B6%CC%BE%EB%B3%A8%C8%FE%29&age=8 HTTP/1.1" 200 628939 "-" "Mozilla/5.0 (compatible; bingbot/2.0; +http://www.bing.com/bingbot.htm)"
202.180.34.186 - - [07/Apr/2013:12:49:43 +0900] "GET /ontolopedia/disp/word_show/345233 HTTP/1.1" 200 14135 "-" "ICC-Crawler/2.0 (Mozilla-compatible; ; http://kc.nict.go.jp/project1/crawl.html)"
157.55.35.82 - - [07/Apr/2013:12:49:38 +0900] "GET /wiki/index.php?cmd=backup&action=&page=%A5%BC%A5%DF%A5%ED%A5%B0%2F%C2%E828%B2%F3%2F%C3%E6%B4%D6%C8%AF%C9%BD%B8%B6%B9%C63%28%B6%CC%BE%EB%B3%A8%C8%FE%29&age=60 HTTP/1.1" 200 1273461 "-" "Mozilla/5.0 (compatible; bingbot/2.0; +http://www.bing.com/bingbot.htm)"
157.55.35.82 - - [07/Apr/2013:12:49:38 +0900] "GET /wiki/index.php?cmd=backup&action=&page=%A5%BC%A5%DF%A5%ED%A5%B0%2F%C2%E828%B2%F3%2F%C3%E6%B4%D6%C8%AF%C9%BD%B8%B6%B9%C63%28%B6%CC%BE%EB%B3%A8%C8%FE%29&age=77 HTTP/1.1" 200 1466152 "-" "Mozilla/5.0 (compatible; bingbot/2.0; +http://www.bing.com/bingbot.htm)"
157.55.35.82 - - [07/Apr/2013:12:49:44 +0900] "GET /wiki/index.php?cmd=backup&action=delete&page=%A5%BC%A5%DF%A5%ED%A5%B0%2F%C2%E828%B2%F3%2FJMyron%A4%AB%A4%E9%A4%CE%C6%B0%B2%E8%A4%AB%A4%E9%C7%D8%B7%CA%A4%F2%BF%E4%C2%AC%A4%B9%A4%EB%28%B6%CC%BE%EB%B3%A8%C8%FE%29 HTTP/1.1" 200 7265 "-" "Mozilla/5.0 (compatible; bingbot/2.0; +http://www.bing.com/bingbot.htm)"
157.55.35.82 - - [07/Apr/2013:12:49:44 +0900] "GET /wiki/index.php?cmd=backup&action=&page=Emi%2FEnglish&age=2 HTTP/1.1" 200 9638 "-" "Mozilla/5.0 (compatible; bingbot/2.0; +http://www.bing.com/bingbot.htm)"
157.56.93.196 - - [07/Apr/2013:12:49:44 +0900] "GET /wiki/index.php?daily HTTP/1.1" 401 7729 "-" "Mozilla/5.0 (compatible; bingbot/2.0; +http://www.bing.com/bingbot.htm)"
157.56.93.196 - - [07/Apr/2013:12:49:44 +0900] "GET /wiki/index.php?nal%2F%C6%FC%BB%EF%28%A5%C8%A5%A6%A5%DE%A5%CA%A5%EB%A5%A2%A5%AD%29%2F2005-05-18 HTTP/1.1" 200 9300 "-" "Mozilla/5.0 (compatible; bingbot/2.0; +http://www.bing.com/bingbot.htm)"
157.55.35.82 - - [07/Apr/2013:12:49:45 +0900] "GET /wiki/index.php?cmd=backup&action=diff&page=%A5%BC%A5%DF%A5%ED%A5%B0%2F%C2%E823%B2%F3%2F1.%BC%C2%C1%F5%B2%BD%28%BD%E9%B4%FC%BD%E8%CD%FD%29%28%B6%CC%BE%EB%B3%A8%C8%FE%29&age=41 HTTP/1.1" 200 46307 "-" "Mozilla/5.0 (compatible; bingbot/2.0; +http://www.bing.com/bingbot.htm)"
157.55.35.82 - - [07/Apr/2013:12:49:45 +0900] "GET /wiki/index.php?cmd=backup&action=diff&page=%A5%BC%A5%DF%A5%ED%A5%B0%2F%C2%E823%B2%F3%2F1.%BC%C2%C1%F5%B2%BD%28%BD%E9%B4%FC%BD%E8%CD%FD%29%28%B6%CC%BE%EB%B3%A8%C8%FE%29&age=50 HTTP/1.1" 200 49481 "-" "Mozilla/5.0 (compatible; bingbot/2.0; +http://www.bing.com/bingbot.htm)"
157.56.93.196 - - [07/Apr/2013:12:49:45 +0900] "GET /wiki/index.php?nal%2F%C6%FC%BB%EF%28%A5%C8%A5%A6%A5%DE%A5%CA%A5%EB%A5%A2%A5%AD%29%2F2005-05-19 HTTP/1.1" 200 9132 "-" "Mozilla/5.0 (compatible; bingbot/2.0; +http://www.bing.com/bingbot.htm)"
66.249.76.52 - - [07/Apr/2013:12:49:45 +0900] "GET /ontolopedia/disp/word_show/157112 HTTP/1.1" 200 7283 "-" "Mozilla/5.0 (compatible; Googlebot/2.1; +http://www.google.com/bot.html)"
157.56.93.196 - - [07/Apr/2013:12:49:45 +0900] "GET /wiki/index.php?nal%2F%C6%FC%BB%EF%28%A5%C8%A5%A6%A5%DE%A5%CA%A5%EB%A5%A2%A5%AD%29%2F2005-06-17 HTTP/1.1" 200 9399 "-" "Mozilla/5.0 (compatible; bingbot/2.0; +http://www.bing.com/bingbot.htm)"
157.55.33.109 - - [07/Apr/2013:12:49:41 +0900] "GET /wiki/index.php?cmd=backup&action=&page=%A5%BC%A5%DF%A5%ED%A5%B0%2F%C2%E828%B2%F3%2F%C3%E6%B4%D6%C8%AF%C9%BD%B8%B6%B9%C63%28%B6%CC%BE%EB%B3%A8%C8%FE%29&age=59 HTTP/1.1" 200 1270993 "-" "Mozilla/5.0 (compatible; bingbot/2.0; +http://www.bing.com/bingbot.htm)"
157.56.93.196 - - [07/Apr/2013:12:49:46 +0900] "GET /wiki/index.php?nal%2F%C6%FC%BB%EF%28%A5%C8%A5%A6%A5%DE%A5%CA%A5%EB%A5%A2%A5%AD%29%2F2005-06-22 HTTP/1.1" 200 9122 "-" "Mozilla/5.0 (compatible; bingbot/2.0; +http://www.bing.com/bingbot.htm)"
157.55.33.109 - - [07/Apr/2013:12:49:41 +0900] "GET /wiki/index.php?cmd=backup&action=&page=%A5%BC%A5%DF%A5%ED%A5%B0%2F%C2%E828%B2%F3%2F%C3%E6%B4%D6%C8%AF%C9%BD%B8%B6%B9%C63%28%B6%CC%BE%EB%B3%A8%C8%FE%29&age=71 HTTP/1.1" 200 1406330 "-" "Mozilla/5.0 (compatible; bingbot/2.0; +http://www.bing.com/bingbot.htm)"
157.55.33.109 - - [07/Apr/2013:12:49:46 +0900] "GET /wiki/index.php?config%2Fplugin HTTP/1.1" 401 7892 "-" "Mozilla/5.0 (compatible; bingbot/2.0; +http://www.bing.com/bingbot.htm)"
157.55.33.109 - - [07/Apr/2013:12:49:46 +0900] "GET /wiki/index.php?cmd=backup&action=delete&page=nal HTTP/1.1" 200 7056 "-" "Mozilla/5.0 (compatible; bingbot/2.0; +http://www.bing.com/bingbot.htm)"
157.56.93.196 - - [07/Apr/2013:12:49:46 +0900] "GET /wiki/index.php?nal%2Fworks%2F2008 HTTP/1.1" 200 12109 "-" "Mozilla/5.0 (compatible; bingbot/2.0; +http://www.bing.com/bingbot.htm)"
157.55.33.109 - - [07/Apr/2013:12:49:46 +0900] "GET /wiki/index.php?nal%2F%C6%FC%BB%EF%28%A5%C8%A5%A6%A5%DE%A5%CA%A5%EB%A5%A2%A5%AD%29%2F2005-05-12 HTTP/1.1" 200 9310 "-" "Mozilla/5.0 (compatible; bingbot/2.0; +http://www.bing.com/bingbot.htm)"
157.55.35.82 - - [07/Apr/2013:12:49:46 +0900] "GET /wiki/index.php?daily%2Femi%2F2005-04-18 HTTP/1.1" 200 8520 "-" "Mozilla/5.0 (compatible; bingbot/2.0; +http://www.bing.com/bingbot.htm)"
157.55.35.82 - - [07/Apr/2013:12:49:46 +0900] "GET /wiki/index.php?nal%2F%C6%FC%BB%EF%28%A5%C8%A5%A6%A5%DE%A5%CA%A5%EB%A5%A2%A5%AD%29%2F2005-04-25 HTTP/1.1" 200 9359 "-" "Mozilla/5.0 (compatible; bingbot/2.0; +http://www.bing.com/bingbot.htm)"
157.56.93.196 - - [07/Apr/2013:12:49:41 +0900] "GET /wiki/index.php?cmd=backup&action=&page=%A5%BC%A5%DF%A5%ED%A5%B0%2F%C2%E828%B2%F3%2F%C3%E6%B4%D6%C8%AF%C9%BD%B8%B6%B9%C63%28%B6%CC%BE%EB%B3%A8%C8%FE%29&age=67 HTTP/1.1" 200 1348886 "-" "Mozilla/5.0 (compatible; bingbot/2.0; +http://www.bing.com/bingbot.htm)"
157.56.93.196 - - [07/Apr/2013:12:49:47 +0900] "GET /wiki/index.php?plugin=attach&pcmd=list&refer=%A5%BC%A5%DF%A5%ED%A5%B0%2F%C2%E822%B2%F3%2F1.%B8%A1%BD%D0%A1%A6%C7%A7%BC%B1%A4%B9%A4%EB%A5%A2%A5%EB%A5%B4%A5%EA%A5%BA%A5%E02%28%B6%CC%BE%EB%B3%A8%C8%FE%29 HTTP/1.1" 200 6589 "-" "Mozilla/5.0 (compatible; bingbot/2.0; +http://www.bing.com/bingbot.htm)"
157.56.93.196 - - [07/Apr/2013:12:49:47 +0900] "GET /wiki/index.php?nal%2Fworks%2F2009 HTTP/1.1" 200 12041 "-" "Mozilla/5.0 (compatible; bingbot/2.0; +http://www.bing.com/bingbot.htm)"
157.55.33.109 - - [07/Apr/2013:12:49:47 +0900] "GET /wiki/index.php?nal%2F%C6%FC%BB%EF%28%A5%C8%A5%A6%A5%DE%A5%CA%A5%EB%A5%A2%A5%AD%29%2F2005-05-20 HTTP/1.1" 200 9126 "-" "Mozilla/5.0 (compatible; bingbot/2.0; +http://www.bing.com/bingbot.htm)"
157.55.35.82 - - [07/Apr/2013:12:49:47 +0900] "GET /wiki/index.php?nal%2F%C6%FC%BB%EF%28%A5%C8%A5%A6%A5%DE%A5%CA%A5%EB%A5%A2%A5%AD%29%2F2005-05-13 HTTP/1.1" 200 9126 "-" "Mozilla/5.0 (compatible; bingbot/2.0; +http://www.bing.com/bingbot.htm)"
157.56.93.196 - - [07/Apr/2013:12:49:47 +0900] "GET /wiki/index.php?plugin=attach&pcmd=upload&page=nal%2Fsociety HTTP/1.1" 200 8751 "-" "Mozilla/5.0 (compatible; bingbot/2.0; +http://www.bing.com/bingbot.htm)"
157.55.33.109 - - [07/Apr/2013:12:49:47 +0900] "GET /wiki/index.php?nal%2F%C6%FC%BB%EF%28%A5%C8%A5%A6%A5%DE%A5%CA%A5%EB%A5%A2%A5%AD%29%2F2005-06-07 HTTP/1.1" 200 9307 "-" "Mozilla/5.0 (compatible; bingbot/2.0; +http://www.bing.com/bingbot.htm)"
157.55.33.109 - - [07/Apr/2013:12:49:47 +0900] "GET /wiki/index.php?nal%2F%C6%FC%BB%EF%28%A5%C8%A5%A6%A5%DE%A5%CA%A5%EB%A5%A2%A5%AD%29%2F2005-06-28 HTTP/1.1" 200 9134 "-" "Mozilla/5.0 (compatible; bingbot/2.0; +http://www.bing.com/bingbot.htm)"
157.55.35.82 - - [07/Apr/2013:12:49:41 +0900] "GET /wiki/index.php?cmd=backup&action=&page=%A5%BC%A5%DF%A5%ED%A5%B0%2F%C2%E828%B2%F3%2F%C3%E6%B4%D6%C8%AF%C9%BD%B8%B6%B9%C63%28%B6%CC%BE%EB%B3%A8%C8%FE%29&age=86 HTTP/1.1" 200 1563498 "-" "Mozilla/5.0 (compatible; bingbot/2.0; +http://www.bing.com/bingbot.htm)"
157.55.35.82 - - [07/Apr/2013:12:49:47 +0900] "GET /wiki/index.php?nal%2F%C6%FC%BB%EF%28%A5%C8%A5%A6%A5%DE%A5%CA%A5%EB%A5%A2%A5%AD%29%2F2005-06-01 HTTP/1.1" 200 9121 "-" "Mozilla/5.0 (compatible; bingbot/2.0; +http://www.bing.com/bingbot.htm)"
157.55.35.82 - - [07/Apr/2013:12:49:47 +0900] "GET /wiki/index.php?nal%2F%C6%FC%BB%EF%28%A5%C8%A5%A6%A5%DE%A5%CA%A5%EB%A5%A2%A5%AD%29%2F2005-05-30 HTTP/1.1" 200 9505 "-" "Mozilla/5.0 (compatible; bingbot/2.0; +http://www.bing.com/bingbot.htm)"
157.56.93.196 - - [07/Apr/2013:12:49:48 +0900] "GET /wiki/index.php?plugin=attach&pcmd=upload&page=positions HTTP/1.1" 200 8048 "-" "Mozilla/5.0 (compatible; bingbot/2.0; +http://www.bing.com/bingbot.htm)"
157.56.93.196 - - [07/Apr/2013:12:49:48 +0900] "GET /wiki/index.php?plugin=attach&pcmd=upload&page=yono HTTP/1.1" 200 8592 "-" "Mozilla/5.0 (compatible; bingbot/2.0; +http://www.bing.com/bingbot.htm)"
157.55.35.82 - - [07/Apr/2013:12:49:48 +0900] "GET /wiki/index.php?plugin=attach&pcmd=list&refer=%A5%BC%A5%DF%A5%ED%A5%B0%2F%C2%E81%B2%F3%2F%A1%D8%A5%CF%A5%F3%A5%C9%A5%DE%A5%A6%A5%B9%A4%C8%A4%BD%A4%CE%B1%FE%CD%D1-%BF%A7%BE%F0%CA%F3%A4%C8%CE%D8%B3%D4%BE%F0%CA%F3%A4%CB%B4%F0%A4%C5%A4%AF%BC%EA%A4%CE%B8%A1%BD%D0%A4%C8%C4%C9%C0%D7%A1%D9%A4%CE%BE%D2%B2%F0%28%B6%CC%BE%EB%20%B3%A8%C8%FE%29 HTTP/1.1" 200 6673 "-" "Mozilla/5.0 (compatible; bingbot/2.0; +http://www.bing.com/bingbot.htm)"
157.55.33.109 - - [07/Apr/2013:12:49:48 +0900] "GET /wiki/index.php?plugin=attach&pcmd=list&refer=%A5%B3%A5%E1%A5%F3%A5%C8%2F%A5%BC%A5%DF%A5%ED%A5%B0%2F%C2%E824%B2%F3%2F1.%A1%D8%28%C1%B0%CE%AC%29%A5%DE%A1%BC%A5%AB%A4%F2%CD%D1%A4%A4%A4%CA%A4%A4%A3%B3%BC%A1%B8%B5%CA%AA%C2%CE%C4%C9%C0%D7%BC%EA%CB%A1%A1%D9%A4%CE%BE%D2%B2%F0%28%B6%CC%BE%EB%B3%A8%C8%FE%29 HTTP/1.1" 200 6653 "-" "Mozilla/5.0 (compatible; bingbot/2.0; +http://www.bing.com/bingbot.htm)"
157.55.33.109 - - [07/Apr/2013:12:49:48 +0900] "GET /wiki/index.php?plugin=attach&pcmd=list&refer=%A5%BC%A5%DF%A5%ED%A5%B0%2F%C2%E820%B2%F3%2F2.%B8%A1%BD%D0%A1%A6%C7%A7%BC%B1%A4%B9%A4%EB%A5%A2%A5%EB%A5%B4%A5%EA%A5%BA%A5%E0%28%B6%CC%BE%EB%B3%A8%C8%FE%29 HTTP/1.1" 200 7585 "-" "Mozilla/5.0 (compatible; bingbot/2.0; +http://www.bing.com/bingbot.htm)"
157.55.33.109 - - [07/Apr/2013:12:49:48 +0900] "GET /wiki/index.php?plugin=attach&pcmd=upload&page=peztx HTTP/1.1" 200 8008 "-" "Mozilla/5.0 (compatible; bingbot/2.0; +http://www.bing.com/bingbot.htm)"
157.56.93.196 - - [07/Apr/2013:12:49:48 +0900] "GET /wiki/index.php?plugin=attach&pcmd=upload&page=zemi%2F2005-04-18 HTTP/1.1" 200 8796 "-" "Mozilla/5.0 (compatible; bingbot/2.0; +http://www.bing.com/bingbot.htm)"
157.55.35.82 - - [07/Apr/2013:12:49:48 +0900] "GET /wiki/index.php?plugin=attach&pcmd=list&refer=%A5%BC%A5%DF%A5%ED%A5%B0%2F%C2%E823%B2%F3%2F1.%BC%C2%C1%F5%B2%BD%28%BD%E9%B4%FC%BD%E8%CD%FD%29%28%B6%CC%BE%EB%B3%A8%C8%FE%29 HTTP/1.1" 200 6567 "-" "Mozilla/5.0 (compatible; bingbot/2.0; +http://www.bing.com/bingbot.htm)"
202.180.34.186 - - [07/Apr/2013:12:49:48 +0900] "GET /ontolopedia/disp/word_show/459851 HTTP/1.1" 200 5268 "-" "ICC-Crawler/2.0 (Mozilla-compatible; ; http://kc.nict.go.jp/project1/crawl.html)"
157.55.35.82 - - [07/Apr/2013:12:49:48 +0900] "GET /wiki/index.php?plugin=attach&pcmd=upload&page=yosshi HTTP/1.1" 200 8614 "-" "Mozilla/5.0 (compatible; bingbot/2.0; +http://www.bing.com/bingbot.htm)"
157.56.93.196 - - [07/Apr/2013:12:49:49 +0900] "GET /wiki/index.php?plugin=attach&refer=%A5%BC%A5%DF%A5%ED%A5%B0%2F%C2%E828%B2%F3%2F%C3%E6%B4%D6%C8%AF%C9%BD%B8%B6%B9%C6%28%B6%CC%BE%EB%B3%A8%C8%FE%29&openfile=en.jpg HTTP/1.1" 200 2980 "-" "Mozilla/5.0 (compatible; bingbot/2.0; +http://www.bing.com/bingbot.htm)"
157.56.93.196 - - [07/Apr/2013:12:49:49 +0900] "GET /wiki/index.php?plugin=attach&refer=%A5%BC%A5%DF%A5%ED%A5%B0%2F%C2%E820%B2%F3%2F1.%BC%EA%BD%E7%A4%F2%B9%CD%A4%A8%A4%EB%28%B6%CC%BE%EB%B3%A8%C8%FE%29&openfile=tezyun.jpg HTTP/1.1" 200 19335 "-" "Mozilla/5.0 (compatible; bingbot/2.0; +http://www.bing.com/bingbot.htm)"
157.55.35.82 - - [07/Apr/2013:12:49:49 +0900] "GET /wiki/index.php?plugin=attach&refer=%A5%BC%A5%DF%A5%ED%A5%B0%2F%C2%E828%B2%F3%2F%C3%E6%B4%D6%C8%AF%C9%BD%B8%B6%B9%C62%28%B6%CC%BE%EB%B3%A8%C8%FE%29&openfile=flow.jpg HTTP/1.1" 200 114876 "-" "Mozilla/5.0 (compatible; bingbot/2.0; +http://www.bing.com/bingbot.htm)"
157.55.33.109 - - [07/Apr/2013:12:49:49 +0900] "GET /wiki/index.php?plugin=attach&pcmd=upload&page=qqpnr HTTP/1.1" 200 8008 "-" "Mozilla/5.0 (compatible; bingbot/2.0; +http://www.bing.com/bingbot.htm)"
157.55.33.109 - - [07/Apr/2013:12:49:49 +0900] "GET /wiki/index.php?plugin=attach&pcmd=upload&page=yosshi%2F%A5%D7%A5%ED%A5%B0%A5%E9%A5%E0%2FWikipedia%CA%AC%B3%E4 HTTP/1.1" 200 9288 "-" "Mozilla/5.0 (compatible; bingbot/2.0; +http://www.bing.com/bingbot.htm)"
157.55.33.109 - - [07/Apr/2013:12:49:49 +0900] "GET /wiki/index.php?plugin=attach&pcmd=upload&page=yosshi%2F%CF%C0%CA%B8%A5%B5%A1%BC%A5%D9%A5%A4%2F%C2%D0%CF%C3%C5%AA%CA%AC%CE%E0%B3%D8%BD%AC%A4%CB%A4%E8%A4%EBWeb%A5%DA%A1%BC%A5%B8%A4%CE%C9%F4%CA%AC%B9%B9%BF%B7%A5%E2%A5%CB%A5%BF%A5%EA%A5%F3%A5%B0 HTTP/1.1" 200 10378 "-" "Mozilla/5.0 (compatible; bingbot/2.0; +http://www.bing.com/bingbot.htm)"
157.56.93.196 - - [07/Apr/2013:12:49:49 +0900] "GET /wiki/index.php?plugin=attach&refer=kazuki%2F%C3%E6%B4%D6%C8%AF%C9%BD&openfile=e-learning.jpg HTTP/1.1" 200 43647 "-" "Mozilla/5.0 (compatible; bingbot/2.0; +http://www.bing.com/bingbot.htm)"
157.55.35.82 - - [07/Apr/2013:12:49:49 +0900] "GET /wiki/index.php?plugin=attach&refer=%A5%BC%A5%DF%A5%ED%A5%B0%2F%C2%E828%B2%F3%2F%C3%E6%B4%D6%C8%AF%C9%BD%B8%B6%B9%C62%28%B6%CC%BE%EB%B3%A8%C8%FE%29&openfile=win_BgSub_JMyron2.zip HTTP/1.1" 200 2077 "-" "Mozilla/5.0 (compatible; bingbot/2.0; +http://www.bing.com/bingbot.htm)"
157.55.35.82 - - [07/Apr/2013:12:49:49 +0900] "GET /wiki/index.php?plugin=attach&refer=%A5%BC%A5%DF%A5%ED%A5%B0%2F%C2%E829%B2%F3%2F%C3%E6%B4%D6%C8%AF%C9%BD%CD%D1%A5%C7%A5%E2%A5%F3%A5%B9%A5%C8%A5%EC%A1%BC%A5%B7%A5%E7%A5%F3%A1%C1Colors%A1%C1%28%B6%CC%BE%EB%B3%A8%C8%FE%29&openfile=colors.jpg HTTP/1.1" 200 68463 "-" "Mozilla/5.0 (compatible; bingbot/2.0; +http://www.bing.com/bingbot.htm)"
157.56.93.196 - - [07/Apr/2013:12:49:50 +0900] "GET /wiki/index.php?plugin=attach&refer=kazuki%2F%C3%E6%B4%D6%C8%AF%C9%BD&openfile=physical.jpg HTTP/1.1" 200 22709 "-" "Mozilla/5.0 (compatible; bingbot/2.0; +http://www.bing.com/bingbot.htm)"
157.56.93.196 - - [07/Apr/2013:12:49:50 +0900] "GET /wiki/index.php?plugin=template&refer=Emi%2F%C2%B4%CF%C0%C6%FC%BB%EF%28%A5%BF%A5%DE%A5%AD%A5%A8%A5%DF%29%2F2005-07-26 HTTP/1.1" 200 7530 "-" "Mozilla/5.0 (compatible; bingbot/2.0; +http://www.bing.com/bingbot.htm)"
157.55.35.82 - - [07/Apr/2013:12:49:50 +0900] "GET /wiki/index.php?plugin=attach&refer=%A5%BC%A5%DF%A5%ED%A5%B0%2F%C6%FC%A1%B9%A5%BC%A5%DF%2F%A5%D7%A5%ED%A5%B0%A5%E9%A5%E0%BD%B8%28%B6%CC%BE%EB%20%B3%A8%C8%FE%29&openfile=getM_p17.zip HTTP/1.1" 200 1424 "-" "Mozilla/5.0 (compatible; bingbot/2.0; +http://www.bing.com/bingbot.htm)"
157.56.93.196 - - [07/Apr/2013:12:49:50 +0900] "GET /wiki/index.php?plugin=template&refer=Emi%2F%C2%B4%CF%C0%C6%FC%BB%EF%28%A5%BF%A5%DE%A5%AD%A5%A8%A5%DF%29%2F2005-08-17 HTTP/1.1" 200 7356 "-" "Mozilla/5.0 (compatible; bingbot/2.0; +http://www.bing.com/bingbot.htm)"
157.55.35.82 - - [07/Apr/2013:12:49:50 +0900] "GET /wiki/index.php?plugin=template&refer=Emi%2F%C2%B4%CF%C0%C6%FC%BB%EF%28%A5%BF%A5%DE%A5%AD%A5%A8%A5%DF%29%2F2005-05-02 HTTP/1.1" 200 7588 "-" "Mozilla/5.0 (compatible; bingbot/2.0; +http://www.bing.com/bingbot.htm)"
157.55.33.109 - - [07/Apr/2013:12:49:50 +0900] "GET /wiki/index.php?plugin=attach&refer=%A5%BC%A5%DF%A5%ED%A5%B0%2F%C2%E828%B2%F3%2F%C3%E6%B4%D6%C8%AF%C9%BD%B8%B6%B9%C6%28%B6%CC%BE%EB%B3%A8%C8%FE%29&openfile=win_BgSub_JMyron_frame.zip HTTP/1.1" 200 31262 "-" "Mozilla/5.0 (compatible; bingbot/2.0; +http://www.bing.com/bingbot.htm)"
157.55.33.109 - - [07/Apr/2013:12:49:50 +0900] "GET /wiki/index.php?plugin=attach&refer=%A5%BC%A5%DF%A5%ED%A5%B0%2F%C2%E828%B2%F3%2F%C3%E6%B4%D6%C8%AF%C9%BD%B8%B6%B9%C6%28%B6%CC%BE%EB%B3%A8%C8%FE%29&openfile=furo.jpg HTTP/1.1" 200 44824 "-" "Mozilla/5.0 (compatible; bingbot/2.0; +http://www.bing.com/bingbot.htm)"
157.55.35.82 - - [07/Apr/2013:12:49:50 +0900] "GET /wiki/index.php?plugin=template&refer=Emi%2F%C2%B4%CF%C0%C6%FC%BB%EF%28%A5%BF%A5%DE%A5%AD%A5%A8%A5%DF%29%2F2005-06-28 HTTP/1.1" 200 7406 "-" "Mozilla/5.0 (compatible; bingbot/2.0; +http://www.bing.com/bingbot.htm)"
157.55.33.109 - - [07/Apr/2013:12:49:50 +0900] "GET /wiki/index.php?plugin=attach&refer=%A5%BC%A5%DF%A5%ED%A5%B0%2F%C6%FC%A1%B9%A5%BC%A5%DF%2F%A5%D7%A5%ED%A5%B0%A5%E9%A5%E0%BD%B8%28%B6%CC%BE%EB%20%B3%A8%C8%FE%29&openfile=getM_p17_tnal.zip HTTP/1.1" 200 1610 "-" "Mozilla/5.0 (compatible; bingbot/2.0; +http://www.bing.com/bingbot.htm)"
66.249.76.52 - - [07/Apr/2013:12:49:51 +0900] "GET /ontolopedia/disp/word_show/324775 HTTP/1.1" 200 6949 "-" "Mozilla/5.0 (compatible; Googlebot/2.1; +http://www.google.com/bot.html)"
157.55.35.82 - - [07/Apr/2013:12:49:51 +0900] "GET /wiki/index.php?plugin=template&refer=Emi%2F%C2%B4%CF%C0%C6%FC%BB%EF%28%A5%BF%A5%DE%A5%AD%A5%A8%A5%DF%29%2F2005-07-04 HTTP/1.1" 200 7578 "-" "Mozilla/5.0 (compatible; bingbot/2.0; +http://www.bing.com/bingbot.htm)"
157.56.93.196 - - [07/Apr/2013:12:49:51 +0900] "GET /wiki/index.php?plugin=template&refer=Emi%2F%C2%B4%CF%C0%C6%FC%BB%EF%28%A5%BF%A5%DE%A5%AD%A5%A8%A5%DF%29%2F2005-08-25 HTTP/1.1" 200 7330 "-" "Mozilla/5.0 (compatible; bingbot/2.0; +http://www.bing.com/bingbot.htm)"
157.56.93.196 - - [07/Apr/2013:12:49:51 +0900] "GET /wiki/index.php?plugin=template&refer=Emi%2F%C2%B4%CF%C0%C6%FC%BB%EF%28%A5%BF%A5%DE%A5%AD%A5%A8%A5%DF%29%2F2005-09-05 HTTP/1.1" 200 7372 "-" "Mozilla/5.0 (compatible; bingbot/2.0; +http://www.bing.com/bingbot.htm)"
157.55.35.82 - - [07/Apr/2013:12:49:51 +0900] "GET /wiki/index.php?plugin=template&refer=Emi%2F%C2%B4%CF%C0%C6%FC%BB%EF%28%A5%BF%A5%DE%A5%AD%A5%A8%A5%DF%29%2F2005-07-15 HTTP/1.1" 200 7404 "-" "Mozilla/5.0 (compatible; bingbot/2.0; +http://www.bing.com/bingbot.htm)"
157.55.35.82 - - [07/Apr/2013:12:49:51 +0900] "GET /wiki/index.php?plugin=template&refer=Emi%2F%C2%B4%CF%C0%C6%FC%BB%EF%28%A5%BF%A5%DE%A5%AD%A5%A8%A5%DF%29%2F2005-08-11 HTTP/1.1" 200 7346 "-" "Mozilla/5.0 (compatible; bingbot/2.0; +http://www.bing.com/bingbot.htm)"
157.55.33.109 - - [07/Apr/2013:12:49:51 +0900] "GET /wiki/index.php?plugin=template&refer=Emi%2F%C2%B4%CF%C0%C6%FC%BB%EF%28%A5%BF%A5%DE%A5%AD%A5%A8%A5%DF%29%2F2005-04-25 HTTP/1.1" 200 7576 "-" "Mozilla/5.0 (compatible; bingbot/2.0; +http://www.bing.com/bingbot.htm)"
157.55.33.109 - - [07/Apr/2013:12:49:51 +0900] "GET /wiki/index.php?plugin=template&refer=Emi%2F%C2%B4%CF%C0%C6%FC%BB%EF%28%A5%BF%A5%DE%A5%AD%A5%A8%A5%DF%29%2F2005-05-13 HTTP/1.1" 200 7524 "-" "Mozilla/5.0 (compatible; bingbot/2.0; +http://www.bing.com/bingbot.htm)"
157.56.93.196 - - [07/Apr/2013:12:49:51 +0900] "GET /wiki/index.php?plugin=template&refer=Emi%2F%C2%B4%CF%C0%C6%FC%BB%EF%28%A5%BF%A5%DE%A5%AD%A5%A8%A5%DF%29%2F2005-10-11 HTTP/1.1" 200 7660 "-" "Mozilla/5.0 (compatible; bingbot/2.0; +http://www.bing.com/bingbot.htm)"
157.55.33.109 - - [07/Apr/2013:12:49:52 +0900] "GET /wiki/index.php?plugin=template&refer=Emi%2F%C2%B4%CF%C0%C6%FC%BB%EF%28%A5%BF%A5%DE%A5%AD%A5%A8%A5%DF%29%2F2005-05-21 HTTP/1.1" 200 7334 "-" "Mozilla/5.0 (compatible; bingbot/2.0; +http://www.bing.com/bingbot.htm)"
157.55.35.82 - - [07/Apr/2013:12:49:52 +0900] "GET /wiki/index.php?plugin=template&refer=Emi%2F%C2%B4%CF%C0%C6%FC%BB%EF%28%A5%BF%A5%DE%A5%AD%A5%A8%A5%DF%29%2F2005-08-22 HTTP/1.1" 200 7386 "-" "Mozilla/5.0 (compatible; bingbot/2.0; +http://www.bing.com/bingbot.htm)"
157.56.93.196 - - [07/Apr/2013:12:49:52 +0900] "GET /wiki/index.php?plugin=template&refer=Emi%2F%C2%B4%CF%C0%C6%FC%BB%EF%28%A5%BF%A5%DE%A5%AD%A5%A8%A5%DF%29%2F2005-10-17 HTTP/1.1" 200 7578 "-" "Mozilla/5.0 (compatible; bingbot/2.0; +http://www.bing.com/bingbot.htm)"
157.56.93.196 - - [07/Apr/2013:12:49:52 +0900] "GET /~info3/wiki/index.php?cmd=backup&action=source&page=%C8%E6%B2%C5%A1%F5%B6%CC%C6%E1%C7%C6%CD%A5%BA%EE%2F%BF%CA%C5%B8%CA%F3%B9%F0%2812%2F17%29&age=1 HTTP/1.1" 200 8739 "-" "Mozilla/5.0 (compatible; bingbot/2.0; +http://www.bing.com/bingbot.htm)"
157.55.35.82 - - [07/Apr/2013:12:49:52 +0900] "GET /wiki/index.php?plugin=template&refer=Emi%2F%C2%B4%CF%C0%C6%FC%BB%EF%28%A5%BF%A5%DE%A5%AD%A5%A8%A5%DF%29%2F2005-09-08 HTTP/1.1" 200 7704 "-" "Mozilla/5.0 (compatible; bingbot/2.0; +http://www.bing.com/bingbot.htm)"
157.55.35.82 - - [07/Apr/2013:12:49:52 +0900] "GET /wiki/index.php?plugin=template&refer=Emi%2F%C2%B4%CF%C0%C6%FC%BB%EF%28%A5%BF%A5%DE%A5%AD%A5%A8%A5%DF%29%2F2005-10-06 HTTP/1.1" 200 7404 "-" "Mozilla/5.0 (compatible; bingbot/2.0; +http://www.bing.com/bingbot.htm)"
157.56.93.196 - - [07/Apr/2013:12:49:52 +0900] "GET /~info3/wiki/index.php?cmd=backup&action=source&page=%CC%D2%C7%EE%BE%BC%A1%F5%C0%EE%CA%BF%BE%A1%C2%C0%2Flevel2&age=2 HTTP/1.1" 200 7988 "-" "Mozilla/5.0 (compatible; bingbot/2.0; +http://www.bing.com/bingbot.htm)"
157.55.33.109 - - [07/Apr/2013:12:49:52 +0900] "GET /wiki/index.php?plugin=template&refer=Emi%2F%C2%B4%CF%C0%C6%FC%BB%EF%28%A5%BF%A5%DE%A5%AD%A5%A8%A5%DF%29%2F2005-07-05 HTTP/1.1" 200 7926 "-" "Mozilla/5.0 (compatible; bingbot/2.0; +http://www.bing.com/bingbot.htm)"
157.55.33.109 - - [07/Apr/2013:12:49:52 +0900] "GET /wiki/index.php?plugin=template&refer=Emi%2F%C2%B4%CF%C0%C6%FC%BB%EF%28%A5%BF%A5%DE%A5%AD%A5%A8%A5%DF%29%2F2005-07-27 HTTP/1.1" 200 7350 "-" "Mozilla/5.0 (compatible; bingbot/2.0; +http://www.bing.com/bingbot.htm)"
157.55.33.109 - - [07/Apr/2013:12:49:53 +0900] "GET /wiki/index.php?plugin=template&refer=Emi%2F%C2%B4%CF%C0%C6%FC%BB%EF%28%A5%BF%A5%DE%A5%AD%A5%A8%A5%DF%29%2F2005-08-16 HTTP/1.1" 200 7484 "-" "Mozilla/5.0 (compatible; bingbot/2.0; +http://www.bing.com/bingbot.htm)"
157.55.35.82 - - [07/Apr/2013:12:49:53 +0900] "GET /~info3/wiki/index.php?cmd=backup&action=source&page=%C8%E6%B2%C5%A1%F5%B2%C5%CD%DB&age=3 HTTP/1.1" 200 5475 "-" "Mozilla/5.0 (compatible; bingbot/2.0; +http://www.bing.com/bingbot.htm)"
157.55.35.82 - - [07/Apr/2013:12:49:53 +0900] "GET /~info3/wiki/index.php?cmd=backup&action=source&page=%C8%E6%B2%C5%A1%F5%B6%CC%C6%E1%C7%C6%CD%A5%BA%EE%2FLevel5&age=2 HTTP/1.1" 200 7701 "-" "Mozilla/5.0 (compatible; bingbot/2.0; +http://www.bing.com/bingbot.htm)"
157.55.35.82 - - [07/Apr/2013:12:49:53 +0900] "GET /~info3/wiki/index.php?cmd=backup&action=source&page=%C8%E6%B2%C5%A1%F5%B6%CC%C6%E1%C7%C6%CD%A5%BA%EE%2F%BF%CA%C5%B8%CA%F3%B9%F0%2801%2F14%29&age=2 HTTP/1.1" 200 6946 "-" "Mozilla/5.0 (compatible; bingbot/2.0; +http://www.bing.com/bingbot.htm)"
157.56.93.196 - - [07/Apr/2013:12:49:53 +0900] "GET /~info3/wiki/index.php?cmd=backup&action=source&page=%CC%D2%C7%EE%BE%BC%A1%F5%C0%EE%CA%BF%BE%A1%C2%C0%2Flevel2&age=5 HTTP/1.1" 200 10436 "-" "Mozilla/5.0 (compatible; bingbot/2.0; +http://www.bing.com/bingbot.htm)"
157.56.93.196 - - [07/Apr/2013:12:49:53 +0900] "GET /~info3/wiki/index.php?cmd=backup&action=source&page=CVS%2F%B0%EC%CD%F7&age=51 HTTP/1.1" 200 24445 "-" "Mozilla/5.0 (compatible; bingbot/2.0; +http://www.bing.com/bingbot.htm)"
157.56.93.196 - - [07/Apr/2013:12:49:53 +0900] "GET /~info3/wiki/index.php?cmd=backup&action=source&page=Level4-7%20%B4%EB%B2%E8&age=6 HTTP/1.1" 200 11141 "-" "Mozilla/5.0 (compatible; bingbot/2.0; +http://www.bing.com/bingbot.htm)"
157.55.33.109 - - [07/Apr/2013:12:49:53 +0900] "GET /wiki/index.php?plugin=template&refer=Emi%2F%C2%B4%CF%C0%C6%FC%BB%EF%28%A5%BF%A5%DE%A5%AD%A5%A8%A5%DF%29%2F2005-09-02 HTTP/1.1" 200 7402 "-" "Mozilla/5.0 (compatible; bingbot/2.0; +http://www.bing.com/bingbot.htm)"
157.55.33.109 - - [07/Apr/2013:12:49:53 +0900] "GET /wiki/index.php?plugin=template&refer=Emi%2F%C2%B4%CF%C0%C6%FC%BB%EF%28%A5%BF%A5%DE%A5%AD%A5%A8%A5%DF%29%2F2005-08-24 HTTP/1.1" 200 7342 "-" "Mozilla/5.0 (compatible; bingbot/2.0; +http://www.bing.com/bingbot.htm)"
66.249.76.52 - - [07/Apr/2013:12:49:53 +0900] "GET /ontolopedia/disp/word_show/144843 HTTP/1.1" 200 7201 "-" "Mozilla/5.0 (compatible; Googlebot/2.1; +http://www.google.com/bot.html)"
202.180.34.186 - - [07/Apr/2013:12:49:54 +0900] "GET /ontolopedia/disp/word_show/201162 HTTP/1.1" 200 4189 "-" "ICC-Crawler/2.0 (Mozilla-compatible; ; http://kc.nict.go.jp/project1/crawl.html)"
157.55.33.109 - - [07/Apr/2013:12:49:54 +0900] "GET /wiki/index.php?plugin=template&refer=Emi%2F%C2%B4%CF%C0%C6%FC%BB%EF%28%A5%BF%A5%DE%A5%AD%A5%A8%A5%DF%29%2F2005-09-09 HTTP/1.1" 200 7756 "-" "Mozilla/5.0 (compatible; bingbot/2.0; +http://www.bing.com/bingbot.htm)"
157.55.35.82 - - [07/Apr/2013:12:49:54 +0900] "GET /~info3/wiki/index.php?cmd=backup&action=source&page=%CC%D2%C7%EE%BE%BC%A1%F5%C0%EE%CA%BF%BE%A1%C2%C0%2Flevel2&age=4 HTTP/1.1" 200 8476 "-" "Mozilla/5.0 (compatible; bingbot/2.0; +http://www.bing.com/bingbot.htm)"
157.55.35.82 - - [07/Apr/2013:12:49:54 +0900] "GET /~info3/wiki/index.php?cmd=backup&action=source&page=2006%2Finfo3%2F%B5%C4%BB%F6%CF%BF&age=2 HTTP/1.1" 200 6773 "-" "Mozilla/5.0 (compatible; bingbot/2.0; +http://www.bing.com/bingbot.htm)"
157.55.35.82 - - [07/Apr/2013:12:49:54 +0900] "GET /~info3/wiki/index.php?cmd=backup&action=source&page=2006%2Finfo3%2F%B5%C4%BB%F6%CF%BF&age=8 HTTP/1.1" 200 6912 "-" "Mozilla/5.0 (compatible; bingbot/2.0; +http://www.bing.com/bingbot.htm)"
157.55.33.109 - - [07/Apr/2013:12:49:54 +0900] "GET /wiki/index.php?plugin=template&refer=Emi%2F%C2%B4%CF%C0%C6%FC%BB%EF%28%A5%BF%A5%DE%A5%AD%A5%A8%A5%DF%29%2F2005-09-21 HTTP/1.1" 200 7578 "-" "Mozilla/5.0 (compatible; bingbot/2.0; +http://www.bing.com/bingbot.htm)"
157.55.33.109 - - [07/Apr/2013:12:49:54 +0900] "GET /~info3/wiki/index.php?cmd=backup&action=source&page=%C8%E6%B2%C5%A1%F5%B6%CC%C6%E1%C7%C6%CD%A5%BA%EE%2F%BF%CA%C5%B8%CA%F3%B9%F0%2801%2F14%29&age=3 HTTP/1.1" 200 7499 "-" "Mozilla/5.0 (compatible; bingbot/2.0; +http://www.bing.com/bingbot.htm)"
157.56.93.196 - - [07/Apr/2013:12:49:55 +0900] "GET /~info3/wiki/index.php?cmd=backup&page=%B1%A6%BB%B3%A1%F5%BA%D8%C6%A3&age=7&action=source HTTP/1.1" 200 6309 "-" "Mozilla/5.0 (compatible; bingbot/2.0; +http://www.bing.com/bingbot.htm)"
157.56.93.196 - - [07/Apr/2013:12:49:54 +0900] "GET /~info3/wiki/index.php?cmd=backup&page=%A1%A6Level3&age=1&action=diff HTTP/1.1" 200 5803 "-" "Mozilla/5.0 (compatible; bingbot/2.0; +http://www.bing.com/bingbot.htm)"
157.56.93.196 - - [07/Apr/2013:12:49:55 +0900] "GET /~info3/wiki/index.php?cmd=backup&page=%B2%C5%CD%DB%CD%B5%B9%E1&age=2&action=source HTTP/1.1" 200 5239 "-" "Mozilla/5.0 (compatible; bingbot/2.0; +http://www.bing.com/bingbot.htm)"
157.55.32.76 - - [07/Apr/2013:12:49:56 +0900] "GET /note/note_detail/1405 HTTP/1.1" 301 - "-" "Mozilla/5.0 (compatible; bingbot/2.0; +http://www.bing.com/bingbot.htm)"
157.55.32.76 - - [07/Apr/2013:12:49:56 +0900] "GET /note/note_detail/1431 HTTP/1.1" 301 - "-" "Mozilla/5.0 (compatible; bingbot/2.0; +http://www.bing.com/bingbot.htm)"
157.55.35.82 - - [07/Apr/2013:12:49:56 +0900] "GET /~info3/wiki/index.php?cmd=backup&action=source&page=2006%2Finfo3%2F%B5%C4%BB%F6%CF%BF&age=9 HTTP/1.1" 200 6938 "-" "Mozilla/5.0 (compatible; bingbot/2.0; +http://www.bing.com/bingbot.htm)"
157.55.35.82 - - [07/Apr/2013:12:49:56 +0900] "GET /~info3/wiki/index.php?cmd=backup&action=source&page=2008%2Finfo4%2F%BF%B7%CE%A4%A1%F5%C3%A8%BB%B3%C8%C9%2Fmemo&age=4 HTTP/1.1" 200 7479 "-" "Mozilla/5.0 (compatible; bingbot/2.0; +http://www.bing.com/bingbot.htm)"
157.55.32.61 - - [07/Apr/2013:12:49:57 +0900] "GET /note/note_detail/1427 HTTP/1.1" 301 - "-" "Mozilla/5.0 (compatible; bingbot/2.0; +http://www.bing.com/bingbot.htm)"
157.55.32.61 - - [07/Apr/2013:12:49:57 +0900] "GET /note/note_detail/1447 HTTP/1.1" 301 - "-" "Mozilla/5.0 (compatible; bingbot/2.0; +http://www.bing.com/bingbot.htm)"
66.249.76.52 - - [07/Apr/2013:12:49:57 +0900] "GET /ontolopedia/disp/word_show/486252 HTTP/1.1" 200 5885 "-" "Mozilla/5.0 (compatible; Googlebot/2.1; +http://www.google.com/bot.html)"
157.55.32.76 - - [07/Apr/2013:12:49:57 +0900] "GET /note/note_detail/1462 HTTP/1.1" 301 - "-" "Mozilla/5.0 (compatible; bingbot/2.0; +http://www.bing.com/bingbot.htm)"
157.55.32.76 - - [07/Apr/2013:12:49:57 +0900] "GET /note/note_detail/1503 HTTP/1.1" 301 - "-" "Mozilla/5.0 (compatible; bingbot/2.0; +http://www.bing.com/bingbot.htm)"
157.56.93.196 - - [07/Apr/2013:12:49:57 +0900] "GET /~info3/wiki/index.php?cmd=backup&page=%C0%C4%CC%DA%BB%CB%CE%D3%A1%F5%C2%C0%C5%C4%CD%DB%CD%B4&age=6&action=source HTTP/1.1" 200 7042 "-" "Mozilla/5.0 (compatible; bingbot/2.0; +http://www.bing.com/bingbot.htm)"
157.56.93.196 - - [07/Apr/2013:12:49:57 +0900] "GET /~info3/wiki/index.php?cmd=backup&page=%C0%C4%CC%DA%BB%CB%CE%D3%A1%F5%C2%C0%C5%C4%CD%DB%CD%B4&age=3 HTTP/1.1" 200 6782 "-" "Mozilla/5.0 (compatible; bingbot/2.0; +http://www.bing.com/bingbot.htm)"
157.55.35.82 - - [07/Apr/2013:12:49:58 +0900] "GET /~info3/wiki/index.php?cmd=backup&action=source&page=2009%2Finfo3%2F%E1%C4%B4%D6%B7%BC%B2%F0%2FLevel1&age=2 HTTP/1.1" 200 6567 "-" "Mozilla/5.0 (compatible; bingbot/2.0; +http://www.bing.com/bingbot.htm)"
157.55.35.82 - - [07/Apr/2013:12:49:58 +0900] "GET /~info3/wiki/index.php?cmd=backup&page=%3ARenameLog&age=1 HTTP/1.1" 200 6326 "-" "Mozilla/5.0 (compatible; bingbot/2.0; +http://www.bing.com/bingbot.htm)"
157.55.32.61 - - [07/Apr/2013:12:49:58 +0900] "GET /note/note_detail/1456 HTTP/1.1" 301 - "-" "Mozilla/5.0 (compatible; bingbot/2.0; +http://www.bing.com/bingbot.htm)"
157.55.32.61 - - [07/Apr/2013:12:49:58 +0900] "GET /note/note_detail/1492 HTTP/1.1" 301 - "-" "Mozilla/5.0 (compatible; bingbot/2.0; +http://www.bing.com/bingbot.htm)"
157.56.93.196 - - [07/Apr/2013:12:49:58 +0900] "GET /~info3/wiki/index.php?cmd=backup&page=%C0%C6%C6%A3%CD%B3%CD%F8%B3%A8&age=1 HTTP/1.1" 200 5320 "-" "Mozilla/5.0 (compatible; bingbot/2.0; +http://www.bing.com/bingbot.htm)"
157.56.93.196 - - [07/Apr/2013:12:49:58 +0900] "GET /~info3/wiki/index.php?cmd=backup&page=%C2%E7%B5%D7%CA%DD%CD%A4%BC%F9%A1%F5%C3%AB%C0%AE%20%CD%BA&age=13 HTTP/1.1" 200 10785 "-" "Mozilla/5.0 (compatible; bingbot/2.0; +http://www.bing.com/bingbot.htm)"
157.55.32.76 - - [07/Apr/2013:12:49:59 +0900] "GET /note/note_detail/1593 HTTP/1.1" 301 - "-" "Mozilla/5.0 (compatible; bingbot/2.0; +http://www.bing.com/bingbot.htm)"
157.56.93.71 - - [07/Apr/2013:12:49:59 +0900] "GET /note/note_detail/1402 HTTP/1.1" 301 - "-" "Mozilla/5.0 (compatible; bingbot/2.0; +http://www.bing.com/bingbot.htm)"
157.55.32.76 - - [07/Apr/2013:12:49:59 +0900] "GET /note/note_detail/1956 HTTP/1.1" 301 - "-" "Mozilla/5.0 (compatible; bingbot/2.0; +http://www.bing.com/bingbot.htm)"
157.56.93.71 - - [07/Apr/2013:12:49:59 +0900] "GET /note/note_detail/1409 HTTP/1.1" 301 - "-" "Mozilla/5.0 (compatible; bingbot/2.0; +http://www.bing.com/bingbot.htm)"
157.55.32.61 - - [07/Apr/2013:12:49:59 +0900] "GET /note/note_detail/1512 HTTP/1.1" 301 - "-" "Mozilla/5.0 (compatible; bingbot/2.0; +http://www.bing.com/bingbot.htm)"
157.55.32.61 - - [07/Apr/2013:12:49:59 +0900] "GET /note/note_detail/1562 HTTP/1.1" 301 - "-" "Mozilla/5.0 (compatible; bingbot/2.0; +http://www.bing.com/bingbot.htm)"
157.55.35.82 - - [07/Apr/2013:12:49:59 +0900] "GET /~info3/wiki/index.php?cmd=backup&page=%B1%A6%BB%B3%A1%F5%BA%D8%C6%A3&age=5&action=nowdiff HTTP/1.1" 200 6621 "-" "Mozilla/5.0 (compatible; bingbot/2.0; +http://www.bing.com/bingbot.htm)"
157.55.35.82 - - [07/Apr/2013:12:49:59 +0900] "GET /~info3/wiki/index.php?cmd=backup&page=%A1%A6Level3&age=1 HTTP/1.1" 200 5856 "-" "Mozilla/5.0 (compatible; bingbot/2.0; +http://www.bing.com/bingbot.htm)"
202.180.34.186 - - [07/Apr/2013:12:49:59 +0900] "GET /ontolopedia/disp/word_show/105945 HTTP/1.1" 200 6265 "-" "ICC-Crawler/2.0 (Mozilla-compatible; ; http://kc.nict.go.jp/project1/crawl.html)"
157.56.93.196 - - [07/Apr/2013:12:49:59 +0900] "GET /~info3/wiki/index.php?cmd=backup&page=%C2%E7%B5%D7%CA%DD%CD%A4%BC%F9%A1%F5%C3%AB%C0%AE%20%CD%BA&age=15&action=diff HTTP/1.1" 200 9180 "-" "Mozilla/5.0 (compatible; bingbot/2.0; +http://www.bing.com/bingbot.htm)"
157.56.93.196 - - [07/Apr/2013:12:49:59 +0900] "GET /~info3/wiki/index.php?cmd=backup&page=CVS%2F%B0%EC%CD%F7&age=54&action=nowdiff HTTP/1.1" 200 28018 "-" "Mozilla/5.0 (compatible; bingbot/2.0; +http://www.bing.com/bingbot.htm)"
157.55.32.61 - - [07/Apr/2013:12:50:00 +0900] "GET /note/note_detail/1565 HTTP/1.1" 301 - "-" "Mozilla/5.0 (compatible; bingbot/2.0; +http://www.bing.com/bingbot.htm)"
157.55.32.61 - - [07/Apr/2013:12:50:00 +0900] "GET /note/note_detail/1574 HTTP/1.1" 301 - "-" "Mozilla/5.0 (compatible; bingbot/2.0; +http://www.bing.com/bingbot.htm)"
157.55.35.82 - - [07/Apr/2013:12:50:00 +0900] "GET /~info3/wiki/index.php?cmd=backup&page=%B1%A6%BB%B3%A1%F5%BA%D8%C6%A3&age=5&action=source HTTP/1.1" 200 6272 "-" "Mozilla/5.0 (compatible; bingbot/2.0; +http://www.bing.com/bingbot.htm)"
157.55.35.82 - - [07/Apr/2013:12:50:00 +0900] "GET /~info3/wiki/index.php?cmd=backup&page=%B1%A6%BB%B3%A1%F5%BA%D8%C6%A3&age=6&action=diff HTTP/1.1" 200 6492 "-" "Mozilla/5.0 (compatible; bingbot/2.0; +http://www.bing.com/bingbot.htm)"
157.56.93.71 - - [07/Apr/2013:12:50:00 +0900] "GET /note/note_detail/1412 HTTP/1.1" 301 - "-" "Mozilla/5.0 (compatible; bingbot/2.0; +http://www.bing.com/bingbot.htm)"
157.56.93.71 - - [07/Apr/2013:12:50:00 +0900] "GET /note/note_detail/142 HTTP/1.1" 301 - "-" "Mozilla/5.0 (compatible; bingbot/2.0; +http://www.bing.com/bingbot.htm)"
157.56.93.196 - - [07/Apr/2013:12:50:00 +0900] "GET /~info3/wiki/index.php?cmd=backup&page=Jezzsfjn HTTP/1.1" 200 4377 "-" "Mozilla/5.0 (compatible; bingbot/2.0; +http://www.bing.com/bingbot.htm)"
157.56.93.196 - - [07/Apr/2013:12:50:01 +0900] "GET /~info3/wiki/index.php?cmd=backup&page=Level%200&age=3&action=nowdiff HTTP/1.1" 200 13954 "-" "Mozilla/5.0 (compatible; bingbot/2.0; +http://www.bing.com/bingbot.htm)"
157.55.32.61 - - [07/Apr/2013:12:50:01 +0900] "GET /note/note_detail/1575 HTTP/1.1" 301 - "-" "Mozilla/5.0 (compatible; bingbot/2.0; +http://www.bing.com/bingbot.htm)"
157.55.32.61 - - [07/Apr/2013:12:50:01 +0900] "GET /note/note_detail/1632 HTTP/1.1" 301 - "-" "Mozilla/5.0 (compatible; bingbot/2.0; +http://www.bing.com/bingbot.htm)"
157.55.35.82 - - [07/Apr/2013:12:50:01 +0900] "GET /~info3/wiki/index.php?cmd=backup&page=%B2%C5%CD%DB%CD%B5%B9%E1&age=2&action=diff HTTP/1.1" 200 5707 "-" "Mozilla/5.0 (compatible; bingbot/2.0; +http://www.bing.com/bingbot.htm)"
157.55.35.82 - - [07/Apr/2013:12:50:01 +0900] "GET /~info3/wiki/index.php?cmd=backup&page=%B2%C5%CD%DB%CD%B5%B9%E1&age=2 HTTP/1.1" 200 5756 "-" "Mozilla/5.0 (compatible; bingbot/2.0; +http://www.bing.com/bingbot.htm)"
157.56.93.71 - - [07/Apr/2013:12:50:01 +0900] "GET /note/note_detail/1437 HTTP/1.1" 301 - "-" "Mozilla/5.0 (compatible; bingbot/2.0; +http://www.bing.com/bingbot.htm)"
157.56.93.71 - - [07/Apr/2013:12:50:01 +0900] "GET /note/note_detail/1450 HTTP/1.1" 301 - "-" "Mozilla/5.0 (compatible; bingbot/2.0; +http://www.bing.com/bingbot.htm)"
157.56.93.196 - - [07/Apr/2013:12:50:01 +0900] "GET /~info3/wiki/index.php?cmd=backup&page=Level%201&age=2 HTTP/1.1" 200 6208 "-" "Mozilla/5.0 (compatible; bingbot/2.0; +http://www.bing.com/bingbot.htm)"
157.55.32.61 - - [07/Apr/2013:12:50:02 +0900] "GET /note/note_detail/1724 HTTP/1.1" 301 - "-" "Mozilla/5.0 (compatible; bingbot/2.0; +http://www.bing.com/bingbot.htm)"
157.56.93.196 - - [07/Apr/2013:12:50:02 +0900] "GET /~info3/wiki/index.php?plugin=related&page=MythWeb HTTP/1.1" 200 6330 "-" "Mozilla/5.0 (compatible; bingbot/2.0; +http://www.bing.com/bingbot.htm)"
157.55.35.82 - - [07/Apr/2013:12:50:02 +0900] "GET /~info3/wiki/index.php?cmd=backup&page=%C0%BE%C5%E7%CB%DC%BD%E3&age=5&action=nowdiff HTTP/1.1" 200 6310 "-" "Mozilla/5.0 (compatible; bingbot/2.0; +http://www.bing.com/bingbot.htm)"
157.55.35.82 - - [07/Apr/2013:12:50:02 +0900] "GET /~info3/wiki/index.php?cmd=backup&page=%C0%BE%C5%E7%CB%DC%BD%E3&age=6 HTTP/1.1" 200 7310 "-" "Mozilla/5.0 (compatible; bingbot/2.0; +http://www.bing.com/bingbot.htm)"
157.55.32.61 - - [07/Apr/2013:12:50:02 +0900] "GET /note/note_detail/187 HTTP/1.1" 301 - "-" "Mozilla/5.0 (compatible; bingbot/2.0; +http://www.bing.com/bingbot.htm)"
157.56.93.71 - - [07/Apr/2013:12:50:02 +0900] "GET /note/note_detail/1451 HTTP/1.1" 301 - "-" "Mozilla/5.0 (compatible; bingbot/2.0; +http://www.bing.com/bingbot.htm)"
157.56.93.71 - - [07/Apr/2013:12:50:02 +0900] "GET /note/note_detail/1519 HTTP/1.1" 301 - "-" "Mozilla/5.0 (compatible; bingbot/2.0; +http://www.bing.com/bingbot.htm)"
157.55.32.61 - - [07/Apr/2013:12:50:03 +0900] "GET /note/note_detail/190 HTTP/1.1" 301 - "-" "Mozilla/5.0 (compatible; bingbot/2.0; +http://www.bing.com/bingbot.htm)"
157.56.93.196 - - [07/Apr/2013:12:50:03 +0900] "GET /~info3/wiki/index.php?plugin=related&page=PukiWiki%2F1.4%2FManual%2FPlugin%2FV-Z HTTP/1.1" 200 6680 "-" "Mozilla/5.0 (compatible; bingbot/2.0; +http://www.bing.com/bingbot.htm)"
157.56.93.196 - - [07/Apr/2013:12:50:03 +0900] "GET /~info3/wiki/index.php?plugin=related&page=Qpkihnce HTTP/1.1" 200 6104 "-" "Mozilla/5.0 (compatible; bingbot/2.0; +http://www.bing.com/bingbot.htm)"
66.249.76.52 - - [07/Apr/2013:12:50:03 +0900] "GET /ontolopedia/disp/word_show/434323 HTTP/1.1" 200 4157 "-" "Mozilla/5.0 (compatible; Googlebot/2.1; +http://www.google.com/bot.html)"
157.55.35.82 - - [07/Apr/2013:12:50:03 +0900] "GET /~info3/wiki/index.php?cmd=backup&page=%C0%C4%CC%DA%BB%CB%CE%D3%A1%F5%C2%C0%C5%C4%CD%DB%CD%B4&age=2 HTTP/1.1" 200 6744 "-" "Mozilla/5.0 (compatible; bingbot/2.0; +http://www.bing.com/bingbot.htm)"
157.55.35.82 - - [07/Apr/2013:12:50:03 +0900] "GET /~info3/wiki/index.php?cmd=backup&page=%C0%C4%CC%DA%BB%CB%CE%D3%A1%F5%C2%C0%C5%C4%CD%DB%CD%B4&age=3&action=source HTTP/1.1" 200 6630 "-" "Mozilla/5.0 (compatible; bingbot/2.0; +http://www.bing.com/bingbot.htm)"
157.56.93.71 - - [07/Apr/2013:12:50:03 +0900] "GET /note/note_detail/152 HTTP/1.1" 301 - "-" "Mozilla/5.0 (compatible; bingbot/2.0; +http://www.bing.com/bingbot.htm)"
157.56.93.71 - - [07/Apr/2013:12:50:03 +0900] "GET /note/note_detail/153 HTTP/1.1" 301 - "-" "Mozilla/5.0 (compatible; bingbot/2.0; +http://www.bing.com/bingbot.htm)"
157.55.32.61 - - [07/Apr/2013:12:50:03 +0900] "GET /note/note_detail/1950 HTTP/1.1" 301 - "-" "Mozilla/5.0 (compatible; bingbot/2.0; +http://www.bing.com/bingbot.htm)"
157.55.32.61 - - [07/Apr/2013:12:50:04 +0900] "GET /note/note_detail/1957 HTTP/1.1" 301 - "-" "Mozilla/5.0 (compatible; bingbot/2.0; +http://www.bing.com/bingbot.htm)"
157.55.35.82 - - [07/Apr/2013:12:50:04 +0900] "GET /~info3/wiki/index.php?cmd=backup&page=%C0%C4%CC%DA%BB%CB%CE%D3%A1%F5%C2%C0%C5%C4%CD%DB%CD%B4&age=5 HTTP/1.1" 200 7110 "-" "Mozilla/5.0 (compatible; bingbot/2.0; +http://www.bing.com/bingbot.htm)"
157.55.35.82 - - [07/Apr/2013:12:50:04 +0900] "GET /~info3/wiki/index.php?cmd=backup&page=%C0%C6%C6%A3%CD%B3%CD%F8%B3%A8&age=2&action=nowdiff HTTP/1.1" 200 5583 "-" "Mozilla/5.0 (compatible; bingbot/2.0; +http://www.bing.com/bingbot.htm)"
157.56.93.196 - - [07/Apr/2013:12:50:04 +0900] "GET /~info3/wiki/index.php?plugin=related&page=info3%20wiki%2F%B6%CC%BE%EB%20%BD%CA%B5%AA HTTP/1.1" 200 6801 "-" "Mozilla/5.0 (compatible; bingbot/2.0; +http://www.bing.com/bingbot.htm)"
157.56.93.196 - - [07/Apr/2013:12:50:04 +0900] "GET /~info3/wiki/index.php?plugin=related&page=info3%20wiki%2F%C2%E7%BE%EB%A1%F5%B5%C8%B1%CA%C8%C9%2FLevel6%20%C2%E7%BE%EB%A1%F5%B5%C8%B1%CA HTTP/1.1" 200 7731 "-" "Mozilla/5.0 (compatible; bingbot/2.0; +http://www.bing.com/bingbot.htm)"
157.55.32.76 - - [07/Apr/2013:12:50:00 +0900] "GET /wiki/index.php?cmd=backup&action=&page=%A5%BC%A5%DF%A5%ED%A5%B0%2F%C2%E828%B2%F3%2F%C3%E6%B4%D6%C8%AF%C9%BD%B8%B6%B9%C63%28%B6%CC%BE%EB%B3%A8%C8%FE%29&age=50 HTTP/1.1" 200 1170848 "-" "Mozilla/5.0 (compatible; bingbot/2.0; +http://www.bing.com/bingbot.htm)"
157.55.32.76 - - [07/Apr/2013:12:50:00 +0900] "GET /wiki/index.php?cmd=backup&action=&page=%A5%BC%A5%DF%A5%ED%A5%B0%2F%C2%E828%B2%F3%2F%C3%E6%B4%D6%C8%AF%C9%BD%B8%B6%B9%C63%28%B6%CC%BE%EB%B3%A8%C8%FE%29&age=63 HTTP/1.1" 200 1312466 "-" "Mozilla/5.0 (compatible; bingbot/2.0; +http://www.bing.com/bingbot.htm)"
157.56.93.71 - - [07/Apr/2013:12:50:05 +0900] "GET /note/note_detail/158 HTTP/1.1" 301 - "-" "Mozilla/5.0 (compatible; bingbot/2.0; +http://www.bing.com/bingbot.htm)"
202.180.34.186 - - [07/Apr/2013:12:50:05 +0900] "GET /ontolopedia/disp/word_show/45324 HTTP/1.1" 200 6916 "-" "ICC-Crawler/2.0 (Mozilla-compatible; ; http://kc.nict.go.jp/project1/crawl.html)"
157.56.93.71 - - [07/Apr/2013:12:50:05 +0900] "GET /note/note_detail/1588 HTTP/1.1" 301 - "-" "Mozilla/5.0 (compatible; bingbot/2.0; +http://www.bing.com/bingbot.htm)"
157.55.35.82 - - [07/Apr/2013:12:50:05 +0900] "GET /~info3/wiki/index.php?cmd=backup&page=%C2%E7%B5%D7%CA%DD%CD%A4%BC%F9%A1%F5%C3%AB%C0%AE%20%CD%BA&age=12&action=source HTTP/1.1" 200 8921 "-" "Mozilla/5.0 (compatible; bingbot/2.0; +http://www.bing.com/bingbot.htm)"
157.56.93.196 - - [07/Apr/2013:12:50:05 +0900] "GET /~info3/wiki/index.php?plugin=related&page=uporn HTTP/1.1" 200 6044 "-" "Mozilla/5.0 (compatible; bingbot/2.0; +http://www.bing.com/bingbot.htm)"
157.55.35.82 - - [07/Apr/2013:12:50:05 +0900] "GET /~info3/wiki/index.php?cmd=backup&page=%C2%E7%B5%D7%CA%DD%CD%A4%BC%F9%A1%F5%C3%AB%C0%AE%20%CD%BA%2Flevel0&age=1&action=nowdiff HTTP/1.1" 200 17542 "-" "Mozilla/5.0 (compatible; bingbot/2.0; +http://www.bing.com/bingbot.htm)"
157.56.93.196 - - [07/Apr/2013:12:50:05 +0900] "GET /~info3/wiki/index.php?plugin=related&page=memo%2F2005-05-02 HTTP/1.1" 200 6278 "-" "Mozilla/5.0 (compatible; bingbot/2.0; +http://www.bing.com/bingbot.htm)"
157.56.93.71 - - [07/Apr/2013:12:50:06 +0900] "GET /note/note_detail/1589 HTTP/1.1" 301 - "-" "Mozilla/5.0 (compatible; bingbot/2.0; +http://www.bing.com/bingbot.htm)"
157.56.93.71 - - [07/Apr/2013:12:50:06 +0900] "GET /note/note_detail/16 HTTP/1.1" 301 - "-" "Mozilla/5.0 (compatible; bingbot/2.0; +http://www.bing.com/bingbot.htm)"
157.56.93.196 - - [07/Apr/2013:12:50:06 +0900] "GET /~info3/wiki/index.php?plugin=rename&refer=%A1%A6Level2 HTTP/1.1" 200 4478 "-" "Mozilla/5.0 (compatible; bingbot/2.0; +http://www.bing.com/bingbot.htm)"
157.56.93.196 - - [07/Apr/2013:12:50:06 +0900] "GET /~info3/wiki/index.php?plugin=rename&refer=%B4%E4%B8%B5%B8%AC%C2%C0%A1%F5%C0%BE%C5%E7%CB%DC%BD%E3%2F%C8%AF%C9%BD HTTP/1.1" 200 4594 "-" "Mozilla/5.0 (compatible; bingbot/2.0; +http://www.bing.com/bingbot.htm)"
157.55.35.82 - - [07/Apr/2013:12:50:06 +0900] "GET /~info3/wiki/index.php?cmd=backup&page=%C2%E7%B5%D7%CA%DD%CD%A4%BC%F9%A1%F5%C3%AB%C0%AE%20%CD%BA&age=13&action=diff HTTP/1.1" 200 9128 "-" "Mozilla/5.0 (compatible; bingbot/2.0; +http://www.bing.com/bingbot.htm)"
157.55.35.82 - - [07/Apr/2013:12:50:06 +0900] "GET /~info3/wiki/index.php?cmd=backup&page=Kklwolra HTTP/1.1" 200 4377 "-" "Mozilla/5.0 (compatible; bingbot/2.0; +http://www.bing.com/bingbot.htm)"
157.56.93.71 - - [07/Apr/2013:12:50:07 +0900] "GET /note/note_detail/160 HTTP/1.1" 301 - "-" "Mozilla/5.0 (compatible; bingbot/2.0; +http://www.bing.com/bingbot.htm)"
157.56.93.71 - - [07/Apr/2013:12:50:07 +0900] "GET /note/note_detail/1623 HTTP/1.1" 301 - "-" "Mozilla/5.0 (compatible; bingbot/2.0; +http://www.bing.com/bingbot.htm)"
157.56.93.196 - - [07/Apr/2013:12:50:07 +0900] "GET /~info3/wiki/index.php?plugin=rename&refer=%B4%E4%B8%B5%B8%AC%C2%C0%A1%F5%C0%BE%C5%E7%CB%DC%BD%E3%2FLevel3 HTTP/1.1" 200 4596 "-" "Mozilla/5.0 (compatible; bingbot/2.0; +http://www.bing.com/bingbot.htm)"
157.56.93.196 - - [07/Apr/2013:12:50:07 +0900] "GET /~info3/wiki/index.php?plugin=rename&refer=%B5%DC%BE%EB%A1%F5%CB%DC%C2%BC%C8%C9%2FLevel4-1 HTTP/1.1" 200 4565 "-" "Mozilla/5.0 (compatible; bingbot/2.0; +http://www.bing.com/bingbot.htm)"
157.55.35.82 - - [07/Apr/2013:12:50:07 +0900] "GET /~info3/wiki/index.php?cmd=backup&page=Level%200&age=1&action=diff HTTP/1.1" 200 7713 "-" "Mozilla/5.0 (compatible; bingbot/2.0; +http://www.bing.com/bingbot.htm)"
157.55.35.82 - - [07/Apr/2013:12:50:07 +0900] "GET /~info3/wiki/index.php?cmd=backup&page=Level%200&age=1&action=nowdiff HTTP/1.1" 200 18529 "-" "Mozilla/5.0 (compatible; bingbot/2.0; +http://www.bing.com/bingbot.htm)"
157.56.93.196 - - [07/Apr/2013:12:50:08 +0900] "GET /~info3/wiki/index.php?plugin=rename&refer=%B6%E2%BE%EB%A1%F5%C5%E7%B8%B6%C8%C9%2Flevel3 HTTP/1.1" 200 4555 "-" "Mozilla/5.0 (compatible; bingbot/2.0; +http://www.bing.com/bingbot.htm)"
157.56.93.196 - - [07/Apr/2013:12:50:08 +0900] "GET /~info3/wiki/index.php?plugin=rename&refer=%BD%C5%BF%AE%C2%F6%BF%CD%A1%F5%B5%DC%CE%A4%CD%A7%C8%FELevel4-1 HTTP/1.1" 200 47623 "-" "Mozilla/5.0 (compatible; bingbot/2.0; +http://www.bing.com/bingbot.htm)"
157.55.35.82 - - [07/Apr/2013:12:50:08 +0900] "GET /~info3/wiki/index.php?plugin=related&page=2012%2Finfo4%2F%B8%C5%C7%C8%C1%D2%C0%B5%CE%B4%2C%C2%E7%BE%EB%C4%AB%C6%BB%20%2FLevel-0 HTTP/1.1" 200 7506 "-" "Mozilla/5.0 (compatible; bingbot/2.0; +http://www.bing.com/bingbot.htm)"
157.55.35.82 - - [07/Apr/2013:12:50:08 +0900] "GET /~info3/wiki/index.php?plugin=related&page=6%2F4%B8%BD%BA%DF%A4%CE%CA%AC HTTP/1.1" 200 6568 "-" "Mozilla/5.0 (compatible; bingbot/2.0; +http://www.bing.com/bingbot.htm)"
157.55.35.82 - - [07/Apr/2013:12:50:09 +0900] "GET /~info3/wiki/index.php?plugin=related&page=A%BA%EE HTTP/1.1" 200 6204 "-" "Mozilla/5.0 (compatible; bingbot/2.0; +http://www.bing.com/bingbot.htm)"
157.55.35.82 - - [07/Apr/2013:12:50:09 +0900] "GET /~info3/wiki/index.php?plugin=related&page=Jezzsfjn HTTP/1.1" 200 6104 "-" "Mozilla/5.0 (compatible; bingbot/2.0; +http://www.bing.com/bingbot.htm)"
157.55.32.61 - - [07/Apr/2013:12:50:04 +0900] "GET /wiki/index.php?cmd=backup&action=&page=%A5%BC%A5%DF%A5%ED%A5%B0%2F%C2%E828%B2%F3%2F%C3%E6%B4%D6%C8%AF%C9%BD%B8%B6%B9%C63%28%B6%CC%BE%EB%B3%A8%C8%FE%29&age=37 HTTP/1.1" 200 1111574 "-" "Mozilla/5.0 (compatible; bingbot/2.0; +http://www.bing.com/bingbot.htm)"
66.249.76.52 - - [07/Apr/2013:12:50:09 +0900] "GET /ontolopedia/disp/word_show/157107 HTTP/1.1" 200 4235 "-" "Mozilla/5.0 (compatible; Googlebot/2.1; +http://www.google.com/bot.html)"
157.56.93.196 - - [07/Apr/2013:12:50:09 +0900] "GET /~info3/wiki/index.php?plugin=rename&refer=%C0%C4%CC%DA%BB%CB%CE%D3%A1%F5%C2%C0%C5%C4%CD%DB%CD%B4%2FLevel0 HTTP/1.1" 200 4596 "-" "Mozilla/5.0 (compatible; bingbot/2.0; +http://www.bing.com/bingbot.htm)"
157.56.93.196 - - [07/Apr/2013:12:50:09 +0900] "GET /~info3/wiki/index.php?plugin=rename&refer=%C2%E7%B5%D7%CA%DD%CD%A4%BC%F9%A1%F5%C3%AB%C0%AE%20%CD%BA%2Flevel7 HTTP/1.1" 200 4604 "-" "Mozilla/5.0 (compatible; bingbot/2.0; +http://www.bing.com/bingbot.htm)"
157.55.32.61 - - [07/Apr/2013:12:50:05 +0900] "GET /wiki/index.php?cmd=backup&action=&page=%A5%BC%A5%DF%A5%ED%A5%B0%2F%C2%E828%B2%F3%2F%C3%E6%B4%D6%C8%AF%C9%BD%B8%B6%B9%C63%28%B6%CC%BE%EB%B3%A8%C8%FE%29&age=40 HTTP/1.1" 200 1131295 "-" "Mozilla/5.0 (compatible; bingbot/2.0; +http://www.bing.com/bingbot.htm)"
157.55.32.76 - - [07/Apr/2013:12:50:05 +0900] "GET /wiki/index.php?cmd=backup&action=&page=%A5%BC%A5%DF%A5%ED%A5%B0%2F%C2%E828%B2%F3%2F%C3%E6%B4%D6%C8%AF%C9%BD%B8%B6%B9%C63%28%B6%CC%BE%EB%B3%A8%C8%FE%29&age=69 HTTP/1.1" 200 1374651 "-" "Mozilla/5.0 (compatible; bingbot/2.0; +http://www.bing.com/bingbot.htm)"
157.55.35.82 - - [07/Apr/2013:12:50:10 +0900] "GET /~info3/wiki/index.php?plugin=related&page=Level0_04G HTTP/1.1" 200 6144 "-" "Mozilla/5.0 (compatible; bingbot/2.0; +http://www.bing.com/bingbot.htm)"
157.55.35.82 - - [07/Apr/2013:12:50:10 +0900] "GET /~info3/wiki/index.php?plugin=related&page=Level1-%C7%D8%B7%CA%A1%A6%B4%F0%C1%C3%C3%CE%BC%B1%C5%F9 HTTP/1.1" 200 7031 "-" "Mozilla/5.0 (compatible; bingbot/2.0; +http://www.bing.com/bingbot.htm)"
157.56.93.196 - - [07/Apr/2013:12:50:10 +0900] "GET /~yosshi/wiki-old/index.php?cmd=backup&page=Memo&age=11&action=source HTTP/1.1" 200 7212 "-" "Mozilla/5.0 (compatible; bingbot/2.0; +http://www.bing.com/bingbot.htm)"
202.180.34.186 - - [07/Apr/2013:12:50:10 +0900] "GET /ontolopedia/disp/word_show/247014 HTTP/1.1" 200 4226 "-" "ICC-Crawler/2.0 (Mozilla-compatible; ; http://kc.nict.go.jp/project1/crawl.html)"
157.55.32.76 - - [07/Apr/2013:12:50:05 +0900] "GET /wiki/index.php?cmd=backup&action=&page=%A5%BC%A5%DF%A5%ED%A5%B0%2F%C2%E828%B2%F3%2F%C3%E6%B4%D6%C8%AF%C9%BD%B8%B6%B9%C63%28%B6%CC%BE%EB%B3%A8%C8%FE%29&age=73 HTTP/1.1" 200 1421708 "-" "Mozilla/5.0 (compatible; bingbot/2.0; +http://www.bing.com/bingbot.htm)"
157.56.93.196 - - [07/Apr/2013:12:50:10 +0900] "GET /~yosshi/wiki-old/index.php?cmd=backup&page=Memo&age=12&action=diff HTTP/1.1" 200 7358 "-" "Mozilla/5.0 (compatible; bingbot/2.0; +http://www.bing.com/bingbot.htm)"
157.55.35.82 - - [07/Apr/2013:12:50:11 +0900] "GET /~info3/wiki/index.php?plugin=related&page=Level2%20%C2%E7%BE%EB%A1%F5%B5%C8%B1%CA HTTP/1.1" 200 6741 "-" "Mozilla/5.0 (compatible; bingbot/2.0; +http://www.bing.com/bingbot.htm)"
