157.55.32.61 - - [07/Apr/2013:12:13:42 +0900] "GET /~info3/wiki/index.php?cmd=backup&page=%B5%DC%CE%A4%A1%F5%CD%BF%B5%B7%C8%C9&age=2&action=source HTTP/1.1" 200 8270 "-" "Mozilla/5.0 (compatible; bingbot/2.0; +http://www.bing.com/bingbot.htm)"
157.55.32.61 - - [07/Apr/2013:12:13:42 +0900] "GET /~info3/wiki/index.php?cmd=backup&page=%B5%DC%CE%A4%A1%F5%CD%BF%B5%B7%C8%C9&age=4&action=diff HTTP/1.1" 200 8664 "-" "Mozilla/5.0 (compatible; bingbot/2.0; +http://www.bing.com/bingbot.htm)"
66.249.76.52 - - [07/Apr/2013:12:13:42 +0900] "GET /ontolopedia/disp/word_show/153670 HTTP/1.1" 200 8255 "-" "Mozilla/5.0 (compatible; Googlebot/2.1; +http://www.google.com/bot.html)"
157.55.32.76 - - [07/Apr/2013:12:13:42 +0900] "GET /~info3/wiki/index.php?cmd=backup&action=diff&page=%B6%E2%BE%EB%A1%F5%C5%E7%B8%B6%C8%C9%2Flevel3&age=6 HTTP/1.1" 200 10093 "-" "Mozilla/5.0 (compatible; bingbot/2.0; +http://www.bing.com/bingbot.htm)"
157.55.32.76 - - [07/Apr/2013:12:13:42 +0900] "GET /~info3/wiki/index.php?cmd=backup&page=%B5%DC%CE%A4%A1%F5%CD%BF%B5%B7%C8%C9&age=15&action=diff HTTP/1.1" 200 9853 "-" "Mozilla/5.0 (compatible; bingbot/2.0; +http://www.bing.com/bingbot.htm)"
157.55.32.103 - - [07/Apr/2013:12:13:42 +0900] "GET /ontolopedia/disp/word_show/40140 HTTP/1.1" 403 234 "-" "Mozilla/5.0 (compatible; bingbot/2.0; +http://www.bing.com/bingbot.htm)"
157.55.32.103 - - [07/Apr/2013:12:13:42 +0900] "GET /ontolopedia/disp/word_show/401445 HTTP/1.1" 403 235 "-" "Mozilla/5.0 (compatible; bingbot/2.0; +http://www.bing.com/bingbot.htm)"
157.55.32.61 - - [07/Apr/2013:12:13:43 +0900] "GET /~info3/wiki/index.php?cmd=backup&page=%B5%DC%CE%A4%A1%F5%CD%BF%B5%B7%C8%C9&age=5&action=source HTTP/1.1" 200 8552 "-" "Mozilla/5.0 (compatible; bingbot/2.0; +http://www.bing.com/bingbot.htm)"
157.55.32.61 - - [07/Apr/2013:12:13:43 +0900] "GET /~info3/wiki/index.php?cmd=backup&page=%B6%B6%CB%DC%A1%F5%B6%CC%C6%E1%C7%C6%C8%CB%B9%F1%2FLevel2&age=1&action=source HTTP/1.1" 200 6003 "-" "Mozilla/5.0 (compatible; bingbot/2.0; +http://www.bing.com/bingbot.htm)"
157.55.32.103 - - [07/Apr/2013:12:13:43 +0900] "GET /ontolopedia/disp/word_show/42984 HTTP/1.1" 403 234 "-" "Mozilla/5.0 (compatible; bingbot/2.0; +http://www.bing.com/bingbot.htm)"
157.55.32.103 - - [07/Apr/2013:12:13:43 +0900] "GET /ontolopedia/disp/word_show/431294 HTTP/1.1" 403 235 "-" "Mozilla/5.0 (compatible; bingbot/2.0; +http://www.bing.com/bingbot.htm)"
157.55.32.76 - - [07/Apr/2013:12:13:43 +0900] "GET /~info3/wiki/index.php?cmd=backup&page=%B5%DC%CE%A4%A1%F5%CD%BF%B5%B7%C8%C9&age=5&action=diff HTTP/1.1" 200 8734 "-" "Mozilla/5.0 (compatible; bingbot/2.0; +http://www.bing.com/bingbot.htm)"
157.55.32.76 - - [07/Apr/2013:12:13:43 +0900] "GET /~info3/wiki/index.php?cmd=backup&page=info3%20wiki&age=35 HTTP/1.1" 200 22735 "-" "Mozilla/5.0 (compatible; bingbot/2.0; +http://www.bing.com/bingbot.htm)"
157.55.32.103 - - [07/Apr/2013:12:13:44 +0900] "GET /ontolopedia/disp/word_show/431295 HTTP/1.1" 403 235 "-" "Mozilla/5.0 (compatible; bingbot/2.0; +http://www.bing.com/bingbot.htm)"
157.55.32.103 - - [07/Apr/2013:12:13:44 +0900] "GET /ontolopedia/disp/word_show/431490 HTTP/1.1" 403 235 "-" "Mozilla/5.0 (compatible; bingbot/2.0; +http://www.bing.com/bingbot.htm)"
157.55.32.61 - - [07/Apr/2013:12:13:44 +0900] "GET /~info3/wiki/index.php?cmd=backup&page=info3%20wiki&age=54&action=nowdiff HTTP/1.1" 200 19179 "-" "Mozilla/5.0 (compatible; bingbot/2.0; +http://www.bing.com/bingbot.htm)"
157.55.32.61 - - [07/Apr/2013:12:13:44 +0900] "GET /~info3/wiki/index.php?cmd=backup&page=info3%20wiki&age=52 HTTP/1.1" 200 26107 "-" "Mozilla/5.0 (compatible; bingbot/2.0; +http://www.bing.com/bingbot.htm)"
157.55.32.76 - - [07/Apr/2013:12:13:44 +0900] "GET /~info3/wiki/index.php?cmd=backup&page=info3%20wiki&age=53 HTTP/1.1" 200 27805 "-" "Mozilla/5.0 (compatible; bingbot/2.0; +http://www.bing.com/bingbot.htm)"
157.55.32.76 - - [07/Apr/2013:12:13:44 +0900] "GET /~info3/wiki/index.php?cmd=backup&page=info3%20wiki&age=53&action=source HTTP/1.1" 200 17486 "-" "Mozilla/5.0 (compatible; bingbot/2.0; +http://www.bing.com/bingbot.htm)"
157.55.32.103 - - [07/Apr/2013:12:13:45 +0900] "GET /ontolopedia/disp/word_show/43176 HTTP/1.1" 403 234 "-" "Mozilla/5.0 (compatible; bingbot/2.0; +http://www.bing.com/bingbot.htm)"
157.55.32.103 - - [07/Apr/2013:12:13:45 +0900] "GET /ontolopedia/disp/word_show/432450 HTTP/1.1" 403 235 "-" "Mozilla/5.0 (compatible; bingbot/2.0; +http://www.bing.com/bingbot.htm)"
202.180.34.186 - - [07/Apr/2013:12:13:45 +0900] "GET /ontolopedia/disp/word_show/30441 HTTP/1.1" 200 12332 "-" "ICC-Crawler/2.0 (Mozilla-compatible; ; http://kc.nict.go.jp/project1/crawl.html)"
157.55.32.61 - - [07/Apr/2013:12:13:45 +0900] "GET /~info3/wiki/index.php?plugin=attach&pcmd=upload&page=MythWeb HTTP/1.1" 200 6365 "-" "Mozilla/5.0 (compatible; bingbot/2.0; +http://www.bing.com/bingbot.htm)"
157.55.32.61 - - [07/Apr/2013:12:13:45 +0900] "GET /~info3/wiki/index.php?plugin=attach&pcmd=upload&page=Nta HTTP/1.1" 200 6285 "-" "Mozilla/5.0 (compatible; bingbot/2.0; +http://www.bing.com/bingbot.htm)"
157.55.32.76 - - [07/Apr/2013:12:13:45 +0900] "GET /~info3/wiki/index.php?plugin=attach&pcmd=upload&page=DrDukeNuke HTTP/1.1" 200 6425 "-" "Mozilla/5.0 (compatible; bingbot/2.0; +http://www.bing.com/bingbot.htm)"
157.55.32.76 - - [07/Apr/2013:12:13:45 +0900] "GET /~info3/wiki/index.php?cmd=backup&page=info3%20wiki&age=58 HTTP/1.1" 200 30466 "-" "Mozilla/5.0 (compatible; bingbot/2.0; +http://www.bing.com/bingbot.htm)"
157.55.32.103 - - [07/Apr/2013:12:13:46 +0900] "GET /ontolopedia/disp/word_show/43247 HTTP/1.1" 403 234 "-" "Mozilla/5.0 (compatible; bingbot/2.0; +http://www.bing.com/bingbot.htm)"
157.55.32.103 - - [07/Apr/2013:12:13:46 +0900] "GET /ontolopedia/disp/word_show/432479 HTTP/1.1" 403 235 "-" "Mozilla/5.0 (compatible; bingbot/2.0; +http://www.bing.com/bingbot.htm)"
157.55.32.61 - - [07/Apr/2013:12:13:47 +0900] "GET /~info3/wiki/index.php?plugin=attach&pcmd=upload&page=Pookdjlf HTTP/1.1" 200 6385 "-" "Mozilla/5.0 (compatible; bingbot/2.0; +http://www.bing.com/bingbot.htm)"
157.55.32.61 - - [07/Apr/2013:12:13:47 +0900] "GET /~info3/wiki/index.php?plugin=attach&pcmd=upload&page=Qpkihnce HTTP/1.1" 200 6385 "-" "Mozilla/5.0 (compatible; bingbot/2.0; +http://www.bing.com/bingbot.htm)"
157.55.32.76 - - [07/Apr/2013:12:13:47 +0900] "GET /~info3/wiki/index.php?plugin=attach&pcmd=upload&page=JavaScript HTTP/1.1" 200 6425 "-" "Mozilla/5.0 (compatible; bingbot/2.0; +http://www.bing.com/bingbot.htm)"
157.55.32.76 - - [07/Apr/2013:12:13:47 +0900] "GET /~info3/wiki/index.php?plugin=attach&pcmd=upload&page=Kklwolra HTTP/1.1" 200 6385 "-" "Mozilla/5.0 (compatible; bingbot/2.0; +http://www.bing.com/bingbot.htm)"
157.55.32.103 - - [07/Apr/2013:12:13:48 +0900] "GET /ontolopedia/disp/word_show/58447 HTTP/1.1" 403 234 "-" "Mozilla/5.0 (compatible; bingbot/2.0; +http://www.bing.com/bingbot.htm)"
157.55.32.103 - - [07/Apr/2013:12:13:48 +0900] "GET /ontolopedia/disp/word_show/5845 HTTP/1.1" 403 233 "-" "Mozilla/5.0 (compatible; bingbot/2.0; +http://www.bing.com/bingbot.htm)"
157.55.32.61 - - [07/Apr/2013:12:13:48 +0900] "GET /~info3/wiki/index.php?plugin=attach&pcmd=upload&page=SailingRoute HTTP/1.1" 200 6465 "-" "Mozilla/5.0 (compatible; bingbot/2.0; +http://www.bing.com/bingbot.htm)"
157.55.32.61 - - [07/Apr/2013:12:13:48 +0900] "GET /~info3/wiki/index.php?plugin=attach&pcmd=upload&page=info3%20wiki%2F%B6%CC%BE%EB%BD%CA%B5%AA HTTP/1.1" 200 6965 "-" "Mozilla/5.0 (compatible; bingbot/2.0; +http://www.bing.com/bingbot.htm)"
157.55.32.76 - - [07/Apr/2013:12:13:48 +0900] "GET /~info3/wiki/index.php?plugin=attach&pcmd=upload&page=Level0-%A5%AA%A1%BC%A5%D7%A5%F3%A5%BD%A1%BC%A5%B9 HTTP/1.1" 200 7149 "-" "Mozilla/5.0 (compatible; bingbot/2.0; +http://www.bing.com/bingbot.htm)"
157.55.32.76 - - [07/Apr/2013:12:13:48 +0900] "GET /~info3/wiki/index.php?plugin=attach&pcmd=upload&page=Level0%A5%AA%A1%BC%A5%D7%A5%F3%A5%BD%A1%BC%A5%B9 HTTP/1.1" 200 7129 "-" "Mozilla/5.0 (compatible; bingbot/2.0; +http://www.bing.com/bingbot.htm)"
66.249.76.52 - - [07/Apr/2013:12:13:48 +0900] "GET /ontolopedia/disp/word_show/117587 HTTP/1.1" 200 6431 "-" "Mozilla/5.0 (compatible; Googlebot/2.1; +http://www.google.com/bot.html)"
157.55.32.103 - - [07/Apr/2013:12:13:49 +0900] "GET /ontolopedia/disp/word_show/5848 HTTP/1.1" 403 233 "-" "Mozilla/5.0 (compatible; bingbot/2.0; +http://www.bing.com/bingbot.htm)"
157.55.32.103 - - [07/Apr/2013:12:13:49 +0900] "GET /ontolopedia/disp/word_show/58617 HTTP/1.1" 403 234 "-" "Mozilla/5.0 (compatible; bingbot/2.0; +http://www.bing.com/bingbot.htm)"
157.55.32.76 - - [07/Apr/2013:12:13:49 +0900] "GET /~info3/wiki/index.php?plugin=attach&pcmd=upload&page=TxhOfwecj HTTP/1.1" 200 6405 "-" "Mozilla/5.0 (compatible; bingbot/2.0; +http://www.bing.com/bingbot.htm)"
157.55.32.76 - - [07/Apr/2013:12:13:49 +0900] "GET /~info3/wiki/index.php?plugin=attach&pcmd=upload&page=gxprvj HTTP/1.1" 200 6345 "-" "Mozilla/5.0 (compatible; bingbot/2.0; +http://www.bing.com/bingbot.htm)"
157.55.32.61 - - [07/Apr/2013:12:13:49 +0900] "GET /~info3/wiki/index.php?plugin=attach&pcmd=upload&page=nta HTTP/1.1" 200 6285 "-" "Mozilla/5.0 (compatible; bingbot/2.0; +http://www.bing.com/bingbot.htm)"
157.55.32.61 - - [07/Apr/2013:12:13:49 +0900] "GET /~info3/wiki/index.php?plugin=attach&pcmd=upload&page=sextube HTTP/1.1" 200 6365 "-" "Mozilla/5.0 (compatible; bingbot/2.0; +http://www.bing.com/bingbot.htm)"
157.55.32.103 - - [07/Apr/2013:12:13:50 +0900] "GET /ontolopedia/disp/word_show/58634 HTTP/1.1" 403 234 "-" "Mozilla/5.0 (compatible; bingbot/2.0; +http://www.bing.com/bingbot.htm)"
157.55.32.103 - - [07/Apr/2013:12:13:50 +0900] "GET /ontolopedia/disp/word_show/5867 HTTP/1.1" 403 233 "-" "Mozilla/5.0 (compatible; bingbot/2.0; +http://www.bing.com/bingbot.htm)"
157.55.32.76 - - [07/Apr/2013:12:13:50 +0900] "GET /~info3/wiki/index.php?plugin=attach&pcmd=upload&page=hogehoge HTTP/1.1" 200 6385 "-" "Mozilla/5.0 (compatible; bingbot/2.0; +http://www.bing.com/bingbot.htm)"
157.55.32.76 - - [07/Apr/2013:12:13:50 +0900] "GET /~info3/wiki/index.php?plugin=attach&pcmd=upload&page=info3%20wiki%2F%C2%E7%BE%EB%A1%F5%B5%C8%B1%CA%C8%C9%2F%A5%E1%A5%E2%A1%F5%B0%D5%B8%AB%B8%F2%B4%B9%BD%EA%2F%A5%A2%A5%EB%A5%B4%A5%EA%A5%BA%A5%E0 HTTP/1.1" 200 9593 "-" "Mozilla/5.0 (compatible; bingbot/2.0; +http://www.bing.com/bingbot.htm)"
157.55.32.61 - - [07/Apr/2013:12:13:50 +0900] "GET /ontolopedia/disp/word_show/252073 HTTP/1.1" 403 235 "-" "Mozilla/5.0 (compatible; bingbot/2.0; +http://www.bing.com/bingbot.htm)"
157.55.32.61 - - [07/Apr/2013:12:13:50 +0900] "GET /ontolopedia/disp/word_show/252126 HTTP/1.1" 403 235 "-" "Mozilla/5.0 (compatible; bingbot/2.0; +http://www.bing.com/bingbot.htm)"
202.180.34.186 - - [07/Apr/2013:12:13:50 +0900] "GET /ontolopedia/disp/word_show/232606 HTTP/1.1" 200 5323 "-" "ICC-Crawler/2.0 (Mozilla-compatible; ; http://kc.nict.go.jp/project1/crawl.html)"
157.55.32.103 - - [07/Apr/2013:12:13:50 +0900] "GET /ontolopedia/disp/word_show/66164 HTTP/1.1" 403 234 "-" "Mozilla/5.0 (compatible; bingbot/2.0; +http://www.bing.com/bingbot.htm)"
157.55.32.103 - - [07/Apr/2013:12:13:51 +0900] "GET /ontolopedia/disp/word_show/66165 HTTP/1.1" 403 234 "-" "Mozilla/5.0 (compatible; bingbot/2.0; +http://www.bing.com/bingbot.htm)"
157.55.32.76 - - [07/Apr/2013:12:13:51 +0900] "GET /~info3/wiki/index.php?plugin=attach&pcmd=upload&page=memo%2F2005-05-02 HTTP/1.1" 200 7247 "-" "Mozilla/5.0 (compatible; bingbot/2.0; +http://www.bing.com/bingbot.htm)"
157.55.32.76 - - [07/Apr/2013:12:13:51 +0900] "GET /~info3/wiki/index.php?plugin=attach&pcmd=upload&page=red%20tube HTTP/1.1" 200 6421 "-" "Mozilla/5.0 (compatible; bingbot/2.0; +http://www.bing.com/bingbot.htm)"
157.55.32.61 - - [07/Apr/2013:12:13:51 +0900] "GET /ontolopedia/disp/word_show/27081 HTTP/1.1" 403 234 "-" "Mozilla/5.0 (compatible; bingbot/2.0; +http://www.bing.com/bingbot.htm)"
157.55.32.61 - - [07/Apr/2013:12:13:51 +0900] "GET /ontolopedia/disp/word_show/27086 HTTP/1.1" 403 234 "-" "Mozilla/5.0 (compatible; bingbot/2.0; +http://www.bing.com/bingbot.htm)"
157.55.32.103 - - [07/Apr/2013:12:13:51 +0900] "GET /ontolopedia/disp/word_show/66172 HTTP/1.1" 403 234 "-" "Mozilla/5.0 (compatible; bingbot/2.0; +http://www.bing.com/bingbot.htm)"
157.55.32.103 - - [07/Apr/2013:12:13:52 +0900] "GET /ontolopedia/disp/word_show/75027 HTTP/1.1" 403 234 "-" "Mozilla/5.0 (compatible; bingbot/2.0; +http://www.bing.com/bingbot.htm)"
157.55.32.76 - - [07/Apr/2013:12:13:52 +0900] "GET /~info3/wiki/index.php?plugin=attach&pcmd=upload&page=week%201-3 HTTP/1.1" 200 7100 "-" "Mozilla/5.0 (compatible; bingbot/2.0; +http://www.bing.com/bingbot.htm)"
157.55.32.76 - - [07/Apr/2013:12:13:52 +0900] "GET /~info3/wiki/index.php?plugin=attach&pcmd=upload&page=test%2Ffile2 HTTP/1.1" 200 7142 "-" "Mozilla/5.0 (compatible; bingbot/2.0; +http://www.bing.com/bingbot.htm)"
157.55.32.61 - - [07/Apr/2013:12:13:52 +0900] "GET /ontolopedia/disp/word_show/271030 HTTP/1.1" 403 235 "-" "Mozilla/5.0 (compatible; bingbot/2.0; +http://www.bing.com/bingbot.htm)"
157.55.32.61 - - [07/Apr/2013:12:13:52 +0900] "GET /ontolopedia/disp/word_show/271040 HTTP/1.1" 403 235 "-" "Mozilla/5.0 (compatible; bingbot/2.0; +http://www.bing.com/bingbot.htm)"
157.55.32.76 - - [07/Apr/2013:12:13:53 +0900] "GET /ontolopedia/disp/word_show/251922 HTTP/1.1" 403 235 "-" "Mozilla/5.0 (compatible; bingbot/2.0; +http://www.bing.com/bingbot.htm)"
157.55.32.76 - - [07/Apr/2013:12:13:53 +0900] "GET /ontolopedia/disp/word_show/25214 HTTP/1.1" 403 234 "-" "Mozilla/5.0 (compatible; bingbot/2.0; +http://www.bing.com/bingbot.htm)"
157.55.32.103 - - [07/Apr/2013:12:13:53 +0900] "GET /ontolopedia/disp/word_show/75030 HTTP/1.1" 403 234 "-" "Mozilla/5.0 (compatible; bingbot/2.0; +http://www.bing.com/bingbot.htm)"
157.55.32.103 - - [07/Apr/2013:12:13:53 +0900] "GET /ontolopedia/disp/word_show/7510 HTTP/1.1" 403 233 "-" "Mozilla/5.0 (compatible; bingbot/2.0; +http://www.bing.com/bingbot.htm)"
157.55.32.61 - - [07/Apr/2013:12:13:53 +0900] "GET /ontolopedia/disp/word_show/27116 HTTP/1.1" 403 234 "-" "Mozilla/5.0 (compatible; bingbot/2.0; +http://www.bing.com/bingbot.htm)"
157.55.32.61 - - [07/Apr/2013:12:13:53 +0900] "GET /ontolopedia/disp/word_show/271239 HTTP/1.1" 403 235 "-" "Mozilla/5.0 (compatible; bingbot/2.0; +http://www.bing.com/bingbot.htm)"
66.249.76.52 - - [07/Apr/2013:12:13:53 +0900] "GET /ontolopedia/disp/word_show/101371 HTTP/1.1" 200 11969 "-" "Mozilla/5.0 (compatible; Googlebot/2.1; +http://www.google.com/bot.html)"
157.55.32.76 - - [07/Apr/2013:12:13:54 +0900] "GET /ontolopedia/disp/word_show/252258 HTTP/1.1" 403 235 "-" "Mozilla/5.0 (compatible; bingbot/2.0; +http://www.bing.com/bingbot.htm)"
157.55.32.76 - - [07/Apr/2013:12:13:54 +0900] "GET /ontolopedia/disp/word_show/25218 HTTP/1.1" 403 234 "-" "Mozilla/5.0 (compatible; bingbot/2.0; +http://www.bing.com/bingbot.htm)"
157.55.32.103 - - [07/Apr/2013:12:13:54 +0900] "GET /ontolopedia/disp/word_show/75127 HTTP/1.1" 403 234 "-" "Mozilla/5.0 (compatible; bingbot/2.0; +http://www.bing.com/bingbot.htm)"
157.55.32.103 - - [07/Apr/2013:12:13:54 +0900] "GET /ontolopedia/disp/word_show/83608 HTTP/1.1" 403 234 "-" "Mozilla/5.0 (compatible; bingbot/2.0; +http://www.bing.com/bingbot.htm)"
157.55.32.61 - - [07/Apr/2013:12:13:54 +0900] "GET /ontolopedia/disp/word_show/271255 HTTP/1.1" 403 235 "-" "Mozilla/5.0 (compatible; bingbot/2.0; +http://www.bing.com/bingbot.htm)"
66.249.76.52 - - [07/Apr/2013:12:13:54 +0900] "GET /ontolopedia/disp/word_show/207821 HTTP/1.1" 200 5165 "-" "Mozilla/5.0 (compatible; Googlebot/2.1; +http://www.google.com/bot.html)"
157.55.32.61 - - [07/Apr/2013:12:13:54 +0900] "GET /ontolopedia/disp/word_show/27138 HTTP/1.1" 403 234 "-" "Mozilla/5.0 (compatible; bingbot/2.0; +http://www.bing.com/bingbot.htm)"
157.55.32.76 - - [07/Apr/2013:12:13:55 +0900] "GET /ontolopedia/disp/word_show/25251 HTTP/1.1" 403 234 "-" "Mozilla/5.0 (compatible; bingbot/2.0; +http://www.bing.com/bingbot.htm)"
157.55.32.76 - - [07/Apr/2013:12:13:55 +0900] "GET /ontolopedia/disp/word_show/252638 HTTP/1.1" 403 235 "-" "Mozilla/5.0 (compatible; bingbot/2.0; +http://www.bing.com/bingbot.htm)"
202.180.34.186 - - [07/Apr/2013:12:13:55 +0900] "GET /ontolopedia/disp/word_show/71686 HTTP/1.1" 200 4824 "-" "ICC-Crawler/2.0 (Mozilla-compatible; ; http://kc.nict.go.jp/project1/crawl.html)"
157.55.32.61 - - [07/Apr/2013:12:13:56 +0900] "GET /ontolopedia/disp/word_show/271420 HTTP/1.1" 403 235 "-" "Mozilla/5.0 (compatible; bingbot/2.0; +http://www.bing.com/bingbot.htm)"
157.55.32.61 - - [07/Apr/2013:12:13:56 +0900] "GET /ontolopedia/disp/word_show/271606 HTTP/1.1" 403 235 "-" "Mozilla/5.0 (compatible; bingbot/2.0; +http://www.bing.com/bingbot.htm)"
157.55.32.76 - - [07/Apr/2013:12:13:56 +0900] "GET /ontolopedia/disp/word_show/270861 HTTP/1.1" 403 235 "-" "Mozilla/5.0 (compatible; bingbot/2.0; +http://www.bing.com/bingbot.htm)"
157.55.32.76 - - [07/Apr/2013:12:13:56 +0900] "GET /ontolopedia/disp/word_show/270886 HTTP/1.1" 403 235 "-" "Mozilla/5.0 (compatible; bingbot/2.0; +http://www.bing.com/bingbot.htm)"
157.55.32.61 - - [07/Apr/2013:12:13:57 +0900] "GET /ontolopedia/disp/word_show/271645 HTTP/1.1" 403 235 "-" "Mozilla/5.0 (compatible; bingbot/2.0; +http://www.bing.com/bingbot.htm)"
157.55.32.61 - - [07/Apr/2013:12:13:57 +0900] "GET /ontolopedia/disp/word_show/27167 HTTP/1.1" 403 234 "-" "Mozilla/5.0 (compatible; bingbot/2.0; +http://www.bing.com/bingbot.htm)"
157.55.32.76 - - [07/Apr/2013:12:13:57 +0900] "GET /ontolopedia/disp/word_show/271094 HTTP/1.1" 403 235 "-" "Mozilla/5.0 (compatible; bingbot/2.0; +http://www.bing.com/bingbot.htm)"
157.55.32.76 - - [07/Apr/2013:12:13:57 +0900] "GET /ontolopedia/disp/word_show/271115 HTTP/1.1" 403 235 "-" "Mozilla/5.0 (compatible; bingbot/2.0; +http://www.bing.com/bingbot.htm)"
157.55.32.61 - - [07/Apr/2013:12:13:58 +0900] "GET /ontolopedia/disp/word_show/27190 HTTP/1.1" 403 234 "-" "Mozilla/5.0 (compatible; bingbot/2.0; +http://www.bing.com/bingbot.htm)"
157.55.32.61 - - [07/Apr/2013:12:13:58 +0900] "GET /ontolopedia/disp/word_show/27196 HTTP/1.1" 403 234 "-" "Mozilla/5.0 (compatible; bingbot/2.0; +http://www.bing.com/bingbot.htm)"
157.55.32.76 - - [07/Apr/2013:12:13:58 +0900] "GET /ontolopedia/disp/word_show/271457 HTTP/1.1" 403 235 "-" "Mozilla/5.0 (compatible; bingbot/2.0; +http://www.bing.com/bingbot.htm)"
157.55.32.76 - - [07/Apr/2013:12:13:58 +0900] "GET /ontolopedia/disp/word_show/271508 HTTP/1.1" 403 235 "-" "Mozilla/5.0 (compatible; bingbot/2.0; +http://www.bing.com/bingbot.htm)"
157.55.32.76 - - [07/Apr/2013:12:13:59 +0900] "GET /ontolopedia/disp/word_show/271642 HTTP/1.1" 403 235 "-" "Mozilla/5.0 (compatible; bingbot/2.0; +http://www.bing.com/bingbot.htm)"
157.55.32.76 - - [07/Apr/2013:12:13:59 +0900] "GET /ontolopedia/disp/word_show/27171 HTTP/1.1" 403 234 "-" "Mozilla/5.0 (compatible; bingbot/2.0; +http://www.bing.com/bingbot.htm)"
157.55.32.61 - - [07/Apr/2013:12:13:59 +0900] "GET /ontolopedia/disp/word_show/272368 HTTP/1.1" 403 235 "-" "Mozilla/5.0 (compatible; bingbot/2.0; +http://www.bing.com/bingbot.htm)"
157.55.32.61 - - [07/Apr/2013:12:13:59 +0900] "GET /ontolopedia/disp/word_show/2728 HTTP/1.1" 403 233 "-" "Mozilla/5.0 (compatible; bingbot/2.0; +http://www.bing.com/bingbot.htm)"
66.249.76.52 - - [07/Apr/2013:12:14:00 +0900] "GET /ontolopedia/disp/word_show/187141 HTTP/1.1" 200 6825 "-" "Mozilla/5.0 (compatible; Googlebot/2.1; +http://www.google.com/bot.html)"
157.55.32.61 - - [07/Apr/2013:12:14:00 +0900] "GET /ontolopedia/disp/word_show/27304 HTTP/1.1" 403 234 "-" "Mozilla/5.0 (compatible; bingbot/2.0; +http://www.bing.com/bingbot.htm)"
157.55.32.76 - - [07/Apr/2013:12:14:00 +0900] "GET /ontolopedia/disp/word_show/271728 HTTP/1.1" 403 235 "-" "Mozilla/5.0 (compatible; bingbot/2.0; +http://www.bing.com/bingbot.htm)"
157.55.32.76 - - [07/Apr/2013:12:14:00 +0900] "GET /ontolopedia/disp/word_show/27191 HTTP/1.1" 403 234 "-" "Mozilla/5.0 (compatible; bingbot/2.0; +http://www.bing.com/bingbot.htm)"
157.55.32.61 - - [07/Apr/2013:12:14:00 +0900] "GET /ontolopedia/disp/word_show/273141 HTTP/1.1" 403 235 "-" "Mozilla/5.0 (compatible; bingbot/2.0; +http://www.bing.com/bingbot.htm)"
202.180.34.186 - - [07/Apr/2013:12:14:01 +0900] "GET /ontolopedia/disp/word_show/125360 HTTP/1.1" 200 9179 "-" "ICC-Crawler/2.0 (Mozilla-compatible; ; http://kc.nict.go.jp/project1/crawl.html)"
157.55.32.76 - - [07/Apr/2013:12:14:01 +0900] "GET /ontolopedia/disp/word_show/271936 HTTP/1.1" 403 235 "-" "Mozilla/5.0 (compatible; bingbot/2.0; +http://www.bing.com/bingbot.htm)"
157.55.32.76 - - [07/Apr/2013:12:14:01 +0900] "GET /ontolopedia/disp/word_show/271965 HTTP/1.1" 403 235 "-" "Mozilla/5.0 (compatible; bingbot/2.0; +http://www.bing.com/bingbot.htm)"
157.55.32.61 - - [07/Apr/2013:12:14:02 +0900] "GET /ontolopedia/disp/word_show/27320 HTTP/1.1" 403 234 "-" "Mozilla/5.0 (compatible; bingbot/2.0; +http://www.bing.com/bingbot.htm)"
157.55.32.61 - - [07/Apr/2013:12:14:02 +0900] "GET /ontolopedia/disp/word_show/273267 HTTP/1.1" 403 235 "-" "Mozilla/5.0 (compatible; bingbot/2.0; +http://www.bing.com/bingbot.htm)"
157.55.32.76 - - [07/Apr/2013:12:14:02 +0900] "GET /ontolopedia/disp/word_show/272023 HTTP/1.1" 403 235 "-" "Mozilla/5.0 (compatible; bingbot/2.0; +http://www.bing.com/bingbot.htm)"
157.55.32.61 - - [07/Apr/2013:12:14:03 +0900] "GET /ontolopedia/disp/word_show/273632 HTTP/1.1" 403 235 "-" "Mozilla/5.0 (compatible; bingbot/2.0; +http://www.bing.com/bingbot.htm)"
157.55.32.61 - - [07/Apr/2013:12:14:03 +0900] "GET /ontolopedia/disp/word_show/273864 HTTP/1.1" 403 235 "-" "Mozilla/5.0 (compatible; bingbot/2.0; +http://www.bing.com/bingbot.htm)"
157.55.32.76 - - [07/Apr/2013:12:14:03 +0900] "GET /ontolopedia/disp/word_show/272124 HTTP/1.1" 403 235 "-" "Mozilla/5.0 (compatible; bingbot/2.0; +http://www.bing.com/bingbot.htm)"
157.55.32.76 - - [07/Apr/2013:12:14:03 +0900] "GET /ontolopedia/disp/word_show/272302 HTTP/1.1" 403 235 "-" "Mozilla/5.0 (compatible; bingbot/2.0; +http://www.bing.com/bingbot.htm)"
157.55.32.61 - - [07/Apr/2013:12:14:03 +0900] "GET /ontolopedia/disp/word_show/291262 HTTP/1.1" 403 235 "-" "Mozilla/5.0 (compatible; bingbot/2.0; +http://www.bing.com/bingbot.htm)"
157.55.32.61 - - [07/Apr/2013:12:14:04 +0900] "GET /ontolopedia/disp/word_show/29170 HTTP/1.1" 403 234 "-" "Mozilla/5.0 (compatible; bingbot/2.0; +http://www.bing.com/bingbot.htm)"
157.55.32.76 - - [07/Apr/2013:12:14:04 +0900] "GET /ontolopedia/disp/word_show/272330 HTTP/1.1" 403 235 "-" "Mozilla/5.0 (compatible; bingbot/2.0; +http://www.bing.com/bingbot.htm)"
157.55.32.76 - - [07/Apr/2013:12:14:04 +0900] "GET /ontolopedia/disp/word_show/272428 HTTP/1.1" 403 235 "-" "Mozilla/5.0 (compatible; bingbot/2.0; +http://www.bing.com/bingbot.htm)"
157.55.32.61 - - [07/Apr/2013:12:14:04 +0900] "GET /ontolopedia/disp/word_show/292072 HTTP/1.1" 403 235 "-" "Mozilla/5.0 (compatible; bingbot/2.0; +http://www.bing.com/bingbot.htm)"
157.55.32.61 - - [07/Apr/2013:12:14:04 +0900] "GET /ontolopedia/disp/word_show/292266 HTTP/1.1" 403 235 "-" "Mozilla/5.0 (compatible; bingbot/2.0; +http://www.bing.com/bingbot.htm)"
157.55.32.76 - - [07/Apr/2013:12:14:05 +0900] "GET /ontolopedia/disp/word_show/272501 HTTP/1.1" 403 235 "-" "Mozilla/5.0 (compatible; bingbot/2.0; +http://www.bing.com/bingbot.htm)"
157.55.32.76 - - [07/Apr/2013:12:14:05 +0900] "GET /ontolopedia/disp/word_show/27278 HTTP/1.1" 403 234 "-" "Mozilla/5.0 (compatible; bingbot/2.0; +http://www.bing.com/bingbot.htm)"
157.55.32.61 - - [07/Apr/2013:12:14:06 +0900] "GET /ontolopedia/disp/word_show/292583 HTTP/1.1" 403 235 "-" "Mozilla/5.0 (compatible; bingbot/2.0; +http://www.bing.com/bingbot.htm)"
157.55.32.61 - - [07/Apr/2013:12:14:06 +0900] "GET /ontolopedia/disp/word_show/29274 HTTP/1.1" 403 234 "-" "Mozilla/5.0 (compatible; bingbot/2.0; +http://www.bing.com/bingbot.htm)"
66.249.76.52 - - [07/Apr/2013:12:14:06 +0900] "GET /ontolopedia/disp/word_show/31454 HTTP/1.1" 200 6535 "-" "Mozilla/5.0 (compatible; Googlebot/2.1; +http://www.google.com/bot.html)"
157.55.32.76 - - [07/Apr/2013:12:14:06 +0900] "GET /ontolopedia/disp/word_show/273074 HTTP/1.1" 403 235 "-" "Mozilla/5.0 (compatible; bingbot/2.0; +http://www.bing.com/bingbot.htm)"
157.55.32.76 - - [07/Apr/2013:12:14:06 +0900] "GET /ontolopedia/disp/word_show/273179 HTTP/1.1" 403 235 "-" "Mozilla/5.0 (compatible; bingbot/2.0; +http://www.bing.com/bingbot.htm)"
157.55.32.61 - - [07/Apr/2013:12:14:07 +0900] "GET /ontolopedia/disp/word_show/293275 HTTP/1.1" 403 235 "-" "Mozilla/5.0 (compatible; bingbot/2.0; +http://www.bing.com/bingbot.htm)"
157.55.32.61 - - [07/Apr/2013:12:14:07 +0900] "GET /ontolopedia/disp/word_show/293867 HTTP/1.1" 403 235 "-" "Mozilla/5.0 (compatible; bingbot/2.0; +http://www.bing.com/bingbot.htm)"
202.180.34.186 - - [07/Apr/2013:12:14:07 +0900] "GET /ontolopedia/disp/word_show/323415 HTTP/1.1" 200 9082 "-" "ICC-Crawler/2.0 (Mozilla-compatible; ; http://kc.nict.go.jp/project1/crawl.html)"
157.55.32.76 - - [07/Apr/2013:12:14:07 +0900] "GET /ontolopedia/disp/word_show/27319 HTTP/1.1" 403 234 "-" "Mozilla/5.0 (compatible; bingbot/2.0; +http://www.bing.com/bingbot.htm)"
157.55.32.76 - - [07/Apr/2013:12:14:07 +0900] "GET /ontolopedia/disp/word_show/27331 HTTP/1.1" 403 234 "-" "Mozilla/5.0 (compatible; bingbot/2.0; +http://www.bing.com/bingbot.htm)"
66.249.76.52 - - [07/Apr/2013:12:14:08 +0900] "GET /~yosshi/wiki-old/index.php?cmd=edit&page=%C6%FC%B5%AD%2F1950-09-01&refer=%C6%FC%B5%AD HTTP/1.1" 200 1805 "-" "SAMSUNG-SGH-E250/1.0 Profile/MIDP-2.0 Configuration/CLDC-1.1 UP.Browser/6.2.3.3.c.1.101 (GUI) MMP/2.0 (compatible; Googlebot-Mobile/2.1; +http://www.google.com/bot.html)"
157.55.32.61 - - [07/Apr/2013:12:14:08 +0900] "GET /ontolopedia/disp/word_show/294834 HTTP/1.1" 403 235 "-" "Mozilla/5.0 (compatible; bingbot/2.0; +http://www.bing.com/bingbot.htm)"
157.55.32.61 - - [07/Apr/2013:12:14:08 +0900] "GET /ontolopedia/disp/word_show/295008 HTTP/1.1" 403 235 "-" "Mozilla/5.0 (compatible; bingbot/2.0; +http://www.bing.com/bingbot.htm)"
157.55.32.76 - - [07/Apr/2013:12:14:08 +0900] "GET /ontolopedia/disp/word_show/273546 HTTP/1.1" 403 235 "-" "Mozilla/5.0 (compatible; bingbot/2.0; +http://www.bing.com/bingbot.htm)"
157.55.32.76 - - [07/Apr/2013:12:14:08 +0900] "GET /ontolopedia/disp/word_show/291284 HTTP/1.1" 403 235 "-" "Mozilla/5.0 (compatible; bingbot/2.0; +http://www.bing.com/bingbot.htm)"
157.55.32.76 - - [07/Apr/2013:12:14:08 +0900] "GET /ontolopedia/disp/word_show/273767 HTTP/1.1" 403 235 "-" "Mozilla/5.0 (compatible; bingbot/2.0; +http://www.bing.com/bingbot.htm)"
157.55.32.61 - - [07/Apr/2013:12:14:09 +0900] "GET /ontolopedia/disp/word_show/295150 HTTP/1.1" 403 235 "-" "Mozilla/5.0 (compatible; bingbot/2.0; +http://www.bing.com/bingbot.htm)"
157.55.32.61 - - [07/Apr/2013:12:14:09 +0900] "GET /ontolopedia/disp/word_show/295216 HTTP/1.1" 403 235 "-" "Mozilla/5.0 (compatible; bingbot/2.0; +http://www.bing.com/bingbot.htm)"
157.55.32.76 - - [07/Apr/2013:12:14:10 +0900] "GET /ontolopedia/disp/word_show/291933 HTTP/1.1" 403 235 "-" "Mozilla/5.0 (compatible; bingbot/2.0; +http://www.bing.com/bingbot.htm)"
157.55.32.76 - - [07/Apr/2013:12:14:10 +0900] "GET /ontolopedia/disp/word_show/29197 HTTP/1.1" 403 234 "-" "Mozilla/5.0 (compatible; bingbot/2.0; +http://www.bing.com/bingbot.htm)"
157.55.32.61 - - [07/Apr/2013:12:14:10 +0900] "GET /ontolopedia/disp/word_show/295280 HTTP/1.1" 403 235 "-" "Mozilla/5.0 (compatible; bingbot/2.0; +http://www.bing.com/bingbot.htm)"
157.55.32.61 - - [07/Apr/2013:12:14:10 +0900] "GET /ontolopedia/disp/word_show/295492 HTTP/1.1" 403 235 "-" "Mozilla/5.0 (compatible; bingbot/2.0; +http://www.bing.com/bingbot.htm)"
157.55.32.61 - - [07/Apr/2013:12:14:11 +0900] "GET /ontolopedia/disp/word_show/319786 HTTP/1.1" 403 235 "-" "Mozilla/5.0 (compatible; bingbot/2.0; +http://www.bing.com/bingbot.htm)"
157.55.32.61 - - [07/Apr/2013:12:14:11 +0900] "GET /ontolopedia/disp/word_show/31987 HTTP/1.1" 403 234 "-" "Mozilla/5.0 (compatible; bingbot/2.0; +http://www.bing.com/bingbot.htm)"
157.55.32.76 - - [07/Apr/2013:12:14:11 +0900] "GET /ontolopedia/disp/word_show/29204 HTTP/1.1" 403 234 "-" "Mozilla/5.0 (compatible; bingbot/2.0; +http://www.bing.com/bingbot.htm)"
157.55.32.76 - - [07/Apr/2013:12:14:11 +0900] "GET /ontolopedia/disp/word_show/29246 HTTP/1.1" 403 234 "-" "Mozilla/5.0 (compatible; bingbot/2.0; +http://www.bing.com/bingbot.htm)"
66.249.76.52 - - [07/Apr/2013:12:14:12 +0900] "GET /ontolopedia/disp/word_show/175506 HTTP/1.1" 200 7095 "-" "Mozilla/5.0 (compatible; Googlebot/2.1; +http://www.google.com/bot.html)"
202.180.34.186 - - [07/Apr/2013:12:14:12 +0900] "GET /ontolopedia/disp/word_show/307588 HTTP/1.1" 200 4509 "-" "ICC-Crawler/2.0 (Mozilla-compatible; ; http://kc.nict.go.jp/project1/crawl.html)"
157.55.32.61 - - [07/Apr/2013:12:14:12 +0900] "GET /ontolopedia/disp/word_show/319884 HTTP/1.1" 403 235 "-" "Mozilla/5.0 (compatible; bingbot/2.0; +http://www.bing.com/bingbot.htm)"
157.55.32.61 - - [07/Apr/2013:12:14:12 +0900] "GET /ontolopedia/disp/word_show/3719 HTTP/1.1" 403 233 "-" "Mozilla/5.0 (compatible; bingbot/2.0; +http://www.bing.com/bingbot.htm)"
157.55.32.76 - - [07/Apr/2013:12:14:12 +0900] "GET /ontolopedia/disp/word_show/293657 HTTP/1.1" 403 235 "-" "Mozilla/5.0 (compatible; bingbot/2.0; +http://www.bing.com/bingbot.htm)"
157.55.32.76 - - [07/Apr/2013:12:14:12 +0900] "GET /ontolopedia/disp/word_show/293455 HTTP/1.1" 403 235 "-" "Mozilla/5.0 (compatible; bingbot/2.0; +http://www.bing.com/bingbot.htm)"
66.249.76.52 - - [07/Apr/2013:12:14:13 +0900] "GET /ontolopedia/disp/word_show/305640 HTTP/1.1" 200 9514 "-" "Mozilla/5.0 (compatible; Googlebot/2.1; +http://www.google.com/bot.html)"
157.55.32.61 - - [07/Apr/2013:12:14:13 +0900] "GET /ontolopedia/disp/word_show/372235 HTTP/1.1" 403 235 "-" "Mozilla/5.0 (compatible; bingbot/2.0; +http://www.bing.com/bingbot.htm)"
157.55.32.61 - - [07/Apr/2013:12:14:13 +0900] "GET /ontolopedia/disp/word_show/372316 HTTP/1.1" 403 235 "-" "Mozilla/5.0 (compatible; bingbot/2.0; +http://www.bing.com/bingbot.htm)"
157.55.32.76 - - [07/Apr/2013:12:14:13 +0900] "GET /ontolopedia/disp/word_show/29428 HTTP/1.1" 403 234 "-" "Mozilla/5.0 (compatible; bingbot/2.0; +http://www.bing.com/bingbot.htm)"
157.55.32.76 - - [07/Apr/2013:12:14:13 +0900] "GET /ontolopedia/disp/word_show/294071 HTTP/1.1" 403 235 "-" "Mozilla/5.0 (compatible; bingbot/2.0; +http://www.bing.com/bingbot.htm)"
157.55.32.76 - - [07/Apr/2013:12:14:14 +0900] "GET /ontolopedia/disp/word_show/295465 HTTP/1.1" 403 235 "-" "Mozilla/5.0 (compatible; bingbot/2.0; +http://www.bing.com/bingbot.htm)"
157.55.32.76 - - [07/Apr/2013:12:14:14 +0900] "GET /ontolopedia/disp/word_show/295505 HTTP/1.1" 403 235 "-" "Mozilla/5.0 (compatible; bingbot/2.0; +http://www.bing.com/bingbot.htm)"
157.55.32.61 - - [07/Apr/2013:12:14:15 +0900] "GET /ontolopedia/disp/word_show/37232 HTTP/1.1" 403 234 "-" "Mozilla/5.0 (compatible; bingbot/2.0; +http://www.bing.com/bingbot.htm)"
157.55.32.61 - - [07/Apr/2013:12:14:15 +0900] "GET /ontolopedia/disp/word_show/398188 HTTP/1.1" 403 235 "-" "Mozilla/5.0 (compatible; bingbot/2.0; +http://www.bing.com/bingbot.htm)"
157.55.32.76 - - [07/Apr/2013:12:14:15 +0900] "GET /ontolopedia/disp/word_show/295697 HTTP/1.1" 403 235 "-" "Mozilla/5.0 (compatible; bingbot/2.0; +http://www.bing.com/bingbot.htm)"
157.55.32.76 - - [07/Apr/2013:12:14:15 +0900] "GET /ontolopedia/disp/word_show/319755 HTTP/1.1" 403 235 "-" "Mozilla/5.0 (compatible; bingbot/2.0; +http://www.bing.com/bingbot.htm)"
157.55.32.61 - - [07/Apr/2013:12:14:16 +0900] "GET /ontolopedia/disp/word_show/39836 HTTP/1.1" 403 234 "-" "Mozilla/5.0 (compatible; bingbot/2.0; +http://www.bing.com/bingbot.htm)"
157.55.32.61 - - [07/Apr/2013:12:14:16 +0900] "GET /ontolopedia/disp/word_show/4006 HTTP/1.1" 403 233 "-" "Mozilla/5.0 (compatible; bingbot/2.0; +http://www.bing.com/bingbot.htm)"
157.55.32.76 - - [07/Apr/2013:12:14:16 +0900] "GET /ontolopedia/disp/word_show/319873 HTTP/1.1" 403 235 "-" "Mozilla/5.0 (compatible; bingbot/2.0; +http://www.bing.com/bingbot.htm)"
157.55.32.76 - - [07/Apr/2013:12:14:17 +0900] "GET /ontolopedia/disp/word_show/371631 HTTP/1.1" 403 235 "-" "Mozilla/5.0 (compatible; bingbot/2.0; +http://www.bing.com/bingbot.htm)"
157.55.32.61 - - [07/Apr/2013:12:14:17 +0900] "GET /ontolopedia/disp/word_show/401276 HTTP/1.1" 403 235 "-" "Mozilla/5.0 (compatible; bingbot/2.0; +http://www.bing.com/bingbot.htm)"
157.55.32.61 - - [07/Apr/2013:12:14:17 +0900] "GET /ontolopedia/disp/word_show/40133 HTTP/1.1" 403 234 "-" "Mozilla/5.0 (compatible; bingbot/2.0; +http://www.bing.com/bingbot.htm)"
157.55.32.76 - - [07/Apr/2013:12:14:17 +0900] "GET /ontolopedia/disp/word_show/371845 HTTP/1.1" 403 235 "-" "Mozilla/5.0 (compatible; bingbot/2.0; +http://www.bing.com/bingbot.htm)"
202.180.34.186 - - [07/Apr/2013:12:14:17 +0900] "GET /ontolopedia/disp/word_show/299085 HTTP/1.1" 500 309 "-" "ICC-Crawler/2.0 (Mozilla-compatible; ; http://kc.nict.go.jp/project1/crawl.html)"
157.55.32.76 - - [07/Apr/2013:12:14:18 +0900] "GET /ontolopedia/disp/word_show/372126 HTTP/1.1" 403 235 "-" "Mozilla/5.0 (compatible; bingbot/2.0; +http://www.bing.com/bingbot.htm)"
157.55.32.61 - - [07/Apr/2013:12:14:18 +0900] "GET /ontolopedia/disp/word_show/42923 HTTP/1.1" 403 234 "-" "Mozilla/5.0 (compatible; bingbot/2.0; +http://www.bing.com/bingbot.htm)"
157.55.32.61 - - [07/Apr/2013:12:14:18 +0900] "GET /ontolopedia/disp/word_show/430054 HTTP/1.1" 403 235 "-" "Mozilla/5.0 (compatible; bingbot/2.0; +http://www.bing.com/bingbot.htm)"
66.249.76.52 - - [07/Apr/2013:12:14:18 +0900] "GET /ontolopedia/disp/word_show/261869 HTTP/1.1" 200 8300 "-" "Mozilla/5.0 (compatible; Googlebot/2.1; +http://www.google.com/bot.html)"
157.55.32.76 - - [07/Apr/2013:12:14:18 +0900] "GET /ontolopedia/disp/word_show/398259 HTTP/1.1" 403 235 "-" "Mozilla/5.0 (compatible; bingbot/2.0; +http://www.bing.com/bingbot.htm)"
157.55.32.76 - - [07/Apr/2013:12:14:19 +0900] "GET /ontolopedia/disp/word_show/398344 HTTP/1.1" 403 235 "-" "Mozilla/5.0 (compatible; bingbot/2.0; +http://www.bing.com/bingbot.htm)"
157.55.32.61 - - [07/Apr/2013:12:14:19 +0900] "GET /ontolopedia/disp/word_show/43015 HTTP/1.1" 403 234 "-" "Mozilla/5.0 (compatible; bingbot/2.0; +http://www.bing.com/bingbot.htm)"
157.55.32.61 - - [07/Apr/2013:12:14:19 +0900] "GET /ontolopedia/disp/word_show/43021 HTTP/1.1" 403 234 "-" "Mozilla/5.0 (compatible; bingbot/2.0; +http://www.bing.com/bingbot.htm)"
157.55.32.76 - - [07/Apr/2013:12:14:19 +0900] "GET /ontolopedia/disp/word_show/39884 HTTP/1.1" 403 234 "-" "Mozilla/5.0 (compatible; bingbot/2.0; +http://www.bing.com/bingbot.htm)"
157.55.32.61 - - [07/Apr/2013:12:14:20 +0900] "GET /ontolopedia/disp/word_show/43026 HTTP/1.1" 403 234 "-" "Mozilla/5.0 (compatible; bingbot/2.0; +http://www.bing.com/bingbot.htm)"
157.55.32.61 - - [07/Apr/2013:12:14:20 +0900] "GET /ontolopedia/disp/word_show/430854 HTTP/1.1" 403 235 "-" "Mozilla/5.0 (compatible; bingbot/2.0; +http://www.bing.com/bingbot.htm)"
157.55.32.76 - - [07/Apr/2013:12:14:20 +0900] "GET /ontolopedia/disp/word_show/399045 HTTP/1.1" 403 235 "-" "Mozilla/5.0 (compatible; bingbot/2.0; +http://www.bing.com/bingbot.htm)"
157.55.32.76 - - [07/Apr/2013:12:14:20 +0900] "GET /ontolopedia/disp/word_show/4001 HTTP/1.1" 403 233 "-" "Mozilla/5.0 (compatible; bingbot/2.0; +http://www.bing.com/bingbot.htm)"
157.55.32.61 - - [07/Apr/2013:12:14:21 +0900] "GET /ontolopedia/disp/word_show/43094 HTTP/1.1" 403 234 "-" "Mozilla/5.0 (compatible; bingbot/2.0; +http://www.bing.com/bingbot.htm)"
157.55.32.61 - - [07/Apr/2013:12:14:21 +0900] "GET /ontolopedia/disp/word_show/43092 HTTP/1.1" 403 234 "-" "Mozilla/5.0 (compatible; bingbot/2.0; +http://www.bing.com/bingbot.htm)"
157.55.32.76 - - [07/Apr/2013:12:14:21 +0900] "GET /ontolopedia/disp/word_show/400539 HTTP/1.1" 403 235 "-" "Mozilla/5.0 (compatible; bingbot/2.0; +http://www.bing.com/bingbot.htm)"
157.55.32.76 - - [07/Apr/2013:12:14:21 +0900] "GET /ontolopedia/disp/word_show/40145 HTTP/1.1" 403 234 "-" "Mozilla/5.0 (compatible; bingbot/2.0; +http://www.bing.com/bingbot.htm)"
157.55.32.61 - - [07/Apr/2013:12:14:22 +0900] "GET /ontolopedia/disp/word_show/431335 HTTP/1.1" 403 235 "-" "Mozilla/5.0 (compatible; bingbot/2.0; +http://www.bing.com/bingbot.htm)"
157.55.32.61 - - [07/Apr/2013:12:14:22 +0900] "GET /ontolopedia/disp/word_show/43147 HTTP/1.1" 403 234 "-" "Mozilla/5.0 (compatible; bingbot/2.0; +http://www.bing.com/bingbot.htm)"
157.55.32.76 - - [07/Apr/2013:12:14:22 +0900] "GET /ontolopedia/disp/word_show/429390 HTTP/1.1" 403 235 "-" "Mozilla/5.0 (compatible; bingbot/2.0; +http://www.bing.com/bingbot.htm)"
157.55.32.76 - - [07/Apr/2013:12:14:22 +0900] "GET /ontolopedia/disp/word_show/42980 HTTP/1.1" 403 234 "-" "Mozilla/5.0 (compatible; bingbot/2.0; +http://www.bing.com/bingbot.htm)"
202.180.34.186 - - [07/Apr/2013:12:14:22 +0900] "GET /ontolopedia/disp/word_show/9321 HTTP/1.1" 200 17402 "-" "ICC-Crawler/2.0 (Mozilla-compatible; ; http://kc.nict.go.jp/project1/crawl.html)"
157.55.32.61 - - [07/Apr/2013:12:14:23 +0900] "GET /ontolopedia/disp/word_show/43228 HTTP/1.1" 403 234 "-" "Mozilla/5.0 (compatible; bingbot/2.0; +http://www.bing.com/bingbot.htm)"
157.55.32.61 - - [07/Apr/2013:12:14:23 +0900] "GET /ontolopedia/disp/word_show/43232 HTTP/1.1" 403 234 "-" "Mozilla/5.0 (compatible; bingbot/2.0; +http://www.bing.com/bingbot.htm)"
157.55.32.76 - - [07/Apr/2013:12:14:23 +0900] "GET /ontolopedia/disp/word_show/43064 HTTP/1.1" 403 234 "-" "Mozilla/5.0 (compatible; bingbot/2.0; +http://www.bing.com/bingbot.htm)"
157.55.32.76 - - [07/Apr/2013:12:14:23 +0900] "GET /ontolopedia/disp/word_show/43020 HTTP/1.1" 403 234 "-" "Mozilla/5.0 (compatible; bingbot/2.0; +http://www.bing.com/bingbot.htm)"
157.55.32.61 - - [07/Apr/2013:12:14:24 +0900] "GET /ontolopedia/disp/word_show/58480 HTTP/1.1" 403 234 "-" "Mozilla/5.0 (compatible; bingbot/2.0; +http://www.bing.com/bingbot.htm)"
157.55.32.61 - - [07/Apr/2013:12:14:24 +0900] "GET /ontolopedia/disp/word_show/58507 HTTP/1.1" 403 234 "-" "Mozilla/5.0 (compatible; bingbot/2.0; +http://www.bing.com/bingbot.htm)"
66.249.76.52 - - [07/Apr/2013:12:14:24 +0900] "GET /ontolopedia/disp/word_show/353904 HTTP/1.1" 200 6572 "-" "Mozilla/5.0 (compatible; Googlebot/2.1; +http://www.google.com/bot.html)"
157.55.32.76 - - [07/Apr/2013:12:14:24 +0900] "GET /ontolopedia/disp/word_show/43082 HTTP/1.1" 403 234 "-" "Mozilla/5.0 (compatible; bingbot/2.0; +http://www.bing.com/bingbot.htm)"
157.55.32.76 - - [07/Apr/2013:12:14:24 +0900] "GET /ontolopedia/disp/word_show/43119 HTTP/1.1" 403 234 "-" "Mozilla/5.0 (compatible; bingbot/2.0; +http://www.bing.com/bingbot.htm)"
157.55.32.61 - - [07/Apr/2013:12:14:25 +0900] "GET /ontolopedia/disp/word_show/58664 HTTP/1.1" 403 234 "-" "Mozilla/5.0 (compatible; bingbot/2.0; +http://www.bing.com/bingbot.htm)"
157.55.32.61 - - [07/Apr/2013:12:14:25 +0900] "GET /ontolopedia/disp/word_show/58669 HTTP/1.1" 403 234 "-" "Mozilla/5.0 (compatible; bingbot/2.0; +http://www.bing.com/bingbot.htm)"
157.55.32.76 - - [07/Apr/2013:12:14:25 +0900] "GET /ontolopedia/disp/word_show/431430 HTTP/1.1" 403 235 "-" "Mozilla/5.0 (compatible; bingbot/2.0; +http://www.bing.com/bingbot.htm)"
157.55.32.76 - - [07/Apr/2013:12:14:25 +0900] "GET /ontolopedia/disp/word_show/431804 HTTP/1.1" 403 235 "-" "Mozilla/5.0 (compatible; bingbot/2.0; +http://www.bing.com/bingbot.htm)"
157.55.32.61 - - [07/Apr/2013:12:14:26 +0900] "GET /ontolopedia/disp/word_show/5892 HTTP/1.1" 403 233 "-" "Mozilla/5.0 (compatible; bingbot/2.0; +http://www.bing.com/bingbot.htm)"
157.55.32.61 - - [07/Apr/2013:12:14:26 +0900] "GET /ontolopedia/disp/word_show/66273 HTTP/1.1" 403 234 "-" "Mozilla/5.0 (compatible; bingbot/2.0; +http://www.bing.com/bingbot.htm)"
157.55.32.76 - - [07/Apr/2013:12:14:26 +0900] "GET /ontolopedia/disp/word_show/43195 HTTP/1.1" 403 234 "-" "Mozilla/5.0 (compatible; bingbot/2.0; +http://www.bing.com/bingbot.htm)"
157.55.32.76 - - [07/Apr/2013:12:14:26 +0900] "GET /ontolopedia/disp/word_show/43194 HTTP/1.1" 403 234 "-" "Mozilla/5.0 (compatible; bingbot/2.0; +http://www.bing.com/bingbot.htm)"
157.55.32.61 - - [07/Apr/2013:12:14:27 +0900] "GET /ontolopedia/disp/word_show/66274 HTTP/1.1" 403 234 "-" "Mozilla/5.0 (compatible; bingbot/2.0; +http://www.bing.com/bingbot.htm)"
157.55.32.61 - - [07/Apr/2013:12:14:27 +0900] "GET /ontolopedia/disp/word_show/66289 HTTP/1.1" 403 234 "-" "Mozilla/5.0 (compatible; bingbot/2.0; +http://www.bing.com/bingbot.htm)"
157.55.32.76 - - [07/Apr/2013:12:14:27 +0900] "GET /ontolopedia/disp/word_show/462148 HTTP/1.1" 403 235 "-" "Mozilla/5.0 (compatible; bingbot/2.0; +http://www.bing.com/bingbot.htm)"
157.55.32.76 - - [07/Apr/2013:12:14:27 +0900] "GET /ontolopedia/disp/word_show/432293 HTTP/1.1" 403 235 "-" "Mozilla/5.0 (compatible; bingbot/2.0; +http://www.bing.com/bingbot.htm)"
157.55.32.61 - - [07/Apr/2013:12:14:28 +0900] "GET /ontolopedia/disp/word_show/7503 HTTP/1.1" 403 233 "-" "Mozilla/5.0 (compatible; bingbot/2.0; +http://www.bing.com/bingbot.htm)"
157.55.32.61 - - [07/Apr/2013:12:14:28 +0900] "GET /ontolopedia/disp/word_show/7521 HTTP/1.1" 403 233 "-" "Mozilla/5.0 (compatible; bingbot/2.0; +http://www.bing.com/bingbot.htm)"
202.180.34.186 - - [07/Apr/2013:12:14:28 +0900] "GET /ontolopedia/disp/word_show/69341 HTTP/1.1" 200 4173 "-" "ICC-Crawler/2.0 (Mozilla-compatible; ; http://kc.nict.go.jp/project1/crawl.html)"
157.55.32.76 - - [07/Apr/2013:12:14:28 +0900] "GET /ontolopedia/disp/word_show/4626 HTTP/1.1" 403 233 "-" "Mozilla/5.0 (compatible; bingbot/2.0; +http://www.bing.com/bingbot.htm)"
157.55.32.76 - - [07/Apr/2013:12:14:28 +0900] "GET /ontolopedia/disp/word_show/462764 HTTP/1.1" 403 235 "-" "Mozilla/5.0 (compatible; bingbot/2.0; +http://www.bing.com/bingbot.htm)"
157.55.32.61 - - [07/Apr/2013:12:14:29 +0900] "GET /ontolopedia/disp/word_show/75247 HTTP/1.1" 403 234 "-" "Mozilla/5.0 (compatible; bingbot/2.0; +http://www.bing.com/bingbot.htm)"
157.55.32.61 - - [07/Apr/2013:12:14:29 +0900] "GET /ontolopedia/disp/word_show/8362 HTTP/1.1" 403 233 "-" "Mozilla/5.0 (compatible; bingbot/2.0; +http://www.bing.com/bingbot.htm)"
157.55.32.76 - - [07/Apr/2013:12:14:29 +0900] "GET /ontolopedia/disp/word_show/58460 HTTP/1.1" 403 234 "-" "Mozilla/5.0 (compatible; bingbot/2.0; +http://www.bing.com/bingbot.htm)"
157.55.32.76 - - [07/Apr/2013:12:14:29 +0900] "GET /ontolopedia/disp/word_show/58662 HTTP/1.1" 403 234 "-" "Mozilla/5.0 (compatible; bingbot/2.0; +http://www.bing.com/bingbot.htm)"
66.249.76.52 - - [07/Apr/2013:12:14:30 +0900] "GET /ontolopedia/disp/word_show/354995 HTTP/1.1" 200 6747 "-" "Mozilla/5.0 (compatible; Googlebot/2.1; +http://www.google.com/bot.html)"
157.55.32.76 - - [07/Apr/2013:12:14:31 +0900] "GET /ontolopedia/disp/word_show/58794 HTTP/1.1" 403 234 "-" "Mozilla/5.0 (compatible; bingbot/2.0; +http://www.bing.com/bingbot.htm)"
157.55.32.76 - - [07/Apr/2013:12:14:31 +0900] "GET /ontolopedia/disp/word_show/66283 HTTP/1.1" 403 234 "-" "Mozilla/5.0 (compatible; bingbot/2.0; +http://www.bing.com/bingbot.htm)"
157.55.32.76 - - [07/Apr/2013:12:14:32 +0900] "GET /ontolopedia/disp/word_show/74956 HTTP/1.1" 403 234 "-" "Mozilla/5.0 (compatible; bingbot/2.0; +http://www.bing.com/bingbot.htm)"
157.55.32.76 - - [07/Apr/2013:12:14:32 +0900] "GET /ontolopedia/disp/word_show/74988 HTTP/1.1" 403 234 "-" "Mozilla/5.0 (compatible; bingbot/2.0; +http://www.bing.com/bingbot.htm)"
66.249.76.52 - - [07/Apr/2013:12:14:32 +0900] "GET /ontolopedia/disp/word_show/446244 HTTP/1.1" 200 5096 "-" "Mozilla/5.0 (compatible; Googlebot/2.1; +http://www.google.com/bot.html)"
157.55.32.76 - - [07/Apr/2013:12:14:33 +0900] "GET /ontolopedia/disp/word_show/750 HTTP/1.1" 403 232 "-" "Mozilla/5.0 (compatible; bingbot/2.0; +http://www.bing.com/bingbot.htm)"
202.180.34.186 - - [07/Apr/2013:12:14:33 +0900] "GET /ontolopedia/disp/word_show/17800 HTTP/1.1" 200 38368 "-" "ICC-Crawler/2.0 (Mozilla-compatible; ; http://kc.nict.go.jp/project1/crawl.html)"
66.249.76.52 - - [07/Apr/2013:12:14:36 +0900] "GET /ontolopedia/disp/word_show/279842 HTTP/1.1" 200 8532 "-" "Mozilla/5.0 (compatible; Googlebot/2.1; +http://www.google.com/bot.html)"
157.55.33.109 - - [07/Apr/2013:12:14:38 +0900] "GET /wiki/index.php?cmd=diff&page=%A5%BC%A5%DF%A5%ED%A5%B0%2F%C2%E824%B2%F3%2F1.%A1%D8%28%C1%B0%CE%AC%29%A5%DE%A1%BC%A5%AB%A4%F2%CD%D1%A4%A4%A4%CA%A4%A4%A3%B3%BC%A1%B8%B5%CA%AA%C2%CE%C4%C9%C0%D7%BC%EA%CB%A1%A1%D9%A4%CE%BE%D2%B2%F0%28%B6%CC%BE%EB%B3%A8%C8%FE%29 HTTP/1.1" 200 11634 "-" "Mozilla/5.0 (compatible; bingbot/2.0; +http://www.bing.com/bingbot.htm)"
157.55.33.109 - - [07/Apr/2013:12:14:38 +0900] "GET /wiki/index.php?cmd=diff&page=%A5%E1%A5%E2%C4%A2%2FAPOP%A4%C8%A4%ABPOP%B4%D8%B7%B8%A4%CE%A5%DB%A5%CB%A5%E3 HTTP/1.1" 200 10337 "-" "Mozilla/5.0 (compatible; bingbot/2.0; +http://www.bing.com/bingbot.htm)"
202.180.34.186 - - [07/Apr/2013:12:14:39 +0900] "GET /ontolopedia/disp/word_show/122614 HTTP/1.1" 200 21209 "-" "ICC-Crawler/2.0 (Mozilla-compatible; ; http://kc.nict.go.jp/project1/crawl.html)"
157.56.93.71 - - [07/Apr/2013:12:14:41 +0900] "GET /wiki/index.php?cmd=diff&page=%A5%BC%A5%DF%A5%ED%A5%B0%2F%C2%E824%B2%F3%2F3.%A1%D8%BB%B0%BC%A1%B8%B5%B6%F5%B4%D6%A4%C7%A4%CE%C6%B0%A4%AD%A4%CE%B8%A1%BD%D0%A1%D9%A4%CE%BE%D2%B2%F0%28%B6%CC%BE%EB%B3%A8%C8%FE%29 HTTP/1.1" 200 11626 "-" "Mozilla/5.0 (compatible; bingbot/2.0; +http://www.bing.com/bingbot.htm)"
157.56.93.71 - - [07/Apr/2013:12:14:41 +0900] "GET /wiki/index.php?cmd=diff&page=%A5%BC%A5%DF%A5%ED%A5%B0%2F%C2%E85%B2%F3%2F%A1%D8%A5%D0%A1%BC%A5%C1%A5%E3%A5%EB%A5%AD%A1%BC%A5%DC%A1%BC%A5%C9%20%A5%D3%A5%C7%A5%AA%B2%E8%C1%FC%A4%AB%A4%E9%A4%CE%B4%E8%B7%F2%A4%CA%BC%C2%BB%FE%B4%D6%BB%D8%C0%E8%B8%A1%BD%D0%A4%CE%BC%C2%B8%BD%20%A1%D9%A4%CE%BE%D2%B2%F0%28%B6%CC%BE%EB%20%B3%A8%C8%FE%29 HTTP/1.1" 200 15121 "-" "Mozilla/5.0 (compatible; bingbot/2.0; +http://www.bing.com/bingbot.htm)"
66.249.76.52 - - [07/Apr/2013:12:14:42 +0900] "GET /ontolopedia/disp/word_show/258948 HTTP/1.1" 200 5477 "-" "Mozilla/5.0 (compatible; Googlebot/2.1; +http://www.google.com/bot.html)"
157.56.93.71 - - [07/Apr/2013:12:14:42 +0900] "GET /wiki/index.php?cmd=edit&page=gxrir&refer=%A5%BC%A5%DF%A5%ED%A5%B0%2F%C2%E828%B2%F3%2F%C3%E6%B4%D6%C8%AF%C9%BD%B8%B6%B9%C63%28%B6%CC%BE%EB%B3%A8%C8%FE%29 HTTP/1.1" 401 7729 "-" "Mozilla/5.0 (compatible; bingbot/2.0; +http://www.bing.com/bingbot.htm)"
157.56.93.71 - - [07/Apr/2013:12:14:43 +0900] "GET /wiki/index.php?cmd=edit&page=hmkptlk HTTP/1.1" 401 7749 "-" "Mozilla/5.0 (compatible; bingbot/2.0; +http://www.bing.com/bingbot.htm)"
157.56.93.71 - - [07/Apr/2013:12:14:44 +0900] "GET /wiki/index.php?cmd=edit&page=moveunece HTTP/1.1" 401 7769 "-" "Mozilla/5.0 (compatible; bingbot/2.0; +http://www.bing.com/bingbot.htm)"
157.56.93.71 - - [07/Apr/2013:12:14:44 +0900] "GET /wiki/index.php?cmd=edit&page=nal%2F%C6%FC%BB%EF%28%A5%C8%A5%A6%A5%DE%A5%CA%A5%EB%A5%A2%A5%AD%29%2F2005-05-18 HTTP/1.1" 401 8492 "-" "Mozilla/5.0 (compatible; bingbot/2.0; +http://www.bing.com/bingbot.htm)"
157.55.33.109 - - [07/Apr/2013:12:14:44 +0900] "GET /wiki/index.php?cmd=diff&page=%A5%E1%A5%F3%A5%D0%A1%BC%2F2005 HTTP/1.1" 200 10542 "-" "Mozilla/5.0 (compatible; bingbot/2.0; +http://www.bing.com/bingbot.htm)"
157.55.33.109 - - [07/Apr/2013:12:14:44 +0900] "GET /wiki/index.php?cmd=diff&page=Emi%2F%A5%BD%A5%D5%A5%C8%A5%A6%A5%A7%A5%A2%B9%A9%B3%D8-11 HTTP/1.1" 200 15185 "-" "Mozilla/5.0 (compatible; bingbot/2.0; +http://www.bing.com/bingbot.htm)"
157.56.93.71 - - [07/Apr/2013:12:14:45 +0900] "GET /wiki/index.php?cmd=edit&page=nal%2F%C6%FC%BB%EF%28%A5%C8%A5%A6%A5%DE%A5%CA%A5%EB%A5%A2%A5%AD%29%2F2005-06-06 HTTP/1.1" 401 8492 "-" "Mozilla/5.0 (compatible; bingbot/2.0; +http://www.bing.com/bingbot.htm)"
157.56.93.71 - - [07/Apr/2013:12:14:45 +0900] "GET /wiki/index.php?cmd=edit&page=nal%2F%C6%FC%BB%EF%28%A5%C8%A5%A6%A5%DE%A5%CA%A5%EB%A5%A2%A5%AD%29%2F2005-05-19 HTTP/1.1" 401 8492 "-" "Mozilla/5.0 (compatible; bingbot/2.0; +http://www.bing.com/bingbot.htm)"
202.180.34.186 - - [07/Apr/2013:12:14:45 +0900] "GET /ontolopedia/disp/word_show/384158 HTTP/1.1" 200 7017 "-" "ICC-Crawler/2.0 (Mozilla-compatible; ; http://kc.nict.go.jp/project1/crawl.html)"
119.235.237.77 - - [07/Apr/2013:12:14:46 +0900] "GET /site_media/css/jquery.jqplot.min.css HTTP/1.1" 200 3057 "-" "Yeti/1.0 (NHN Corp.; http://help.naver.com/robots/)"
157.56.93.71 - - [07/Apr/2013:12:14:46 +0900] "GET /wiki/index.php?cmd=edit&page=nal%2Fworks%2F2005 HTTP/1.1" 401 7987 "-" "Mozilla/5.0 (compatible; bingbot/2.0; +http://www.bing.com/bingbot.htm)"
157.56.93.71 - - [07/Apr/2013:12:14:46 +0900] "GET /wiki/index.php?cmd=edit&page=nal%2Fworks%2F2004 HTTP/1.1" 401 7987 "-" "Mozilla/5.0 (compatible; bingbot/2.0; +http://www.bing.com/bingbot.htm)"
157.55.33.109 - - [07/Apr/2013:12:14:46 +0900] "GET /wiki/index.php?cmd=edit&page=effects%20levaquin%20side&refer=%A5%BC%A5%DF%A5%ED%A5%B0%2F%C2%E823%B2%F3%2F1.%BC%C2%C1%F5%B2%BD%28%BD%E9%B4%FC%BD%E8%CD%FD%29%28%B6%CC%BE%EB%B3%A8%C8%FE%29 HTTP/1.1" 401 7913 "-" "Mozilla/5.0 (compatible; bingbot/2.0; +http://www.bing.com/bingbot.htm)"
157.55.33.109 - - [07/Apr/2013:12:14:46 +0900] "GET /wiki/index.php?cmd=edit&page=limpopoyahoos&refer=%A5%BC%A5%DF%A5%ED%A5%B0%2F%C2%E828%B2%F3%2F%C3%E6%B4%D6%C8%AF%C9%BD%B8%B6%B9%C63%28%B6%CC%BE%EB%B3%A8%C8%FE%29 HTTP/1.1" 401 7809 "-" "Mozilla/5.0 (compatible; bingbot/2.0; +http://www.bing.com/bingbot.htm)"
157.56.93.71 - - [07/Apr/2013:12:14:47 +0900] "GET /wiki/index.php?cmd=edit&page=nal-time HTTP/1.1" 401 7759 "-" "Mozilla/5.0 (compatible; bingbot/2.0; +http://www.bing.com/bingbot.htm)"
157.56.93.71 - - [07/Apr/2013:12:14:47 +0900] "GET /wiki/index.php?cmd=edit&page=nal%2Fworks%2F2009 HTTP/1.1" 401 7987 "-" "Mozilla/5.0 (compatible; bingbot/2.0; +http://www.bing.com/bingbot.htm)"
66.249.76.52 - - [07/Apr/2013:12:14:48 +0900] "GET /ontolopedia/disp/word_show/266177 HTTP/1.1" 200 8080 "-" "Mozilla/5.0 (compatible; Googlebot/2.1; +http://www.google.com/bot.html)"
157.56.93.71 - - [07/Apr/2013:12:14:48 +0900] "GET /wiki/index.php?cmd=edit&page=yosshi%2F%CF%C0%CA%B8%A5%B5%A1%BC%A5%D9%A5%A4 HTTP/1.1" 401 8096 "-" "Mozilla/5.0 (compatible; bingbot/2.0; +http://www.bing.com/bingbot.htm)"
