157.56.93.196 - - [07/Apr/2013:12:16:26 +0900] "GET /ontolopedia/disp/word_show/43043 HTTP/1.1" 403 234 "-" "Mozilla/5.0 (compatible; bingbot/2.0; +http://www.bing.com/bingbot.htm)"
157.56.93.196 - - [07/Apr/2013:12:16:26 +0900] "GET /ontolopedia/disp/word_show/43061 HTTP/1.1" 403 234 "-" "Mozilla/5.0 (compatible; bingbot/2.0; +http://www.bing.com/bingbot.htm)"
157.56.93.196 - - [07/Apr/2013:12:16:26 +0900] "GET /ontolopedia/disp/word_show/430666 HTTP/1.1" 403 235 "-" "Mozilla/5.0 (compatible; bingbot/2.0; +http://www.bing.com/bingbot.htm)"
157.55.33.109 - - [07/Apr/2013:12:16:26 +0900] "GET /ontolopedia/disp/word_show/75118 HTTP/1.1" 403 234 "-" "Mozilla/5.0 (compatible; bingbot/2.0; +http://www.bing.com/bingbot.htm)"
157.55.33.109 - - [07/Apr/2013:12:16:26 +0900] "GET /ontolopedia/disp/word_show/75013 HTTP/1.1" 403 234 "-" "Mozilla/5.0 (compatible; bingbot/2.0; +http://www.bing.com/bingbot.htm)"
157.55.33.109 - - [07/Apr/2013:12:16:26 +0900] "GET /ontolopedia/disp/word_show/74943 HTTP/1.1" 403 234 "-" "Mozilla/5.0 (compatible; bingbot/2.0; +http://www.bing.com/bingbot.htm)"
157.56.93.196 - - [07/Apr/2013:12:16:27 +0900] "GET /ontolopedia/disp/word_show/431608 HTTP/1.1" 403 235 "-" "Mozilla/5.0 (compatible; bingbot/2.0; +http://www.bing.com/bingbot.htm)"
157.56.93.196 - - [07/Apr/2013:12:16:27 +0900] "GET /ontolopedia/disp/word_show/43161 HTTP/1.1" 403 234 "-" "Mozilla/5.0 (compatible; bingbot/2.0; +http://www.bing.com/bingbot.htm)"
157.56.93.196 - - [07/Apr/2013:12:16:27 +0900] "GET /ontolopedia/disp/word_show/46186 HTTP/1.1" 403 234 "-" "Mozilla/5.0 (compatible; bingbot/2.0; +http://www.bing.com/bingbot.htm)"
157.55.33.109 - - [07/Apr/2013:12:16:27 +0900] "GET /ontolopedia/disp/word_show/75183 HTTP/1.1" 403 234 "-" "Mozilla/5.0 (compatible; bingbot/2.0; +http://www.bing.com/bingbot.htm)"
157.55.33.109 - - [07/Apr/2013:12:16:27 +0900] "GET /ontolopedia/disp/word_show/75216 HTTP/1.1" 403 234 "-" "Mozilla/5.0 (compatible; bingbot/2.0; +http://www.bing.com/bingbot.htm)"
157.55.33.109 - - [07/Apr/2013:12:16:27 +0900] "GET /ontolopedia/disp/word_show/75239 HTTP/1.1" 403 234 "-" "Mozilla/5.0 (compatible; bingbot/2.0; +http://www.bing.com/bingbot.htm)"
157.56.93.196 - - [07/Apr/2013:12:16:28 +0900] "GET /ontolopedia/disp/word_show/461939 HTTP/1.1" 403 235 "-" "Mozilla/5.0 (compatible; bingbot/2.0; +http://www.bing.com/bingbot.htm)"
157.56.93.196 - - [07/Apr/2013:12:16:28 +0900] "GET /ontolopedia/disp/word_show/58436 HTTP/1.1" 403 234 "-" "Mozilla/5.0 (compatible; bingbot/2.0; +http://www.bing.com/bingbot.htm)"
157.56.93.196 - - [07/Apr/2013:12:16:28 +0900] "GET /ontolopedia/disp/word_show/58479 HTTP/1.1" 403 234 "-" "Mozilla/5.0 (compatible; bingbot/2.0; +http://www.bing.com/bingbot.htm)"
157.55.33.109 - - [07/Apr/2013:12:16:28 +0900] "GET /ontolopedia/disp/word_show/7525 HTTP/1.1" 403 233 "-" "Mozilla/5.0 (compatible; bingbot/2.0; +http://www.bing.com/bingbot.htm)"
157.55.33.109 - - [07/Apr/2013:12:16:28 +0900] "GET /ontolopedia/disp/word_show/8360 HTTP/1.1" 403 233 "-" "Mozilla/5.0 (compatible; bingbot/2.0; +http://www.bing.com/bingbot.htm)"
157.55.33.109 - - [07/Apr/2013:12:16:28 +0900] "GET /ontolopedia/disp/word_show/83603 HTTP/1.1" 403 234 "-" "Mozilla/5.0 (compatible; bingbot/2.0; +http://www.bing.com/bingbot.htm)"
157.56.93.196 - - [07/Apr/2013:12:16:29 +0900] "GET /ontolopedia/disp/word_show/5861 HTTP/1.1" 403 233 "-" "Mozilla/5.0 (compatible; bingbot/2.0; +http://www.bing.com/bingbot.htm)"
66.249.76.52 - - [07/Apr/2013:12:16:29 +0900] "GET /ontolopedia/disp/word_show/155256 HTTP/1.1" 200 7275 "-" "Mozilla/5.0 (compatible; Googlebot/2.1; +http://www.google.com/bot.html)"
157.56.93.196 - - [07/Apr/2013:12:16:29 +0900] "GET /ontolopedia/disp/word_show/58644 HTTP/1.1" 403 234 "-" "Mozilla/5.0 (compatible; bingbot/2.0; +http://www.bing.com/bingbot.htm)"
202.180.34.186 - - [07/Apr/2013:12:16:29 +0900] "GET /ontolopedia/disp/word_show/460788 HTTP/1.1" 200 14084 "-" "ICC-Crawler/2.0 (Mozilla-compatible; ; http://kc.nict.go.jp/project1/crawl.html)"
157.56.93.196 - - [07/Apr/2013:12:16:29 +0900] "GET /ontolopedia/disp/word_show/66291 HTTP/1.1" 403 234 "-" "Mozilla/5.0 (compatible; bingbot/2.0; +http://www.bing.com/bingbot.htm)"
157.56.93.196 - - [07/Apr/2013:12:16:30 +0900] "GET /ontolopedia/disp/word_show/75009 HTTP/1.1" 403 234 "-" "Mozilla/5.0 (compatible; bingbot/2.0; +http://www.bing.com/bingbot.htm)"
157.56.93.196 - - [07/Apr/2013:12:16:30 +0900] "GET /ontolopedia/disp/word_show/75242 HTTP/1.1" 403 234 "-" "Mozilla/5.0 (compatible; bingbot/2.0; +http://www.bing.com/bingbot.htm)"
66.249.76.52 - - [07/Apr/2013:12:16:30 +0900] "GET /ontolopedia/disp/word_show/177303 HTTP/1.1" 200 9559 "-" "Mozilla/5.0 (compatible; Googlebot/2.1; +http://www.google.com/bot.html)"
66.249.76.52 - - [07/Apr/2013:12:16:33 +0900] "GET /ontolopedia/disp/word_show/157269 HTTP/1.1" 200 6308 "-" "Mozilla/5.0 (compatible; Googlebot/2.1; +http://www.google.com/bot.html)"
202.180.34.186 - - [07/Apr/2013:12:16:34 +0900] "GET /ontolopedia/disp/word_show/421689 HTTP/1.1" 200 4196 "-" "ICC-Crawler/2.0 (Mozilla-compatible; ; http://kc.nict.go.jp/project1/crawl.html)"
66.249.76.52 - - [07/Apr/2013:12:16:37 +0900] "GET /ontolopedia/disp/word_show/266768 HTTP/1.1" 200 9494 "-" "Mozilla/5.0 (compatible; Googlebot/2.1; +http://www.google.com/bot.html)"
202.180.34.186 - - [07/Apr/2013:12:16:40 +0900] "GET /ontolopedia/disp/word_show/431766 HTTP/1.1" 200 7986 "-" "ICC-Crawler/2.0 (Mozilla-compatible; ; http://kc.nict.go.jp/project1/crawl.html)"
66.249.76.52 - - [07/Apr/2013:12:16:43 +0900] "GET /ontolopedia/disp/word_show/28768 HTTP/1.1" 200 7658 "-" "Mozilla/5.0 (compatible; Googlebot/2.1; +http://www.google.com/bot.html)"
202.180.34.186 - - [07/Apr/2013:12:16:45 +0900] "GET /ontolopedia/disp/word_show/409369 HTTP/1.1" 200 7489 "-" "ICC-Crawler/2.0 (Mozilla-compatible; ; http://kc.nict.go.jp/project1/crawl.html)"
66.249.76.52 - - [07/Apr/2013:12:16:48 +0900] "GET /ontolopedia/disp/word_show/167221 HTTP/1.1" 200 8252 "-" "Mozilla/5.0 (compatible; Googlebot/2.1; +http://www.google.com/bot.html)"
66.249.76.52 - - [07/Apr/2013:12:16:49 +0900] "GET /ontolopedia/disp/word_show/142923 HTTP/1.1" 200 10533 "-" "Mozilla/5.0 (compatible; Googlebot/2.1; +http://www.google.com/bot.html)"
202.180.34.186 - - [07/Apr/2013:12:16:50 +0900] "GET /ontolopedia/disp/word_show/111221 HTTP/1.1" 200 14072 "-" "ICC-Crawler/2.0 (Mozilla-compatible; ; http://kc.nict.go.jp/project1/crawl.html)"
66.249.76.52 - - [07/Apr/2013:12:16:55 +0900] "GET /ontolopedia/disp/word_show/252004 HTTP/1.1" 200 8938 "-" "Mozilla/5.0 (compatible; Googlebot/2.1; +http://www.google.com/bot.html)"
202.180.34.186 - - [07/Apr/2013:12:16:56 +0900] "GET /ontolopedia/disp/word_show/7747 HTTP/1.1" 200 6855 "-" "ICC-Crawler/2.0 (Mozilla-compatible; ; http://kc.nict.go.jp/project1/crawl.html)"
66.249.76.52 - - [07/Apr/2013:12:17:01 +0900] "GET /ontolopedia/disp/word_show/376087 HTTP/1.1" 200 5749 "-" "Mozilla/5.0 (compatible; Googlebot/2.1; +http://www.google.com/bot.html)"
202.180.34.186 - - [07/Apr/2013:12:17:01 +0900] "GET /ontolopedia/disp/word_show/170451 HTTP/1.1" 200 4192 "-" "ICC-Crawler/2.0 (Mozilla-compatible; ; http://kc.nict.go.jp/project1/crawl.html)"
66.249.76.52 - - [07/Apr/2013:12:17:07 +0900] "GET /ontolopedia/disp/word_show/283888 HTTP/1.1" 200 10783 "-" "Mozilla/5.0 (compatible; Googlebot/2.1; +http://www.google.com/bot.html)"
202.180.34.186 - - [07/Apr/2013:12:17:07 +0900] "GET /ontolopedia/disp/word_show/243489 HTTP/1.1" 200 9426 "-" "ICC-Crawler/2.0 (Mozilla-compatible; ; http://kc.nict.go.jp/project1/crawl.html)"
66.249.76.52 - - [07/Apr/2013:12:17:08 +0900] "GET /ontolopedia/disp/word_show/162026 HTTP/1.1" 200 11025 "-" "Mozilla/5.0 (compatible; Googlebot/2.1; +http://www.google.com/bot.html)"
202.180.34.186 - - [07/Apr/2013:12:17:12 +0900] "GET /ontolopedia/disp/word_show/335236 HTTP/1.1" 200 7819 "-" "ICC-Crawler/2.0 (Mozilla-compatible; ; http://kc.nict.go.jp/project1/crawl.html)"
66.249.76.52 - - [07/Apr/2013:12:17:13 +0900] "GET /ontolopedia/disp/word_show/12529 HTTP/1.1" 200 5754 "-" "Mozilla/5.0 (compatible; Googlebot/2.1; +http://www.google.com/bot.html)"
202.180.34.186 - - [07/Apr/2013:12:17:18 +0900] "GET /ontolopedia/disp/word_show/106698 HTTP/1.1" 200 17138 "-" "ICC-Crawler/2.0 (Mozilla-compatible; ; http://kc.nict.go.jp/project1/crawl.html)"
66.249.76.52 - - [07/Apr/2013:12:17:19 +0900] "GET /ontolopedia/disp/word_show/275737 HTTP/1.1" 200 4227 "-" "Mozilla/5.0 (compatible; Googlebot/2.1; +http://www.google.com/bot.html)"
202.180.34.186 - - [07/Apr/2013:12:17:23 +0900] "GET /ontolopedia/disp/word_show/286531 HTTP/1.1" 200 9529 "-" "ICC-Crawler/2.0 (Mozilla-compatible; ; http://kc.nict.go.jp/project1/crawl.html)"
66.249.76.52 - - [07/Apr/2013:12:17:25 +0900] "GET /ontolopedia/disp/word_show/84938 HTTP/1.1" 200 8229 "-" "Mozilla/5.0 (compatible; Googlebot/2.1; +http://www.google.com/bot.html)"
66.249.76.52 - - [07/Apr/2013:12:17:27 +0900] "GET /ontolopedia/disp/word_show/285236 HTTP/1.1" 200 6868 "-" "Mozilla/5.0 (compatible; Googlebot/2.1; +http://www.google.com/bot.html)"
202.180.34.186 - - [07/Apr/2013:12:17:29 +0900] "GET /ontolopedia/disp/word_show/102712 HTTP/1.1" 200 8710 "-" "ICC-Crawler/2.0 (Mozilla-compatible; ; http://kc.nict.go.jp/project1/crawl.html)"
66.249.76.52 - - [07/Apr/2013:12:17:31 +0900] "GET /ontolopedia/disp/word_show/58666 HTTP/1.1" 200 7462 "-" "Mozilla/5.0 (compatible; Googlebot/2.1; +http://www.google.com/bot.html)"
202.180.34.186 - - [07/Apr/2013:12:17:34 +0900] "GET /ontolopedia/disp/word_show/413913 HTTP/1.1" 200 6517 "-" "ICC-Crawler/2.0 (Mozilla-compatible; ; http://kc.nict.go.jp/project1/crawl.html)"
66.249.76.52 - - [07/Apr/2013:12:17:37 +0900] "GET /ontolopedia/disp/word_show/1893 HTTP/1.1" 200 11905 "-" "Mozilla/5.0 (compatible; Googlebot/2.1; +http://www.google.com/bot.html)"
202.180.34.186 - - [07/Apr/2013:12:17:40 +0900] "GET /ontolopedia/disp/word_show/29420 HTTP/1.1" 200 10215 "-" "ICC-Crawler/2.0 (Mozilla-compatible; ; http://kc.nict.go.jp/project1/crawl.html)"
66.249.76.52 - - [07/Apr/2013:12:17:43 +0900] "GET /ontolopedia/disp/word_show/123103 HTTP/1.1" 200 9044 "-" "Mozilla/5.0 (compatible; Googlebot/2.1; +http://www.google.com/bot.html)"
202.180.34.186 - - [07/Apr/2013:12:17:45 +0900] "GET /ontolopedia/disp/word_show/379855 HTTP/1.1" 200 7891 "-" "ICC-Crawler/2.0 (Mozilla-compatible; ; http://kc.nict.go.jp/project1/crawl.html)"
66.249.76.52 - - [07/Apr/2013:12:17:47 +0900] "GET /ontolopedia/disp/word_show/274281 HTTP/1.1" 200 4327 "-" "Mozilla/5.0 (compatible; Googlebot/2.1; +http://www.google.com/bot.html)"
66.249.76.52 - - [07/Apr/2013:12:17:49 +0900] "GET /ontolopedia/disp/word_show/341755 HTTP/1.1" 200 6444 "-" "Mozilla/5.0 (compatible; Googlebot/2.1; +http://www.google.com/bot.html)"
202.180.34.186 - - [07/Apr/2013:12:17:50 +0900] "GET /ontolopedia/disp/word_show/316623 HTTP/1.1" 200 11298 "-" "ICC-Crawler/2.0 (Mozilla-compatible; ; http://kc.nict.go.jp/project1/crawl.html)"
66.249.76.52 - - [07/Apr/2013:12:17:55 +0900] "GET /ontolopedia/disp/word_show/62390 HTTP/1.1" 200 6701 "-" "Mozilla/5.0 (compatible; Googlebot/2.1; +http://www.google.com/bot.html)"
202.180.34.186 - - [07/Apr/2013:12:17:56 +0900] "GET /ontolopedia/disp/word_show/41798 HTTP/1.1" 200 5057 "-" "ICC-Crawler/2.0 (Mozilla-compatible; ; http://kc.nict.go.jp/project1/crawl.html)"
66.249.76.52 - - [07/Apr/2013:12:18:01 +0900] "GET /ontolopedia/disp/word_show/302277 HTTP/1.1" 200 6805 "-" "Mozilla/5.0 (compatible; Googlebot/2.1; +http://www.google.com/bot.html)"
202.180.34.186 - - [07/Apr/2013:12:18:01 +0900] "GET /ontolopedia/disp/word_show/334207 HTTP/1.1" 200 6980 "-" "ICC-Crawler/2.0 (Mozilla-compatible; ; http://kc.nict.go.jp/project1/crawl.html)"
66.249.76.52 - - [07/Apr/2013:12:18:06 +0900] "GET /ontolopedia/disp/word_show/316928 HTTP/1.1" 200 6880 "-" "Mozilla/5.0 (compatible; Googlebot/2.1; +http://www.google.com/bot.html)"
202.180.34.186 - - [07/Apr/2013:12:18:06 +0900] "GET /ontolopedia/disp/word_show/32142 HTTP/1.1" 200 9536 "-" "ICC-Crawler/2.0 (Mozilla-compatible; ; http://kc.nict.go.jp/project1/crawl.html)"
202.180.34.186 - - [07/Apr/2013:12:18:12 +0900] "GET /ontolopedia/disp/word_show/395217 HTTP/1.1" 200 7741 "-" "ICC-Crawler/2.0 (Mozilla-compatible; ; http://kc.nict.go.jp/project1/crawl.html)"
66.249.76.52 - - [07/Apr/2013:12:18:13 +0900] "GET /ontolopedia/disp/word_show/401512 HTTP/1.1" 200 7284 "-" "Mozilla/5.0 (compatible; Googlebot/2.1; +http://www.google.com/bot.html)"
202.180.34.186 - - [07/Apr/2013:12:18:17 +0900] "GET /ontolopedia/disp/word_show/332671 HTTP/1.1" 200 9938 "-" "ICC-Crawler/2.0 (Mozilla-compatible; ; http://kc.nict.go.jp/project1/crawl.html)"
66.249.76.52 - - [07/Apr/2013:12:18:19 +0900] "GET /ontolopedia/disp/word_show/483714 HTTP/1.1" 200 5987 "-" "Mozilla/5.0 (compatible; Googlebot/2.1; +http://www.google.com/bot.html)"
202.180.34.186 - - [07/Apr/2013:12:18:23 +0900] "GET /ontolopedia/disp/word_show/243275 HTTP/1.1" 200 6909 "-" "ICC-Crawler/2.0 (Mozilla-compatible; ; http://kc.nict.go.jp/project1/crawl.html)"
101.96.58.49 - - [07/Apr/2013:12:18:24 +0900] "GET /ontolopedia/disp/word_show/363697 HTTP/1.1" 200 7877 "http://search.yahoo.co.jp/search?p=%E6%AD%A6%E8%97%A4%E5%84%AA%E7%BE%8E%E5%AD%90&search.x=1&fr=top_ipd_sa&tid=top_ipd_sa&ei=UTF-8&aq=2&oq=" "Mozilla/5.0 (iPad; CPU OS 5_1_1 like Mac OS X) AppleWebKit/534.46 (KHTML, like Gecko) Version/5.1 Mobile/9B206 Safari/7534.48.3"
101.96.58.49 - - [07/Apr/2013:12:18:25 +0900] "GET /ontolopedia/stylesheets/default.css?1195659978 HTTP/1.1" 200 7140 "http://www.nal.ie.u-ryukyu.ac.jp/ontolopedia/disp/word_show/363697" "Mozilla/5.0 (iPad; CPU OS 5_1_1 like Mac OS X) AppleWebKit/534.46 (KHTML, like Gecko) Version/5.1 Mobile/9B206 Safari/7534.48.3"
101.96.58.49 - - [07/Apr/2013:12:18:25 +0900] "GET /ontolopedia/stylesheets/formstyle.css?1172129648 HTTP/1.1" 200 4389 "http://www.nal.ie.u-ryukyu.ac.jp/ontolopedia/disp/word_show/363697" "Mozilla/5.0 (iPad; CPU OS 5_1_1 like Mac OS X) AppleWebKit/534.46 (KHTML, like Gecko) Version/5.1 Mobile/9B206 Safari/7534.48.3"
101.96.58.49 - - [07/Apr/2013:12:18:25 +0900] "GET /ontolopedia/javascripts/formstyle.js?1172130636 HTTP/1.1" 200 10047 "http://www.nal.ie.u-ryukyu.ac.jp/ontolopedia/disp/word_show/363697" "Mozilla/5.0 (iPad; CPU OS 5_1_1 like Mac OS X) AppleWebKit/534.46 (KHTML, like Gecko) Version/5.1 Mobile/9B206 Safari/7534.48.3"
101.96.58.49 - - [07/Apr/2013:12:18:25 +0900] "GET /ontolopedia/img/bg.gif HTTP/1.1" 200 1383 "http://www.nal.ie.u-ryukyu.ac.jp/ontolopedia/disp/word_show/363697" "Mozilla/5.0 (iPad; CPU OS 5_1_1 like Mac OS X) AppleWebKit/534.46 (KHTML, like Gecko) Version/5.1 Mobile/9B206 Safari/7534.48.3"
101.96.58.49 - - [07/Apr/2013:12:18:25 +0900] "GET /ontolopedia/img/topleft.gif HTTP/1.1" 200 2971 "http://www.nal.ie.u-ryukyu.ac.jp/ontolopedia/disp/word_show/363697" "Mozilla/5.0 (iPad; CPU OS 5_1_1 like Mac OS X) AppleWebKit/534.46 (KHTML, like Gecko) Version/5.1 Mobile/9B206 Safari/7534.48.3"
101.96.58.49 - - [07/Apr/2013:12:18:25 +0900] "GET /ontolopedia/img/bgmain.gif HTTP/1.1" 200 2248 "http://www.nal.ie.u-ryukyu.ac.jp/ontolopedia/disp/word_show/363697" "Mozilla/5.0 (iPad; CPU OS 5_1_1 like Mac OS X) AppleWebKit/534.46 (KHTML, like Gecko) Version/5.1 Mobile/9B206 Safari/7534.48.3"
101.96.58.49 - - [07/Apr/2013:12:18:25 +0900] "GET /ontolopedia/img/bgfooter.gif HTTP/1.1" 200 598 "http://www.nal.ie.u-ryukyu.ac.jp/ontolopedia/disp/word_show/363697" "Mozilla/5.0 (iPad; CPU OS 5_1_1 like Mac OS X) AppleWebKit/534.46 (KHTML, like Gecko) Version/5.1 Mobile/9B206 Safari/7534.48.3"
66.249.76.52 - - [07/Apr/2013:12:18:25 +0900] "GET /ontolopedia/disp/word_show/43629 HTTP/1.1" 200 15244 "-" "Mozilla/5.0 (compatible; Googlebot/2.1; +http://www.google.com/bot.html)"
66.249.76.52 - - [07/Apr/2013:12:18:26 +0900] "GET /ontolopedia/disp/word_show/120431 HTTP/1.1" 200 12295 "-" "Mozilla/5.0 (compatible; Googlebot/2.1; +http://www.google.com/bot.html)"
202.180.34.186 - - [07/Apr/2013:12:18:28 +0900] "GET /ontolopedia/disp/word_show/9908 HTTP/1.1" 200 4160 "-" "ICC-Crawler/2.0 (Mozilla-compatible; ; http://kc.nict.go.jp/project1/crawl.html)"
66.249.76.52 - - [07/Apr/2013:12:18:31 +0900] "GET /ontolopedia/disp/word_show/38695 HTTP/1.1" 200 10080 "-" "Mozilla/5.0 (compatible; Googlebot/2.1; +http://www.google.com/bot.html)"
202.180.34.186 - - [07/Apr/2013:12:18:34 +0900] "GET /ontolopedia/disp/word_show/4815 HTTP/1.1" 200 5707 "-" "ICC-Crawler/2.0 (Mozilla-compatible; ; http://kc.nict.go.jp/project1/crawl.html)"
66.249.76.52 - - [07/Apr/2013:12:18:37 +0900] "GET /ontolopedia/disp/word_show/166691 HTTP/1.1" 200 9207 "-" "Mozilla/5.0 (compatible; Googlebot/2.1; +http://www.google.com/bot.html)"
202.180.34.186 - - [07/Apr/2013:12:18:39 +0900] "GET /ontolopedia/disp/word_show/154472 HTTP/1.1" 200 11656 "-" "ICC-Crawler/2.0 (Mozilla-compatible; ; http://kc.nict.go.jp/project1/crawl.html)"
66.249.76.52 - - [07/Apr/2013:12:18:43 +0900] "GET /ontolopedia/disp/word_show/316625 HTTP/1.1" 200 5547 "-" "Mozilla/5.0 (compatible; Googlebot/2.1; +http://www.google.com/bot.html)"
66.249.76.52 - - [07/Apr/2013:12:18:44 +0900] "GET /ontolopedia/disp/word_show/214898 HTTP/1.1" 200 4206 "-" "Mozilla/5.0 (compatible; Googlebot/2.1; +http://www.google.com/bot.html)"
202.180.34.186 - - [07/Apr/2013:12:18:44 +0900] "GET /ontolopedia/disp/word_show/94701 HTTP/1.1" 200 10485 "-" "ICC-Crawler/2.0 (Mozilla-compatible; ; http://kc.nict.go.jp/project1/crawl.html)"
66.249.76.52 - - [07/Apr/2013:12:18:45 +0900] "GET /ontolopedia/disp/word_show/25024 HTTP/1.1" 200 5374 "-" "Mozilla/5.0 (compatible; Googlebot/2.1; +http://www.google.com/bot.html)"
66.249.76.52 - - [07/Apr/2013:12:18:46 +0900] "GET /ontolopedia/disp/word_show/309433 HTTP/1.1" 200 11093 "-" "Mozilla/5.0 (compatible; Googlebot/2.1; +http://www.google.com/bot.html)"
66.249.76.52 - - [07/Apr/2013:12:18:49 +0900] "GET /ontolopedia/disp/word_show/284770 HTTP/1.1" 200 11880 "-" "Mozilla/5.0 (compatible; Googlebot/2.1; +http://www.google.com/bot.html)"
72.14.199.52 - - [07/Apr/2013:12:18:50 +0900] "GET /~yosshi/wiki-old/index.php?cmd=edit&page=%C6%FC%B5%AD%2F2021-06-26&refer=%C6%FC%B5%AD HTTP/1.1" 200 1805 "-" "DoCoMo/2.0 N905i(c100;TB;W24H16) (compatible; Googlebot-Mobile/2.1; +http://www.google.com/bot.html)"
202.180.34.186 - - [07/Apr/2013:12:18:50 +0900] "GET /ontolopedia/disp/word_show/360915 HTTP/1.1" 200 4179 "-" "ICC-Crawler/2.0 (Mozilla-compatible; ; http://kc.nict.go.jp/project1/crawl.html)"
66.249.76.52 - - [07/Apr/2013:12:18:54 +0900] "GET /~yosshi/wiki-old/index.php?cmd=edit&page=%C6%FC%B5%AD%2F2017-04-02&refer=%C6%FC%B5%AD HTTP/1.1" 200 1805 "-" "SAMSUNG-SGH-E250/1.0 Profile/MIDP-2.0 Configuration/CLDC-1.1 UP.Browser/6.2.3.3.c.1.101 (GUI) MMP/2.0 (compatible; Googlebot-Mobile/2.1; +http://www.google.com/bot.html)"
66.249.76.52 - - [07/Apr/2013:12:18:55 +0900] "GET /ontolopedia/disp/word_show/476956 HTTP/1.1" 200 13479 "-" "Mozilla/5.0 (compatible; Googlebot/2.1; +http://www.google.com/bot.html)"
202.180.34.186 - - [07/Apr/2013:12:18:56 +0900] "GET /ontolopedia/disp/word_show/38493 HTTP/1.1" 200 8664 "-" "ICC-Crawler/2.0 (Mozilla-compatible; ; http://kc.nict.go.jp/project1/crawl.html)"
157.55.33.109 - - [07/Apr/2013:12:18:57 +0900] "GET /~info3/wiki/index.php?cmd=backup&page=CVS%2F%B0%EC%CD%F7&age=15&action=diff HTTP/1.1" 200 18623 "-" "Mozilla/5.0 (compatible; bingbot/2.0; +http://www.bing.com/bingbot.htm)"
202.180.34.186 - - [07/Apr/2013:12:19:01 +0900] "GET /ontolopedia/disp/word_show/96463 HTTP/1.1" 200 6121 "-" "ICC-Crawler/2.0 (Mozilla-compatible; ; http://kc.nict.go.jp/project1/crawl.html)"
66.249.76.52 - - [07/Apr/2013:12:19:01 +0900] "GET /ontolopedia/disp/word_show/369458 HTTP/1.1" 200 8063 "-" "Mozilla/5.0 (compatible; Googlebot/2.1; +http://www.google.com/bot.html)"
66.249.76.52 - - [07/Apr/2013:12:19:05 +0900] "GET /ontolopedia/disp/word_show/482913 HTTP/1.1" 200 5266 "-" "Mozilla/5.0 (compatible; Googlebot/2.1; +http://www.google.com/bot.html)"
202.180.34.186 - - [07/Apr/2013:12:19:06 +0900] "GET /ontolopedia/disp/word_show/109208 HTTP/1.1" 200 8889 "-" "ICC-Crawler/2.0 (Mozilla-compatible; ; http://kc.nict.go.jp/project1/crawl.html)"
66.249.76.52 - - [07/Apr/2013:12:19:07 +0900] "GET /ontolopedia/disp/word_show/46691 HTTP/1.1" 200 7309 "-" "Mozilla/5.0 (compatible; Googlebot/2.1; +http://www.google.com/bot.html)"
66.249.76.52 - - [07/Apr/2013:12:19:08 +0900] "GET /~yosshi/wiki-old/index.php?cmd=edit&page=%C6%FC%B5%AD%2F2032-03-16&refer=%C6%FC%B5%AD HTTP/1.1" 200 1805 "-" "SAMSUNG-SGH-E250/1.0 Profile/MIDP-2.0 Configuration/CLDC-1.1 UP.Browser/6.2.3.3.c.1.101 (GUI) MMP/2.0 (compatible; Googlebot-Mobile/2.1; +http://www.google.com/bot.html)"
202.180.34.186 - - [07/Apr/2013:12:19:12 +0900] "GET /ontolopedia/disp/word_show/107204 HTTP/1.1" 200 20446 "-" "ICC-Crawler/2.0 (Mozilla-compatible; ; http://kc.nict.go.jp/project1/crawl.html)"
66.249.76.52 - - [07/Apr/2013:12:19:13 +0900] "GET /ontolopedia/disp/word_show/45707 HTTP/1.1" 200 12291 "-" "Mozilla/5.0 (compatible; Googlebot/2.1; +http://www.google.com/bot.html)"
202.180.34.186 - - [07/Apr/2013:12:19:17 +0900] "GET /ontolopedia/disp/word_show/80229 HTTP/1.1" 200 5045 "-" "ICC-Crawler/2.0 (Mozilla-compatible; ; http://kc.nict.go.jp/project1/crawl.html)"
66.249.76.52 - - [07/Apr/2013:12:19:19 +0900] "GET /ontolopedia/disp/word_show/273948 HTTP/1.1" 200 9801 "-" "Mozilla/5.0 (compatible; Googlebot/2.1; +http://www.google.com/bot.html)"
202.180.34.186 - - [07/Apr/2013:12:19:23 +0900] "GET /ontolopedia/disp/word_show/51395 HTTP/1.1" 200 5462 "-" "ICC-Crawler/2.0 (Mozilla-compatible; ; http://kc.nict.go.jp/project1/crawl.html)"
66.249.76.52 - - [07/Apr/2013:12:19:25 +0900] "GET /ontolopedia/disp/word_show/156537 HTTP/1.1" 500 309 "-" "Mozilla/5.0 (compatible; Googlebot/2.1; +http://www.google.com/bot.html)"
202.180.34.186 - - [07/Apr/2013:12:19:28 +0900] "GET /ontolopedia/disp/word_show/66625 HTTP/1.1" 200 12728 "-" "ICC-Crawler/2.0 (Mozilla-compatible; ; http://kc.nict.go.jp/project1/crawl.html)"
202.180.34.186 - - [07/Apr/2013:12:19:34 +0900] "GET /ontolopedia/disp/word_show/76872 HTTP/1.1" 200 5258 "-" "ICC-Crawler/2.0 (Mozilla-compatible; ; http://kc.nict.go.jp/project1/crawl.html)"
66.249.76.52 - - [07/Apr/2013:12:19:35 +0900] "GET /ontolopedia/disp/word_show/31005 HTTP/1.1" 200 15216 "-" "Mozilla/5.0 (compatible; Googlebot/2.1; +http://www.google.com/bot.html)"
66.249.76.52 - - [07/Apr/2013:12:19:36 +0900] "GET /ontolopedia/disp/word_show/424430 HTTP/1.1" 200 8342 "-" "Mozilla/5.0 (compatible; Googlebot/2.1; +http://www.google.com/bot.html)"
66.249.76.52 - - [07/Apr/2013:12:19:38 +0900] "GET /ontolopedia/disp/word_show/73164 HTTP/1.1" 200 7239 "-" "Mozilla/5.0 (compatible; Googlebot/2.1; +http://www.google.com/bot.html)"
202.180.34.186 - - [07/Apr/2013:12:19:39 +0900] "GET /ontolopedia/disp/word_show/146348 HTTP/1.1" 200 20338 "-" "ICC-Crawler/2.0 (Mozilla-compatible; ; http://kc.nict.go.jp/project1/crawl.html)"
66.249.76.52 - - [07/Apr/2013:12:19:39 +0900] "GET /ontolopedia/disp/word_show/135627 HTTP/1.1" 200 10394 "-" "Mozilla/5.0 (compatible; Googlebot/2.1; +http://www.google.com/bot.html)"
66.249.76.52 - - [07/Apr/2013:12:19:44 +0900] "GET /ontolopedia/disp/word_show/344729 HTTP/1.1" 200 6326 "-" "Mozilla/5.0 (compatible; Googlebot/2.1; +http://www.google.com/bot.html)"
202.180.34.186 - - [07/Apr/2013:12:19:45 +0900] "GET /ontolopedia/disp/word_show/200547 HTTP/1.1" 200 7850 "-" "ICC-Crawler/2.0 (Mozilla-compatible; ; http://kc.nict.go.jp/project1/crawl.html)"
202.180.34.186 - - [07/Apr/2013:12:19:50 +0900] "GET /ontolopedia/disp/word_show/411333 HTTP/1.1" 200 5233 "-" "ICC-Crawler/2.0 (Mozilla-compatible; ; http://kc.nict.go.jp/project1/crawl.html)"
202.180.34.186 - - [07/Apr/2013:12:19:56 +0900] "GET /ontolopedia/disp/word_show/65827 HTTP/1.1" 200 12934 "-" "ICC-Crawler/2.0 (Mozilla-compatible; ; http://kc.nict.go.jp/project1/crawl.html)"
66.249.76.52 - - [07/Apr/2013:12:19:56 +0900] "GET /ontolopedia/disp/word_show/128442 HTTP/1.1" 200 12153 "-" "Mozilla/5.0 (compatible; Googlebot/2.1; +http://www.google.com/bot.html)"
119.235.237.85 - - [07/Apr/2013:12:19:57 +0900] "GET /wiki/index.php?page=PukiWiki%2F1.4%2FManual%2FPlugin%2FV-Z&pcmd=upload&plugin=attach HTTP/1.1" 200 9271 "-" "Yeti/1.0 (NHN Corp.; http://help.naver.com/robots/)"
66.249.76.52 - - [07/Apr/2013:12:19:57 +0900] "GET /ontolopedia/disp/word_show/259555 HTTP/1.1" 200 5272 "-" "Mozilla/5.0 (compatible; Googlebot/2.1; +http://www.google.com/bot.html)"
202.180.34.186 - - [07/Apr/2013:12:20:01 +0900] "GET /ontolopedia/disp/word_show/312017 HTTP/1.1" 200 10990 "-" "ICC-Crawler/2.0 (Mozilla-compatible; ; http://kc.nict.go.jp/project1/crawl.html)"
66.249.76.52 - - [07/Apr/2013:12:20:02 +0900] "GET /ontolopedia/disp/word_show/385833 HTTP/1.1" 200 8551 "-" "Mozilla/5.0 (compatible; Googlebot/2.1; +http://www.google.com/bot.html)"
202.180.34.186 - - [07/Apr/2013:12:20:06 +0900] "GET /ontolopedia/disp/word_show/374225 HTTP/1.1" 200 12657 "-" "ICC-Crawler/2.0 (Mozilla-compatible; ; http://kc.nict.go.jp/project1/crawl.html)"
66.249.76.52 - - [07/Apr/2013:12:20:08 +0900] "GET /ontolopedia/disp/word_show/178354 HTTP/1.1" 200 9256 "-" "Mozilla/5.0 (compatible; Googlebot/2.1; +http://www.google.com/bot.html)"
66.249.76.52 - - [07/Apr/2013:12:20:12 +0900] "GET /ontolopedia/disp/word_show/432970 HTTP/1.1" 200 4187 "-" "Mozilla/5.0 (compatible; Googlebot/2.1; +http://www.google.com/bot.html)"
202.180.34.186 - - [07/Apr/2013:12:20:12 +0900] "GET /ontolopedia/disp/word_show/141915 HTTP/1.1" 200 5276 "-" "ICC-Crawler/2.0 (Mozilla-compatible; ; http://kc.nict.go.jp/project1/crawl.html)"
66.249.76.52 - - [07/Apr/2013:12:20:14 +0900] "GET /ontolopedia/disp/word_show/314329 HTTP/1.1" 200 10451 "-" "Mozilla/5.0 (compatible; Googlebot/2.1; +http://www.google.com/bot.html)"
202.180.34.186 - - [07/Apr/2013:12:20:17 +0900] "GET /ontolopedia/disp/word_show/398596 HTTP/1.1" 200 6480 "-" "ICC-Crawler/2.0 (Mozilla-compatible; ; http://kc.nict.go.jp/project1/crawl.html)"
66.249.76.52 - - [07/Apr/2013:12:20:20 +0900] "GET /ontolopedia/disp/word_show/354711 HTTP/1.1" 200 6763 "-" "Mozilla/5.0 (compatible; Googlebot/2.1; +http://www.google.com/bot.html)"
202.180.34.186 - - [07/Apr/2013:12:20:23 +0900] "GET /ontolopedia/disp/word_show/62112 HTTP/1.1" 200 8120 "-" "ICC-Crawler/2.0 (Mozilla-compatible; ; http://kc.nict.go.jp/project1/crawl.html)"
66.249.76.52 - - [07/Apr/2013:12:20:26 +0900] "GET /ontolopedia/disp/word_show/180126 HTTP/1.1" 200 4201 "-" "Mozilla/5.0 (compatible; Googlebot/2.1; +http://www.google.com/bot.html)"
66.249.76.52 - - [07/Apr/2013:12:20:28 +0900] "GET /ontolopedia/disp/word_show/463290 HTTP/1.1" 200 6479 "-" "Mozilla/5.0 (compatible; Googlebot/2.1; +http://www.google.com/bot.html)"
202.180.34.186 - - [07/Apr/2013:12:20:28 +0900] "GET /ontolopedia/disp/word_show/177835 HTTP/1.1" 200 4637 "-" "ICC-Crawler/2.0 (Mozilla-compatible; ; http://kc.nict.go.jp/project1/crawl.html)"
66.249.76.52 - - [07/Apr/2013:12:20:32 +0900] "GET /ontolopedia/disp/word_show/390307 HTTP/1.1" 200 9350 "-" "Mozilla/5.0 (compatible; Googlebot/2.1; +http://www.google.com/bot.html)"
202.180.34.186 - - [07/Apr/2013:12:20:34 +0900] "GET /ontolopedia/disp/word_show/137863 HTTP/1.1" 200 10420 "-" "ICC-Crawler/2.0 (Mozilla-compatible; ; http://kc.nict.go.jp/project1/crawl.html)"
66.249.76.52 - - [07/Apr/2013:12:20:38 +0900] "GET /ontolopedia/disp/word_show/7148 HTTP/1.1" 200 7094 "-" "Mozilla/5.0 (compatible; Googlebot/2.1; +http://www.google.com/bot.html)"
202.180.34.186 - - [07/Apr/2013:12:20:39 +0900] "GET /ontolopedia/disp/word_show/327827 HTTP/1.1" 200 6786 "-" "ICC-Crawler/2.0 (Mozilla-compatible; ; http://kc.nict.go.jp/project1/crawl.html)"
66.249.76.52 - - [07/Apr/2013:12:20:44 +0900] "GET /ontolopedia/disp/word_show/97559 HTTP/1.1" 200 12849 "-" "Mozilla/5.0 (compatible; Googlebot/2.1; +http://www.google.com/bot.html)"
202.180.34.186 - - [07/Apr/2013:12:20:44 +0900] "GET /ontolopedia/disp/word_show/109036 HTTP/1.1" 200 8059 "-" "ICC-Crawler/2.0 (Mozilla-compatible; ; http://kc.nict.go.jp/project1/crawl.html)"
66.249.76.52 - - [07/Apr/2013:12:20:45 +0900] "GET /ontolopedia/disp/word_show/475219 HTTP/1.1" 200 8359 "-" "Mozilla/5.0 (compatible; Googlebot/2.1; +http://www.google.com/bot.html)"
66.249.76.52 - - [07/Apr/2013:12:20:49 +0900] "GET /~yosshi/wiki-old/index.php?plugin=newpage&refer=%C6%FC%B5%AD%2F2017-04-02 HTTP/1.1" 200 795 "-" "SAMSUNG-SGH-E250/1.0 Profile/MIDP-2.0 Configuration/CLDC-1.1 UP.Browser/6.2.3.3.c.1.101 (GUI) MMP/2.0 (compatible; Googlebot-Mobile/2.1; +http://www.google.com/bot.html)"
202.180.34.186 - - [07/Apr/2013:12:20:50 +0900] "GET /ontolopedia/disp/word_show/168293 HTTP/1.1" 200 11746 "-" "ICC-Crawler/2.0 (Mozilla-compatible; ; http://kc.nict.go.jp/project1/crawl.html)"
66.249.76.52 - - [07/Apr/2013:12:20:50 +0900] "GET /ontolopedia/disp/word_show/385033 HTTP/1.1" 200 6173 "-" "Mozilla/5.0 (compatible; Googlebot/2.1; +http://www.google.com/bot.html)"
202.180.34.186 - - [07/Apr/2013:12:20:55 +0900] "GET /ontolopedia/disp/word_show/245787 HTTP/1.1" 200 15357 "-" "ICC-Crawler/2.0 (Mozilla-compatible; ; http://kc.nict.go.jp/project1/crawl.html)"
66.249.76.52 - - [07/Apr/2013:12:20:56 +0900] "GET /ontolopedia/disp/word_show/270032 HTTP/1.1" 200 9117 "-" "Mozilla/5.0 (compatible; Googlebot/2.1; +http://www.google.com/bot.html)"
66.249.76.52 - - [07/Apr/2013:12:20:57 +0900] "GET /ontolopedia/disp/word_show/87991 HTTP/1.1" 200 7196 "-" "Mozilla/5.0 (compatible; Googlebot/2.1; +http://www.google.com/bot.html)"
66.249.76.52 - - [07/Apr/2013:12:21:01 +0900] "GET /ontolopedia/disp/word_show/377431 HTTP/1.1" 200 5338 "-" "Mozilla/5.0 (compatible; Googlebot/2.1; +http://www.google.com/bot.html)"
202.180.34.186 - - [07/Apr/2013:12:21:01 +0900] "GET /ontolopedia/disp/word_show/439023 HTTP/1.1" 200 8916 "-" "ICC-Crawler/2.0 (Mozilla-compatible; ; http://kc.nict.go.jp/project1/crawl.html)"
66.249.76.52 - - [07/Apr/2013:12:21:02 +0900] "GET /ontolopedia/disp/word_show/365098 HTTP/1.1" 200 5357 "-" "Mozilla/5.0 (compatible; Googlebot/2.1; +http://www.google.com/bot.html)"
202.180.34.186 - - [07/Apr/2013:12:21:06 +0900] "GET /ontolopedia/disp/word_show/269059 HTTP/1.1" 200 5530 "-" "ICC-Crawler/2.0 (Mozilla-compatible; ; http://kc.nict.go.jp/project1/crawl.html)"
66.249.76.52 - - [07/Apr/2013:12:21:08 +0900] "GET /ontolopedia/disp/word_show/469833 HTTP/1.1" 200 10654 "-" "Mozilla/5.0 (compatible; Googlebot/2.1; +http://www.google.com/bot.html)"
202.180.34.186 - - [07/Apr/2013:12:21:12 +0900] "GET /ontolopedia/disp/word_show/162552 HTTP/1.1" 200 11717 "-" "ICC-Crawler/2.0 (Mozilla-compatible; ; http://kc.nict.go.jp/project1/crawl.html)"
66.249.76.52 - - [07/Apr/2013:12:21:14 +0900] "GET /ontolopedia/disp/word_show/281145 HTTP/1.1" 200 9219 "-" "Mozilla/5.0 (compatible; Googlebot/2.1; +http://www.google.com/bot.html)"
66.249.76.52 - - [07/Apr/2013:12:21:17 +0900] "GET /ontolopedia/disp/word_show/260139 HTTP/1.1" 500 309 "-" "Mozilla/5.0 (compatible; Googlebot/2.1; +http://www.google.com/bot.html)"
202.180.34.186 - - [07/Apr/2013:12:21:17 +0900] "GET /ontolopedia/disp/word_show/100451 HTTP/1.1" 200 10057 "-" "ICC-Crawler/2.0 (Mozilla-compatible; ; http://kc.nict.go.jp/project1/crawl.html)"
202.180.34.186 - - [07/Apr/2013:12:21:23 +0900] "GET /ontolopedia/disp/word_show/133903 HTTP/1.1" 200 11490 "-" "ICC-Crawler/2.0 (Mozilla-compatible; ; http://kc.nict.go.jp/project1/crawl.html)"
66.249.76.52 - - [07/Apr/2013:12:21:27 +0900] "GET /ontolopedia/disp/word_show/245386 HTTP/1.1" 200 4190 "-" "Mozilla/5.0 (compatible; Googlebot/2.1; +http://www.google.com/bot.html)"
66.249.76.52 - - [07/Apr/2013:12:21:28 +0900] "GET /ontolopedia/disp/word_show/17477 HTTP/1.1" 200 6435 "-" "Mozilla/5.0 (compatible; Googlebot/2.1; +http://www.google.com/bot.html)"
202.180.34.186 - - [07/Apr/2013:12:21:28 +0900] "GET /ontolopedia/disp/word_show/52875 HTTP/1.1" 200 5100 "-" "ICC-Crawler/2.0 (Mozilla-compatible; ; http://kc.nict.go.jp/project1/crawl.html)"
66.249.76.52 - - [07/Apr/2013:12:21:32 +0900] "GET /ontolopedia/disp/word_show/337055 HTTP/1.1" 200 7813 "-" "Mozilla/5.0 (compatible; Googlebot/2.1; +http://www.google.com/bot.html)"
66.249.76.52 - - [07/Apr/2013:12:21:33 +0900] "GET /ontolopedia/disp/word_show/478654 HTTP/1.1" 200 4191 "-" "Mozilla/5.0 (compatible; Googlebot/2.1; +http://www.google.com/bot.html)"
202.180.34.186 - - [07/Apr/2013:12:21:34 +0900] "GET /ontolopedia/disp/word_show/324319 HTTP/1.1" 200 8082 "-" "ICC-Crawler/2.0 (Mozilla-compatible; ; http://kc.nict.go.jp/project1/crawl.html)"
66.249.76.52 - - [07/Apr/2013:12:21:38 +0900] "GET /ontolopedia/disp/word_show/148446 HTTP/1.1" 200 9813 "-" "Mozilla/5.0 (compatible; Googlebot/2.1; +http://www.google.com/bot.html)"
202.180.34.186 - - [07/Apr/2013:12:21:39 +0900] "GET /ontolopedia/disp/word_show/233145 HTTP/1.1" 200 6106 "-" "ICC-Crawler/2.0 (Mozilla-compatible; ; http://kc.nict.go.jp/project1/crawl.html)"
66.249.76.52 - - [07/Apr/2013:12:21:44 +0900] "GET /ontolopedia/disp/word_show/79108 HTTP/1.1" 200 10322 "-" "Mozilla/5.0 (compatible; Googlebot/2.1; +http://www.google.com/bot.html)"
202.180.34.186 - - [07/Apr/2013:12:21:45 +0900] "GET /ontolopedia/disp/word_show/51359 HTTP/1.1" 200 10112 "-" "ICC-Crawler/2.0 (Mozilla-compatible; ; http://kc.nict.go.jp/project1/crawl.html)"
173.199.114.179 - - [07/Apr/2013:12:21:46 +0900] "GET /~yosshi/blog/2008/06/15/asahikawa/ HTTP/1.1" 404 232 "-" "Mozilla/5.0 (compatible; AhrefsBot/4.0; +http://ahrefs.com/robot/)"
66.249.76.52 - - [07/Apr/2013:12:21:49 +0900] "GET /ontolopedia/disp/word_show/336543 HTTP/1.1" 200 7347 "-" "Mozilla/5.0 (compatible; Googlebot/2.1; +http://www.google.com/bot.html)"
202.180.34.186 - - [07/Apr/2013:12:21:50 +0900] "GET /ontolopedia/disp/word_show/60001 HTTP/1.1" 200 9228 "-" "ICC-Crawler/2.0 (Mozilla-compatible; ; http://kc.nict.go.jp/project1/crawl.html)"
66.249.76.52 - - [07/Apr/2013:12:21:50 +0900] "GET /ontolopedia/disp/word_show/435991 HTTP/1.1" 200 4185 "-" "Mozilla/5.0 (compatible; Googlebot/2.1; +http://www.google.com/bot.html)"
202.180.34.186 - - [07/Apr/2013:12:21:56 +0900] "GET /ontolopedia/disp/word_show/12901 HTTP/1.1" 200 21237 "-" "ICC-Crawler/2.0 (Mozilla-compatible; ; http://kc.nict.go.jp/project1/crawl.html)"
66.249.76.52 - - [07/Apr/2013:12:21:56 +0900] "GET /ontolopedia/disp/word_show/144710 HTTP/1.1" 200 4187 "-" "Mozilla/5.0 (compatible; Googlebot/2.1; +http://www.google.com/bot.html)"
157.55.32.61 - - [07/Apr/2013:12:21:57 +0900] "GET /wiki/index.php?Emi%2F%C2%B4%CF%C0%C6%FC%BB%EF%28%A5%BF%A5%DE%A5%AD%A5%A8%A5%DF%29%2F2005-12-19 HTTP/1.1" 200 9133 "-" "Mozilla/5.0 (compatible; bingbot/2.0; +http://www.bing.com/bingbot.htm)"
157.55.32.61 - - [07/Apr/2013:12:21:57 +0900] "GET /~info3/wiki/index.php?plugin=related&page=info3%20wiki%2F%C2%E7%BE%EB%A1%F5%B5%C8%B1%CA%C8%C9%2FLevel13%20%C2%E7%BE%EB%A1%F5%B5%C8%B1%CA HTTP/1.1" 200 7800 "-" "Mozilla/5.0 (compatible; bingbot/2.0; +http://www.bing.com/bingbot.htm)"
72.14.199.52 - - [07/Apr/2013:12:22:00 +0900] "GET /~yosshi/wiki-old/index.php?plugin=newpage&refer=%C6%FC%B5%AD%2F2021-05-18 HTTP/1.1" 200 795 "-" "DoCoMo/2.0 N905i(c100;TB;W24H16) (compatible; Googlebot-Mobile/2.1; +http://www.google.com/bot.html)"
202.180.34.186 - - [07/Apr/2013:12:22:01 +0900] "GET /ontolopedia/disp/word_show/140490 HTTP/1.1" 200 7374 "-" "ICC-Crawler/2.0 (Mozilla-compatible; ; http://kc.nict.go.jp/project1/crawl.html)"
66.249.76.52 - - [07/Apr/2013:12:22:02 +0900] "GET /ontolopedia/disp/word_show/264732 HTTP/1.1" 200 8133 "-" "Mozilla/5.0 (compatible; Googlebot/2.1; +http://www.google.com/bot.html)"
66.249.76.52 - - [07/Apr/2013:12:22:06 +0900] "GET /ontolopedia/disp/word_show/442795 HTTP/1.1" 200 7128 "-" "Mozilla/5.0 (compatible; Googlebot/2.1; +http://www.google.com/bot.html)"
202.180.34.186 - - [07/Apr/2013:12:22:07 +0900] "GET /ontolopedia/disp/word_show/211033 HTTP/1.1" 200 9957 "-" "ICC-Crawler/2.0 (Mozilla-compatible; ; http://kc.nict.go.jp/project1/crawl.html)"
66.249.76.52 - - [07/Apr/2013:12:22:08 +0900] "GET /ontolopedia/disp/word_show/65446 HTTP/1.1" 200 11287 "-" "Mozilla/5.0 (compatible; Googlebot/2.1; +http://www.google.com/bot.html)"
66.249.76.52 - - [07/Apr/2013:12:22:09 +0900] "GET /ontolopedia/disp/word_show/248802 HTTP/1.1" 200 7633 "-" "Mozilla/5.0 (compatible; Googlebot/2.1; +http://www.google.com/bot.html)"
202.180.34.186 - - [07/Apr/2013:12:22:12 +0900] "GET /ontolopedia/disp/word_show/132811 HTTP/1.1" 200 7355 "-" "ICC-Crawler/2.0 (Mozilla-compatible; ; http://kc.nict.go.jp/project1/crawl.html)"
66.249.76.52 - - [07/Apr/2013:12:22:14 +0900] "GET /ontolopedia/disp/word_show/392205 HTTP/1.1" 200 9300 "-" "Mozilla/5.0 (compatible; Googlebot/2.1; +http://www.google.com/bot.html)"
202.180.34.186 - - [07/Apr/2013:12:22:17 +0900] "GET /ontolopedia/disp/word_show/90015 HTTP/1.1" 200 12148 "-" "ICC-Crawler/2.0 (Mozilla-compatible; ; http://kc.nict.go.jp/project1/crawl.html)"
66.249.76.52 - - [07/Apr/2013:12:22:21 +0900] "GET /ontolopedia/disp/word_show/135499 HTTP/1.1" 200 7534 "-" "Mozilla/5.0 (compatible; Googlebot/2.1; +http://www.google.com/bot.html)"
66.249.76.52 - - [07/Apr/2013:12:22:22 +0900] "GET /ontolopedia/disp/word_show/367868 HTTP/1.1" 200 6539 "-" "Mozilla/5.0 (compatible; Googlebot/2.1; +http://www.google.com/bot.html)"
66.249.76.52 - - [07/Apr/2013:12:22:23 +0900] "GET /~yosshi/wiki-old/index.php?cmd=edit&page=%C6%FC%B5%AD%2F1950-09-08&refer=%C6%FC%B5%AD HTTP/1.1" 200 1805 "-" "SAMSUNG-SGH-E250/1.0 Profile/MIDP-2.0 Configuration/CLDC-1.1 UP.Browser/6.2.3.3.c.1.101 (GUI) MMP/2.0 (compatible; Googlebot-Mobile/2.1; +http://www.google.com/bot.html)"
202.180.34.186 - - [07/Apr/2013:12:22:23 +0900] "GET /ontolopedia/disp/word_show/20055 HTTP/1.1" 200 25026 "-" "ICC-Crawler/2.0 (Mozilla-compatible; ; http://kc.nict.go.jp/project1/crawl.html)"
66.249.76.52 - - [07/Apr/2013:12:22:27 +0900] "GET /ontolopedia/disp/word_show/128431 HTTP/1.1" 200 6258 "-" "Mozilla/5.0 (compatible; Googlebot/2.1; +http://www.google.com/bot.html)"
202.180.34.186 - - [07/Apr/2013:12:22:29 +0900] "GET /ontolopedia/disp/word_show/137231 HTTP/1.1" 200 8206 "-" "ICC-Crawler/2.0 (Mozilla-compatible; ; http://kc.nict.go.jp/project1/crawl.html)"
66.249.76.52 - - [07/Apr/2013:12:22:33 +0900] "GET /ontolopedia/disp/word_show/116852 HTTP/1.1" 200 7024 "-" "Mozilla/5.0 (compatible; Googlebot/2.1; +http://www.google.com/bot.html)"
202.180.34.186 - - [07/Apr/2013:12:22:34 +0900] "GET /ontolopedia/disp/word_show/474841 HTTP/1.1" 200 6452 "-" "ICC-Crawler/2.0 (Mozilla-compatible; ; http://kc.nict.go.jp/project1/crawl.html)"
66.249.76.52 - - [07/Apr/2013:12:22:38 +0900] "GET /ontolopedia/disp/word_show/452036 HTTP/1.1" 200 4915 "-" "Mozilla/5.0 (compatible; Googlebot/2.1; +http://www.google.com/bot.html)"
66.249.76.52 - - [07/Apr/2013:12:22:39 +0900] "GET /ontolopedia/disp/word_show/52997 HTTP/1.1" 200 8117 "-" "Mozilla/5.0 (compatible; Googlebot/2.1; +http://www.google.com/bot.html)"
202.180.34.186 - - [07/Apr/2013:12:22:39 +0900] "GET /ontolopedia/disp/word_show/489819 HTTP/1.1" 200 5069 "-" "ICC-Crawler/2.0 (Mozilla-compatible; ; http://kc.nict.go.jp/project1/crawl.html)"
66.249.76.52 - - [07/Apr/2013:12:22:45 +0900] "GET /ontolopedia/disp/word_show/216383 HTTP/1.1" 200 8968 "-" "Mozilla/5.0 (compatible; Googlebot/2.1; +http://www.google.com/bot.html)"
202.180.34.186 - - [07/Apr/2013:12:22:45 +0900] "GET /ontolopedia/disp/word_show/59266 HTTP/1.1" 200 12425 "-" "ICC-Crawler/2.0 (Mozilla-compatible; ; http://kc.nict.go.jp/project1/crawl.html)"
202.180.34.186 - - [07/Apr/2013:12:22:50 +0900] "GET /ontolopedia/disp/word_show/463060 HTTP/1.1" 200 11862 "-" "ICC-Crawler/2.0 (Mozilla-compatible; ; http://kc.nict.go.jp/project1/crawl.html)"
66.249.76.52 - - [07/Apr/2013:12:22:51 +0900] "GET /ontolopedia/disp/word_show/135512 HTTP/1.1" 200 8915 "-" "Mozilla/5.0 (compatible; Googlebot/2.1; +http://www.google.com/bot.html)"
66.249.76.52 - - [07/Apr/2013:12:22:54 +0900] "GET /ontolopedia/disp/word_show/318907 HTTP/1.1" 200 5066 "-" "Mozilla/5.0 (compatible; Googlebot/2.1; +http://www.google.com/bot.html)"
202.180.34.186 - - [07/Apr/2013:12:22:56 +0900] "GET /ontolopedia/disp/word_show/16957 HTTP/1.1" 200 17831 "-" "ICC-Crawler/2.0 (Mozilla-compatible; ; http://kc.nict.go.jp/project1/crawl.html)"
66.249.76.52 - - [07/Apr/2013:12:22:57 +0900] "GET /ontolopedia/disp/word_show/151002 HTTP/1.1" 200 7011 "-" "Mozilla/5.0 (compatible; Googlebot/2.1; +http://www.google.com/bot.html)"
202.180.34.186 - - [07/Apr/2013:12:23:01 +0900] "GET /ontolopedia/disp/word_show/79063 HTTP/1.1" 200 8835 "-" "ICC-Crawler/2.0 (Mozilla-compatible; ; http://kc.nict.go.jp/project1/crawl.html)"
66.249.76.52 - - [07/Apr/2013:12:23:03 +0900] "GET /ontolopedia/disp/word_show/29449 HTTP/1.1" 200 8656 "-" "Mozilla/5.0 (compatible; Googlebot/2.1; +http://www.google.com/bot.html)"
202.180.34.186 - - [07/Apr/2013:12:23:07 +0900] "GET /ontolopedia/disp/word_show/351097 HTTP/1.1" 200 4182 "-" "ICC-Crawler/2.0 (Mozilla-compatible; ; http://kc.nict.go.jp/project1/crawl.html)"
66.249.76.52 - - [07/Apr/2013:12:23:08 +0900] "GET /ontolopedia/disp/word_show/237976 HTTP/1.1" 200 5228 "-" "Mozilla/5.0 (compatible; Googlebot/2.1; +http://www.google.com/bot.html)"
66.249.76.52 - - [07/Apr/2013:12:23:09 +0900] "GET /ontolopedia/disp/word_show/268444 HTTP/1.1" 200 6903 "-" "Mozilla/5.0 (compatible; Googlebot/2.1; +http://www.google.com/bot.html)"
66.249.76.52 - - [07/Apr/2013:12:23:11 +0900] "GET /ontolopedia/disp/word_show/143360 HTTP/1.1" 500 309 "-" "Mozilla/5.0 (compatible; Googlebot/2.1; +http://www.google.com/bot.html)"
202.180.34.186 - - [07/Apr/2013:12:23:12 +0900] "GET /ontolopedia/disp/word_show/213875 HTTP/1.1" 200 16625 "-" "ICC-Crawler/2.0 (Mozilla-compatible; ; http://kc.nict.go.jp/project1/crawl.html)"
202.180.34.186 - - [07/Apr/2013:12:23:18 +0900] "GET /ontolopedia/disp/word_show/309101 HTTP/1.1" 200 5382 "-" "ICC-Crawler/2.0 (Mozilla-compatible; ; http://kc.nict.go.jp/project1/crawl.html)"
66.249.76.52 - - [07/Apr/2013:12:23:21 +0900] "GET /ontolopedia/disp/word_show/178025 HTTP/1.1" 200 6500 "-" "Mozilla/5.0 (compatible; Googlebot/2.1; +http://www.google.com/bot.html)"
66.249.76.52 - - [07/Apr/2013:12:23:22 +0900] "GET /ontolopedia/disp/word_show/162846 HTTP/1.1" 200 5114 "-" "Mozilla/5.0 (compatible; Googlebot/2.1; +http://www.google.com/bot.html)"
202.180.34.186 - - [07/Apr/2013:12:23:23 +0900] "GET /ontolopedia/disp/word_show/419463 HTTP/1.1" 200 5872 "-" "ICC-Crawler/2.0 (Mozilla-compatible; ; http://kc.nict.go.jp/project1/crawl.html)"
72.14.199.52 - - [07/Apr/2013:12:23:26 +0900] "GET /~yosshi/wiki-old/index.php?cmd=edit&page=%C6%FC%B5%AD%2F2004-11-02 HTTP/1.1" 200 1805 "-" "DoCoMo/2.0 N905i(c100;TB;W24H16) (compatible; Googlebot-Mobile/2.1; +http://www.google.com/bot.html)"
66.249.76.52 - - [07/Apr/2013:12:23:27 +0900] "GET /ontolopedia/disp/word_show/301187 HTTP/1.1" 500 309 "-" "Mozilla/5.0 (compatible; Googlebot/2.1; +http://www.google.com/bot.html)"
202.180.34.186 - - [07/Apr/2013:12:23:28 +0900] "GET /ontolopedia/disp/word_show/178090 HTTP/1.1" 200 10931 "-" "ICC-Crawler/2.0 (Mozilla-compatible; ; http://kc.nict.go.jp/project1/crawl.html)"
202.180.34.186 - - [07/Apr/2013:12:23:34 +0900] "GET /ontolopedia/disp/word_show/492991 HTTP/1.1" 500 309 "-" "ICC-Crawler/2.0 (Mozilla-compatible; ; http://kc.nict.go.jp/project1/crawl.html)"
66.249.76.52 - - [07/Apr/2013:12:23:37 +0900] "GET /ontolopedia/disp/word_show/278988 HTTP/1.1" 200 7887 "-" "Mozilla/5.0 (compatible; Googlebot/2.1; +http://www.google.com/bot.html)"
66.249.76.52 - - [07/Apr/2013:12:23:39 +0900] "GET /ontolopedia/disp/word_show/16009 HTTP/1.1" 200 7162 "-" "Mozilla/5.0 (compatible; Googlebot/2.1; +http://www.google.com/bot.html)"
202.180.34.186 - - [07/Apr/2013:12:23:39 +0900] "GET /ontolopedia/disp/word_show/427413 HTTP/1.1" 200 9319 "-" "ICC-Crawler/2.0 (Mozilla-compatible; ; http://kc.nict.go.jp/project1/crawl.html)"
66.249.76.52 - - [07/Apr/2013:12:23:43 +0900] "GET /ontolopedia/disp/word_show/404997 HTTP/1.1" 500 309 "-" "Mozilla/5.0 (compatible; Googlebot/2.1; +http://www.google.com/bot.html)"
202.180.34.186 - - [07/Apr/2013:12:23:44 +0900] "GET /ontolopedia/disp/word_show/47317 HTTP/1.1" 200 12097 "-" "ICC-Crawler/2.0 (Mozilla-compatible; ; http://kc.nict.go.jp/project1/crawl.html)"
178.238.235.184 - - [07/Apr/2013:12:23:35 +0900] "GET /~yosshi/rbc_wiki/ HTTP/1.1" 200 981108 "-" "Mozilla/5.0 (Windows; U; Windows NT 5.1; en-US; rv:1.9.1.3) Gecko/20090824 Firefox/3.5.3 GTB5"
202.180.34.186 - - [07/Apr/2013:12:23:50 +0900] "GET /ontolopedia/disp/word_show/352011 HTTP/1.1" 200 5791 "-" "ICC-Crawler/2.0 (Mozilla-compatible; ; http://kc.nict.go.jp/project1/crawl.html)"
66.249.76.52 - - [07/Apr/2013:12:23:54 +0900] "GET /ontolopedia/disp/word_show/400597 HTTP/1.1" 200 6674 "-" "Mozilla/5.0 (compatible; Googlebot/2.1; +http://www.google.com/bot.html)"
66.249.76.52 - - [07/Apr/2013:12:23:54 +0900] "GET /ontolopedia/disp/word_show/350833 HTTP/1.1" 200 8902 "-" "Mozilla/5.0 (compatible; Googlebot/2.1; +http://www.google.com/bot.html)"
66.249.76.52 - - [07/Apr/2013:12:23:55 +0900] "GET /~yosshi/wiki-old/index.php?cmd=edit&help=true&page=%C6%FC%B5%AD%2F1957-08-04 HTTP/1.1" 200 50 "-" "SAMSUNG-SGH-E250/1.0 Profile/MIDP-2.0 Configuration/CLDC-1.1 UP.Browser/6.2.3.3.c.1.101 (GUI) MMP/2.0 (compatible; Googlebot-Mobile/2.1; +http://www.google.com/bot.html)"
202.180.34.186 - - [07/Apr/2013:12:23:56 +0900] "GET /ontolopedia/disp/word_show/199273 HTTP/1.1" 200 10886 "-" "ICC-Crawler/2.0 (Mozilla-compatible; ; http://kc.nict.go.jp/project1/crawl.html)"
66.249.76.52 - - [07/Apr/2013:12:23:57 +0900] "GET /ontolopedia/disp/word_show/29222 HTTP/1.1" 200 10260 "-" "Mozilla/5.0 (compatible; Googlebot/2.1; +http://www.google.com/bot.html)"
178.238.235.184 - - [07/Apr/2013:12:23:47 +0900] "GET /~yosshi/rbc_wiki/ HTTP/1.1" 200 981108 "-" "Mozilla/5.0 (Windows; U; Windows NT 5.1; en-US; rv:1.9.0.7) Gecko/2009021910 Firefox/3.0.7"
66.249.76.52 - - [07/Apr/2013:12:23:59 +0900] "GET /ontolopedia/disp/word_show/200182 HTTP/1.1" 200 4223 "-" "Mozilla/5.0 (compatible; Googlebot/2.1; +http://www.google.com/bot.html)"
202.180.34.186 - - [07/Apr/2013:12:24:01 +0900] "GET /ontolopedia/disp/word_show/78208 HTTP/1.1" 200 7966 "-" "ICC-Crawler/2.0 (Mozilla-compatible; ; http://kc.nict.go.jp/project1/crawl.html)"
66.249.76.52 - - [07/Apr/2013:12:24:03 +0900] "GET /ontolopedia/disp/word_show/218562 HTTP/1.1" 200 6916 "-" "Mozilla/5.0 (compatible; Googlebot/2.1; +http://www.google.com/bot.html)"
202.180.34.186 - - [07/Apr/2013:12:24:06 +0900] "GET /ontolopedia/disp/word_show/166661 HTTP/1.1" 200 11516 "-" "ICC-Crawler/2.0 (Mozilla-compatible; ; http://kc.nict.go.jp/project1/crawl.html)"
66.249.76.52 - - [07/Apr/2013:12:24:09 +0900] "GET /ontolopedia/disp/word_show/79268 HTTP/1.1" 200 9287 "-" "Mozilla/5.0 (compatible; Googlebot/2.1; +http://www.google.com/bot.html)"
202.180.34.186 - - [07/Apr/2013:12:24:12 +0900] "GET /ontolopedia/disp/word_show/11269 HTTP/1.1" 200 9763 "-" "ICC-Crawler/2.0 (Mozilla-compatible; ; http://kc.nict.go.jp/project1/crawl.html)"
66.249.76.52 - - [07/Apr/2013:12:24:15 +0900] "GET /ontolopedia/disp/word_show/42250 HTTP/1.1" 200 4810 "-" "Mozilla/5.0 (compatible; Googlebot/2.1; +http://www.google.com/bot.html)"
66.249.76.52 - - [07/Apr/2013:12:24:16 +0900] "GET /ontolopedia/disp/word_show/358597 HTTP/1.1" 200 5018 "-" "Mozilla/5.0 (compatible; Googlebot/2.1; +http://www.google.com/bot.html)"
202.180.34.186 - - [07/Apr/2013:12:24:17 +0900] "GET /ontolopedia/disp/word_show/184664 HTTP/1.1" 200 5006 "-" "ICC-Crawler/2.0 (Mozilla-compatible; ; http://kc.nict.go.jp/project1/crawl.html)"
66.249.76.52 - - [07/Apr/2013:12:24:21 +0900] "GET /ontolopedia/disp/word_show/465763 HTTP/1.1" 200 6863 "-" "Mozilla/5.0 (compatible; Googlebot/2.1; +http://www.google.com/bot.html)"
202.180.34.186 - - [07/Apr/2013:12:24:23 +0900] "GET /ontolopedia/disp/word_show/323744 HTTP/1.1" 200 4403 "-" "ICC-Crawler/2.0 (Mozilla-compatible; ; http://kc.nict.go.jp/project1/crawl.html)"
66.249.76.52 - - [07/Apr/2013:12:24:27 +0900] "GET /ontolopedia/disp/word_show/466499 HTTP/1.1" 200 7709 "-" "Mozilla/5.0 (compatible; Googlebot/2.1; +http://www.google.com/bot.html)"
202.180.34.186 - - [07/Apr/2013:12:24:28 +0900] "GET /ontolopedia/disp/word_show/59720 HTTP/1.1" 200 9239 "-" "ICC-Crawler/2.0 (Mozilla-compatible; ; http://kc.nict.go.jp/project1/crawl.html)"
119.63.196.95 - - [07/Apr/2013:12:24:29 +0900] "GET /graduate/gnote/tag/thinking?user=3 HTTP/1.1" 404 225 "-" "Mozilla/5.0 (compatible; Baiduspider/2.0; +http://www.baidu.com/search/spider.html)"
66.249.76.52 - - [07/Apr/2013:12:24:32 +0900] "GET /ontolopedia/disp/word_show/186842 HTTP/1.1" 200 7374 "-" "Mozilla/5.0 (compatible; Googlebot/2.1; +http://www.google.com/bot.html)"
66.249.76.52 - - [07/Apr/2013:12:24:33 +0900] "GET /ontolopedia/disp/word_show/491858 HTTP/1.1" 200 5869 "-" "Mozilla/5.0 (compatible; Googlebot/2.1; +http://www.google.com/bot.html)"
202.180.34.186 - - [07/Apr/2013:12:24:33 +0900] "GET /ontolopedia/disp/word_show/136294 HTTP/1.1" 200 10969 "-" "ICC-Crawler/2.0 (Mozilla-compatible; ; http://kc.nict.go.jp/project1/crawl.html)"
202.180.34.186 - - [07/Apr/2013:12:24:39 +0900] "GET /ontolopedia/disp/word_show/315468 HTTP/1.1" 200 7464 "-" "ICC-Crawler/2.0 (Mozilla-compatible; ; http://kc.nict.go.jp/project1/crawl.html)"
66.249.76.52 - - [07/Apr/2013:12:24:39 +0900] "GET /ontolopedia/disp/word_show/461065 HTTP/1.1" 200 7429 "-" "Mozilla/5.0 (compatible; Googlebot/2.1; +http://www.google.com/bot.html)"
202.180.34.186 - - [07/Apr/2013:12:24:44 +0900] "GET /ontolopedia/disp/word_show/305808 HTTP/1.1" 200 4227 "-" "ICC-Crawler/2.0 (Mozilla-compatible; ; http://kc.nict.go.jp/project1/crawl.html)"
66.249.76.52 - - [07/Apr/2013:12:24:45 +0900] "GET /ontolopedia/disp/word_show/73243 HTTP/1.1" 200 7194 "-" "Mozilla/5.0 (compatible; Googlebot/2.1; +http://www.google.com/bot.html)"
